[INFO] cloning repository https://github.com/BSpirit/actix-diesel-test
[INFO] running `Command { std: "git" "-c" "credential.helper=" "-c" "credential.helper=/workspace/cargo-home/bin/git-credential-null" "clone" "--bare" "https://github.com/BSpirit/actix-diesel-test" "/workspace/cache/git-repos/https%3A%2F%2Fgithub.com%2FBSpirit%2Factix-diesel-test", kill_on_drop: false }`
[INFO] [stderr] Cloning into bare repository '/workspace/cache/git-repos/https%3A%2F%2Fgithub.com%2FBSpirit%2Factix-diesel-test'...
[INFO] running `Command { std: "git" "rev-parse" "HEAD", kill_on_drop: false }`
[INFO] [stdout] acb60f69f89f917c777e30e7e93e99195c3e064e
[INFO] documenting BSpirit/actix-diesel-test against 1.54.0 for beta-1.55-rustdoc-1
[INFO] running `Command { std: "git" "clone" "/workspace/cache/git-repos/https%3A%2F%2Fgithub.com%2FBSpirit%2Factix-diesel-test" "/workspace/builds/worker-0/source", kill_on_drop: false }`
[INFO] [stderr] Cloning into '/workspace/builds/worker-0/source'...
[INFO] [stderr] done.
[INFO] validating manifest of git repo https://github.com/BSpirit/actix-diesel-test on toolchain 1.54.0
[INFO] running `Command { std: "/workspace/cargo-home/bin/cargo" "+1.54.0" "metadata" "--manifest-path" "Cargo.toml" "--no-deps", kill_on_drop: false }`
[INFO] started tweaking git repo https://github.com/BSpirit/actix-diesel-test
[INFO] finished tweaking git repo https://github.com/BSpirit/actix-diesel-test
[INFO] tweaked toml for git repo https://github.com/BSpirit/actix-diesel-test written to /workspace/builds/worker-0/source/Cargo.toml
[INFO] crate git repo https://github.com/BSpirit/actix-diesel-test already has a lockfile, it will not be regenerated
[INFO] running `Command { std: "/workspace/cargo-home/bin/cargo" "+1.54.0" "fetch" "--manifest-path" "Cargo.toml", kill_on_drop: false }`
[INFO] [stderr]     Blocking waiting for file lock on package cache
[INFO] running `Command { std: "docker" "create" "-v" "/var/lib/crater-agent-workspace/builds/worker-0/target:/opt/rustwide/target:rw,Z" "-v" "/var/lib/crater-agent-workspace/builds/worker-0/source:/opt/rustwide/workdir:ro,Z" "-v" "/var/lib/crater-agent-workspace/cargo-home:/opt/rustwide/cargo-home:ro,Z" "-v" "/var/lib/crater-agent-workspace/rustup-home:/opt/rustwide/rustup-home:ro,Z" "-e" "SOURCE_DIR=/opt/rustwide/workdir" "-e" "CARGO_TARGET_DIR=/opt/rustwide/target" "-e" "CARGO_HOME=/opt/rustwide/cargo-home" "-e" "RUSTUP_HOME=/opt/rustwide/rustup-home" "-w" "/opt/rustwide/workdir" "-m" "1610612736" "--user" "0:0" "--network" "none" "ghcr.io/rust-lang/crates-build-env/linux@sha256:34b6a614d2c27851fe6cbf88fbd1137609cefab8b10d0615aaeb6fd47975d74e" "/opt/rustwide/cargo-home/bin/cargo" "+1.54.0" "metadata" "--no-deps" "--format-version=1", kill_on_drop: false }`
[INFO] [stderr] WARNING: Your kernel does not support swap limit capabilities or the cgroup is not mounted. Memory limited without swap.
[INFO] [stdout] ae5e87c83c67d17de9c6aec6d2878578b3c4d7b4f6550d2247b163b7a82fb54b
[INFO] running `Command { std: "docker" "start" "-a" "ae5e87c83c67d17de9c6aec6d2878578b3c4d7b4f6550d2247b163b7a82fb54b", kill_on_drop: false }`
[INFO] running `Command { std: "docker" "inspect" "ae5e87c83c67d17de9c6aec6d2878578b3c4d7b4f6550d2247b163b7a82fb54b", kill_on_drop: false }`
[INFO] running `Command { std: "docker" "rm" "-f" "ae5e87c83c67d17de9c6aec6d2878578b3c4d7b4f6550d2247b163b7a82fb54b", kill_on_drop: false }`
[INFO] [stdout] ae5e87c83c67d17de9c6aec6d2878578b3c4d7b4f6550d2247b163b7a82fb54b
[INFO] running `Command { std: "docker" "create" "-v" "/var/lib/crater-agent-workspace/builds/worker-0/target:/opt/rustwide/target:rw,Z" "-v" "/var/lib/crater-agent-workspace/builds/worker-0/source:/opt/rustwide/workdir:ro,Z" "-v" "/var/lib/crater-agent-workspace/cargo-home:/opt/rustwide/cargo-home:ro,Z" "-v" "/var/lib/crater-agent-workspace/rustup-home:/opt/rustwide/rustup-home:ro,Z" "-e" "SOURCE_DIR=/opt/rustwide/workdir" "-e" "CARGO_TARGET_DIR=/opt/rustwide/target" "-e" "CARGO_INCREMENTAL=0" "-e" "RUST_BACKTRACE=full" "-e" "RUSTDOCFLAGS=--cap-lints=warn" "-e" "CARGO_HOME=/opt/rustwide/cargo-home" "-e" "RUSTUP_HOME=/opt/rustwide/rustup-home" "-w" "/opt/rustwide/workdir" "-m" "1610612736" "--user" "0:0" "--network" "none" "ghcr.io/rust-lang/crates-build-env/linux@sha256:34b6a614d2c27851fe6cbf88fbd1137609cefab8b10d0615aaeb6fd47975d74e" "/opt/rustwide/cargo-home/bin/cargo" "+1.54.0" "doc" "--frozen" "--no-deps" "--document-private-items" "--message-format=json", kill_on_drop: false }`
[INFO] [stdout] e9e9c8b42688ff584e792d52236d560b1b30e9715e8624e030566e91aab74392
[INFO] [stderr] WARNING: Your kernel does not support swap limit capabilities or the cgroup is not mounted. Memory limited without swap.
[INFO] running `Command { std: "docker" "start" "-a" "e9e9c8b42688ff584e792d52236d560b1b30e9715e8624e030566e91aab74392", kill_on_drop: false }`
[INFO] [stderr]     Checking smallvec v0.6.11
[INFO] [stderr]    Compiling syn v1.0.7
[INFO] [stderr]    Compiling memchr v2.2.1
[INFO] [stderr]     Checking arc-swap v0.4.3
[INFO] [stderr]     Checking copyless v0.1.4
[INFO] [stderr]     Checking hashbrown v0.5.0
[INFO] [stderr]    Compiling pkg-config v0.3.16
[INFO] [stderr]    Compiling humansize v1.1.0
[INFO] [stderr]    Compiling askama_escape v0.2.0
[INFO] [stderr]    Compiling backtrace-sys v0.1.32
[INFO] [stderr]    Compiling brotli-sys v0.3.2
[INFO] [stderr]    Compiling miniz-sys v0.1.12
[INFO] [stderr]     Checking actix-service v0.4.2
[INFO] [stderr]    Compiling ring v0.13.5
[INFO] [stderr]     Checking tower-service v0.1.0
[INFO] [stderr]     Checking lru-cache v0.1.2
[INFO] [stderr]     Checking regex-syntax v0.5.6
[INFO] [stderr]     Checking unicode-normalization v0.1.8
[INFO] [stderr]     Checking num_cpus v1.10.1
[INFO] [stderr]     Checking socket2 v0.3.11
[INFO] [stderr]     Checking hostname v0.1.5
[INFO] [stderr]     Checking rand v0.5.6
[INFO] [stderr]     Checking base64 v0.9.3
[INFO] [stderr]     Checking regex-automata v0.1.8
[INFO] [stderr]    Compiling num-traits v0.2.8
[INFO] [stderr]    Compiling derive-error-chain v0.10.1
[INFO] [stderr]     Checking bytes v0.4.12
[INFO] [stderr]     Checking mio v0.6.19
[INFO] [stderr]     Checking signal-hook-registry v1.1.1
[INFO] [stderr]     Checking rand v0.6.5
[INFO] [stderr]     Checking num-integer v0.1.41
[INFO] [stderr]     Checking resolv-conf v0.6.2
[INFO] [stderr]     Checking threadpool v1.7.1
[INFO] [stderr]     Checking futures-cpupool v0.1.8
[INFO] [stderr]     Checking parking_lot_core v0.6.2
[INFO] [stderr]    Compiling actix_derive v0.3.2
[INFO] [stderr]     Checking signal-hook v0.1.11
[INFO] [stderr]     Checking chrono v0.4.9
[INFO] [stderr]    Compiling libsqlite3-sys v0.16.0
[INFO] [stderr]     Checking crossbeam-epoch v0.7.2
[INFO] [stderr]     Checking tokio-io v0.1.12
[INFO] [stderr]     Checking http v0.1.19
[INFO] [stderr]     Checking string v0.2.1
[INFO] [stderr]     Checking parking_lot v0.9.0
[INFO] [stderr]     Checking mio-uds v0.6.7
[INFO] [stderr]     Checking parking_lot_core v0.4.0
[INFO] [stderr]     Checking uuid v0.7.4
[INFO] [stderr]     Checking idna v0.1.5
[INFO] [stderr]     Checking idna v0.2.0
[INFO] [stderr]     Checking flate2 v1.0.12
[INFO] [stderr]     Checking crossbeam-deque v0.7.1
[INFO] [stderr]     Checking backtrace v0.3.40
[INFO] [stderr]     Checking tokio-codec v0.1.1
[INFO] [stderr]    Compiling aho-corasick v0.7.6
[INFO] [stderr]    Compiling nom v4.2.3
[INFO] [stderr]     Checking aho-corasick v0.6.10
[INFO] [stderr]     Checking csv-core v0.1.6
[INFO] [stderr]     Checking tokio-reactor v0.1.10
[INFO] [stderr]     Checking scheduled-thread-pool v0.2.2
[INFO] [stderr]     Checking parking_lot v0.7.1
[INFO] [stderr]     Checking error-chain v0.10.0
[INFO] [stderr]     Checking tokio-threadpool v0.1.16
[INFO] [stderr]     Checking actix-codec v0.1.2
[INFO] [stderr]     Checking url v1.7.2
[INFO] [stderr]     Checking url v2.1.0
[INFO] [stderr]     Checking tokio-tcp v0.1.3
[INFO] [stderr]     Checking tokio-udp v0.1.5
[INFO] [stderr]     Checking tokio-signal v0.2.7
[INFO] [stderr]     Checking tokio-uds v0.2.5
[INFO] [stderr]     Checking r2d2 v0.8.6
[INFO] [stderr]     Checking regex v0.2.11
[INFO] [stderr]    Compiling regex v1.3.1
[INFO] [stderr]     Checking actix-utils v0.4.7
[INFO] [stderr]     Checking actix-server-config v0.1.2
[INFO] [stderr]     Checking tokio-fs v0.1.6
[INFO] [stderr]     Checking h2 v0.1.26
[INFO] [stderr]     Checking tokio v0.1.22
[INFO] [stderr]     Checking cookie v0.11.1
[INFO] [stderr]     Checking dotenv v0.10.1
[INFO] [stderr]     Checking brotli2 v0.3.2
[INFO] [stderr]    Compiling derive_more v0.15.0
[INFO] [stderr]    Compiling synstructure v0.12.1
[INFO] [stderr]    Compiling serde_derive v1.0.102
[INFO] [stderr]    Compiling failure_derive v0.1.6
[INFO] [stderr]    Compiling v_escape_derive v0.5.6
[INFO] [stderr]    Compiling actix-web-codegen v0.1.3
[INFO] [stderr]    Compiling diesel_derives v1.4.1
[INFO] [stderr]     Checking v_escape v0.7.4
[INFO] [stderr]     Checking failure v0.1.6
[INFO] [stderr]     Checking v_htmlescape v0.4.5
[INFO] [stderr]     Checking actix-threadpool v0.1.2
[INFO] [stderr]     Checking trust-dns-proto v0.7.4
[INFO] [stderr]     Checking trust-dns-proto v0.6.3
[INFO] [stderr]     Checking trust-dns-proto v0.5.0
[INFO] [stderr]     Checking actix-rt v0.2.5
[INFO] [stderr]     Checking actix-server v0.6.1
[INFO] [stderr]     Checking actix-testing v0.1.0
[INFO] [stderr]     Checking trust-dns-resolver v0.11.1
[INFO] [stderr]     Checking trust-dns-resolver v0.10.3
[INFO] [stderr]     Checking actix-connect v0.2.5
[INFO] [stderr]     Checking actix v0.7.9
[INFO] [stderr]     Checking actix-net v0.2.6
[INFO] [stderr]     Checking serde v1.0.102
[INFO] [stderr]     Checking serde_json v1.0.41
[INFO] [stderr]     Checking serde_urlencoded v0.6.1
[INFO] [stderr]     Checking toml v0.4.10
[INFO] [stderr]     Checking actix-router v0.1.5
[INFO] [stderr]     Checking serde_urlencoded v0.5.5
[INFO] [stderr]     Checking bstr v0.2.8
[INFO] [stderr]     Checking diesel v1.4.3
[INFO] [stderr]     Checking csv v1.1.1
[INFO] [stderr]     Checking actix-http v0.2.10
[INFO] [stderr]     Checking actix-web v0.7.19
[INFO] [stderr]     Checking askama_shared v0.8.0
[INFO] [stderr]    Compiling askama_derive v0.8.0
[INFO] [stderr]     Checking awc v0.2.7
[INFO] [stderr]     Checking actix-web v1.0.8
[INFO] [stderr]     Checking actix-files v0.1.6
[INFO] [stderr]     Checking askama v0.8.0
[INFO] [stderr]     Checking web v0.1.0 (/opt/rustwide/workdir)
[INFO] [stderr]  Documenting web v0.1.0 (/opt/rustwide/workdir)
[INFO] [stdout] error[E0583]: file not found for module `schema`
[INFO] [stdout]  --> src/lib.rs:7:1
[INFO] [stdout]   |
[INFO] [stdout] 7 | pub mod schema;
[INFO] [stdout]   | ^^^^^^^^^^^^^^^
[INFO] [stdout]   |
[INFO] [stdout]   = help: to create the module `schema`, create file "src/schema.rs" or "src/schema/mod.rs"
[INFO] [stdout] 
[INFO] [stdout] 
[INFO] [stdout] error[E0583]: file not found for module `schema`
[INFO] [stdout]  --> src/lib.rs:7:1
[INFO] [stdout]   |
[INFO] [stdout] 7 | pub mod schema;
[INFO] [stdout]   | ^^^^^^^^^^^^^^^
[INFO] [stdout]   |
[INFO] [stdout]   = help: to create the module `schema`, create file "src/schema.rs" or "src/schema/mod.rs"
[INFO] [stdout] 
[INFO] [stdout] 
[INFO] [stdout] error[E0432]: unresolved import `crate::schema::users`
[INFO] [stdout]  --> src/models/user.rs:1:5
[INFO] [stdout]   |
[INFO] [stdout] 1 | use crate::schema::users;
[INFO] [stdout]   |     ^^^^^^^^^^^^^^^^^^^^ no `users` in `schema`
[INFO] [stdout] 
[INFO] [stdout] 
[INFO] [stdout] error[E0432]: unresolved import `crate::schema::users`
[INFO] [stdout]  --> src/models/user.rs:1:5
[INFO] [stdout]   |
[INFO] [stdout] 1 | use crate::schema::users;
[INFO] [stdout]   |     ^^^^^^^^^^^^^^^^^^^^ no `users` in `schema`
[INFO] [stdout] 
[INFO] [stdout] 
[INFO] [stdout] error[E0432]: unresolved import `crate::schema::users`
[INFO] [stdout]   --> src/models/user.rs:42:28
[INFO] [stdout]    |
[INFO] [stdout] 42 |         use crate::schema::users::dsl;
[INFO] [stdout]    |                            ^^^^^ could not find `users` in `schema`
[INFO] [stdout] 
[INFO] [stdout] 
[INFO] [stdout] error[E0432]: unresolved import `crate::schema::users`
[INFO] [stdout]   --> src/models/user.rs:48:28
[INFO] [stdout]    |
[INFO] [stdout] 48 |         use crate::schema::users::dsl;
[INFO] [stdout]    |                            ^^^^^ could not find `users` in `schema`
[INFO] [stdout] 
[INFO] [stdout] 
[INFO] [stdout] error[E0432]: unresolved import `crate::schema::users`
[INFO] [stdout]   --> src/models/user.rs:42:28
[INFO] [stdout]    |
[INFO] [stdout] 42 |         use crate::schema::users::dsl;
[INFO] [stdout]    |                            ^^^^^ could not find `users` in `schema`
[INFO] [stdout] 
[INFO] [stdout] 
[INFO] [stdout] error[E0432]: unresolved import `crate::schema::products`
[INFO] [stdout]  --> src/models/product.rs:1:5
[INFO] [stdout]   |
[INFO] [stdout] 1 | use crate::schema::products;
[INFO] [stdout]   |     ^^^^^^^^^^^^^^^^^^^^^^^ no `products` in `schema`
[INFO] [stdout] 
[INFO] [stdout] 
[INFO] [stdout] error[E0432]: unresolved import `crate::schema::users`
[INFO] [stdout]   --> src/models/user.rs:48:28
[INFO] [stdout]    |
[INFO] [stdout] 48 |         use crate::schema::users::dsl;
[INFO] [stdout]    |                            ^^^^^ could not find `users` in `schema`
[INFO] [stdout] 
[INFO] [stdout] 
[INFO] [stdout] error[E0432]: unresolved import `crate::schema::products`
[INFO] [stdout]   --> src/models/product.rs:37:28
[INFO] [stdout]    |
[INFO] [stdout] 37 |         use crate::schema::products::dsl;
[INFO] [stdout]    |                            ^^^^^^^^ could not find `products` in `schema`
[INFO] [stdout] 
[INFO] [stdout] 
[INFO] [stdout] error[E0432]: unresolved import `crate::schema::products`
[INFO] [stdout]  --> src/models/product.rs:1:5
[INFO] [stdout]   |
[INFO] [stdout] 1 | use crate::schema::products;
[INFO] [stdout]   |     ^^^^^^^^^^^^^^^^^^^^^^^ no `products` in `schema`
[INFO] [stdout] 
[INFO] [stdout] 
[INFO] [stdout] error[E0432]: unresolved import `crate::schema::products`
[INFO] [stdout]   --> src/models/product.rs:43:28
[INFO] [stdout]    |
[INFO] [stdout] 43 |         use crate::schema::products::dsl;
[INFO] [stdout]    |                            ^^^^^^^^ could not find `products` in `schema`
[INFO] [stdout] 
[INFO] [stdout] 
[INFO] [stdout] error[E0432]: unresolved import `crate::schema::products`
[INFO] [stdout]   --> src/models/product.rs:37:28
[INFO] [stdout]    |
[INFO] [stdout] 37 |         use crate::schema::products::dsl;
[INFO] [stdout]    |                            ^^^^^^^^ could not find `products` in `schema`
[INFO] [stdout] 
[INFO] [stdout] 
[INFO] [stdout] error[E0432]: unresolved import `crate::schema::products`
[INFO] [stdout]   --> src/models/product.rs:43:28
[INFO] [stdout]    |
[INFO] [stdout] 43 |         use crate::schema::products::dsl;
[INFO] [stdout]    |                            ^^^^^^^^ could not find `products` in `schema`
[INFO] [stdout] 
[INFO] [stdout] 
[INFO] [stdout] error: Compilation failed, aborting rustdoc
[INFO] [stdout] 
[INFO] [stdout] 
[INFO] [stdout] error: aborting due to 8 previous errors
[INFO] [stdout] 
[INFO] [stdout] 
[INFO] [stdout] Some errors have detailed explanations: E0432, E0583.
[INFO] [stdout] 
[INFO] [stdout] For more information about an error, try `rustc --explain E0432`.
[INFO] [stdout] 
[INFO] [stderr] error: could not document `web`
[INFO] [stderr] 
[INFO] [stderr] Caused by:
[INFO] [stderr]   process didn't exit successfully: `rustdoc --edition=2018 --crate-type lib --crate-name web src/lib.rs -o /opt/rustwide/target/doc --error-format=json --json=diagnostic-rendered-ansi --document-private-items -L dependency=/opt/rustwide/target/debug/deps --extern actix_files=/opt/rustwide/target/debug/deps/libactix_files-b552827f1d43710f.rmeta --extern actix_web=/opt/rustwide/target/debug/deps/libactix_web-a6b114c83b00dd71.rmeta --extern askama=/opt/rustwide/target/debug/deps/libaskama-8abbeda79d23aef9.rmeta --extern csv=/opt/rustwide/target/debug/deps/libcsv-91ceb6513ea5593c.rmeta --extern diesel=/opt/rustwide/target/debug/deps/libdiesel-0a19f2f0d52b99ac.rmeta --extern dotenv=/opt/rustwide/target/debug/deps/libdotenv-75b2d0a69763ee4e.rmeta --extern libsqlite3_sys=/opt/rustwide/target/debug/deps/liblibsqlite3_sys-e20b35b634a68fb8.rmeta --extern serde=/opt/rustwide/target/debug/deps/libserde-8204e668cd2ac269.rmeta --cap-lints=warn --crate-version 0.1.0` (exit status: 1)
[INFO] [stderr] warning: build failed, waiting for other jobs to finish...
[INFO] [stdout] error: aborting due to 7 previous errors
[INFO] [stdout] 
[INFO] [stdout] 
[INFO] [stdout] Some errors have detailed explanations: E0432, E0583.
[INFO] [stdout] 
[INFO] [stdout] For more information about an error, try `rustc --explain E0432`.
[INFO] [stdout] 
[INFO] [stderr] error: build failed
[INFO] running `Command { std: "docker" "inspect" "e9e9c8b42688ff584e792d52236d560b1b30e9715e8624e030566e91aab74392", kill_on_drop: false }`
[INFO] running `Command { std: "docker" "rm" "-f" "e9e9c8b42688ff584e792d52236d560b1b30e9715e8624e030566e91aab74392", kill_on_drop: false }`
[INFO] [stdout] e9e9c8b42688ff584e792d52236d560b1b30e9715e8624e030566e91aab74392
