[INFO] cloning repository https://github.com/BFTForensics/DiemForensics
[INFO] running `Command { std: "git" "-c" "credential.helper=" "-c" "credential.helper=/workspace/cargo-home/bin/git-credential-null" "clone" "--bare" "https://github.com/BFTForensics/DiemForensics" "/workspace/cache/git-repos/https%3A%2F%2Fgithub.com%2FBFTForensics%2FDiemForensics", kill_on_drop: false }`
[INFO] [stderr] Cloning into bare repository '/workspace/cache/git-repos/https%3A%2F%2Fgithub.com%2FBFTForensics%2FDiemForensics'...
[INFO] running `Command { std: "git" "rev-parse" "HEAD", kill_on_drop: false }`
[INFO] [stdout] 75143920e2684b05098408e90a3e2771f7d7df48
[INFO] documenting BFTForensics/DiemForensics against 1.54.0 for beta-1.55-rustdoc-1
[INFO] running `Command { std: "git" "clone" "/workspace/cache/git-repos/https%3A%2F%2Fgithub.com%2FBFTForensics%2FDiemForensics" "/workspace/builds/worker-1/source", kill_on_drop: false }`
[INFO] [stderr] Cloning into '/workspace/builds/worker-1/source'...
[INFO] [stderr] done.
[INFO] validating manifest of git repo https://github.com/BFTForensics/DiemForensics on toolchain 1.54.0
[INFO] running `Command { std: "/workspace/cargo-home/bin/cargo" "+1.54.0" "metadata" "--manifest-path" "Cargo.toml" "--no-deps", kill_on_drop: false }`
[INFO] removed /workspace/builds/worker-1/source/rust-toolchain
[INFO] started tweaking git repo https://github.com/BFTForensics/DiemForensics
[INFO] finished tweaking git repo https://github.com/BFTForensics/DiemForensics
[INFO] tweaked toml for git repo https://github.com/BFTForensics/DiemForensics written to /workspace/builds/worker-1/source/Cargo.toml
[INFO] crate git repo https://github.com/BFTForensics/DiemForensics already has a lockfile, it will not be regenerated
[INFO] running `Command { std: "/workspace/cargo-home/bin/cargo" "+1.54.0" "fetch" "--manifest-path" "Cargo.toml", kill_on_drop: false }`
[INFO] [stderr]     Blocking waiting for file lock on package cache
[INFO] running `Command { std: "docker" "create" "-v" "/var/lib/crater-agent-workspace/builds/worker-1/target:/opt/rustwide/target:rw,Z" "-v" "/var/lib/crater-agent-workspace/builds/worker-1/source:/opt/rustwide/workdir:ro,Z" "-v" "/var/lib/crater-agent-workspace/cargo-home:/opt/rustwide/cargo-home:ro,Z" "-v" "/var/lib/crater-agent-workspace/rustup-home:/opt/rustwide/rustup-home:ro,Z" "-e" "SOURCE_DIR=/opt/rustwide/workdir" "-e" "CARGO_TARGET_DIR=/opt/rustwide/target" "-e" "CARGO_HOME=/opt/rustwide/cargo-home" "-e" "RUSTUP_HOME=/opt/rustwide/rustup-home" "-w" "/opt/rustwide/workdir" "-m" "1610612736" "--user" "0:0" "--network" "none" "ghcr.io/rust-lang/crates-build-env/linux@sha256:34b6a614d2c27851fe6cbf88fbd1137609cefab8b10d0615aaeb6fd47975d74e" "/opt/rustwide/cargo-home/bin/cargo" "+1.54.0" "metadata" "--no-deps" "--format-version=1", kill_on_drop: false }`
[INFO] [stdout] 95c28f4ca582df099f3c27d8febc49312f842971236693c4a5d2bc7b459709a5
[INFO] [stderr] WARNING: Your kernel does not support swap limit capabilities or the cgroup is not mounted. Memory limited without swap.
[INFO] running `Command { std: "docker" "start" "-a" "95c28f4ca582df099f3c27d8febc49312f842971236693c4a5d2bc7b459709a5", kill_on_drop: false }`
[INFO] running `Command { std: "docker" "inspect" "95c28f4ca582df099f3c27d8febc49312f842971236693c4a5d2bc7b459709a5", kill_on_drop: false }`
[INFO] running `Command { std: "docker" "rm" "-f" "95c28f4ca582df099f3c27d8febc49312f842971236693c4a5d2bc7b459709a5", kill_on_drop: false }`
[INFO] [stdout] 95c28f4ca582df099f3c27d8febc49312f842971236693c4a5d2bc7b459709a5
[INFO] running `Command { std: "docker" "create" "-v" "/var/lib/crater-agent-workspace/builds/worker-1/target:/opt/rustwide/target:rw,Z" "-v" "/var/lib/crater-agent-workspace/builds/worker-1/source:/opt/rustwide/workdir:ro,Z" "-v" "/var/lib/crater-agent-workspace/cargo-home:/opt/rustwide/cargo-home:ro,Z" "-v" "/var/lib/crater-agent-workspace/rustup-home:/opt/rustwide/rustup-home:ro,Z" "-e" "SOURCE_DIR=/opt/rustwide/workdir" "-e" "CARGO_TARGET_DIR=/opt/rustwide/target" "-e" "CARGO_INCREMENTAL=0" "-e" "RUST_BACKTRACE=full" "-e" "RUSTDOCFLAGS=--cap-lints=warn" "-e" "CARGO_HOME=/opt/rustwide/cargo-home" "-e" "RUSTUP_HOME=/opt/rustwide/rustup-home" "-w" "/opt/rustwide/workdir" "-m" "1610612736" "--user" "0:0" "--network" "none" "ghcr.io/rust-lang/crates-build-env/linux@sha256:34b6a614d2c27851fe6cbf88fbd1137609cefab8b10d0615aaeb6fd47975d74e" "/opt/rustwide/cargo-home/bin/cargo" "+1.54.0" "doc" "--frozen" "--no-deps" "--document-private-items" "--message-format=json", kill_on_drop: false }`
[INFO] [stdout] 9735d8e4edeac55e29b5685aa656da750c2d18c2093749f1df5b68c582fc975d
[INFO] [stderr] WARNING: Your kernel does not support swap limit capabilities or the cgroup is not mounted. Memory limited without swap.
[INFO] running `Command { std: "docker" "start" "-a" "9735d8e4edeac55e29b5685aa656da750c2d18c2093749f1df5b68c582fc975d", kill_on_drop: false }`
[INFO] [stderr]    Compiling syn v1.0.42
[INFO] [stderr]    Compiling serde v1.0.116
[INFO] [stderr]    Compiling log v0.4.11
[INFO] [stderr]     Checking subtle v2.3.0
[INFO] [stderr]    Compiling anyhow v1.0.33
[INFO] [stderr]     Checking fiat-crypto v0.1.5
[INFO] [stderr]     Checking mirai-annotations v1.10.1
[INFO] [stderr]     Checking signature v1.2.2
[INFO] [stderr]     Checking either v1.6.0
[INFO] [stderr]     Checking instant v0.1.6
[INFO] [stderr]    Compiling prometheus v0.10.0
[INFO] [stderr]     Checking chunked_transfer v1.2.0
[INFO] [stderr]    Compiling rayon-core v1.8.1
[INFO] [stderr]    Compiling libra-metrics v0.1.0 (/opt/rustwide/workdir/common/metrics)
[INFO] [stderr]    Compiling once_cell v1.4.1
[INFO] [stderr]     Checking libra-global-constants v0.1.0 (/opt/rustwide/workdir/config/global-constants)
[INFO] [stderr]     Checking c_linked_list v1.1.1
[INFO] [stderr]    Compiling indexmap v1.5.1
[INFO] [stderr]    Compiling num-integer v0.1.43
[INFO] [stderr]    Compiling memoffset v0.5.5
[INFO] [stderr]     Checking tracing-core v0.1.15
[INFO] [stderr]    Compiling rayon v1.4.1
[INFO] [stderr]    Compiling num-bigint v0.3.0
[INFO] [stderr]    Compiling num-iter v0.1.41
[INFO] [stderr]    Compiling num-rational v0.3.0
[INFO] [stderr]     Checking futures-task v0.3.6
[INFO] [stderr]     Checking nibble_vec v0.1.0
[INFO] [stderr]     Checking futures-channel v0.3.6
[INFO] [stderr]     Checking heck v0.3.1
[INFO] [stderr]     Checking pretty v0.10.0
[INFO] [stderr]    Compiling libc v0.2.79
[INFO] [stderr]     Checking itertools v0.9.0
[INFO] [stderr]     Checking jobserver v0.1.21
[INFO] [stderr]     Checking wait-timeout v0.2.0
[INFO] [stderr]     Checking net2 v0.2.34
[INFO] [stderr]     Checking parking_lot_core v0.8.0
[INFO] [stderr]     Checking hostname v0.3.1
[INFO] [stderr]     Checking socket2 v0.3.12
[INFO] [stderr]     Checking get_if_addrs v0.5.3
[INFO] [stderr]     Checking rand v0.4.6
[INFO] [stderr]     Checking rand_os v0.1.3
[INFO] [stderr]     Checking dirs-sys v0.3.5
[INFO] [stderr]     Checking backtrace v0.3.51
[INFO] [stderr]     Checking termion v1.5.5
[INFO] [stderr]     Checking quote v1.0.7
[INFO] [stderr]     Checking buf_redux v0.8.4
[INFO] [stderr]     Checking twoway v0.1.8
[INFO] [stderr]    Compiling hashbrown v0.8.2
[INFO] [stderr]    Compiling num-traits v0.2.12
[INFO] [stderr]     Checking colored v2.0.0
[INFO] [stderr]     Checking radix_trie v0.2.0
[INFO] [stderr]     Checking block-buffer v0.7.3
[INFO] [stderr]     Checking cc v1.0.60
[INFO] [stderr]     Checking universal-hash v0.4.0
[INFO] [stderr]     Checking block-cipher v0.8.0
[INFO] [stderr]     Checking crypto-mac v0.8.0
[INFO] [stderr]    Compiling atty v0.2.14
[INFO] [stderr]    Compiling which v3.1.1
[INFO] [stderr]     Checking parking_lot v0.11.0
[INFO] [stderr]     Checking num-complex v0.3.0
[INFO] [stderr]     Checking tokio-executor v0.1.10
[INFO] [stderr]     Checking rand v0.6.5
[INFO] [stderr]     Checking rand_pcg v0.2.1
[INFO] [stderr]     Checking rand_xorshift v0.2.0
[INFO] [stderr]     Checking dirs v3.0.1
[INFO] [stderr]     Checking sha2 v0.9.1
[INFO] [stderr]    Compiling sha-1 v0.9.1
[INFO] [stderr]     Checking sha-1 v0.8.2
[INFO] [stderr]     Checking aes-soft v0.5.0
[INFO] [stderr]    Compiling proptest-derive v0.2.0
[INFO] [stderr]     Checking hmac v0.8.1
[INFO] [stderr]     Checking polyval v0.4.0
[INFO] [stderr]    Compiling clap v2.33.3
[INFO] [stderr]     Checking rand v0.7.3
[INFO] [stderr]     Checking crossbeam-epoch v0.8.2
[INFO] [stderr]     Checking tokio-timer v0.2.13
[INFO] [stderr]     Checking hkdf v0.9.0
[INFO] [stderr]     Checking aes v0.5.0
[INFO] [stderr]     Checking chrono v0.4.19
[INFO] [stderr]     Checking ghash v0.3.0
[INFO] [stderr]     Checking petgraph v0.5.1
[INFO] [stderr]     Checking tokio-retry v0.2.0
[INFO] [stderr]     Checking crossbeam-deque v0.7.3
[INFO] [stderr]     Checking aes-gcm v0.7.0
[INFO] [stderr]     Checking tempfile v3.1.0
[INFO] [stderr]     Checking crossbeam v0.7.3
[INFO] [stderr]     Checking rusty-fork v0.3.0
[INFO] [stderr]    Compiling openssl-sys v0.9.58
[INFO] [stderr]    Compiling libloading v0.5.2
[INFO] [stderr]    Compiling jemalloc-sys v0.3.2
[INFO] [stderr]     Checking proptest v0.10.1
[INFO] [stderr]     Checking num v0.3.0
[INFO] [stderr]    Compiling clang-sys v0.29.3
[INFO] [stderr]    Compiling openssl v0.10.30
[INFO] [stderr]    Compiling native-tls v0.2.4
[INFO] [stderr]    Compiling synstructure v0.12.4
[INFO] [stderr]    Compiling proc-macro-error v1.0.4
[INFO] [stderr]    Compiling pest_generator v2.1.3
[INFO] [stderr]    Compiling serde_derive v1.0.116
[INFO] [stderr]    Compiling thiserror-impl v1.0.21
[INFO] [stderr]    Compiling zeroize_derive v1.0.0
[INFO] [stderr]    Compiling ref-cast-impl v1.0.2
[INFO] [stderr]    Compiling pin-project-internal v0.4.26
[INFO] [stderr]    Compiling tokio-macros v0.2.5
[INFO] [stderr]    Compiling structopt-derive v0.4.11
[INFO] [stderr]    Compiling futures-macro v0.3.6
[INFO] [stderr]    Compiling async-trait v0.1.41
[INFO] [stderr]    Compiling include_dir_impl v0.6.0
[INFO] [stderr]    Compiling pest_derive v2.1.0
[INFO] [stderr]    Compiling enum_dispatch v0.3.3
[INFO] [stderr]    Compiling num-derive v0.3.2
[INFO] [stderr]     Checking include_dir v0.6.0
[INFO] [stderr]     Checking ref-cast v1.0.2
[INFO] [stderr]     Checking zeroize v1.1.0
[INFO] [stderr]     Checking curve25519-dalek v3.0.0 (https://github.com/novifinancial/curve25519-dalek.git?branch=fiat3#2940429e)
[INFO] [stderr]     Checking thiserror v1.0.21
[INFO] [stderr]     Checking x25519-dalek v1.0.1 (https://github.com/novifinancial/x25519-dalek.git?branch=fiat3#494bf274)
[INFO] [stderr]     Checking structopt v0.3.18
[INFO] [stderr]     Checking pin-project v0.4.26
[INFO] [stderr]     Checking futures-util v0.3.6
[INFO] [stderr]     Checking futures-executor v0.3.6
[INFO] [stderr]     Checking futures v0.3.6
[INFO] [stderr]     Checking bytes v0.5.6
[INFO] [stderr]     Checking serde_json v1.0.58
[INFO] [stderr]     Checking serde_bytes v0.11.5
[INFO] [stderr]     Checking ed25519 v1.0.1
[INFO] [stderr]     Checking serde-name v0.1.1
[INFO] [stderr]     Checking erased-serde v0.3.12
[INFO] [stderr]     Checking codespan v0.8.0
[INFO] [stderr]     Checking serde_yaml v0.8.13
[INFO] [stderr]     Checking toml v0.5.6
[INFO] [stderr]     Checking serde-reflection v0.3.2
[INFO] [stderr]     Checking serde_urlencoded v0.6.1
[INFO] [stderr]     Checking ed25519-dalek v1.0.0 (https://github.com/novifinancial/ed25519-dalek.git?branch=fiat4#44d1191b)
[INFO] [stderr]     Checking mio v0.6.22
[INFO] [stderr]     Checking tracing v0.1.19
[INFO] [stderr]     Checking want v0.3.0
[INFO] [stderr]     Checking simplelog v0.8.0
[INFO] [stderr]     Checking fail v0.4.0
[INFO] [stderr]     Checking multipart v0.17.0
[INFO] [stderr]     Checking libra-workspace-hack v0.1.0 (/opt/rustwide/workdir/common/workspace-hack)
[INFO] [stderr]     Checking http v0.2.1
[INFO] [stderr]     Checking input_buffer v0.3.1
[INFO] [stderr]     Checking codespan-reporting v0.8.0
[INFO] [stderr]     Checking tracing-futures v0.2.4
[INFO] [stderr]     Checking serde-generate v0.15.1
[INFO] [stderr]     Checking libra-infallible v0.1.0 (/opt/rustwide/workdir/common/infallible)
[INFO] [stderr]     Checking libra-canonical-serialization v0.1.0 (/opt/rustwide/workdir/common/lcs)
[INFO] [stderr]     Checking libra-nibble v0.1.0 (/opt/rustwide/workdir/common/nibble)
[INFO] [stderr]     Checking short-hex-str v0.1.0 (/opt/rustwide/workdir/common/short-hex-str)
[INFO] [stderr]     Checking libra-proptest-helpers v0.1.0 (/opt/rustwide/workdir/common/proptest-helpers)
[INFO] [stderr]     Checking borrow-graph v0.0.1 (/opt/rustwide/workdir/language/borrow-graph)
[INFO] [stderr]     Checking libra-temppath v0.1.0 (/opt/rustwide/workdir/common/temppath)
[INFO] [stderr]     Checking libra-metrics-core v0.1.0 (/opt/rustwide/workdir/common/metrics-core)
[INFO] [stderr]     Checking datatest-stable v0.1.0 (/opt/rustwide/workdir/common/datatest-stable)
[INFO] [stderr]     Checking libra-bitvec v0.1.0 (/opt/rustwide/workdir/common/bitvec)
[INFO] [stderr]  Documenting diagen v0.1.0 (/opt/rustwide/workdir/language/move-prover/diagen)
[INFO] [stderr]     Checking ureq v1.5.1
[INFO] [stderr]     Checking handlebars v3.5.0
[INFO] [stderr]    Compiling env_logger v0.7.1
[INFO] [stderr]     Checking libra-secure-time v0.1.0 (/opt/rustwide/workdir/secure/time)
[INFO] [stderr]     Checking mio-uds v0.6.8
[INFO] [stderr]    Compiling libra-crypto-derive v0.1.0 (/opt/rustwide/workdir/crypto/crypto-derive)
[INFO] [stderr]    Compiling num-variants v0.1.0 (/opt/rustwide/workdir/common/num-variants)
[INFO] [stderr]    Compiling libra-log-derive v0.1.0 (/opt/rustwide/workdir/common/logger/derive)
[INFO] [stderr]     Checking tokio v0.2.22
[INFO] [stderr]    Compiling bindgen v0.54.0
[INFO] [stderr]     Checking http-body v0.3.1
[INFO] [stderr]     Checking headers-core v0.2.0
[INFO] [stderr]     Checking tungstenite v0.11.1
[INFO] [stderr]     Checking libra-logger v0.1.0 (/opt/rustwide/workdir/common/logger)
[INFO] [stderr]     Checking headers v0.3.2
[INFO] [stderr]     Checking libra-crypto v0.1.0 (/opt/rustwide/workdir/crypto/crypto)
[INFO] [stderr]     Checking libra-secure-push-metrics v0.1.0 (/opt/rustwide/workdir/secure/push-metrics)
[INFO] [stderr]     Checking crash-handler v0.1.0 (/opt/rustwide/workdir/common/crash-handler)
[INFO] [stderr]     Checking libra-secure-net v0.1.0 (/opt/rustwide/workdir/secure/net)
[INFO] [stderr]     Checking move-core-types v0.1.0 (/opt/rustwide/workdir/language/move-core/types)
[INFO] [stderr]     Checking libra-github-client v0.1.0 (/opt/rustwide/workdir/secure/storage/github)
[INFO] [stderr]     Checking libra-vault-client v0.1.0 (/opt/rustwide/workdir/secure/storage/vault)
[INFO] [stderr]     Checking generate-key v0.1.0 (/opt/rustwide/workdir/config/generate-key)
[INFO] [stderr]  Documenting generate-key v0.1.0 (/opt/rustwide/workdir/config/generate-key)
[INFO] [stderr]     Checking tokio-util v0.3.1
[INFO] [stderr]     Checking tokio-tls v0.3.1
[INFO] [stderr]     Checking futures-semaphore v0.1.0 (/opt/rustwide/workdir/common/futures-semaphore)
[INFO] [stderr]     Checking tokio-tungstenite v0.11.0
[INFO] [stderr]     Checking stream-ratelimiter v0.1.0 (/opt/rustwide/workdir/common/stream-ratelimiter)
[INFO] [stderr]     Checking bounded-executor v0.1.0 (/opt/rustwide/workdir/common/bounded-executor)
[INFO] [stderr]     Checking h2 v0.2.6
[INFO] [stdout] warning: unused return value of `ManuallyDrop::<T>::new` that must be used
[INFO] [stdout]   --> common/stream-ratelimiter/src/lib.rs:93:25
[INFO] [stdout]    |
[INFO] [stdout] 93 |                         ManuallyDrop::new(permit);
[INFO] [stdout]    |                         ^^^^^^^^^^^^^^^^^^^^^^^^^^
[INFO] [stdout]    |
[INFO] [stdout]    = note: `#[warn(unused_must_use)]` on by default
[INFO] [stdout]    = note: if you don't need the wrapper, you can use `mem::forget` instead
[INFO] [stdout] 
[INFO] [stdout] 
[INFO] [stdout] warning: 1 warning emitted
[INFO] [stdout] 
[INFO] [stdout] 
[INFO] [stderr]     Checking libra-network-address v0.1.0 (/opt/rustwide/workdir/network/network-address)
[INFO] [stderr]     Checking vm v0.1.0 (/opt/rustwide/workdir/language/vm)
[INFO] [stderr]     Checking libra-types v0.1.0 (/opt/rustwide/workdir/types)
[INFO] [stderr]    Compiling librocksdb-sys v6.11.4
[INFO] [stderr]    Compiling libra-dev v0.1.0 (/opt/rustwide/workdir/client/libra-dev)
[INFO] [stderr]     Checking move-vm-types v0.1.0 (/opt/rustwide/workdir/language/move-vm/types)
[INFO] [stderr]     Checking hyper v0.13.8
[INFO] [stderr]     Checking bytecode-verifier v0.1.0 (/opt/rustwide/workdir/language/bytecode-verifier)
[INFO] [stderr]     Checking move-ir-types v0.1.0 (/opt/rustwide/workdir/language/move-ir/types)
[INFO] [stderr]     Checking libra-state-view v0.1.0 (/opt/rustwide/workdir/storage/state-view)
[INFO] [stderr]     Checking scratchpad v0.1.0 (/opt/rustwide/workdir/storage/scratchpad)
[INFO] [stderr]     Checking transaction-builder-generator v0.1.0 (/opt/rustwide/workdir/language/transaction-builder/generator)
[INFO] [stderr]     Checking move-vm-natives v0.1.0 (/opt/rustwide/workdir/language/move-vm/natives)
[INFO] [stderr]     Checking libra-jellyfish-merkle v0.1.0 (/opt/rustwide/workdir/storage/jellyfish-merkle)
[INFO] [stderr]     Checking accumulator v0.1.0 (/opt/rustwide/workdir/storage/accumulator)
[INFO] [stderr]     Checking libra-secure-json-rpc v0.1.0 (/opt/rustwide/workdir/secure/json-rpc)
[INFO] [stderr]     Checking netcore v0.1.0 (/opt/rustwide/workdir/network/netcore)
[INFO] [stderr]  Documenting transaction-builder-generator v0.1.0 (/opt/rustwide/workdir/language/transaction-builder/generator)
[INFO] [stderr]     Checking storage-interface v0.1.0 (/opt/rustwide/workdir/storage/storage-interface)
[INFO] [stderr]     Checking bytecode-source-map v0.1.0 (/opt/rustwide/workdir/language/compiler/bytecode-source-map)
[INFO] [stderr]     Checking ir-to-bytecode-syntax v0.1.0 (/opt/rustwide/workdir/language/compiler/ir-to-bytecode/syntax)
[INFO] [stderr]     Checking move-vm-runtime v0.1.0 (/opt/rustwide/workdir/language/move-vm/runtime)
[INFO] [stderr]     Checking executor-types v0.1.0 (/opt/rustwide/workdir/execution/executor-types)
[INFO] [stderr]     Checking storage-client v0.1.0 (/opt/rustwide/workdir/storage/storage-client)
[INFO] [stderr]     Checking ir-to-bytecode v0.1.0 (/opt/rustwide/workdir/language/compiler/ir-to-bytecode)
[INFO] [stderr]     Checking move-coverage v0.1.0 (/opt/rustwide/workdir/language/tools/move-coverage)
[INFO] [stderr]  Documenting move-coverage v0.1.0 (/opt/rustwide/workdir/language/tools/move-coverage)
[INFO] [stderr]     Checking hyper-tls v0.4.3
[INFO] [stderr]     Checking warp v0.2.5
[INFO] [stderr]     Checking reqwest v0.10.8
[INFO] [stderr]     Checking consensus-types v0.1.0 (/opt/rustwide/workdir/consensus/consensus-types)
[INFO] [stderr]     Checking disassembler v0.1.0 (/opt/rustwide/workdir/language/tools/disassembler)
[INFO] [stderr]  Documenting disassembler v0.1.0 (/opt/rustwide/workdir/language/tools/disassembler)
[INFO] [stderr]     Checking move-vm-test-utils v0.1.0 (/opt/rustwide/workdir/language/move-vm/test-utils)
[INFO] [stderr]     Checking channel v0.1.0 (/opt/rustwide/workdir/common/channel)
[INFO] [stderr]     Checking move-lang v0.0.1 (/opt/rustwide/workdir/language/move-lang)
[INFO] [stderr]  Documenting move-lang v0.0.1 (/opt/rustwide/workdir/language/move-lang)
[INFO] [stdout] warning: unnecessary trailing semicolon
[INFO] [stdout]    --> consensus/consensus-types/src/block.rs:292:10
[INFO] [stdout]     |
[INFO] [stdout] 292 |         };
[INFO] [stdout]     |          ^ help: remove this semicolon
[INFO] [stdout]     |
[INFO] [stdout]     = note: `#[warn(redundant_semicolons)]` on by default
[INFO] [stdout] 
[INFO] [stdout] 
[INFO] [stderr]     Checking subscription-service v0.1.0 (/opt/rustwide/workdir/common/subscription-service)
[INFO] [stderr] error: could not document `move-coverage`
[INFO] [stderr] 
[INFO] [stderr] Caused by:
[INFO] [stderr]   process didn't exit successfully: `rustdoc --edition=2018 --crate-type lib --crate-name move_coverage language/tools/move-coverage/src/lib.rs -o /opt/rustwide/target/doc --cfg 'feature="default"' --error-format=json --json=diagnostic-rendered-ansi --document-private-items -L dependency=/opt/rustwide/target/debug/deps --extern anyhow=/opt/rustwide/target/debug/deps/libanyhow-7db83c6eb2ad846c.rmeta --extern bytecode_source_map=/opt/rustwide/target/debug/deps/libbytecode_source_map-8c22dd028dd3096e.rmeta --extern codespan=/opt/rustwide/target/debug/deps/libcodespan-ca91714016474e3c.rmeta --extern colored=/opt/rustwide/target/debug/deps/libcolored-75246e37a534d8a8.rmeta --extern lcs=/opt/rustwide/target/debug/deps/liblibra_canonical_serialization-68ef8e46a2768d4d.rmeta --extern libra_types=/opt/rustwide/target/debug/deps/liblibra_types-7c744a4c3368a9ce.rmeta --extern libra_workspace_hack=/opt/rustwide/target/debug/deps/liblibra_workspace_hack-5fd3e61d7d9e6100.rmeta --extern move_core_types=/opt/rustwide/target/debug/deps/libmove_core_types-c2e006c5fa29bdb4.rmeta --extern move_ir_types=/opt/rustwide/target/debug/deps/libmove_ir_types-c74efc1cfd4a5171.rmeta --extern once_cell=/opt/rustwide/target/debug/deps/libonce_cell-0c0c4bd022ce6928.rmeta --extern serde=/opt/rustwide/target/debug/deps/libserde-94cc43c2529012b5.rmeta --extern structopt=/opt/rustwide/target/debug/deps/libstructopt-23d2ea0f3893cc50.rmeta --extern vm=/opt/rustwide/target/debug/deps/libvm-6260413fb8febeae.rmeta --cap-lints=warn --crate-version 0.1.0` (signal: 9, SIGKILL: kill)
[INFO] [stderr] warning: build failed, waiting for other jobs to finish...
[INFO] [stdout] warning: unnecessary trailing semicolon
[INFO] [stdout]    --> language/move-lang/src/expansion/translate.rs:483:6
[INFO] [stdout]     |
[INFO] [stdout] 483 |     };
[INFO] [stdout]     |      ^ help: remove this semicolon
[INFO] [stdout]     |
[INFO] [stdout]     = note: `#[warn(redundant_semicolons)]` on by default
[INFO] [stdout] 
[INFO] [stdout] 
[INFO] [stdout] warning: unnecessary trailing semicolon
[INFO] [stdout]    --> language/move-lang/src/expansion/translate.rs:483:6
[INFO] [stdout]     |
[INFO] [stdout] 483 |     };
[INFO] [stdout]     |      ^ help: remove this semicolon
[INFO] [stdout]     |
[INFO] [stdout]     = note: `#[warn(redundant_semicolons)]` on by default
[INFO] [stdout] 
[INFO] [stdout] 
[INFO] [stdout] warning: 1 warning emitted
[INFO] [stdout] 
[INFO] [stdout] 
[INFO] [stderr] The following warnings were emitted during compilation:
[INFO] [stderr] 
[INFO] [stderr] warning: c++: fatal error: Killed signal terminated program cc1plus
[INFO] [stderr] warning: compilation terminated.
[INFO] [stderr] warning: c++: fatal error: Killed signal terminated program cc1plus
[INFO] [stderr] warning: compilation terminated.
[INFO] [stderr] warning: c++: fatal error: Killed signal terminated program cc1plus
[INFO] [stderr] warning: compilation terminated.
[INFO] [stderr] warning: c++: fatal error: Killed signal terminated program cc1plus
[INFO] [stderr] warning: compilation terminated.
[INFO] [stderr] warning: c++: fatal error: Killed signal terminated program cc1plus
[INFO] [stderr] warning: compilation terminated.
[INFO] [stderr] warning: c++: fatal error: Killed signal terminated program cc1plus
[INFO] [stderr] warning: compilation terminated.
[INFO] [stderr] warning: c++: fatal error: Killed signal terminated program cc1plus
[INFO] [stderr] warning: compilation terminated.
[INFO] [stderr] warning: c++: fatal error: Killed signal terminated program cc1plus
[INFO] [stderr] warning: compilation terminated.
[INFO] [stderr] warning: c++: fatal error: Killed signal terminated program cc1plus
[INFO] [stderr] warning: compilation terminated.
[INFO] [stderr] warning: c++: fatal error: Killed signal terminated program cc1plus
[INFO] [stderr] warning: compilation terminated.
[INFO] [stderr] warning: c++: fatal error: Killed signal terminated program cc1plus
[INFO] [stderr] warning: compilation terminated.
[INFO] [stderr] 
[INFO] [stderr] error: build failed
[INFO] running `Command { std: "docker" "inspect" "9735d8e4edeac55e29b5685aa656da750c2d18c2093749f1df5b68c582fc975d", kill_on_drop: false }`
[INFO] running `Command { std: "docker" "rm" "-f" "9735d8e4edeac55e29b5685aa656da750c2d18c2093749f1df5b68c582fc975d", kill_on_drop: false }`
[INFO] [stdout] 9735d8e4edeac55e29b5685aa656da750c2d18c2093749f1df5b68c582fc975d
