[INFO] cloning repository https://github.com/Arcterus/umake
[INFO] running `Command { std: "git" "-c" "credential.helper=" "-c" "credential.helper=/workspace/cargo-home/bin/git-credential-null" "clone" "--bare" "https://github.com/Arcterus/umake" "/workspace/cache/git-repos/https%3A%2F%2Fgithub.com%2FArcterus%2Fumake", kill_on_drop: false }`
[INFO] [stderr] Cloning into bare repository '/workspace/cache/git-repos/https%3A%2F%2Fgithub.com%2FArcterus%2Fumake'...
[INFO] running `Command { std: "git" "rev-parse" "HEAD", kill_on_drop: false }`
[INFO] [stdout] 5b496fbd67b3c7cbb33b1ad613a376e98f71edb1
[INFO] documenting Arcterus/umake against 1.54.0 for beta-1.55-rustdoc-1
[INFO] running `Command { std: "git" "clone" "/workspace/cache/git-repos/https%3A%2F%2Fgithub.com%2FArcterus%2Fumake" "/workspace/builds/worker-9/source", kill_on_drop: false }`
[INFO] [stderr] Cloning into '/workspace/builds/worker-9/source'...
[INFO] [stderr] done.
[INFO] validating manifest of git repo https://github.com/Arcterus/umake on toolchain 1.54.0
[INFO] running `Command { std: "/workspace/cargo-home/bin/cargo" "+1.54.0" "metadata" "--manifest-path" "Cargo.toml" "--no-deps", kill_on_drop: false }`
[INFO] started tweaking git repo https://github.com/Arcterus/umake
[INFO] finished tweaking git repo https://github.com/Arcterus/umake
[INFO] tweaked toml for git repo https://github.com/Arcterus/umake written to /workspace/builds/worker-9/source/Cargo.toml
[INFO] crate git repo https://github.com/Arcterus/umake already has a lockfile, it will not be regenerated
[INFO] running `Command { std: "/workspace/cargo-home/bin/cargo" "+1.54.0" "fetch" "--manifest-path" "Cargo.toml", kill_on_drop: false }`
[INFO] [stderr]     Blocking waiting for file lock on package cache
[INFO] [stderr]     Blocking waiting for file lock on package cache
[INFO] running `Command { std: "docker" "create" "-v" "/var/lib/crater-agent-workspace/builds/worker-9/target:/opt/rustwide/target:rw,Z" "-v" "/var/lib/crater-agent-workspace/builds/worker-9/source:/opt/rustwide/workdir:ro,Z" "-v" "/var/lib/crater-agent-workspace/cargo-home:/opt/rustwide/cargo-home:ro,Z" "-v" "/var/lib/crater-agent-workspace/rustup-home:/opt/rustwide/rustup-home:ro,Z" "-e" "SOURCE_DIR=/opt/rustwide/workdir" "-e" "CARGO_TARGET_DIR=/opt/rustwide/target" "-e" "CARGO_HOME=/opt/rustwide/cargo-home" "-e" "RUSTUP_HOME=/opt/rustwide/rustup-home" "-w" "/opt/rustwide/workdir" "-m" "1610612736" "--user" "0:0" "--network" "none" "ghcr.io/rust-lang/crates-build-env/linux@sha256:34b6a614d2c27851fe6cbf88fbd1137609cefab8b10d0615aaeb6fd47975d74e" "/opt/rustwide/cargo-home/bin/cargo" "+1.54.0" "metadata" "--no-deps" "--format-version=1", kill_on_drop: false }`
[INFO] [stdout] bee5e6e099959958d8acf0177b63da42923a148339567006a606f730e34ece9e
[INFO] running `Command { std: "docker" "start" "-a" "bee5e6e099959958d8acf0177b63da42923a148339567006a606f730e34ece9e", kill_on_drop: false }`
[INFO] running `Command { std: "docker" "inspect" "bee5e6e099959958d8acf0177b63da42923a148339567006a606f730e34ece9e", kill_on_drop: false }`
[INFO] running `Command { std: "docker" "rm" "-f" "bee5e6e099959958d8acf0177b63da42923a148339567006a606f730e34ece9e", kill_on_drop: false }`
[INFO] [stdout] bee5e6e099959958d8acf0177b63da42923a148339567006a606f730e34ece9e
[INFO] running `Command { std: "docker" "create" "-v" "/var/lib/crater-agent-workspace/builds/worker-9/target:/opt/rustwide/target:rw,Z" "-v" "/var/lib/crater-agent-workspace/builds/worker-9/source:/opt/rustwide/workdir:ro,Z" "-v" "/var/lib/crater-agent-workspace/cargo-home:/opt/rustwide/cargo-home:ro,Z" "-v" "/var/lib/crater-agent-workspace/rustup-home:/opt/rustwide/rustup-home:ro,Z" "-e" "SOURCE_DIR=/opt/rustwide/workdir" "-e" "CARGO_TARGET_DIR=/opt/rustwide/target" "-e" "CARGO_INCREMENTAL=0" "-e" "RUST_BACKTRACE=full" "-e" "RUSTDOCFLAGS=--cap-lints=warn" "-e" "CARGO_HOME=/opt/rustwide/cargo-home" "-e" "RUSTUP_HOME=/opt/rustwide/rustup-home" "-w" "/opt/rustwide/workdir" "-m" "1610612736" "--user" "0:0" "--network" "none" "ghcr.io/rust-lang/crates-build-env/linux@sha256:34b6a614d2c27851fe6cbf88fbd1137609cefab8b10d0615aaeb6fd47975d74e" "/opt/rustwide/cargo-home/bin/cargo" "+1.54.0" "doc" "--frozen" "--no-deps" "--document-private-items" "--message-format=json", kill_on_drop: false }`
[INFO] [stdout] 9421c6933d122ff684fc8f23948e90b2ba3c2dc05e7d9c362cbff5a49e04ce1b
[INFO] running `Command { std: "docker" "start" "-a" "9421c6933d122ff684fc8f23948e90b2ba3c2dc05e7d9c362cbff5a49e04ce1b", kill_on_drop: false }`
[INFO] [stderr]     Blocking waiting for file lock on package cache
[INFO] [stderr]  Documenting umake v0.0.1 (/opt/rustwide/workdir)
[INFO] [stdout] error[E0432]: unresolved imports `std::fmt::Show`, `std::fmt::FormatError`
[INFO] [stdout]  --> src/lib.rs:4:16
[INFO] [stdout]   |
[INFO] [stdout] 4 | use std::fmt::{Show, FormatError, Formatter};
[INFO] [stdout]   |                ^^^^  ^^^^^^^^^^^ no `FormatError` in `fmt`
[INFO] [stdout]   |                |
[INFO] [stdout]   |                no `Show` in `fmt`
[INFO] [stdout] 
[INFO] [stdout] 
[INFO] [stdout] error[E0432]: unresolved imports `Comma`, `Dollar`
[INFO] [stdout]  --> src/gnu/lexer.rs:2:38
[INFO] [stdout]   |
[INFO] [stdout] 2 | use {TokenError, TokenResult, Token, Comma, Dollar};
[INFO] [stdout]   |                                      ^^^^^  ^^^^^^ no `Dollar` in the root
[INFO] [stdout]   |                                      |
[INFO] [stdout]   |                                      no `Comma` in the root
[INFO] [stdout] 
[INFO] [stdout] 
[INFO] [stdout] error[E0412]: cannot find type `uint` in this scope
[INFO] [stdout]   --> src/gnu/parser.rs:30:105
[INFO] [stdout]    |
[INFO] [stdout] 10 | impl Parser {
[INFO] [stdout]    |     - help: you might be missing a type parameter: `<uint>`
[INFO] [stdout] ...
[INFO] [stdout] 30 |    fn parse_var<'a, 'b>(&mut self, makefile: &mut GnuMakefile<'a>, tokens: &[Token<'b>]) -> ParseResult<uint> {
[INFO] [stdout]    |                                                                                                         ^^^^ not found in this scope
[INFO] [stdout] 
[INFO] [stdout] 
[INFO] [stdout] error[E0412]: cannot find type `uint` in this scope
[INFO] [stdout]   --> src/gnu/parser.rs:38:106
[INFO] [stdout]    |
[INFO] [stdout] 10 | impl Parser {
[INFO] [stdout]    |     - help: you might be missing a type parameter: `<uint>`
[INFO] [stdout] ...
[INFO] [stdout] 38 |    fn parse_rule<'a, 'b>(&mut self, makefile: &mut GnuMakefile<'a>, tokens: &[Token<'b>]) -> ParseResult<uint> {
[INFO] [stdout]    |                                                                                                          ^^^^ not found in this scope
[INFO] [stdout] 
[INFO] [stdout] 
[INFO] [stdout] error[E0412]: cannot find type `uint` in this scope
[INFO] [stdout]   --> src/gnu/parser.rs:42:104
[INFO] [stdout]    |
[INFO] [stdout] 10 | impl Parser {
[INFO] [stdout]    |     - help: you might be missing a type parameter: `<uint>`
[INFO] [stdout] ...
[INFO] [stdout] 42 |    fn parse_func<'a, 'b>(&mut self, makefile: &mut GnuMakefile<'a>, data: &[Token<'b>]) -> ParseResult<uint> {
[INFO] [stdout]    |                                                                                                        ^^^^ not found in this scope
[INFO] [stdout] 
[INFO] [stdout] 
[INFO] [stdout] error[E0412]: cannot find type `uint` in this scope
[INFO] [stdout]   --> src/gnu/lexer.rs:37:111
[INFO] [stdout]    |
[INFO] [stdout] 11 | impl Tokenizer {
[INFO] [stdout]    |     - help: you might be missing a type parameter: `<uint>`
[INFO] [stdout] ...
[INFO] [stdout] 37 |    fn tokenize_var<'a, 'b>(&mut self, makefile: &mut GnuMakefile<'a>, data: &[u8]) -> TokenResult<(Token<'b>, uint)> {
[INFO] [stdout]    |                                                                                                               ^^^^ not found in this scope
[INFO] [stdout] 
[INFO] [stdout] 
[INFO] [stdout] error[E0412]: cannot find type `uint` in this scope
[INFO] [stdout]   --> src/gnu/lexer.rs:45:112
[INFO] [stdout]    |
[INFO] [stdout] 11 | impl Tokenizer {
[INFO] [stdout]    |     - help: you might be missing a type parameter: `<uint>`
[INFO] [stdout] ...
[INFO] [stdout] 45 |    fn tokenize_rule<'a, 'b>(&mut self, makefile: &mut GnuMakefile<'a>, data: &[u8]) -> TokenResult<(Token<'b>, uint)> {
[INFO] [stdout]    |                                                                                                                ^^^^ not found in this scope
[INFO] [stdout] 
[INFO] [stdout] 
[INFO] [stdout] error[E0412]: cannot find type `uint` in this scope
[INFO] [stdout]   --> src/gnu/lexer.rs:49:112
[INFO] [stdout]    |
[INFO] [stdout] 11 | impl Tokenizer {
[INFO] [stdout]    |     - help: you might be missing a type parameter: `<uint>`
[INFO] [stdout] ...
[INFO] [stdout] 49 |    fn tokenize_func<'a, 'b>(&mut self, makefile: &mut GnuMakefile<'a>, data: &[u8]) -> TokenResult<(Token<'b>, uint)> {
[INFO] [stdout]    |                                                                                                                ^^^^ not found in this scope
[INFO] [stdout] 
[INFO] [stdout] 
[INFO] [stdout] error[E0412]: cannot find type `MutableMap` in this scope
[INFO] [stdout]   --> src/gnu/mod.rs:22:31
[INFO] [stdout]    |
[INFO] [stdout] 22 |    fn vars(&mut self) -> &mut MutableMap<&'a [u8], Vec<u8>> {
[INFO] [stdout]    |                               ^^^^^^^^^^ not found in this scope
[INFO] [stdout] 
[INFO] [stdout] 
[INFO] [stdout] error[E0412]: cannot find type `MutableMap` in this scope
[INFO] [stdout]   --> src/lib.rs:18:31
[INFO] [stdout]    |
[INFO] [stdout] 18 |    fn vars(&mut self) -> &mut MutableMap<&'a [u8], Vec<u8>>;
[INFO] [stdout]    |                               ^^^^^^^^^^ not found in this scope
[INFO] [stdout] 
[INFO] [stdout] 
[INFO] [stdout] error[E0412]: cannot find type `int` in this scope
[INFO] [stdout]   --> src/lib.rs:74:14
[INFO] [stdout]    |
[INFO] [stdout] 74 |    pub code: int
[INFO] [stdout]    |              ^^^
[INFO] [stdout]    |              |
[INFO] [stdout]    |              not found in this scope
[INFO] [stdout]    |              help: perhaps you intended to use this type: `i32`
[INFO] [stdout] 
[INFO] [stdout] 
[INFO] [stdout] error[E0412]: cannot find type `int` in this scope
[INFO] [stdout]   --> src/lib.rs:79:14
[INFO] [stdout]    |
[INFO] [stdout] 79 |    pub code: int
[INFO] [stdout]    |              ^^^
[INFO] [stdout]    |              |
[INFO] [stdout]    |              not found in this scope
[INFO] [stdout]    |              help: perhaps you intended to use this type: `i32`
[INFO] [stdout] 
[INFO] [stdout] 
[INFO] [stdout] error[E0412]: cannot find type `int` in this scope
[INFO] [stdout]    --> src/lib.rs:105:34
[INFO] [stdout]     |
[INFO] [stdout] 105 |    pub fn new(msg: String, code: int) -> ParseError {
[INFO] [stdout]     |                                  ^^^
[INFO] [stdout]     |                                  |
[INFO] [stdout]     |                                  not found in this scope
[INFO] [stdout]     |                                  help: perhaps you intended to use this type: `i32`
[INFO] [stdout] 
[INFO] [stdout] 
[INFO] [stdout] error[E0412]: cannot find type `int` in this scope
[INFO] [stdout]    --> src/lib.rs:121:34
[INFO] [stdout]     |
[INFO] [stdout] 121 |    pub fn new(msg: String, code: int) -> TokenError {
[INFO] [stdout]     |                                  ^^^
[INFO] [stdout]     |                                  |
[INFO] [stdout]     |                                  not found in this scope
[INFO] [stdout]     |                                  help: perhaps you intended to use this type: `i32`
[INFO] [stdout] 
[INFO] [stdout] 
[INFO] [stdout] error[E0554]: `#![feature]` may not be used on the stable release channel
[INFO] [stdout]  --> src/lib.rs:1:1
[INFO] [stdout]   |
[INFO] [stdout] 1 | #![feature(globs)]
[INFO] [stdout]   | ^^^^^^^^^^^^^^^^^^ help: remove the attribute
[INFO] [stdout]   |
[INFO] [stdout]   = help: the feature `globs` has been stable since 1.0.0 and no longer requires an attribute to enable
[INFO] [stdout] 
[INFO] [stdout] 
[INFO] [stdout] error: Compilation failed, aborting rustdoc
[INFO] [stdout] 
[INFO] [stdout] 
[INFO] [stdout] error: aborting due to 16 previous errors
[INFO] [stdout] 
[INFO] [stdout] 
[INFO] [stdout] Some errors have detailed explanations: E0412, E0432, E0554.
[INFO] [stdout] 
[INFO] [stdout] For more information about an error, try `rustc --explain E0412`.
[INFO] [stdout] 
[INFO] [stderr] error: could not document `umake`
[INFO] [stderr] 
[INFO] [stderr] Caused by:
[INFO] [stderr]   process didn't exit successfully: `rustdoc --crate-type lib --crate-name umake src/lib.rs -o /opt/rustwide/target/doc --error-format=json --json=diagnostic-rendered-ansi --document-private-items -L dependency=/opt/rustwide/target/debug/deps --cap-lints=warn --crate-version 0.0.1` (exit status: 1)
[INFO] running `Command { std: "docker" "inspect" "9421c6933d122ff684fc8f23948e90b2ba3c2dc05e7d9c362cbff5a49e04ce1b", kill_on_drop: false }`
[INFO] running `Command { std: "docker" "rm" "-f" "9421c6933d122ff684fc8f23948e90b2ba3c2dc05e7d9c362cbff5a49e04ce1b", kill_on_drop: false }`
[INFO] [stdout] 9421c6933d122ff684fc8f23948e90b2ba3c2dc05e7d9c362cbff5a49e04ce1b
