[INFO] cloning repository https://github.com/AndrewBregger/rem
[INFO] running `Command { std: "git" "-c" "credential.helper=" "-c" "credential.helper=/workspace/cargo-home/bin/git-credential-null" "clone" "--bare" "https://github.com/AndrewBregger/rem" "/workspace/cache/git-repos/https%3A%2F%2Fgithub.com%2FAndrewBregger%2Frem", kill_on_drop: false }`
[INFO] [stderr] Cloning into bare repository '/workspace/cache/git-repos/https%3A%2F%2Fgithub.com%2FAndrewBregger%2Frem'...
[INFO] running `Command { std: "git" "rev-parse" "HEAD", kill_on_drop: false }`
[INFO] [stdout] a6c9e3eb17857ee65335cfbfed3a35d43d632671
[INFO] documenting AndrewBregger/rem against beta-2021-08-01 for beta-1.55-rustdoc-1
[INFO] running `Command { std: "git" "clone" "/workspace/cache/git-repos/https%3A%2F%2Fgithub.com%2FAndrewBregger%2Frem" "/workspace/builds/worker-80/source", kill_on_drop: false }`
[INFO] [stderr] Cloning into '/workspace/builds/worker-80/source'...
[INFO] [stderr] done.
[INFO] validating manifest of git repo https://github.com/AndrewBregger/rem on toolchain beta-2021-08-01
[INFO] running `Command { std: "/workspace/cargo-home/bin/cargo" "+beta-2021-08-01" "metadata" "--manifest-path" "Cargo.toml" "--no-deps", kill_on_drop: false }`
[INFO] started tweaking git repo https://github.com/AndrewBregger/rem
[INFO] finished tweaking git repo https://github.com/AndrewBregger/rem
[INFO] tweaked toml for git repo https://github.com/AndrewBregger/rem written to /workspace/builds/worker-80/source/Cargo.toml
[INFO] crate git repo https://github.com/AndrewBregger/rem already has a lockfile, it will not be regenerated
[INFO] running `Command { std: "/workspace/cargo-home/bin/cargo" "+beta-2021-08-01" "fetch" "--manifest-path" "Cargo.toml", kill_on_drop: false }`
[INFO] [stderr]     Blocking waiting for file lock on package cache
[INFO] running `Command { std: "docker" "create" "-v" "/var/lib/crater-agent-workspace/builds/worker-80/target:/opt/rustwide/target:rw,Z" "-v" "/var/lib/crater-agent-workspace/builds/worker-80/source:/opt/rustwide/workdir:ro,Z" "-v" "/var/lib/crater-agent-workspace/cargo-home:/opt/rustwide/cargo-home:ro,Z" "-v" "/var/lib/crater-agent-workspace/rustup-home:/opt/rustwide/rustup-home:ro,Z" "-e" "SOURCE_DIR=/opt/rustwide/workdir" "-e" "CARGO_TARGET_DIR=/opt/rustwide/target" "-e" "CARGO_HOME=/opt/rustwide/cargo-home" "-e" "RUSTUP_HOME=/opt/rustwide/rustup-home" "-w" "/opt/rustwide/workdir" "-m" "1610612736" "--user" "0:0" "--network" "none" "ghcr.io/rust-lang/crates-build-env/linux@sha256:34b6a614d2c27851fe6cbf88fbd1137609cefab8b10d0615aaeb6fd47975d74e" "/opt/rustwide/cargo-home/bin/cargo" "+beta-2021-08-01" "metadata" "--no-deps" "--format-version=1", kill_on_drop: false }`
[INFO] [stdout] 99fa8b9c700506e20564c95c00bfec115225ff7d3800a73e53f73461234db95a
[INFO] running `Command { std: "docker" "start" "-a" "99fa8b9c700506e20564c95c00bfec115225ff7d3800a73e53f73461234db95a", kill_on_drop: false }`
[INFO] running `Command { std: "docker" "inspect" "99fa8b9c700506e20564c95c00bfec115225ff7d3800a73e53f73461234db95a", kill_on_drop: false }`
[INFO] running `Command { std: "docker" "rm" "-f" "99fa8b9c700506e20564c95c00bfec115225ff7d3800a73e53f73461234db95a", kill_on_drop: false }`
[INFO] [stdout] 99fa8b9c700506e20564c95c00bfec115225ff7d3800a73e53f73461234db95a
[INFO] running `Command { std: "docker" "create" "-v" "/var/lib/crater-agent-workspace/builds/worker-80/target:/opt/rustwide/target:rw,Z" "-v" "/var/lib/crater-agent-workspace/builds/worker-80/source:/opt/rustwide/workdir:ro,Z" "-v" "/var/lib/crater-agent-workspace/cargo-home:/opt/rustwide/cargo-home:ro,Z" "-v" "/var/lib/crater-agent-workspace/rustup-home:/opt/rustwide/rustup-home:ro,Z" "-e" "SOURCE_DIR=/opt/rustwide/workdir" "-e" "CARGO_TARGET_DIR=/opt/rustwide/target" "-e" "CARGO_INCREMENTAL=0" "-e" "RUST_BACKTRACE=full" "-e" "RUSTDOCFLAGS=--cap-lints=warn" "-e" "CARGO_HOME=/opt/rustwide/cargo-home" "-e" "RUSTUP_HOME=/opt/rustwide/rustup-home" "-w" "/opt/rustwide/workdir" "-m" "1610612736" "--user" "0:0" "--network" "none" "ghcr.io/rust-lang/crates-build-env/linux@sha256:34b6a614d2c27851fe6cbf88fbd1137609cefab8b10d0615aaeb6fd47975d74e" "/opt/rustwide/cargo-home/bin/cargo" "+beta-2021-08-01" "doc" "--frozen" "--no-deps" "--document-private-items" "--message-format=json", kill_on_drop: false }`
[INFO] [stdout] db2caf535bb9badfbd9a3d03aacf9841722c779812488ac05b81abdf5e842916
[INFO] running `Command { std: "docker" "start" "-a" "db2caf535bb9badfbd9a3d03aacf9841722c779812488ac05b81abdf5e842916", kill_on_drop: false }`
[INFO] [stderr]     Blocking waiting for file lock on package cache
[INFO] [stderr]    Compiling autocfg v0.1.4
[INFO] [stderr]    Compiling libc v0.2.59
[INFO] [stderr]    Compiling xml-rs v0.8.0
[INFO] [stderr]     Checking lazy_static v1.3.0
[INFO] [stderr]    Compiling cc v1.0.37
[INFO] [stderr]     Checking cfg-if v0.1.9
[INFO] [stderr]     Checking rand_core v0.4.0
[INFO] [stderr]    Compiling khronos_api v3.1.0
[INFO] [stderr]    Compiling bitflags v1.1.0
[INFO] [stderr]    Compiling pkg-config v0.3.14
[INFO] [stderr]    Compiling arrayvec v0.4.11
[INFO] [stderr]     Checking nodrop v0.1.13
[INFO] [stderr]     Checking scopeguard v0.3.3
[INFO] [stderr]    Compiling semver-parser v0.7.0
[INFO] [stderr]    Compiling syn v0.15.39
[INFO] [stderr]     Checking memoffset v0.2.1
[INFO] [stderr]    Compiling typenum v1.10.0
[INFO] [stderr]     Checking same-file v1.0.4
[INFO] [stderr]     Checking stable_deref_trait v1.1.1
[INFO] [stderr]    Compiling rayon-core v1.5.0
[INFO] [stderr]     Checking downcast-rs v1.0.4
[INFO] [stderr]    Compiling num-derive v0.2.5
[INFO] [stderr]     Checking adler32 v1.0.3
[INFO] [stderr]     Checking either v1.5.2
[INFO] [stderr]     Checking rawpointer v0.1.0
[INFO] [stderr]     Checking percent-encoding v1.0.1
[INFO] [stderr]    Compiling libm v0.1.4
[INFO] [stderr]     Checking gif v0.10.2
[INFO] [stderr]     Checking ropey v1.0.1
[INFO] [stderr]    Compiling quote v0.6.12
[INFO] [stderr]     Checking stb_truetype v0.2.6
[INFO] [stderr]     Checking log v0.4.6
[INFO] [stderr]     Checking matrixmultiply v0.2.2
[INFO] [stderr]     Checking crossbeam-utils v0.6.5
[INFO] [stderr]     Checking inflate v0.4.5
[INFO] [stderr]     Checking deflate v0.7.20
[INFO] [stderr]     Checking walkdir v2.2.8
[INFO] [stderr]    Compiling semver v0.9.0
[INFO] [stderr]     Checking rand_core v0.3.1
[INFO] [stderr]     Checking rand_jitter v0.1.4
[INFO] [stderr]     Checking owning_ref v0.4.0
[INFO] [stderr]    Compiling num-traits v0.2.8
[INFO] [stderr]    Compiling rand_chacha v0.1.1
[INFO] [stderr]    Compiling rand_pcg v0.1.2
[INFO] [stderr]    Compiling rand v0.6.5
[INFO] [stderr]    Compiling num-integer v0.1.41
[INFO] [stderr]    Compiling num-complex v0.2.3
[INFO] [stderr]    Compiling num-iter v0.1.39
[INFO] [stderr]    Compiling num-rational v0.2.2
[INFO] [stderr]    Compiling wayland-scanner v0.21.13
[INFO] [stderr]     Checking rand_xorshift v0.1.1
[INFO] [stderr]     Checking rand_isaac v0.1.1
[INFO] [stderr]     Checking rand_hc v0.1.0
[INFO] [stderr]     Checking crossbeam-queue v0.1.2
[INFO] [stderr]     Checking lock_api v0.1.5
[INFO] [stderr]    Compiling rustc_version v0.2.3
[INFO] [stderr]    Compiling x11-dl v2.18.3
[INFO] [stderr]    Compiling freetype-sys v0.7.1
[INFO] [stderr]    Compiling gl_generator v0.11.0
[INFO] [stderr]    Compiling gl_generator v0.13.0
[INFO] [stderr]    Compiling libloading v0.5.2
[INFO] [stderr]    Compiling libz-sys v1.0.25
[INFO] [stderr]     Checking rand_os v0.1.3
[INFO] [stderr]     Checking nix v0.14.1
[INFO] [stderr]     Checking num_cpus v1.10.1
[INFO] [stderr]     Checking memmap v0.7.0
[INFO] [stderr]     Checking shared_library v0.1.9
[INFO] [stderr]     Checking crossbeam-epoch v0.7.1
[INFO] [stderr]    Compiling parking_lot_core v0.4.0
[INFO] [stderr]     Checking osmesa-sys v0.1.2
[INFO] [stderr]     Checking generic-array v0.12.3
[INFO] [stderr]     Checking dlib v0.4.1
[INFO] [stderr]     Checking crossbeam-deque v0.6.3
[INFO] [stderr]    Compiling glutin_egl_sys v0.1.3
[INFO] [stderr]    Compiling glutin_glx_sys v0.1.5
[INFO] [stderr]     Checking wayland-sys v0.21.13
[INFO] [stderr]    Compiling wayland-client v0.21.13
[INFO] [stderr]    Compiling wayland-protocols v0.21.13
[INFO] [stderr]     Checking freetype-rs v0.20.0
[INFO] [stderr]     Checking approx v0.3.2
[INFO] [stderr]     Checking ordered-float v1.0.2
[INFO] [stderr]     Checking line_drawing v0.7.0
[INFO] [stderr]    Compiling gl v0.13.0
[INFO] [stderr]     Checking rusttype v0.7.7
[INFO] [stderr]     Checking rayon v1.1.0
[INFO] [stderr]     Checking alga v0.9.1
[INFO] [stderr]     Checking png v0.14.1
[INFO] [stderr]     Checking andrew v0.2.1
[INFO] [stderr]     Checking nalgebra v0.18.0
[INFO] [stderr]     Checking parking_lot v0.7.1
[INFO] [stderr]     Checking jpeg-decoder v0.1.15
[INFO] [stderr]     Checking wayland-commons v0.21.13
[INFO] [stderr]    Compiling derivative v1.0.2
[INFO] [stderr]     Checking tiff v0.2.2
[INFO] [stderr]     Checking image v0.21.2
[INFO] [stderr]     Checking nalgebra-glm v0.4.0
[INFO] [stderr]     Checking smithay-client-toolkit v0.4.6
[INFO] [stderr]     Checking winit v0.19.1
[INFO] [stderr]     Checking glutin v0.21.0
[INFO] [stderr]  Documenting rem v0.0.1 (/opt/rustwide/workdir)
[INFO] [stdout] error[E0432]: unresolved imports `crate::pane`, `crate::pane`
[INFO] [stdout]   --> src/render/render.rs:11:12
[INFO] [stdout]    |
[INFO] [stdout] 11 | use crate::pane::{self, Cursor, Pane, PaneID};
[INFO] [stdout]    |            ^^^^   ^^^^ no `pane` in the root
[INFO] [stdout]    |            |
[INFO] [stdout]    |            could not find `pane` in the crate root
[INFO] [stdout] 
[INFO] [stdout] 
[INFO] [stdout] error[E0432]: unresolved import `crate::pane`
[INFO] [stdout]   --> src/render/shader.rs:10:12
[INFO] [stdout]    |
[INFO] [stdout] 10 | use crate::pane::CellSize;
[INFO] [stdout]    |            ^^^^ could not find `pane` in the crate root
[INFO] [stdout] 
[INFO] [stdout] 
[INFO] [stdout] error[E0432]: unresolved import `super::pane`
[INFO] [stdout]  --> src/config.rs:2:12
[INFO] [stdout]   |
[INFO] [stdout] 2 | use super::pane::CellSize;
[INFO] [stdout]   |            ^^^^ could not find `pane` in the crate root
[INFO] [stdout] 
[INFO] [stdout] 
[INFO] [stdout] error[E0432]: unresolved import `crate::pane`
[INFO] [stdout]  --> src/config.rs:3:5
[INFO] [stdout]   |
[INFO] [stdout] 3 | use crate::pane;
[INFO] [stdout]   |     ^^^^^^^^^^^ no `pane` in the root
[INFO] [stdout] 
[INFO] [stdout] 
[INFO] [stdout] error[E0432]: unresolved import `crate::pane`
[INFO] [stdout]  --> src/editor.rs:5:5
[INFO] [stdout]   |
[INFO] [stdout] 5 | use crate::pane;
[INFO] [stdout]   |     ^^^^^^^^^^^ no `pane` in the root
[INFO] [stdout] 
[INFO] [stdout] 
[INFO] [stdout] error[E0432]: unresolved imports `view::CellSize`, `view::ViewSize`, `view::Cells`
[INFO] [stdout]  --> src/main_window.rs:3:12
[INFO] [stdout]   |
[INFO] [stdout] 3 | use view::{CellSize, ViewSize, LineCache, Cells, View};
[INFO] [stdout]   |            ^^^^^^^^  ^^^^^^^^             ^^^^^
[INFO] [stdout]   |            |         |                    |
[INFO] [stdout]   |            |         |                    no `Cells` in `view`
[INFO] [stdout]   |            |         |                    help: a similar name exists in the module (notice the capitalization): `cells`
[INFO] [stdout]   |            |         no `ViewSize` in `view`
[INFO] [stdout]   |            no `CellSize` in `view`
[INFO] [stdout] 
[INFO] [stdout] 
[INFO] [stdout] error[E0412]: cannot find type `MainWindow` in this scope
[INFO] [stdout]   --> src/editor.rs:81:18
[INFO] [stdout]    |
[INFO] [stdout] 81 |     main_window: MainWindow,
[INFO] [stdout]    |                  ^^^^^^^^^^ not found in this scope
[INFO] [stdout]    |
[INFO] [stdout] help: consider importing this struct
[INFO] [stdout]    |
[INFO] [stdout] 1  | use crate::main_window::MainWindow;
[INFO] [stdout]    |
[INFO] [stdout] 
[INFO] [stdout] 
[INFO] [stdout] error[E0412]: cannot find type `PaneID` in this scope
[INFO] [stdout]    --> src/editor.rs:206:47
[INFO] [stdout]     |
[INFO] [stdout] 206 |     pub fn register_document(&mut self, pane: PaneID, doc: editor_core::DocID) {
[INFO] [stdout]     |                                               ^^^^^^ not found in this scope
[INFO] [stdout] 
[INFO] [stdout] 
[INFO] [stdout] error[E0412]: cannot find type `Window` in this scope
[INFO] [stdout]   --> src/main_window.rs:21:13
[INFO] [stdout]    |
[INFO] [stdout] 21 |     window: Window,
[INFO] [stdout]    |             ^^^^^^ not found in this scope
[INFO] [stdout]    |
[INFO] [stdout] help: consider importing one of these items
[INFO] [stdout]    |
[INFO] [stdout] 1  | use crate::config::Window;
[INFO] [stdout]    |
[INFO] [stdout] 1  | use crate::window::Window;
[INFO] [stdout]    |
[INFO] [stdout] 1  | use glutin::Window;
[INFO] [stdout]    |
[INFO] [stdout] 
[INFO] [stdout] 
[INFO] [stdout] error[E0412]: cannot find type `Size` in this scope
[INFO] [stdout]   --> src/main_window.rs:25:12
[INFO] [stdout]    |
[INFO] [stdout] 25 |       cells: Size<u32>,
[INFO] [stdout]    |              ^^^^
[INFO] [stdout]    |
[INFO] [stdout] help: a trait with a similar name exists
[INFO] [stdout]    |
[INFO] [stdout] 25 |     cells: Sized<u32>,
[INFO] [stdout]    |            ^^^^^
[INFO] [stdout] help: consider importing one of these items
[INFO] [stdout]    |
[INFO] [stdout] 1  | use crate::render::Size;
[INFO] [stdout]    |
[INFO] [stdout] 1  | use crate::size::Size;
[INFO] [stdout]    |
[INFO] [stdout] 
[INFO] [stdout] 
[INFO] [stdout] error[E0412]: cannot find type `Window` in this scope
[INFO] [stdout]   --> src/main_window.rs:29:20
[INFO] [stdout]    |
[INFO] [stdout] 29 |     fn new(window: Window, cell_size: CellSize) -> Result<Self> {
[INFO] [stdout]    |                    ^^^^^^ not found in this scope
[INFO] [stdout]    |
[INFO] [stdout] help: consider importing one of these items
[INFO] [stdout]    |
[INFO] [stdout] 1  | use crate::config::Window;
[INFO] [stdout]    |
[INFO] [stdout] 1  | use crate::window::Window;
[INFO] [stdout]    |
[INFO] [stdout] 1  | use glutin::Window;
[INFO] [stdout]    |
[INFO] [stdout] 
[INFO] [stdout] 
[INFO] [stdout] error: Compilation failed, aborting rustdoc
[INFO] [stdout] 
[INFO] [stdout] 
[INFO] [stdout] error: aborting due to 12 previous errors
[INFO] [stdout] 
[INFO] [stdout] 
[INFO] [stdout] Some errors have detailed explanations: E0412, E0432.
[INFO] [stdout] 
[INFO] [stdout] For more information about an error, try `rustc --explain E0412`.
[INFO] [stdout] 
[INFO] [stderr] error: could not document `rem`
[INFO] [stderr] 
[INFO] [stderr] Caused by:
[INFO] [stderr]   process didn't exit successfully: `rustdoc --edition=2018 --crate-type bin --crate-name rem src/main.rs -o /opt/rustwide/target/doc --error-format=json --json=diagnostic-rendered-ansi --document-private-items -L dependency=/opt/rustwide/target/debug/deps --extern freetype=/opt/rustwide/target/debug/deps/libfreetype-a262e1ff03d49a96.rmeta --extern gl=/opt/rustwide/target/debug/deps/libgl-042c28ac62661b88.rmeta --extern glutin=/opt/rustwide/target/debug/deps/libglutin-55aa1b8dc86521fd.rmeta --extern image=/opt/rustwide/target/debug/deps/libimage-425c5eac584bac07.rmeta --extern nalgebra_glm=/opt/rustwide/target/debug/deps/libnalgebra_glm-3f7a2d4bbe93bed3.rmeta --extern ropey=/opt/rustwide/target/debug/deps/libropey-658086f8900d544f.rmeta --cap-lints=warn --crate-version 0.0.1` (exit status: 1)
[INFO] running `Command { std: "docker" "inspect" "db2caf535bb9badfbd9a3d03aacf9841722c779812488ac05b81abdf5e842916", kill_on_drop: false }`
[INFO] running `Command { std: "docker" "rm" "-f" "db2caf535bb9badfbd9a3d03aacf9841722c779812488ac05b81abdf5e842916", kill_on_drop: false }`
[INFO] [stdout] db2caf535bb9badfbd9a3d03aacf9841722c779812488ac05b81abdf5e842916
