[INFO] cloning repository https://github.com/AlukardBF/vstu-scraping-rs
[INFO] running `Command { std: "git" "-c" "credential.helper=" "-c" "credential.helper=/workspace/cargo-home/bin/git-credential-null" "clone" "--bare" "https://github.com/AlukardBF/vstu-scraping-rs" "/workspace/cache/git-repos/https%3A%2F%2Fgithub.com%2FAlukardBF%2Fvstu-scraping-rs", kill_on_drop: false }`
[INFO] [stderr] Cloning into bare repository '/workspace/cache/git-repos/https%3A%2F%2Fgithub.com%2FAlukardBF%2Fvstu-scraping-rs'...
[INFO] running `Command { std: "git" "rev-parse" "HEAD", kill_on_drop: false }`
[INFO] [stdout] b5626d1318fe2608608c64a41e7652ec144f4d22
[INFO] documenting AlukardBF/vstu-scraping-rs against 1.54.0 for beta-1.55-rustdoc-1
[INFO] running `Command { std: "git" "clone" "/workspace/cache/git-repos/https%3A%2F%2Fgithub.com%2FAlukardBF%2Fvstu-scraping-rs" "/workspace/builds/worker-9/source", kill_on_drop: false }`
[INFO] [stderr] Cloning into '/workspace/builds/worker-9/source'...
[INFO] [stderr] done.
[INFO] validating manifest of git repo https://github.com/AlukardBF/vstu-scraping-rs on toolchain 1.54.0
[INFO] running `Command { std: "/workspace/cargo-home/bin/cargo" "+1.54.0" "metadata" "--manifest-path" "Cargo.toml" "--no-deps", kill_on_drop: false }`
[INFO] started tweaking git repo https://github.com/AlukardBF/vstu-scraping-rs
[INFO] finished tweaking git repo https://github.com/AlukardBF/vstu-scraping-rs
[INFO] tweaked toml for git repo https://github.com/AlukardBF/vstu-scraping-rs written to /workspace/builds/worker-9/source/Cargo.toml
[INFO] crate git repo https://github.com/AlukardBF/vstu-scraping-rs already has a lockfile, it will not be regenerated
[INFO] running `Command { std: "/workspace/cargo-home/bin/cargo" "+1.54.0" "fetch" "--manifest-path" "Cargo.toml", kill_on_drop: false }`
[INFO] [stderr]     Blocking waiting for file lock on package cache
[INFO] [stderr]     Blocking waiting for file lock on package cache
[INFO] running `Command { std: "docker" "create" "-v" "/var/lib/crater-agent-workspace/builds/worker-9/target:/opt/rustwide/target:rw,Z" "-v" "/var/lib/crater-agent-workspace/builds/worker-9/source:/opt/rustwide/workdir:ro,Z" "-v" "/var/lib/crater-agent-workspace/cargo-home:/opt/rustwide/cargo-home:ro,Z" "-v" "/var/lib/crater-agent-workspace/rustup-home:/opt/rustwide/rustup-home:ro,Z" "-e" "SOURCE_DIR=/opt/rustwide/workdir" "-e" "CARGO_TARGET_DIR=/opt/rustwide/target" "-e" "CARGO_HOME=/opt/rustwide/cargo-home" "-e" "RUSTUP_HOME=/opt/rustwide/rustup-home" "-w" "/opt/rustwide/workdir" "-m" "1610612736" "--user" "0:0" "--network" "none" "ghcr.io/rust-lang/crates-build-env/linux@sha256:34b6a614d2c27851fe6cbf88fbd1137609cefab8b10d0615aaeb6fd47975d74e" "/opt/rustwide/cargo-home/bin/cargo" "+1.54.0" "metadata" "--no-deps" "--format-version=1", kill_on_drop: false }`
[INFO] [stdout] 0ae6edca599d2646fffcf6ee2ade3fab33cffba1c5a181e8c3e8704e68707fdd
[INFO] running `Command { std: "docker" "start" "-a" "0ae6edca599d2646fffcf6ee2ade3fab33cffba1c5a181e8c3e8704e68707fdd", kill_on_drop: false }`
[INFO] running `Command { std: "docker" "inspect" "0ae6edca599d2646fffcf6ee2ade3fab33cffba1c5a181e8c3e8704e68707fdd", kill_on_drop: false }`
[INFO] running `Command { std: "docker" "rm" "-f" "0ae6edca599d2646fffcf6ee2ade3fab33cffba1c5a181e8c3e8704e68707fdd", kill_on_drop: false }`
[INFO] [stdout] 0ae6edca599d2646fffcf6ee2ade3fab33cffba1c5a181e8c3e8704e68707fdd
[INFO] running `Command { std: "docker" "create" "-v" "/var/lib/crater-agent-workspace/builds/worker-9/target:/opt/rustwide/target:rw,Z" "-v" "/var/lib/crater-agent-workspace/builds/worker-9/source:/opt/rustwide/workdir:ro,Z" "-v" "/var/lib/crater-agent-workspace/cargo-home:/opt/rustwide/cargo-home:ro,Z" "-v" "/var/lib/crater-agent-workspace/rustup-home:/opt/rustwide/rustup-home:ro,Z" "-e" "SOURCE_DIR=/opt/rustwide/workdir" "-e" "CARGO_TARGET_DIR=/opt/rustwide/target" "-e" "CARGO_INCREMENTAL=0" "-e" "RUST_BACKTRACE=full" "-e" "RUSTDOCFLAGS=--cap-lints=warn" "-e" "CARGO_HOME=/opt/rustwide/cargo-home" "-e" "RUSTUP_HOME=/opt/rustwide/rustup-home" "-w" "/opt/rustwide/workdir" "-m" "1610612736" "--user" "0:0" "--network" "none" "ghcr.io/rust-lang/crates-build-env/linux@sha256:34b6a614d2c27851fe6cbf88fbd1137609cefab8b10d0615aaeb6fd47975d74e" "/opt/rustwide/cargo-home/bin/cargo" "+1.54.0" "doc" "--frozen" "--no-deps" "--document-private-items" "--message-format=json", kill_on_drop: false }`
[INFO] [stdout] 218917cbbdaf6f8b472f29bc19fadb0e8913a9c7ec04626cd03dc659063ac3e7
[INFO] running `Command { std: "docker" "start" "-a" "218917cbbdaf6f8b472f29bc19fadb0e8913a9c7ec04626cd03dc659063ac3e7", kill_on_drop: false }`
[INFO] [stderr]    Compiling syn v1.0.60
[INFO] [stderr]    Compiling serde v1.0.123
[INFO] [stderr]    Compiling openssl v0.10.32
[INFO] [stderr]    Compiling ahash v0.4.7
[INFO] [stderr]    Compiling lexical-core v0.7.5
[INFO] [stderr]    Compiling pin-project-lite v0.2.4
[INFO] [stderr]     Checking once_cell v1.7.0
[INFO] [stderr]    Compiling foreign-types-shared v0.1.1
[INFO] [stderr]    Compiling arrayvec v0.5.2
[INFO] [stderr]    Compiling openssl-probe v0.1.2
[INFO] [stderr]    Compiling regex-syntax v0.6.22
[INFO] [stderr]     Checking mac v0.1.1
[INFO] [stderr]     Checking string_cache_shared v0.3.0
[INFO] [stderr]    Compiling cpuid-bool v0.1.2
[INFO] [stderr]    Compiling byteorder v1.4.2
[INFO] [stderr]    Compiling whoami v1.1.0
[INFO] [stderr]     Checking encode_unicode v0.3.6
[INFO] [stderr]    Compiling openssl-sys v0.9.60
[INFO] [stderr]    Compiling tokio v1.2.0
[INFO] [stderr]    Compiling indexmap v1.6.1
[INFO] [stderr]    Compiling nom v6.1.2
[INFO] [stderr]    Compiling libsqlite3-sys v0.20.1
[INFO] [stderr]    Compiling ahash v0.6.3
[INFO] [stderr]    Compiling tinyvec v1.1.1
[INFO] [stderr]    Compiling unicode-bidi v0.3.4
[INFO] [stderr]     Checking regex-automata v0.1.9
[INFO] [stderr]    Compiling libc v0.2.86
[INFO] [stderr]    Compiling typenum v1.12.0
[INFO] [stderr]     Checking tracing v0.1.25
[INFO] [stderr]     Checking hashlink v0.6.0
[INFO] [stderr]     Checking getrandom v0.2.2
[INFO] [stderr]     Checking dirs v1.0.5
[INFO] [stderr]     Checking terminal_size v0.1.16
[INFO] [stderr]     Checking time v0.1.44
[INFO] [stderr]     Checking mio v0.7.9
[INFO] [stderr]     Checking csv-core v0.1.10
[INFO] [stderr]    Compiling crossbeam-utils v0.8.3
[INFO] [stderr]    Compiling bitvec v0.19.4
[INFO] [stderr]    Compiling foreign-types v0.3.2
[INFO] [stderr]     Checking stringprep v0.1.2
[INFO] [stderr]    Compiling crc v1.8.1
[INFO] [stderr]     Checking futf v0.1.4
[INFO] [stderr]    Compiling thread_local v1.1.3
[INFO] [stderr]     Checking term v0.5.2
[INFO] [stderr]     Checking crossbeam-channel v0.5.0
[INFO] [stderr]     Checking crossbeam-queue v0.3.1
[INFO] [stderr]    Compiling hashbrown v0.9.1
[INFO] [stderr]    Compiling syn v0.15.44
[INFO] [stderr]     Checking sha2 v0.9.3
[INFO] [stderr]    Compiling rand_os v0.1.3
[INFO] [stderr]    Compiling num_cpus v1.13.0
[INFO] [stderr]    Compiling parking_lot_core v0.8.3
[INFO] [stderr]     Checking tendril v0.4.2
[INFO] [stderr]     Checking chrono v0.4.19
[INFO] [stderr]     Checking regex v1.4.3
[INFO] [stderr]    Compiling rand v0.6.5
[INFO] [stderr]    Compiling generic-array v0.14.4
[INFO] [stderr]    Compiling parking_lot v0.11.1
[INFO] [stderr]    Compiling unicode-normalization v0.1.17
[INFO] [stderr]    Compiling native-tls v0.2.7
[INFO] [stderr]    Compiling phf_generator v0.7.24
[INFO] [stderr]    Compiling digest v0.9.0
[INFO] [stderr]    Compiling block-buffer v0.9.0
[INFO] [stderr]     Checking console v0.14.1
[INFO] [stderr]    Compiling string_cache_codegen v0.4.4
[INFO] [stderr]    Compiling phf_codegen v0.7.24
[INFO] [stderr]    Compiling idna v0.2.2
[INFO] [stderr]     Checking indicatif v0.15.0
[INFO] [stderr]    Compiling string_cache v0.7.5
[INFO] [stderr]    Compiling url v2.2.1
[INFO] [stderr]    Compiling sqlformat v0.1.6
[INFO] [stderr]    Compiling html5ever v0.22.5
[INFO] [stderr]    Compiling serde_derive v1.0.123
[INFO] [stderr]    Compiling tokio-macros v1.1.0
[INFO] [stderr]    Compiling futures-macro v0.3.13
[INFO] [stderr]    Compiling thiserror-impl v1.0.24
[INFO] [stderr]    Compiling pin-project-internal v1.0.5
[INFO] [stderr]    Compiling async-trait v0.1.42
[INFO] [stderr]     Checking futures-util v0.3.13
[INFO] [stderr]    Compiling thiserror v1.0.24
[INFO] [stderr]     Checking pin-project v1.0.5
[INFO] [stderr]    Compiling futures-executor v0.3.13
[INFO] [stderr]    Compiling futures v0.3.13
[INFO] [stderr]    Compiling tokio-native-tls v0.3.0
[INFO] [stderr]    Compiling tokio-stream v0.1.3
[INFO] [stderr]    Compiling sqlx-rt v0.3.0
[INFO] [stderr]     Checking tokio-util v0.6.3
[INFO] [stderr]     Checking h2 v0.3.1
[INFO] [stderr]     Checking either v1.6.1
[INFO] [stderr]     Checking bstr v0.2.15
[INFO] [stderr]     Checking serde_urlencoded v0.7.0
[INFO] [stderr]     Checking sqlx-core v0.5.1
[INFO] [stderr]     Checking hyper v0.14.4
[INFO] [stderr]     Checking csv v1.1.5
[INFO] [stderr]    Compiling serde_json v1.0.64
[INFO] [stderr]     Checking prettytable-rs v0.8.0
[INFO] [stderr]     Checking hyper-tls v0.5.0
[INFO] [stderr]    Compiling markup5ever v0.7.5
[INFO] [stderr]     Checking reqwest v0.11.1
[INFO] [stderr]    Compiling sqlx-macros v0.5.1
[INFO] [stderr]     Checking soup v0.5.0
[INFO] [stderr]     Checking sqlx v0.5.1
[INFO] [stderr]     Checking scraper v0.3.1 (/opt/rustwide/workdir)
[INFO] [stderr]  Documenting scraper v0.3.1 (/opt/rustwide/workdir)
[INFO] [stdout] error: error returned from database: unable to open database file
[INFO] [stdout]   --> src/lib/database.rs:19:9
[INFO] [stdout]    |
[INFO] [stdout] 19 | /         sqlx::query!(
[INFO] [stdout] 20 | |             r#"
[INFO] [stdout] 21 | |             CREATE TABLE IF NOT EXISTS plants
[INFO] [stdout] 22 | |             (
[INFO] [stdout] ...  |
[INFO] [stdout] 35 | |             "#
[INFO] [stdout] 36 | |         )
[INFO] [stdout]    | |_________^
[INFO] [stdout]    |
[INFO] [stdout]    = note: this error originates in the macro `$crate::sqlx_macros::expand_query` (in Nightly builds, run with -Z macro-backtrace for more info)
[INFO] [stdout] 
[INFO] [stdout] 
[INFO] [stdout] error: error returned from database: unable to open database file
[INFO] [stdout]   --> src/lib/database.rs:19:9
[INFO] [stdout]    |
[INFO] [stdout] 19 | /         sqlx::query!(
[INFO] [stdout] 20 | |             r#"
[INFO] [stdout] 21 | |             CREATE TABLE IF NOT EXISTS plants
[INFO] [stdout] 22 | |             (
[INFO] [stdout] ...  |
[INFO] [stdout] 35 | |             "#
[INFO] [stdout] 36 | |         )
[INFO] [stdout]    | |_________^
[INFO] [stdout]    |
[INFO] [stdout]    = note: this error originates in the macro `$crate::sqlx_macros::expand_query` (in Nightly builds, run with -Z macro-backtrace for more info)
[INFO] [stdout] 
[INFO] [stdout] 
[INFO] [stdout] error: error returned from database: unable to open database file
[INFO] [stdout]   --> src/lib/database.rs:59:20
[INFO] [stdout]    |
[INFO] [stdout] 59 |           let _res = sqlx::query!(
[INFO] [stdout]    |  ____________________^
[INFO] [stdout] 60 | |             r#"
[INFO] [stdout] 61 | |             INSERT INTO plants (
[INFO] [stdout] 62 | |                 name, image, temperature, humidity, illumination, watering,
[INFO] [stdout] ...  |
[INFO] [stdout] 77 | |             features
[INFO] [stdout] 78 | |         )
[INFO] [stdout]    | |_________^
[INFO] [stdout]    |
[INFO] [stdout]    = note: this error originates in the macro `$crate::sqlx_macros::expand_query` (in Nightly builds, run with -Z macro-backtrace for more info)
[INFO] [stdout] 
[INFO] [stdout] 
[INFO] [stdout] error: error returned from database: unable to open database file
[INFO] [stdout]   --> src/lib/database.rs:59:20
[INFO] [stdout]    |
[INFO] [stdout] 59 |           let _res = sqlx::query!(
[INFO] [stdout]    |  ____________________^
[INFO] [stdout] 60 | |             r#"
[INFO] [stdout] 61 | |             INSERT INTO plants (
[INFO] [stdout] 62 | |                 name, image, temperature, humidity, illumination, watering,
[INFO] [stdout] ...  |
[INFO] [stdout] 77 | |             features
[INFO] [stdout] 78 | |         )
[INFO] [stdout]    | |_________^
[INFO] [stdout]    |
[INFO] [stdout]    = note: this error originates in the macro `$crate::sqlx_macros::expand_query` (in Nightly builds, run with -Z macro-backtrace for more info)
[INFO] [stdout] 
[INFO] [stdout] 
[INFO] [stdout] error: Compilation failed, aborting rustdoc
[INFO] [stdout] 
[INFO] [stdout] 
[INFO] [stdout] error: aborting due to 3 previous errors
[INFO] [stdout] 
[INFO] [stdout] 
[INFO] [stderr] error: could not document `scraper`
[INFO] [stderr] 
[INFO] [stderr] Caused by:
[INFO] [stderr]   process didn't exit successfully: `rustdoc --edition=2018 --crate-type lib --crate-name page_scraper src/lib/lib.rs -o /opt/rustwide/target/doc --error-format=json --json=diagnostic-rendered-ansi --document-private-items -L dependency=/opt/rustwide/target/debug/deps --extern anyhow=/opt/rustwide/target/debug/deps/libanyhow-2bb0455753a8f12d.rmeta --extern async_trait=/opt/rustwide/target/debug/deps/libasync_trait-c87609d7028edbd5.so --extern chrono=/opt/rustwide/target/debug/deps/libchrono-1e998ab930e1e53f.rmeta --extern dotenv=/opt/rustwide/target/debug/deps/libdotenv-fac2af56d99fafd7.rmeta --extern futures=/opt/rustwide/target/debug/deps/libfutures-6222da399044b699.rmeta --extern indicatif=/opt/rustwide/target/debug/deps/libindicatif-e519ec8c21d53a61.rmeta --extern lazy_static=/opt/rustwide/target/debug/deps/liblazy_static-acd7d23482fe8b54.rmeta --extern prettytable=/opt/rustwide/target/debug/deps/libprettytable-8a750c855a845cde.rmeta --extern regex=/opt/rustwide/target/debug/deps/libregex-77cb149fd9a7bb99.rmeta --extern reqwest=/opt/rustwide/target/debug/deps/libreqwest-5562d199a685b7ff.rmeta --extern soup=/opt/rustwide/target/debug/deps/libsoup-82424ac415f0b7c7.rmeta --extern sqlx=/opt/rustwide/target/debug/deps/libsqlx-c5fc32fd57c9a515.rmeta --extern tokio=/opt/rustwide/target/debug/deps/libtokio-168c0e1af91dc22b.rmeta --cap-lints=warn --crate-version 0.3.1` (exit status: 1)
[INFO] [stderr] warning: build failed, waiting for other jobs to finish...
[INFO] [stdout] error: aborting due to 2 previous errors
[INFO] [stdout] 
[INFO] [stdout] 
[INFO] [stderr] error: build failed
[INFO] running `Command { std: "docker" "inspect" "218917cbbdaf6f8b472f29bc19fadb0e8913a9c7ec04626cd03dc659063ac3e7", kill_on_drop: false }`
[INFO] running `Command { std: "docker" "rm" "-f" "218917cbbdaf6f8b472f29bc19fadb0e8913a9c7ec04626cd03dc659063ac3e7", kill_on_drop: false }`
[INFO] [stdout] 218917cbbdaf6f8b472f29bc19fadb0e8913a9c7ec04626cd03dc659063ac3e7
