[INFO] cloning repository https://github.com/AlphaModder/dbgm
[INFO] running `Command { std: "git" "-c" "credential.helper=" "-c" "credential.helper=/workspace/cargo-home/bin/git-credential-null" "clone" "--bare" "https://github.com/AlphaModder/dbgm" "/workspace/cache/git-repos/https%3A%2F%2Fgithub.com%2FAlphaModder%2Fdbgm", kill_on_drop: false }`
[INFO] [stderr] Cloning into bare repository '/workspace/cache/git-repos/https%3A%2F%2Fgithub.com%2FAlphaModder%2Fdbgm'...
[INFO] running `Command { std: "git" "rev-parse" "HEAD", kill_on_drop: false }`
[INFO] [stdout] c3c8646c476332a0a39974085678f91bf814cea7
[INFO] documenting AlphaModder/dbgm against beta-2021-08-01 for beta-1.55-rustdoc-1
[INFO] running `Command { std: "git" "clone" "/workspace/cache/git-repos/https%3A%2F%2Fgithub.com%2FAlphaModder%2Fdbgm" "/workspace/builds/worker-3/source", kill_on_drop: false }`
[INFO] [stderr] Cloning into '/workspace/builds/worker-3/source'...
[INFO] [stderr] done.
[INFO] validating manifest of git repo https://github.com/AlphaModder/dbgm on toolchain beta-2021-08-01
[INFO] running `Command { std: "/workspace/cargo-home/bin/cargo" "+beta-2021-08-01" "metadata" "--manifest-path" "Cargo.toml" "--no-deps", kill_on_drop: false }`
[INFO] started tweaking git repo https://github.com/AlphaModder/dbgm
[INFO] finished tweaking git repo https://github.com/AlphaModder/dbgm
[INFO] tweaked toml for git repo https://github.com/AlphaModder/dbgm written to /workspace/builds/worker-3/source/Cargo.toml
[INFO] crate git repo https://github.com/AlphaModder/dbgm already has a lockfile, it will not be regenerated
[INFO] running `Command { std: "/workspace/cargo-home/bin/cargo" "+beta-2021-08-01" "fetch" "--manifest-path" "Cargo.toml", kill_on_drop: false }`
[INFO] [stderr]     Updating git repository `https://github.com/retep998/winapi-rs.git`
[INFO] [stderr]  Downloading crates ...
[INFO] [stderr]   Downloaded serde_derive v1.0.102
[INFO] [stderr]   Downloaded rayon-core v1.6.0
[INFO] [stderr]   Downloaded blake2 v0.8.1
[INFO] [stderr]   Downloaded byte-tools v0.3.1
[INFO] [stderr]   Downloaded subtle v1.0.0
[INFO] [stderr]   Downloaded crypto-mac v0.7.0
[INFO] [stderr]   Downloaded opaque-debug v0.2.3
[INFO] [stderr]   Downloaded serde v1.0.102
[INFO] [stderr]   Downloaded generic-array v0.12.3
[INFO] [stderr]   Downloaded crossbeam-deque v0.7.2
[INFO] [stderr]   Downloaded serde_json v1.0.41
[INFO] [stderr]   Downloaded crossbeam-epoch v0.8.0
[INFO] [stderr]   Downloaded stb_truetype v0.3.0
[INFO] [stderr]   Downloaded imgui-winit-support v0.2.1
[INFO] [stderr]   Downloaded backtrace v0.3.40
[INFO] [stderr]   Downloaded once_cell v1.2.0
[INFO] [stderr]   Downloaded derivative v1.0.3
[INFO] [stderr]   Downloaded enum_dispatch v0.1.6
[INFO] [stderr]   Downloaded num_cpus v1.11.1
[INFO] [stderr]   Downloaded imgui-gfx-renderer v0.2.0
[INFO] [stderr]   Downloaded memoffset v0.5.3
[INFO] [stderr]   Downloaded glutin v0.21.1
[INFO] [stderr]   Downloaded erased-serde v0.3.9
[INFO] [stderr]   Downloaded image v0.22.3
[INFO] [stderr]   Downloaded inventory-impl v0.1.4
[INFO] [stderr]   Downloaded hermit-abi v0.1.3
[INFO] [stderr]   Downloaded rayon v1.2.0
[INFO] [stderr]   Downloaded x11-dl v2.18.4
[INFO] [stderr]   Downloaded imgui-sys v0.2.0
[INFO] [stderr]   Downloaded crossbeam-utils v0.7.0
[INFO] [stderr]   Downloaded digest v0.8.1
[INFO] [stderr]   Downloaded jpeg-decoder v0.1.16
[INFO] [stderr]   Downloaded imgui v0.2.1
[INFO] [stderr]   Downloaded ctor v0.1.12
[INFO] [stderr]   Downloaded stable-vec v0.4.0
[INFO] [stderr]   Downloaded rusttype v0.8.1
[INFO] [stderr]   Downloaded raw-window-handle v0.3.1
[INFO] [stderr]   Downloaded inventory v0.1.4
[INFO] [stderr]   Downloaded nfd v0.0.4
[INFO] [stderr]   Downloaded no-std-compat v0.2.0
[INFO] running `Command { std: "docker" "create" "-v" "/var/lib/crater-agent-workspace/builds/worker-3/target:/opt/rustwide/target:rw,Z" "-v" "/var/lib/crater-agent-workspace/builds/worker-3/source:/opt/rustwide/workdir:ro,Z" "-v" "/var/lib/crater-agent-workspace/cargo-home:/opt/rustwide/cargo-home:ro,Z" "-v" "/var/lib/crater-agent-workspace/rustup-home:/opt/rustwide/rustup-home:ro,Z" "-e" "SOURCE_DIR=/opt/rustwide/workdir" "-e" "CARGO_TARGET_DIR=/opt/rustwide/target" "-e" "CARGO_HOME=/opt/rustwide/cargo-home" "-e" "RUSTUP_HOME=/opt/rustwide/rustup-home" "-w" "/opt/rustwide/workdir" "-m" "1610612736" "--user" "0:0" "--network" "none" "ghcr.io/rust-lang/crates-build-env/linux@sha256:34b6a614d2c27851fe6cbf88fbd1137609cefab8b10d0615aaeb6fd47975d74e" "/opt/rustwide/cargo-home/bin/cargo" "+beta-2021-08-01" "metadata" "--no-deps" "--format-version=1", kill_on_drop: false }`
[INFO] [stdout] 10a773e8fdf217908136d167684f098626d54c9a33e7af8694ad06f753fb6f90
[INFO] running `Command { std: "docker" "start" "-a" "10a773e8fdf217908136d167684f098626d54c9a33e7af8694ad06f753fb6f90", kill_on_drop: false }`
[INFO] running `Command { std: "docker" "inspect" "10a773e8fdf217908136d167684f098626d54c9a33e7af8694ad06f753fb6f90", kill_on_drop: false }`
[INFO] running `Command { std: "docker" "rm" "-f" "10a773e8fdf217908136d167684f098626d54c9a33e7af8694ad06f753fb6f90", kill_on_drop: false }`
[INFO] [stdout] 10a773e8fdf217908136d167684f098626d54c9a33e7af8694ad06f753fb6f90
[INFO] running `Command { std: "docker" "create" "-v" "/var/lib/crater-agent-workspace/builds/worker-3/target:/opt/rustwide/target:rw,Z" "-v" "/var/lib/crater-agent-workspace/builds/worker-3/source:/opt/rustwide/workdir:ro,Z" "-v" "/var/lib/crater-agent-workspace/cargo-home:/opt/rustwide/cargo-home:ro,Z" "-v" "/var/lib/crater-agent-workspace/rustup-home:/opt/rustwide/rustup-home:ro,Z" "-e" "SOURCE_DIR=/opt/rustwide/workdir" "-e" "CARGO_TARGET_DIR=/opt/rustwide/target" "-e" "CARGO_INCREMENTAL=0" "-e" "RUST_BACKTRACE=full" "-e" "RUSTDOCFLAGS=--cap-lints=warn" "-e" "CARGO_HOME=/opt/rustwide/cargo-home" "-e" "RUSTUP_HOME=/opt/rustwide/rustup-home" "-w" "/opt/rustwide/workdir" "-m" "1610612736" "--user" "0:0" "--network" "none" "ghcr.io/rust-lang/crates-build-env/linux@sha256:34b6a614d2c27851fe6cbf88fbd1137609cefab8b10d0615aaeb6fd47975d74e" "/opt/rustwide/cargo-home/bin/cargo" "+beta-2021-08-01" "doc" "--frozen" "--no-deps" "--document-private-items" "--message-format=json", kill_on_drop: false }`
[INFO] [stdout] 4c60b1f208434e644d24ac597248f632597527f20d8d276d31382c3c813319a6
[INFO] running `Command { std: "docker" "start" "-a" "4c60b1f208434e644d24ac597248f632597527f20d8d276d31382c3c813319a6", kill_on_drop: false }`
[INFO] [stderr]    Compiling cc v1.0.47
[INFO] [stderr]    Compiling syn v1.0.8
[INFO] [stderr]    Compiling rayon-core v1.6.0
[INFO] [stderr]    Compiling serde v1.0.102
[INFO] [stderr]    Compiling winapi v0.3.8 (https://github.com/retep998/winapi-rs.git?branch=0.3#7abd2417)
[INFO] [stderr]    Compiling imgui-gfx-renderer v0.2.0
[INFO] [stderr]    Compiling once_cell v1.2.0
[INFO] [stderr]     Checking no-std-compat v0.2.0
[INFO] [stderr]    Compiling num-traits v0.2.9
[INFO] [stderr]    Compiling crossbeam-epoch v0.8.0
[INFO] [stderr]    Compiling num-iter v0.1.39
[INFO] [stderr]     Checking lock_api v0.3.1
[INFO] [stderr]    Compiling log v0.4.8
[INFO] [stderr]    Compiling nfd v0.0.4
[INFO] [stderr]     Checking stb_truetype v0.3.0
[INFO] [stderr]     Checking nix v0.14.1
[INFO] [stderr]    Compiling memoffset v0.5.3
[INFO] [stderr]     Checking memmap v0.7.0
[INFO] [stderr]     Checking raw-window-handle v0.3.1
[INFO] [stderr]     Checking num_cpus v1.11.1
[INFO] [stderr]     Checking shared_library v0.1.9
[INFO] [stderr]     Checking deflate v0.7.20
[INFO] [stderr]     Checking gfx_core v0.9.2
[INFO] [stderr]     Checking x11-dl v2.18.4
[INFO] [stderr]    Compiling wayland-client v0.21.13
[INFO] [stderr]     Checking parking_lot_core v0.6.2
[INFO] [stderr]    Compiling wayland-protocols v0.21.13
[INFO] [stderr]    Compiling derivative v1.0.3
[INFO] [stderr]     Checking crypto-mac v0.7.0
[INFO] [stderr]     Checking osmesa-sys v0.1.2
[INFO] [stderr]     Checking stable-vec v0.4.0
[INFO] [stderr]     Checking blake2 v0.8.1
[INFO] [stderr]    Compiling gl_generator v0.11.0
[INFO] [stderr]     Checking parking_lot v0.9.0
[INFO] [stderr]    Compiling libloading v0.5.2
[INFO] [stderr]    Compiling imgui-sys v0.2.0
[INFO] [stderr]     Checking png v0.15.0
[INFO] [stderr]     Checking crossbeam-deque v0.7.2
[INFO] [stderr]     Checking gfx v0.18.2
[INFO] [stderr]     Checking dlib v0.4.1
[INFO] [stderr]     Checking rayon v1.2.0
[INFO] [stderr]     Checking wayland-sys v0.21.13
[INFO] [stderr]    Compiling glutin_glx_sys v0.1.5
[INFO] [stderr]    Compiling glutin_egl_sys v0.1.3
[INFO] [stderr]    Compiling gfx_gl v0.6.0
[INFO] [stderr]     Checking ordered-float v1.0.2
[INFO] [stderr]     Checking approx v0.3.2
[INFO] [stderr]     Checking line_drawing v0.7.0
[INFO] [stderr]     Checking num-integer v0.1.41
[INFO] [stderr]     Checking tiff v0.3.1
[INFO] [stderr]     Checking rusttype v0.8.1
[INFO] [stderr]     Checking num-rational v0.2.2
[INFO] [stderr]     Checking rusttype v0.7.9
[INFO] [stderr]     Checking wayland-commons v0.21.13
[INFO] [stderr]     Checking andrew v0.2.1
[INFO] [stderr]     Checking jpeg-decoder v0.1.16
[INFO] [stderr]     Checking image v0.22.3
[INFO] [stderr]    Compiling serde_derive v1.0.102
[INFO] [stderr]    Compiling ctor v0.1.12
[INFO] [stderr]    Compiling ghost v0.1.1
[INFO] [stderr]    Compiling inventory-impl v0.1.4
[INFO] [stderr]    Compiling enum_dispatch v0.1.6
[INFO] [stderr]     Checking gfx_device_gl v0.16.2
[INFO] [stderr]     Checking imgui v0.2.1
[INFO] [stderr]     Checking inventory v0.1.4
[INFO] [stderr]     Checking serde_json v1.0.41
[INFO] [stderr]     Checking erased-serde v0.3.9
[INFO] [stderr]     Checking smithay-client-toolkit v0.4.6
[INFO] [stderr]     Checking winit v0.19.5
[INFO] [stderr]     Checking glutin v0.21.1
[INFO] [stderr]     Checking imgui-winit-support v0.2.1
[INFO] [stderr]     Checking gfx_window_glutin v0.31.0
[INFO] [stderr]  Documenting dbgm v0.1.0 (/opt/rustwide/workdir)
[INFO] [stdout] error[E0433]: failed to resolve: could not find `um` in `winapi`
[INFO] [stdout]  --> src/utils.rs:2:13
[INFO] [stdout]   |
[INFO] [stdout] 2 | use winapi::um::{
[INFO] [stdout]   |             ^^ could not find `um` in `winapi`
[INFO] [stdout] 
[INFO] [stdout] 
[INFO] [stdout] error[E0432]: unresolved import `winapi::um`
[INFO] [stdout]  --> src/main.rs:3:13
[INFO] [stdout]   |
[INFO] [stdout] 3 | use winapi::um::{objbase, combaseapi};
[INFO] [stdout]   |             ^^ could not find `um` in `winapi`
[INFO] [stdout] 
[INFO] [stdout] 
[INFO] [stdout] error[E0412]: cannot find type `HRESULT` in this scope
[INFO] [stdout]  --> src/utils.rs:8:29
[INFO] [stdout]   |
[INFO] [stdout] 8 | pub fn check_result(result: HRESULT) -> Result<(), std::io::Error> {
[INFO] [stdout]   |                             ^^^^^^^ not found in this scope
[INFO] [stdout] 
[INFO] [stdout] 
[INFO] [stdout] error: Compilation failed, aborting rustdoc
[INFO] [stdout] 
[INFO] [stdout] 
[INFO] [stdout] error: aborting due to 4 previous errors
[INFO] [stdout] 
[INFO] [stdout] 
[INFO] [stdout] Some errors have detailed explanations: E0412, E0432, E0433.
[INFO] [stdout] 
[INFO] [stdout] For more information about an error, try `rustc --explain E0412`.
[INFO] [stdout] 
[INFO] [stderr] error: could not document `dbgm`
[INFO] [stderr] 
[INFO] [stderr] Caused by:
[INFO] [stderr]   process didn't exit successfully: `rustdoc --edition=2018 --crate-type bin --crate-name dbgm src/main.rs -o /opt/rustwide/target/doc --cfg 'feature="default"' --cfg 'feature="opengl"' --error-format=json --json=diagnostic-rendered-ansi --document-private-items -L dependency=/opt/rustwide/target/debug/deps --extern base64=/opt/rustwide/target/debug/deps/libbase64-b4fa11357f8d9891.rmeta --extern bitflags=/opt/rustwide/target/debug/deps/libbitflags-7925d1bf53c9b12a.rmeta --extern blake2=/opt/rustwide/target/debug/deps/libblake2-afa536b5241b279f.rmeta --extern enum_dispatch=/opt/rustwide/target/debug/deps/libenum_dispatch-b1b65d8de1b902a0.so --extern erased_serde=/opt/rustwide/target/debug/deps/liberased_serde-ae2090f6501c7682.rmeta --extern gfx=/opt/rustwide/target/debug/deps/libgfx-5b08bd7aa0b2a9aa.rmeta --extern gfx_device_gl=/opt/rustwide/target/debug/deps/libgfx_device_gl-de8f7aef85050b5b.rmeta --extern gfx_window_glutin=/opt/rustwide/target/debug/deps/libgfx_window_glutin-c13d073b8f549521.rmeta --extern glutin=/opt/rustwide/target/debug/deps/libglutin-88b84fa157899abd.rmeta --extern image=/opt/rustwide/target/debug/deps/libimage-1e6bbc31bef28e3c.rmeta --extern imgui=/opt/rustwide/target/debug/deps/libimgui-330464dea6bd75ab.rmeta --extern imgui_gfx_renderer=/opt/rustwide/target/debug/deps/libimgui_gfx_renderer-b515abb857f52f45.rmeta --extern imgui_winit_support=/opt/rustwide/target/debug/deps/libimgui_winit_support-942def53d8f385a5.rmeta --extern inventory=/opt/rustwide/target/debug/deps/libinventory-3f60cc78350d53dc.rmeta --extern nfd=/opt/rustwide/target/debug/deps/libnfd-be826a1387208009.rmeta --extern serde=/opt/rustwide/target/debug/deps/libserde-f761a67082fd1efc.rmeta --extern serde_json=/opt/rustwide/target/debug/deps/libserde_json-4956e6c910532042.rmeta --extern stable_vec=/opt/rustwide/target/debug/deps/libstable_vec-56741dd89f682d65.rmeta --extern winapi=/opt/rustwide/target/debug/deps/libwinapi-87b41155fe22f42e.rmeta --cap-lints=warn --crate-version 0.1.0` (exit status: 1)
[INFO] running `Command { std: "docker" "inspect" "4c60b1f208434e644d24ac597248f632597527f20d8d276d31382c3c813319a6", kill_on_drop: false }`
[INFO] running `Command { std: "docker" "rm" "-f" "4c60b1f208434e644d24ac597248f632597527f20d8d276d31382c3c813319a6", kill_on_drop: false }`
[INFO] [stdout] 4c60b1f208434e644d24ac597248f632597527f20d8d276d31382c3c813319a6
