[INFO] cloning repository https://github.com/13r0ck/Iced_Boilerplate
[INFO] running `Command { std: "git" "-c" "credential.helper=" "-c" "credential.helper=/workspace/cargo-home/bin/git-credential-null" "clone" "--bare" "https://github.com/13r0ck/Iced_Boilerplate" "/workspace/cache/git-repos/https%3A%2F%2Fgithub.com%2F13r0ck%2FIced_Boilerplate", kill_on_drop: false }`
[INFO] [stderr] Cloning into bare repository '/workspace/cache/git-repos/https%3A%2F%2Fgithub.com%2F13r0ck%2FIced_Boilerplate'...
[INFO] running `Command { std: "git" "rev-parse" "HEAD", kill_on_drop: false }`
[INFO] [stdout] e8390759e79ba51f0b7c0d9692039ae8f740f4af
[INFO] documenting 13r0ck/Iced_Boilerplate against 1.54.0 for beta-1.55-rustdoc-1
[INFO] running `Command { std: "git" "clone" "/workspace/cache/git-repos/https%3A%2F%2Fgithub.com%2F13r0ck%2FIced_Boilerplate" "/workspace/builds/worker-105/source", kill_on_drop: false }`
[INFO] [stderr] Cloning into '/workspace/builds/worker-105/source'...
[INFO] [stderr] done.
[INFO] validating manifest of git repo https://github.com/13r0ck/Iced_Boilerplate on toolchain 1.54.0
[INFO] running `Command { std: "/workspace/cargo-home/bin/cargo" "+1.54.0" "metadata" "--manifest-path" "Cargo.toml" "--no-deps", kill_on_drop: false }`
[INFO] started tweaking git repo https://github.com/13r0ck/Iced_Boilerplate
[INFO] finished tweaking git repo https://github.com/13r0ck/Iced_Boilerplate
[INFO] tweaked toml for git repo https://github.com/13r0ck/Iced_Boilerplate written to /workspace/builds/worker-105/source/Cargo.toml
[INFO] crate git repo https://github.com/13r0ck/Iced_Boilerplate already has a lockfile, it will not be regenerated
[INFO] running `Command { std: "/workspace/cargo-home/bin/cargo" "+1.54.0" "fetch" "--manifest-path" "Cargo.toml", kill_on_drop: false }`
[INFO] [stderr]     Blocking waiting for file lock on package cache
[INFO] [stderr]     Blocking waiting for file lock on package cache
[INFO] running `Command { std: "docker" "create" "-v" "/var/lib/crater-agent-workspace/builds/worker-105/target:/opt/rustwide/target:rw,Z" "-v" "/var/lib/crater-agent-workspace/builds/worker-105/source:/opt/rustwide/workdir:ro,Z" "-v" "/var/lib/crater-agent-workspace/cargo-home:/opt/rustwide/cargo-home:ro,Z" "-v" "/var/lib/crater-agent-workspace/rustup-home:/opt/rustwide/rustup-home:ro,Z" "-e" "SOURCE_DIR=/opt/rustwide/workdir" "-e" "CARGO_TARGET_DIR=/opt/rustwide/target" "-e" "CARGO_HOME=/opt/rustwide/cargo-home" "-e" "RUSTUP_HOME=/opt/rustwide/rustup-home" "-w" "/opt/rustwide/workdir" "-m" "1610612736" "--user" "0:0" "--network" "none" "ghcr.io/rust-lang/crates-build-env/linux@sha256:34b6a614d2c27851fe6cbf88fbd1137609cefab8b10d0615aaeb6fd47975d74e" "/opt/rustwide/cargo-home/bin/cargo" "+1.54.0" "metadata" "--no-deps" "--format-version=1", kill_on_drop: false }`
[INFO] [stdout] b82c2195c10badbe820f2548ae91f572fd7997bbde83a55a4600bc7a20c6149d
[INFO] running `Command { std: "docker" "start" "-a" "b82c2195c10badbe820f2548ae91f572fd7997bbde83a55a4600bc7a20c6149d", kill_on_drop: false }`
[INFO] running `Command { std: "docker" "inspect" "b82c2195c10badbe820f2548ae91f572fd7997bbde83a55a4600bc7a20c6149d", kill_on_drop: false }`
[INFO] running `Command { std: "docker" "rm" "-f" "b82c2195c10badbe820f2548ae91f572fd7997bbde83a55a4600bc7a20c6149d", kill_on_drop: false }`
[INFO] [stdout] b82c2195c10badbe820f2548ae91f572fd7997bbde83a55a4600bc7a20c6149d
[INFO] running `Command { std: "docker" "create" "-v" "/var/lib/crater-agent-workspace/builds/worker-105/target:/opt/rustwide/target:rw,Z" "-v" "/var/lib/crater-agent-workspace/builds/worker-105/source:/opt/rustwide/workdir:ro,Z" "-v" "/var/lib/crater-agent-workspace/cargo-home:/opt/rustwide/cargo-home:ro,Z" "-v" "/var/lib/crater-agent-workspace/rustup-home:/opt/rustwide/rustup-home:ro,Z" "-e" "SOURCE_DIR=/opt/rustwide/workdir" "-e" "CARGO_TARGET_DIR=/opt/rustwide/target" "-e" "CARGO_INCREMENTAL=0" "-e" "RUST_BACKTRACE=full" "-e" "RUSTDOCFLAGS=--cap-lints=warn" "-e" "CARGO_HOME=/opt/rustwide/cargo-home" "-e" "RUSTUP_HOME=/opt/rustwide/rustup-home" "-w" "/opt/rustwide/workdir" "-m" "1610612736" "--user" "0:0" "--network" "none" "ghcr.io/rust-lang/crates-build-env/linux@sha256:34b6a614d2c27851fe6cbf88fbd1137609cefab8b10d0615aaeb6fd47975d74e" "/opt/rustwide/cargo-home/bin/cargo" "+1.54.0" "doc" "--frozen" "--no-deps" "--document-private-items" "--message-format=json", kill_on_drop: false }`
[INFO] [stdout] 43a91d183c89178468f13ad37515ded722f627b2609277542ac9f54f6e1340ba
[INFO] running `Command { std: "docker" "start" "-a" "43a91d183c89178468f13ad37515ded722f627b2609277542ac9f54f6e1340ba", kill_on_drop: false }`
[INFO] [stderr]    Compiling libc v0.2.85
[INFO] [stderr]    Compiling syn v1.0.65
[INFO] [stderr]     Checking once_cell v1.5.2
[INFO] [stderr]    Compiling memchr v2.3.4
[INFO] [stderr]     Checking smallvec v1.6.1
[INFO] [stderr]     Checking pin-project-lite v0.2.4
[INFO] [stderr]     Checking ahash v0.4.7
[INFO] [stderr]     Checking ab_glyph_rasterizer v0.1.4
[INFO] [stderr]     Checking byteorder v1.4.2
[INFO] [stderr]    Compiling xml-rs v0.8.3
[INFO] [stderr]    Compiling nix v0.18.0
[INFO] [stderr]    Compiling ucd-trie v0.1.3
[INFO] [stderr]    Compiling getrandom v0.1.16
[INFO] [stderr]     Checking bit-vec v0.6.3
[INFO] [stderr]     Checking fixedbitset v0.2.0
[INFO] [stderr]    Compiling const_fn v0.4.5
[INFO] [stderr]     Checking futures-core v0.3.12
[INFO] [stderr]     Checking downcast-rs v1.2.0
[INFO] [stderr]     Checking ttf-parser v0.6.2
[INFO] [stderr]     Checking futures-sink v0.3.12
[INFO] [stderr]     Checking scoped-tls v1.0.0
[INFO] [stderr]     Checking futures-io v0.3.12
[INFO] [stderr]    Compiling rayon-core v1.9.0
[INFO] [stderr]     Checking xdg v2.2.0
[INFO] [stderr]     Checking ttf-parser v0.10.1
[INFO] [stderr]    Compiling khronos-egl v3.0.2
[INFO] [stderr]     Checking arrayvec v0.5.2
[INFO] [stderr]    Compiling cfg_aliases v0.1.1
[INFO] [stderr]     Checking either v1.6.1
[INFO] [stderr]     Checking iced_core v0.4.0
[INFO] [stderr]     Checking inplace_it v0.3.3
[INFO] [stderr]     Checking glow v0.7.2
[INFO] [stderr]     Checking unicode-segmentation v1.7.1
[INFO] [stderr]     Checking copyless v0.1.5
[INFO] [stderr]     Checking linked-hash-map v0.5.4
[INFO] [stderr]     Checking xi-unicode v0.3.0
[INFO] [stderr]     Checking rustc-hash v1.1.0
[INFO] [stderr]     Checking float-ord v0.2.0
[INFO] [stderr]     Checking lazycell v1.3.0
[INFO] [stderr]     Checking svg_fmt v0.4.1
[INFO] [stderr]     Checking libloading v0.6.7
[INFO] [stderr]    Compiling indexmap v1.6.2
[INFO] [stderr]    Compiling wayland-sys v0.28.3
[INFO] [stderr]    Compiling crossbeam-utils v0.8.1
[INFO] [stderr]    Compiling nom v6.1.0
[INFO] [stderr]     Checking instant v0.1.9
[INFO] [stderr]    Compiling memoffset v0.6.1
[INFO] [stderr]     Checking lock_api v0.4.2
[INFO] [stderr]    Compiling servo-fontconfig-sys v5.1.0
[INFO] [stderr]    Compiling rayon v1.5.0
[INFO] [stderr]    Compiling glam v0.10.2
[INFO] [stderr]    Compiling x11-dl v2.18.5
[INFO] [stderr]    Compiling quote v1.0.8
[INFO] [stderr]     Checking gpu-alloc-types v0.2.0
[INFO] [stderr]     Checking gpu-descriptor-types v0.1.1
[INFO] [stderr]     Checking wgpu-types v0.7.0
[INFO] [stderr]     Checking spirv_headers v1.5.0
[INFO] [stderr]     Checking approx v0.4.0
[INFO] [stderr]     Checking ordered-float v2.0.1
[INFO] [stderr]     Checking euclid v0.22.1
[INFO] [stderr]     Checking hashbrown v0.9.1
[INFO] [stderr]    Compiling wgpu-core v0.7.1
[INFO] [stderr]     Checking futures-task v0.3.12
[INFO] [stderr]     Checking fxhash v0.2.1
[INFO] [stderr]     Checking futures-channel v0.3.12
[INFO] [stderr]     Checking iced_style v0.3.0
[INFO] [stderr]     Checking dlib v0.4.2
[INFO] [stderr]     Checking ash v0.31.0
[INFO] [stderr]    Compiling pest v2.1.3
[INFO] [stderr]     Checking bit-set v0.5.2
[INFO] [stderr]    Compiling wayland-scanner v0.28.3
[INFO] [stderr]     Checking owned_ttf_parser v0.6.0
[INFO] [stderr]     Checking rusttype v0.9.2
[INFO] [stderr]     Checking guillotiere v0.6.0
[INFO] [stderr]     Checking andrew v0.3.1
[INFO] [stderr]     Checking petgraph v0.5.1
[INFO] [stderr]    Compiling semver-parser v0.10.2
[INFO] [stderr]     Checking crossbeam-epoch v0.9.1
[INFO] [stderr]     Checking crossbeam-channel v0.5.0
[INFO] [stderr]     Checking owned_ttf_parser v0.10.0
[INFO] [stderr]     Checking ab_glyph v0.2.8
[INFO] [stderr]     Checking crossbeam-deque v0.8.0
[INFO] [stderr]     Checking raw-window-handle v0.3.3
[INFO] [stderr]     Checking num_cpus v1.13.0
[INFO] [stderr]     Checking parking_lot_core v0.8.2
[INFO] [stderr]     Checking memmap2 v0.1.0
[INFO] [stderr]     Checking dirs-sys-next v0.1.2
[INFO] [stderr]     Checking iovec v0.1.4
[INFO] [stderr]     Checking nix v0.20.0
[INFO] [stderr]     Checking gethostname v0.2.1
[INFO] [stderr]     Checking net2 v0.2.37
[INFO] [stderr]    Compiling semver v0.11.0
[INFO] [stderr]    Compiling wayland-client v0.28.3
[INFO] [stderr]    Compiling wayland-protocols v0.28.3
[INFO] [stderr]    Compiling jobserver v0.1.21
[INFO] [stderr]     Checking glyph_brush_layout v0.2.1
[INFO] [stderr]     Checking dirs-next v2.0.0
[INFO] [stderr]    Compiling cc v1.0.66
[INFO] [stderr]     Checking parking_lot v0.11.1
[INFO] [stderr]     Checking rand_core v0.5.1
[INFO] [stderr]     Checking xcursor v0.3.3
[INFO] [stderr]    Compiling rustc_version v0.3.3
[INFO] [stderr]     Checking mio v0.6.23
[INFO] [stderr]     Checking rand_chacha v0.2.2
[INFO] [stderr]    Compiling cmake v0.1.45
[INFO] [stderr]    Compiling pathfinder_simd v0.5.1
[INFO] [stderr]    Compiling spirv_cross v0.23.1
[INFO] [stderr]     Checking mio-extras v2.0.6
[INFO] [stderr]     Checking rand v0.7.3
[INFO] [stderr]    Compiling freetype-sys v0.13.1
[INFO] [stderr]    Compiling expat-sys v2.1.6
[INFO] [stderr]     Checking glyph_brush_draw_cache v0.1.4
[INFO] [stderr]     Checking wayland-commons v0.28.3
[INFO] [stderr]     Checking calloop v0.6.5
[INFO] [stderr]     Checking x11rb v0.8.1
[INFO] [stderr]    Compiling thiserror-impl v1.0.23
[INFO] [stderr]    Compiling futures-macro v0.3.12
[INFO] [stderr]    Compiling tracing-attributes v0.1.15
[INFO] [stderr]    Compiling bytemuck_derive v1.0.1
[INFO] [stderr]     Checking wayland-cursor v0.28.3
[INFO] [stderr]     Checking pathfinder_geometry v0.5.1
[INFO] [stderr]     Checking twox-hash v1.6.0
[INFO] [stderr] error: could not compile `x11rb`
[INFO] [stderr] 
[INFO] [stderr] Caused by:
[INFO] [stderr]   process didn't exit successfully: `rustc --crate-name x11rb --edition=2018 /opt/rustwide/cargo-home/registry/src/github.com-1ecc6299db9ec823/x11rb-0.8.1/src/lib.rs --error-format=json --json=diagnostic-rendered-ansi --crate-type lib --emit=dep-info,metadata -C embed-bitcode=no -C debuginfo=2 -C metadata=b713842ae6b6ebc2 -C extra-filename=-b713842ae6b6ebc2 --out-dir /opt/rustwide/target/debug/deps -L dependency=/opt/rustwide/target/debug/deps --extern gethostname=/opt/rustwide/target/debug/deps/libgethostname-cf3c1928ccd34694.rmeta --extern nix=/opt/rustwide/target/debug/deps/libnix-11278b12244708d9.rmeta --cap-lints allow` (signal: 9, SIGKILL: kill)
[INFO] [stderr] warning: build failed, waiting for other jobs to finish...
[INFO] [stderr] The following warnings were emitted during compilation:
[INFO] [stderr] 
[INFO] [stderr] warning: src/wrapper.cpp:2: warning: ignoring #pragma warning  [-Wunknown-pragmas]
[INFO] [stderr] warning:     2 | #pragma warning(disable : 4996 4101)
[INFO] [stderr] warning:       | 
[INFO] [stderr] warning: c++: fatal error: Killed signal terminated program cc1plus
[INFO] [stderr] warning: compilation terminated.
[INFO] [stderr] warning: c++: fatal error: Killed signal terminated program cc1plus
[INFO] [stderr] warning: compilation terminated.
[INFO] [stderr] warning: c++: fatal error: Killed signal terminated program cc1plus
[INFO] [stderr] warning: compilation terminated.
[INFO] [stderr] 
[INFO] [stderr] error: build failed
[INFO] running `Command { std: "docker" "inspect" "43a91d183c89178468f13ad37515ded722f627b2609277542ac9f54f6e1340ba", kill_on_drop: false }`
[INFO] running `Command { std: "docker" "rm" "-f" "43a91d183c89178468f13ad37515ded722f627b2609277542ac9f54f6e1340ba", kill_on_drop: false }`
[INFO] [stdout] 43a91d183c89178468f13ad37515ded722f627b2609277542ac9f54f6e1340ba
