[INFO] fetching crate ezmem 0.2.0...
[INFO] documenting ezmem-0.2.0 against beta-2021-08-01 for beta-1.55-rustdoc-1
[INFO] extracting crate ezmem 0.2.0 into /workspace/builds/worker-72/source
[INFO] validating manifest of crates.io crate ezmem 0.2.0 on toolchain beta-2021-08-01
[INFO] running `Command { std: "/workspace/cargo-home/bin/cargo" "+beta-2021-08-01" "metadata" "--manifest-path" "Cargo.toml" "--no-deps", kill_on_drop: false }`
[INFO] started tweaking crates.io crate ezmem 0.2.0
[INFO] finished tweaking crates.io crate ezmem 0.2.0
[INFO] tweaked toml for crates.io crate ezmem 0.2.0 written to /workspace/builds/worker-72/source/Cargo.toml
[INFO] running `Command { std: "/workspace/cargo-home/bin/cargo" "+beta-2021-08-01" "generate-lockfile" "--manifest-path" "Cargo.toml" "-Zno-index-update", kill_on_drop: false }`
[INFO] [stderr]     Blocking waiting for file lock on package cache
[INFO] running `Command { std: "/workspace/cargo-home/bin/cargo" "+beta-2021-08-01" "fetch" "--manifest-path" "Cargo.toml", kill_on_drop: false }`
[INFO] [stderr]     Blocking waiting for file lock on package cache
[INFO] [stderr]     Blocking waiting for file lock on package cache
[INFO] running `Command { std: "docker" "create" "-v" "/var/lib/crater-agent-workspace/builds/worker-72/target:/opt/rustwide/target:rw,Z" "-v" "/var/lib/crater-agent-workspace/builds/worker-72/source:/opt/rustwide/workdir:ro,Z" "-v" "/var/lib/crater-agent-workspace/cargo-home:/opt/rustwide/cargo-home:ro,Z" "-v" "/var/lib/crater-agent-workspace/rustup-home:/opt/rustwide/rustup-home:ro,Z" "-e" "SOURCE_DIR=/opt/rustwide/workdir" "-e" "CARGO_TARGET_DIR=/opt/rustwide/target" "-e" "CARGO_HOME=/opt/rustwide/cargo-home" "-e" "RUSTUP_HOME=/opt/rustwide/rustup-home" "-w" "/opt/rustwide/workdir" "-m" "1610612736" "--user" "0:0" "--network" "none" "ghcr.io/rust-lang/crates-build-env/linux@sha256:34b6a614d2c27851fe6cbf88fbd1137609cefab8b10d0615aaeb6fd47975d74e" "/opt/rustwide/cargo-home/bin/cargo" "+beta-2021-08-01" "metadata" "--no-deps" "--format-version=1", kill_on_drop: false }`
[INFO] [stdout] 95b61676fafde6d7641e04110bd9f145a05d9b02bd22bd576578776481f02488
[INFO] running `Command { std: "docker" "start" "-a" "95b61676fafde6d7641e04110bd9f145a05d9b02bd22bd576578776481f02488", kill_on_drop: false }`
[INFO] running `Command { std: "docker" "inspect" "95b61676fafde6d7641e04110bd9f145a05d9b02bd22bd576578776481f02488", kill_on_drop: false }`
[INFO] running `Command { std: "docker" "rm" "-f" "95b61676fafde6d7641e04110bd9f145a05d9b02bd22bd576578776481f02488", kill_on_drop: false }`
[INFO] [stdout] 95b61676fafde6d7641e04110bd9f145a05d9b02bd22bd576578776481f02488
[INFO] running `Command { std: "docker" "create" "-v" "/var/lib/crater-agent-workspace/builds/worker-72/target:/opt/rustwide/target:rw,Z" "-v" "/var/lib/crater-agent-workspace/builds/worker-72/source:/opt/rustwide/workdir:ro,Z" "-v" "/var/lib/crater-agent-workspace/cargo-home:/opt/rustwide/cargo-home:ro,Z" "-v" "/var/lib/crater-agent-workspace/rustup-home:/opt/rustwide/rustup-home:ro,Z" "-e" "SOURCE_DIR=/opt/rustwide/workdir" "-e" "CARGO_TARGET_DIR=/opt/rustwide/target" "-e" "CARGO_INCREMENTAL=0" "-e" "RUST_BACKTRACE=full" "-e" "RUSTDOCFLAGS=--cap-lints=warn" "-e" "CARGO_HOME=/opt/rustwide/cargo-home" "-e" "RUSTUP_HOME=/opt/rustwide/rustup-home" "-w" "/opt/rustwide/workdir" "-m" "1610612736" "--user" "0:0" "--network" "none" "ghcr.io/rust-lang/crates-build-env/linux@sha256:34b6a614d2c27851fe6cbf88fbd1137609cefab8b10d0615aaeb6fd47975d74e" "/opt/rustwide/cargo-home/bin/cargo" "+beta-2021-08-01" "doc" "--frozen" "--no-deps" "--document-private-items" "--message-format=json", kill_on_drop: false }`
[INFO] [stdout] 13b06848d71db9562a5917f93c7adec44300858a9e8afe873b97f2c49027e2ef
[INFO] running `Command { std: "docker" "start" "-a" "13b06848d71db9562a5917f93c7adec44300858a9e8afe873b97f2c49027e2ef", kill_on_drop: false }`
[INFO] [stderr]    Compiling winapi v0.3.9
[INFO] [stderr]  Documenting ezmem v0.2.0 (/opt/rustwide/workdir)
[INFO] [stdout] error[E0433]: failed to resolve: could not find `shared` in `winapi`
[INFO] [stdout]  --> src/readmem.rs:1:13
[INFO] [stdout]   |
[INFO] [stdout] 1 | use winapi::shared::minwindef::{LPCVOID, LPVOID};
[INFO] [stdout]   |             ^^^^^^ could not find `shared` in `winapi`
[INFO] [stdout] 
[INFO] [stdout] 
[INFO] [stdout] error[E0433]: failed to resolve: could not find `um` in `winapi`
[INFO] [stdout]  --> src/readmem.rs:2:13
[INFO] [stdout]   |
[INFO] [stdout] 2 | use winapi::um::winnt::{HANDLE};
[INFO] [stdout]   |             ^^ could not find `um` in `winapi`
[INFO] [stdout] 
[INFO] [stdout] 
[INFO] [stdout] error[E0433]: failed to resolve: could not find `um` in `winapi`
[INFO] [stdout]  --> src/readmem.rs:3:13
[INFO] [stdout]   |
[INFO] [stdout] 3 | use winapi::um::memoryapi::{ReadProcessMemory};
[INFO] [stdout]   |             ^^ could not find `um` in `winapi`
[INFO] [stdout] 
[INFO] [stdout] 
[INFO] [stdout] error[E0433]: failed to resolve: could not find `um` in `winapi`
[INFO] [stdout]  --> src/readmem.rs:4:13
[INFO] [stdout]   |
[INFO] [stdout] 4 | use winapi::um::wow64apiset::IsWow64Process;
[INFO] [stdout]   |             ^^ could not find `um` in `winapi`
[INFO] [stdout] 
[INFO] [stdout] 
[INFO] [stdout] error[E0433]: failed to resolve: could not find `um` in `winapi`
[INFO] [stdout]  --> src/readmem.rs:5:13
[INFO] [stdout]   |
[INFO] [stdout] 5 | use winapi::um::errhandlingapi::GetLastError;
[INFO] [stdout]   |             ^^ could not find `um` in `winapi`
[INFO] [stdout] 
[INFO] [stdout] 
[INFO] [stdout] error[E0433]: failed to resolve: could not find `um` in `winapi`
[INFO] [stdout]  --> src/process.rs:1:13
[INFO] [stdout]   |
[INFO] [stdout] 1 | use winapi::um::tlhelp32::*;
[INFO] [stdout]   |             ^^ could not find `um` in `winapi`
[INFO] [stdout] 
[INFO] [stdout] 
[INFO] [stdout] error[E0433]: failed to resolve: could not find `um` in `winapi`
[INFO] [stdout]  --> src/process.rs:2:13
[INFO] [stdout]   |
[INFO] [stdout] 2 | use winapi::um::handleapi::*;
[INFO] [stdout]   |             ^^ could not find `um` in `winapi`
[INFO] [stdout] 
[INFO] [stdout] 
[INFO] [stdout] error[E0433]: failed to resolve: could not find `um` in `winapi`
[INFO] [stdout]  --> src/process.rs:5:13
[INFO] [stdout]   |
[INFO] [stdout] 5 | use winapi::um::errhandlingapi::GetLastError;
[INFO] [stdout]   |             ^^ could not find `um` in `winapi`
[INFO] [stdout] 
[INFO] [stdout] 
[INFO] [stdout] error[E0433]: failed to resolve: could not find `um` in `winapi`
[INFO] [stdout]  --> src/writemem.rs:1:13
[INFO] [stdout]   |
[INFO] [stdout] 1 | use winapi::um::memoryapi::{WriteProcessMemory, VirtualProtectEx};
[INFO] [stdout]   |             ^^ could not find `um` in `winapi`
[INFO] [stdout] 
[INFO] [stdout] 
[INFO] [stdout] error[E0433]: failed to resolve: could not find `shared` in `winapi`
[INFO] [stdout]  --> src/writemem.rs:2:13
[INFO] [stdout]   |
[INFO] [stdout] 2 | use winapi::shared::minwindef::{LPCVOID, LPVOID};
[INFO] [stdout]   |             ^^^^^^ could not find `shared` in `winapi`
[INFO] [stdout] 
[INFO] [stdout] 
[INFO] [stdout] error[E0433]: failed to resolve: could not find `um` in `winapi`
[INFO] [stdout]  --> src/writemem.rs:3:13
[INFO] [stdout]   |
[INFO] [stdout] 3 | use winapi::um::winnt::{HANDLE, PAGE_EXECUTE_READWRITE};
[INFO] [stdout]   |             ^^ could not find `um` in `winapi`
[INFO] [stdout] 
[INFO] [stdout] 
[INFO] [stdout] error[E0433]: failed to resolve: could not find `um` in `winapi`
[INFO] [stdout]  --> src/writemem.rs:4:13
[INFO] [stdout]   |
[INFO] [stdout] 4 | use winapi::um::errhandlingapi::GetLastError;
[INFO] [stdout]   |             ^^ could not find `um` in `winapi`
[INFO] [stdout] 
[INFO] [stdout] 
[INFO] [stdout] error[E0412]: cannot find type `HANDLE` in this scope
[INFO] [stdout]  --> src/readmem.rs:8:27
[INFO] [stdout]   |
[INFO] [stdout] 8 | pub fn read_bytes(handle: HANDLE, address: usize, amount: usize) -> Vec<u8> {
[INFO] [stdout]   |                           ^^^^^^ not found in this scope
[INFO] [stdout] 
[INFO] [stdout] 
[INFO] [stdout] error[E0412]: cannot find type `HANDLE` in this scope
[INFO] [stdout]   --> src/readmem.rs:19:25
[INFO] [stdout]    |
[INFO] [stdout] 19 | pub fn read_i64(handle: HANDLE, address: usize) -> i64 {
[INFO] [stdout]    |                         ^^^^^^ not found in this scope
[INFO] [stdout] 
[INFO] [stdout] 
[INFO] [stdout] error[E0412]: cannot find type `HANDLE` in this scope
[INFO] [stdout]   --> src/readmem.rs:23:25
[INFO] [stdout]    |
[INFO] [stdout] 23 | pub fn read_i32(handle: HANDLE, address: usize) -> i32 {
[INFO] [stdout]    |                         ^^^^^^ not found in this scope
[INFO] [stdout] 
[INFO] [stdout] 
[INFO] [stdout] error[E0412]: cannot find type `HANDLE` in this scope
[INFO] [stdout]   --> src/readmem.rs:27:25
[INFO] [stdout]    |
[INFO] [stdout] 27 | pub fn read_i16(handle: HANDLE, address: usize) -> i16 {
[INFO] [stdout]    |                         ^^^^^^ not found in this scope
[INFO] [stdout] 
[INFO] [stdout] 
[INFO] [stdout] error[E0412]: cannot find type `HANDLE` in this scope
[INFO] [stdout]   --> src/readmem.rs:31:24
[INFO] [stdout]    |
[INFO] [stdout] 31 | pub fn read_i8(handle: HANDLE, address: usize) -> i8 {
[INFO] [stdout]    |                        ^^^^^^ not found in this scope
[INFO] [stdout] 
[INFO] [stdout] 
[INFO] [stdout] error[E0412]: cannot find type `HANDLE` in this scope
[INFO] [stdout]   --> src/readmem.rs:35:25
[INFO] [stdout]    |
[INFO] [stdout] 35 | pub fn read_u64(handle: HANDLE, address: usize) -> u64 {
[INFO] [stdout]    |                         ^^^^^^ not found in this scope
[INFO] [stdout] 
[INFO] [stdout] 
[INFO] [stdout] error[E0412]: cannot find type `HANDLE` in this scope
[INFO] [stdout]   --> src/readmem.rs:39:25
[INFO] [stdout]    |
[INFO] [stdout] 39 | pub fn read_u32(handle: HANDLE, address: usize) -> u32 {
[INFO] [stdout]    |                         ^^^^^^ not found in this scope
[INFO] [stdout] 
[INFO] [stdout] 
[INFO] [stdout] error[E0412]: cannot find type `HANDLE` in this scope
[INFO] [stdout]   --> src/readmem.rs:43:25
[INFO] [stdout]    |
[INFO] [stdout] 43 | pub fn read_u16(handle: HANDLE, address: usize) -> u16 {
[INFO] [stdout]    |                         ^^^^^^ not found in this scope
[INFO] [stdout] 
[INFO] [stdout] 
[INFO] [stdout] error[E0412]: cannot find type `HANDLE` in this scope
[INFO] [stdout]   --> src/readmem.rs:47:24
[INFO] [stdout]    |
[INFO] [stdout] 47 | pub fn read_u8(handle: HANDLE, address: usize) -> u8 {
[INFO] [stdout]    |                        ^^^^^^ not found in this scope
[INFO] [stdout] 
[INFO] [stdout] 
[INFO] [stdout] error[E0412]: cannot find type `HANDLE` in this scope
[INFO] [stdout]   --> src/readmem.rs:51:25
[INFO] [stdout]    |
[INFO] [stdout] 51 | pub fn read_f64(handle: HANDLE, address: usize) -> f64 {
[INFO] [stdout]    |                         ^^^^^^ not found in this scope
[INFO] [stdout] 
[INFO] [stdout] 
[INFO] [stdout] error[E0412]: cannot find type `HANDLE` in this scope
[INFO] [stdout]   --> src/readmem.rs:55:25
[INFO] [stdout]    |
[INFO] [stdout] 55 | pub fn read_f32(handle: HANDLE, address: usize) -> f32 {
[INFO] [stdout]    |                         ^^^^^^ not found in this scope
[INFO] [stdout] 
[INFO] [stdout] 
[INFO] [stdout] error[E0412]: cannot find type `HANDLE` in this scope
[INFO] [stdout]   --> src/readmem.rs:59:39
[INFO] [stdout]    |
[INFO] [stdout] 59 | fn read_primitive<T: Default>(handle: HANDLE, address: usize) -> T {
[INFO] [stdout]    |                                       ^^^^^^ not found in this scope
[INFO] [stdout] 
[INFO] [stdout] 
[INFO] [stdout] error[E0412]: cannot find type `HANDLE` in this scope
[INFO] [stdout]   --> src/readmem.rs:70:44
[INFO] [stdout]    |
[INFO] [stdout] 70 | pub fn resolve_multi_level_pointer(handle: HANDLE, base_ptr: usize, offsets: Vec<usize>) -> usize {
[INFO] [stdout]    |                                            ^^^^^^ not found in this scope
[INFO] [stdout] 
[INFO] [stdout] 
[INFO] [stdout] error[E0412]: cannot find type `HANDLE` in this scope
[INFO] [stdout]  --> src/writemem.rs:8:28
[INFO] [stdout]   |
[INFO] [stdout] 8 | pub fn write_bytes(handle: HANDLE, address: usize, bytes: Vec<u8>) {
[INFO] [stdout]   |                            ^^^^^^ not found in this scope
[INFO] [stdout] 
[INFO] [stdout] 
[INFO] [stdout] error[E0412]: cannot find type `HANDLE` in this scope
[INFO] [stdout]   --> src/writemem.rs:17:26
[INFO] [stdout]    |
[INFO] [stdout] 17 | pub fn write_i64(handle: HANDLE, address: usize, to_write: i64) {
[INFO] [stdout]    |                          ^^^^^^ not found in this scope
[INFO] [stdout] 
[INFO] [stdout] 
[INFO] [stdout] error[E0412]: cannot find type `HANDLE` in this scope
[INFO] [stdout]   --> src/writemem.rs:21:26
[INFO] [stdout]    |
[INFO] [stdout] 21 | pub fn write_i32(handle: HANDLE, address: usize, to_write: i32) {
[INFO] [stdout]    |                          ^^^^^^ not found in this scope
[INFO] [stdout] 
[INFO] [stdout] 
[INFO] [stdout] error[E0412]: cannot find type `HANDLE` in this scope
[INFO] [stdout]   --> src/writemem.rs:25:26
[INFO] [stdout]    |
[INFO] [stdout] 25 | pub fn write_i16(handle: HANDLE, address: usize, to_write: i16) {
[INFO] [stdout]    |                          ^^^^^^ not found in this scope
[INFO] [stdout] 
[INFO] [stdout] 
[INFO] [stdout] error[E0412]: cannot find type `HANDLE` in this scope
[INFO] [stdout]   --> src/writemem.rs:29:25
[INFO] [stdout]    |
[INFO] [stdout] 29 | pub fn write_i8(handle: HANDLE, address: usize, to_write: i8) {
[INFO] [stdout]    |                         ^^^^^^ not found in this scope
[INFO] [stdout] 
[INFO] [stdout] 
[INFO] [stdout] error[E0412]: cannot find type `HANDLE` in this scope
[INFO] [stdout]   --> src/writemem.rs:33:26
[INFO] [stdout]    |
[INFO] [stdout] 33 | pub fn write_u64(handle: HANDLE, address: usize, to_write: u64) {
[INFO] [stdout]    |                          ^^^^^^ not found in this scope
[INFO] [stdout] 
[INFO] [stdout] 
[INFO] [stdout] error[E0412]: cannot find type `HANDLE` in this scope
[INFO] [stdout]   --> src/writemem.rs:37:26
[INFO] [stdout]    |
[INFO] [stdout] 37 | pub fn write_u32(handle: HANDLE, address: usize, to_write: u32) {
[INFO] [stdout]    |                          ^^^^^^ not found in this scope
[INFO] [stdout] 
[INFO] [stdout] 
[INFO] [stdout] error[E0412]: cannot find type `HANDLE` in this scope
[INFO] [stdout]   --> src/writemem.rs:41:26
[INFO] [stdout]    |
[INFO] [stdout] 41 | pub fn write_u16(handle: HANDLE, address: usize, to_write: u16) {
[INFO] [stdout]    |                          ^^^^^^ not found in this scope
[INFO] [stdout] 
[INFO] [stdout] 
[INFO] [stdout] error[E0412]: cannot find type `HANDLE` in this scope
[INFO] [stdout]   --> src/writemem.rs:45:25
[INFO] [stdout]    |
[INFO] [stdout] 45 | pub fn write_u8(handle: HANDLE, address: usize, to_write: u8) {
[INFO] [stdout]    |                         ^^^^^^ not found in this scope
[INFO] [stdout] 
[INFO] [stdout] 
[INFO] [stdout] error[E0412]: cannot find type `HANDLE` in this scope
[INFO] [stdout]   --> src/writemem.rs:49:26
[INFO] [stdout]    |
[INFO] [stdout] 49 | pub fn write_f32(handle: HANDLE, address: usize, to_write: f32) {
[INFO] [stdout]    |                          ^^^^^^ not found in this scope
[INFO] [stdout] 
[INFO] [stdout] 
[INFO] [stdout] error[E0412]: cannot find type `HANDLE` in this scope
[INFO] [stdout]   --> src/writemem.rs:53:26
[INFO] [stdout]    |
[INFO] [stdout] 53 | pub fn write_f64(handle: HANDLE, address: usize, to_write: f64) {
[INFO] [stdout]    |                          ^^^^^^ not found in this scope
[INFO] [stdout] 
[INFO] [stdout] 
[INFO] [stdout] error[E0412]: cannot find type `HANDLE` in this scope
[INFO] [stdout]   --> src/writemem.rs:57:31
[INFO] [stdout]    |
[INFO] [stdout] 57 | fn write_primitive<T>(handle: HANDLE, address: usize, to_write: T) {
[INFO] [stdout]    |                               ^^^^^^ not found in this scope
[INFO] [stdout] 
[INFO] [stdout] 
[INFO] [stdout] error[E0412]: cannot find type `HANDLE` in this scope
[INFO] [stdout]   --> src/writemem.rs:68:25
[INFO] [stdout]    |
[INFO] [stdout] 68 | pub fn patch_ex(handle: HANDLE, address: usize, bytes: Vec<u8>) {
[INFO] [stdout]    |                         ^^^^^^ not found in this scope
[INFO] [stdout] 
[INFO] [stdout] 
[INFO] [stdout] error: Compilation failed, aborting rustdoc
[INFO] [stdout] 
[INFO] [stdout] 
[INFO] [stdout] error: aborting due to 39 previous errors
[INFO] [stdout] 
[INFO] [stdout] 
[INFO] [stdout] Some errors have detailed explanations: E0412, E0433.
[INFO] [stdout] 
[INFO] [stdout] For more information about an error, try `rustc --explain E0412`.
[INFO] [stdout] 
[INFO] [stderr] error: could not document `ezmem`
[INFO] [stderr] 
[INFO] [stderr] Caused by:
[INFO] [stderr]   process didn't exit successfully: `rustdoc --edition=2018 --crate-type lib --crate-name ezmem src/lib.rs -o /opt/rustwide/target/doc --error-format=json --json=diagnostic-rendered-ansi --document-private-items -L dependency=/opt/rustwide/target/debug/deps --extern winapi=/opt/rustwide/target/debug/deps/libwinapi-880ce86e197413e1.rmeta --cap-lints=warn --crate-version 0.2.0` (exit status: 1)
[INFO] running `Command { std: "docker" "inspect" "13b06848d71db9562a5917f93c7adec44300858a9e8afe873b97f2c49027e2ef", kill_on_drop: false }`
[INFO] running `Command { std: "docker" "rm" "-f" "13b06848d71db9562a5917f93c7adec44300858a9e8afe873b97f2c49027e2ef", kill_on_drop: false }`
[INFO] [stdout] 13b06848d71db9562a5917f93c7adec44300858a9e8afe873b97f2c49027e2ef
