[INFO] fetching crate couchbase 1.0.0-alpha.4...
[INFO] documenting couchbase-1.0.0-alpha.4 against beta-2021-08-01 for beta-1.55-rustdoc-1
[INFO] extracting crate couchbase 1.0.0-alpha.4 into /workspace/builds/worker-11/source
[INFO] validating manifest of crates.io crate couchbase 1.0.0-alpha.4 on toolchain beta-2021-08-01
[INFO] running `Command { std: "/workspace/cargo-home/bin/cargo" "+beta-2021-08-01" "metadata" "--manifest-path" "Cargo.toml" "--no-deps", kill_on_drop: false }`
[INFO] removed /workspace/builds/worker-11/source/rust-toolchain
[INFO] started tweaking crates.io crate couchbase 1.0.0-alpha.4
[INFO] finished tweaking crates.io crate couchbase 1.0.0-alpha.4
[INFO] tweaked toml for crates.io crate couchbase 1.0.0-alpha.4 written to /workspace/builds/worker-11/source/Cargo.toml
[INFO] crate crates.io crate couchbase 1.0.0-alpha.4 already has a lockfile, it will not be regenerated
[INFO] running `Command { std: "/workspace/cargo-home/bin/cargo" "+beta-2021-08-01" "fetch" "--manifest-path" "Cargo.toml", kill_on_drop: false }`
[INFO] [stderr]     Blocking waiting for file lock on package cache
[INFO] [stderr]  Downloading crates ...
[INFO] [stderr]   Downloaded futures v0.3.5
[INFO] [stderr]   Downloaded pin-project-internal v0.4.23
[INFO] [stderr]   Downloaded futures-util v0.3.5
[INFO] [stderr]   Downloaded regex v1.3.9
[INFO] [stderr]   Downloaded socket2 v0.3.12
[INFO] [stderr]   Downloaded pkg-config v0.3.18
[INFO] [stderr]   Downloaded futures-lite v0.1.11
[INFO] [stderr]   Downloaded serde_derive v1.0.115
[INFO] [stderr]   Downloaded serde v1.0.115
[INFO] [stderr]   Downloaded wepoll-sys-stjepang v1.0.6
[INFO] [stderr]   Downloaded async-channel v1.4.0
[INFO] [stderr]   Downloaded futures-executor v0.3.5
[INFO] [stderr]   Downloaded async-task v3.0.0
[INFO] [stderr]   Downloaded async-mutex v1.1.5
[INFO] [stderr]   Downloaded blocking v0.5.2
[INFO] [stderr]   Downloaded pin-project v0.4.23
[INFO] [stderr]   Downloaded async-executor v0.1.2
[INFO] [stderr]   Downloaded waker-fn v1.0.0
[INFO] [stderr]   Downloaded multitask v0.2.0
[INFO] [stderr]   Downloaded async-std v1.6.3
[INFO] [stderr]   Downloaded async-io v0.1.11
[INFO] [stderr]   Downloaded crossbeam-channel v0.4.3
[INFO] [stderr]   Downloaded fastrand v1.3.4
[INFO] [stderr]   Downloaded cc v1.0.59
[INFO] [stderr]   Downloaded vec-arena v0.5.2
[INFO] [stderr]   Downloaded event-listener v2.4.0
[INFO] [stderr]   Downloaded futures-sink v0.3.5
[INFO] [stderr]   Downloaded parking v1.0.6
[INFO] [stderr]   Downloaded num-iter v0.1.41
[INFO] [stderr]   Downloaded libc v0.2.76
[INFO] [stderr]   Downloaded regex-syntax v0.6.18
[INFO] [stderr]   Downloaded futures-macro v0.3.5
[INFO] [stderr]   Downloaded num-integer v0.1.43
[INFO] [stderr]   Downloaded futures-task v0.3.5
[INFO] [stderr]   Downloaded proc-macro-hack v0.5.18
[INFO] [stderr]   Downloaded aho-corasick v0.7.13
[INFO] [stderr]   Downloaded syn v1.0.39
[INFO] [stderr]   Downloaded polling v0.1.5
[INFO] [stderr]   Downloaded parse_duration v2.1.0
[INFO] [stderr]   Downloaded snafu v0.6.8
[INFO] [stderr]   Downloaded couchbase-sys v1.0.0-alpha.4
[INFO] [stderr]   Downloaded snafu-derive v0.6.8
[INFO] running `Command { std: "docker" "create" "-v" "/var/lib/crater-agent-workspace/builds/worker-11/target:/opt/rustwide/target:rw,Z" "-v" "/var/lib/crater-agent-workspace/builds/worker-11/source:/opt/rustwide/workdir:ro,Z" "-v" "/var/lib/crater-agent-workspace/cargo-home:/opt/rustwide/cargo-home:ro,Z" "-v" "/var/lib/crater-agent-workspace/rustup-home:/opt/rustwide/rustup-home:ro,Z" "-e" "SOURCE_DIR=/opt/rustwide/workdir" "-e" "CARGO_TARGET_DIR=/opt/rustwide/target" "-e" "CARGO_HOME=/opt/rustwide/cargo-home" "-e" "RUSTUP_HOME=/opt/rustwide/rustup-home" "-w" "/opt/rustwide/workdir" "-m" "1610612736" "--user" "0:0" "--network" "none" "ghcr.io/rust-lang/crates-build-env/linux@sha256:34b6a614d2c27851fe6cbf88fbd1137609cefab8b10d0615aaeb6fd47975d74e" "/opt/rustwide/cargo-home/bin/cargo" "+beta-2021-08-01" "metadata" "--no-deps" "--format-version=1", kill_on_drop: false }`
[INFO] [stdout] 0f5446cf8ca3a98b46a55f77851b0c9e01ebaf1ba733cbcee3134fd18247bc5c
[INFO] running `Command { std: "docker" "start" "-a" "0f5446cf8ca3a98b46a55f77851b0c9e01ebaf1ba733cbcee3134fd18247bc5c", kill_on_drop: false }`
[INFO] running `Command { std: "docker" "inspect" "0f5446cf8ca3a98b46a55f77851b0c9e01ebaf1ba733cbcee3134fd18247bc5c", kill_on_drop: false }`
[INFO] running `Command { std: "docker" "rm" "-f" "0f5446cf8ca3a98b46a55f77851b0c9e01ebaf1ba733cbcee3134fd18247bc5c", kill_on_drop: false }`
[INFO] [stdout] 0f5446cf8ca3a98b46a55f77851b0c9e01ebaf1ba733cbcee3134fd18247bc5c
[INFO] running `Command { std: "docker" "create" "-v" "/var/lib/crater-agent-workspace/builds/worker-11/target:/opt/rustwide/target:rw,Z" "-v" "/var/lib/crater-agent-workspace/builds/worker-11/source:/opt/rustwide/workdir:ro,Z" "-v" "/var/lib/crater-agent-workspace/cargo-home:/opt/rustwide/cargo-home:ro,Z" "-v" "/var/lib/crater-agent-workspace/rustup-home:/opt/rustwide/rustup-home:ro,Z" "-e" "SOURCE_DIR=/opt/rustwide/workdir" "-e" "CARGO_TARGET_DIR=/opt/rustwide/target" "-e" "CARGO_INCREMENTAL=0" "-e" "RUST_BACKTRACE=full" "-e" "RUSTDOCFLAGS=--cap-lints=warn" "-e" "CARGO_HOME=/opt/rustwide/cargo-home" "-e" "RUSTUP_HOME=/opt/rustwide/rustup-home" "-w" "/opt/rustwide/workdir" "-m" "1610612736" "--user" "0:0" "--network" "none" "ghcr.io/rust-lang/crates-build-env/linux@sha256:34b6a614d2c27851fe6cbf88fbd1137609cefab8b10d0615aaeb6fd47975d74e" "/opt/rustwide/cargo-home/bin/cargo" "+beta-2021-08-01" "doc" "--frozen" "--no-deps" "--document-private-items" "--message-format=json", kill_on_drop: false }`
[INFO] [stdout] efde3ca4aef66d8af43d126f1761109d1936be5051216b44dc1fd02f6fa560bb
[INFO] running `Command { std: "docker" "start" "-a" "efde3ca4aef66d8af43d126f1761109d1936be5051216b44dc1fd02f6fa560bb", kill_on_drop: false }`
[INFO] [stderr]    Compiling cc v1.0.59
[INFO] [stderr]    Compiling syn v1.0.39
[INFO] [stderr]    Compiling pkg-config v0.3.18
[INFO] [stderr]    Compiling termcolor v1.1.0
[INFO] [stderr]    Compiling pin-project-internal v0.4.23
[INFO] [stderr]    Compiling bindgen v0.54.0
[INFO] [stderr]    Compiling serde v1.0.115
[INFO] [stderr]     Checking futures-io v0.3.5
[INFO] [stderr]    Compiling num-traits v0.2.12
[INFO] [stderr]    Compiling num-integer v0.1.43
[INFO] [stderr]    Compiling num-iter v0.1.41
[INFO] [stderr]    Compiling nom v5.1.2
[INFO] [stderr]    Compiling clang-sys v0.29.3
[INFO] [stderr]     Checking futures-channel v0.3.5
[INFO] [stderr]    Compiling atty v0.2.14
[INFO] [stderr]    Compiling log v0.4.11
[INFO] [stderr]    Compiling which v3.1.1
[INFO] [stderr]     Checking getrandom v0.1.14
[INFO] [stderr]     Checking crossbeam-channel v0.4.3
[INFO] [stderr]     Checking rand_core v0.5.1
[INFO] [stderr]     Checking rand_chacha v0.2.2
[INFO] [stderr]    Compiling env_logger v0.7.1
[INFO] [stderr]     Checking rand v0.7.3
[INFO] [stderr]    Compiling libloading v0.5.2
[INFO] [stderr]    Compiling openssl-sys v0.9.58
[INFO] [stderr]    Compiling couchbase v1.0.0-alpha.4 (/opt/rustwide/workdir)
[INFO] [stderr]     Checking num-complex v0.2.4
[INFO] [stderr]    Compiling cexpr v0.4.0
[INFO] [stderr]     Checking uuid v0.8.1
[INFO] [stderr]     Checking num-bigint v0.2.6
[INFO] [stderr]     Checking num-rational v0.2.4
[INFO] [stderr]     Checking num v0.2.1
[INFO] [stderr]     Checking parse_duration v2.1.0
[INFO] [stderr]     Checking serde_json v1.0.57
[INFO] [stderr]     Checking serde_urlencoded v0.6.1
[INFO] [stderr]    Compiling futures-macro v0.3.5
[INFO] [stderr]    Compiling snafu-derive v0.6.8
[INFO] [stderr]    Compiling serde_derive v1.0.115
[INFO] [stderr]     Checking pin-project v0.4.23
[INFO] [stderr]     Checking snafu v0.6.8
[INFO] [stderr]     Checking futures-util v0.3.5
[INFO] [stderr]    Compiling couchbase-sys v1.0.0-alpha.4
[INFO] [stderr]     Checking futures-executor v0.3.5
[INFO] [stderr]     Checking futures v0.3.5
[INFO] [stderr] error: failed to run custom build command for `couchbase-sys v1.0.0-alpha.4`
[INFO] [stderr] 
[INFO] [stderr] Caused by:
[INFO] [stderr]   process didn't exit successfully: `/opt/rustwide/target/debug/build/couchbase-sys-7b0573c39afaba32/build-script-main` (exit status: 101)
[INFO] [stderr]   --- stdout
[INFO] [stderr]   running: "cmake" "/opt/rustwide/cargo-home/registry/src/github.com-1ecc6299db9ec823/couchbase-sys-1.0.0-alpha.4/libcouchbase" "-DCMAKE_BUILD_TYPE=DEBUG" "-DLCB_NO_TESTS=ON" "-DLCB_NO_TOOLS=ON" "-DLCB_NO_MOCK=ON" "-DLCB_BUILD_LIBEV=OFF" "-DLCB_BUILD_LIBUV=OFF" "-DCMAKE_INSTALL_PREFIX=/opt/rustwide/target/debug/build/couchbase-sys-1580fdb36d99ed0c/out" "-DCMAKE_C_FLAGS= -ffunction-sections -fdata-sections -fPIC -m64" "-DCMAKE_C_COMPILER=/usr/bin/cc" "-DCMAKE_CXX_FLAGS= -ffunction-sections -fdata-sections -fPIC -m64" "-DCMAKE_CXX_COMPILER=/usr/bin/c++" "-DCMAKE_ASM_FLAGS= -ffunction-sections -fdata-sections -fPIC -m64" "-DCMAKE_ASM_COMPILER=/usr/bin/cc"
[INFO] [stderr]   -- The C compiler identification is GNU 9.3.0
[INFO] [stderr]   -- The CXX compiler identification is GNU 9.3.0
[INFO] [stderr]   -- Check for working C compiler: /usr/bin/cc
[INFO] [stderr]   -- Check for working C compiler: /usr/bin/cc -- works
[INFO] [stderr]   -- Detecting C compiler ABI info
[INFO] [stderr]   -- Detecting C compiler ABI info - done
[INFO] [stderr]   -- Detecting C compile features
[INFO] [stderr]   -- Detecting C compile features - done
[INFO] [stderr]   -- Check for working CXX compiler: /usr/bin/c++
[INFO] [stderr]   -- Check for working CXX compiler: /usr/bin/c++ -- works
[INFO] [stderr]   -- Detecting CXX compiler ABI info
[INFO] [stderr]   -- Detecting CXX compiler ABI info - done
[INFO] [stderr]   -- Detecting CXX compile features
[INFO] [stderr]   -- Detecting CXX compile features - done
[INFO] [stderr]   -- Found libevent in /usr/include : /usr/lib/x86_64-linux-gnu/libevent_core.so
[INFO] [stderr]   -- Looking for event_new
[INFO] [stderr]   -- Looking for event_new - found
[INFO] [stderr]   -- Sanitized VERSION=
[INFO] [stderr]   -- libcouchbase 3,0,3
[INFO] [stderr]   -- Building libcouchbase 3.0.3/0xdeadbeef
[INFO] [stderr]   -- Found OpenSSL: /usr/lib/x86_64-linux-gnu/libcrypto.so (found version "1.1.1f")  
[INFO] [stderr]   -- SSL Found: 1.1.1f (/usr/lib/x86_64-linux-gnu/libssl.so;/usr/lib/x86_64-linux-gnu/libcrypto.so)
[INFO] [stderr]   -- Performing Test HAVE_PKCS5_PBKDF2_HMAC
[INFO] [stderr]   -- Performing Test HAVE_PKCS5_PBKDF2_HMAC - Success
[INFO] [stderr]   -- Looking for gethrtime
[INFO] [stderr]   -- Looking for gethrtime - not found
[INFO] [stderr]   -- Looking for gettimeofday
[INFO] [stderr]   -- Looking for gettimeofday - found
[INFO] [stderr]   -- Looking for clock_gettime
[INFO] [stderr]   -- Looking for clock_gettime - found
[INFO] [stderr]   -- Looking for setitimer
[INFO] [stderr]   -- Looking for setitimer - found
[INFO] [stderr]   -- Looking for htonll
[INFO] [stderr]   -- Looking for htonll - not found
[INFO] [stderr]   -- Looking for res_search
[INFO] [stderr]   -- Looking for res_search - found
[INFO] [stderr]   -- Looking for include file dlfcn.h
[INFO] [stderr]   -- Looking for include file dlfcn.h - found
[INFO] [stderr]   -- Looking for include file netdb.h
[INFO] [stderr]   -- Looking for include file netdb.h - found
[INFO] [stderr]   -- Looking for include file stdint.h
[INFO] [stderr]   -- Looking for include file stdint.h - found
[INFO] [stderr]   -- Looking for include file stddef.h
[INFO] [stderr]   -- Looking for include file stddef.h - found
[INFO] [stderr]   -- Looking for include file strings.h
[INFO] [stderr]   -- Looking for include file strings.h - found
[INFO] [stderr]   -- Looking for include file sys/socket.h
[INFO] [stderr]   -- Looking for include file sys/socket.h - found
[INFO] [stderr]   -- Looking for include file sys/stat.h
[INFO] [stderr]   -- Looking for include file sys/stat.h - found
[INFO] [stderr]   -- Looking for include file sys/types.h
[INFO] [stderr]   -- Looking for include file sys/types.h - found
[INFO] [stderr]   -- Looking for include file unistd.h
[INFO] [stderr]   -- Looking for include file unistd.h - found
[INFO] [stderr]   -- Looking for include file sys/uio.h
[INFO] [stderr]   -- Looking for include file sys/uio.h - found
[INFO] [stderr]   -- Looking for include file fcntl.h
[INFO] [stderr]   -- Looking for include file fcntl.h - found
[INFO] [stderr]   -- Looking for include file sys/time.h
[INFO] [stderr]   -- Looking for include file sys/time.h - found
[INFO] [stderr]   -- Looking for include file arpa/inet.h
[INFO] [stderr]   -- Looking for include file arpa/inet.h - found
[INFO] [stderr]   -- Looking for include file inttypes.h
[INFO] [stderr]   -- Looking for include file inttypes.h - found
[INFO] [stderr]   -- Looking for include file arpa/nameser.h
[INFO] [stderr]   -- Looking for include file arpa/nameser.h - found
[INFO] [stderr]   -- Configuring done
[INFO] [stderr]   -- Generating done
[INFO] [stderr]   -- Build files have been written to: /opt/rustwide/target/debug/build/couchbase-sys-1580fdb36d99ed0c/out/build
[INFO] [stderr]   running: "cmake" "--build" "." "--target" "install" "--config" "Debug" "--"
[INFO] [stderr]   Scanning dependencies of target rdb
[INFO] [stderr]   Scanning dependencies of target lcb_jsparse
[INFO] [stderr]   Scanning dependencies of target netbuf-malloc
[INFO] [stderr]   Scanning dependencies of target mcreq-cxx
[INFO] [stderr]   Scanning dependencies of target lcbio
[INFO] [stderr]   Scanning dependencies of target couchbase_select
[INFO] [stderr]   Scanning dependencies of target vbucket-lcb
[INFO] [stderr]   Scanning dependencies of target mcreq
[INFO] [stderr]   Scanning dependencies of target netbuf
[INFO] [stderr]   Scanning dependencies of target couchbase_utils
[INFO] [stderr]   [  1%] Building C object CMakeFiles/rdb.dir/src/rdb/bigalloc.c.o
[INFO] [stderr]   Scanning dependencies of target cbsasl-lcb
[INFO] [stderr]   Scanning dependencies of target lcbssl
[INFO] [stderr]   Scanning dependencies of target lcbio-cxx
[INFO] [stderr]   Scanning dependencies of target lcbht
[INFO] [stderr]   [  2%] Building CXX object CMakeFiles/lcb_jsparse.dir/src/jsparse/parser.cc.o
[INFO] [stderr]   Scanning dependencies of target lcb_snappy
[INFO] [stderr]   Scanning dependencies of target couchbase_libevent
[INFO] [stderr]   [  3%] Building C object CMakeFiles/rdb.dir/src/rdb/chunkalloc.c.o
[INFO] [stderr]   [  4%] Building C object CMakeFiles/rdb.dir/src/rdb/libcalloc.c.o
[INFO] [stderr]   Scanning dependencies of target cliopts
[INFO] [stderr]   [  5%] Building C object CMakeFiles/rdb.dir/src/rdb/rope.c.o
[INFO] [stderr]   Scanning dependencies of target lcbcore
[INFO] [stderr]   Scanning dependencies of target lcb_jsoncpp
[INFO] [stderr]   [  7%] Building C object CMakeFiles/netbuf.dir/src/netbuf/netbuf.c.o
[INFO] [stderr]   [  7%] Building C object CMakeFiles/lcbio.dir/src/lcbio/ctx.c.o
[INFO] [stderr]   [  8%] Building C object CMakeFiles/lcbio.dir/src/lcbio/protoctx.c.o
[INFO] [stderr]   [  9%] Building C object CMakeFiles/couchbase_utils.dir/contrib/genhash/genhash.c.o
[INFO] [stderr]   [ 11%] Building C object CMakeFiles/lcbio.dir/src/lcbio/timer.c.o
[INFO] [stderr]   [ 12%] Building C object CMakeFiles/couchbase_utils.dir/src/strcodecs/base64.c.o
[INFO] [stderr]   [ 13%] Building C object plugins/io/select/CMakeFiles/couchbase_select.dir/plugin-select.c.o
[INFO] [stderr]   [ 13%] Building C object CMakeFiles/lcbio.dir/src/lcbio/iotable.c.o
[INFO] [stderr]   [ 14%] Building C object CMakeFiles/lcbht.dir/contrib/http_parser/http_parser.c.o
[INFO] [stderr]   [ 15%] Building CXX object CMakeFiles/mcreq-cxx.dir/src/mc/compress.cc.o
[INFO] [stderr]   [ 16%] Building C object CMakeFiles/couchbase_utils.dir/src/gethrtime.c.o
[INFO] [stderr]   [ 17%] Building C object CMakeFiles/couchbase_utils.dir/src/list.c.o
[INFO] [stderr]   [ 18%] Building C object CMakeFiles/mcreq.dir/src/mc/forward.c.o
[INFO] [stderr]   [ 19%] Building C object CMakeFiles/lcbcore.dir/src/callbacks.c.o
[INFO] [stderr]   [ 19%] Building C object CMakeFiles/couchbase_utils.dir/src/hashtable.c.o
[INFO] [stderr]   [ 21%] Building CXX object CMakeFiles/lcbio-cxx.dir/src/lcbio/ioutils.cc.o
[INFO] [stderr]   [ 21%] Building C object src/vbucket/CMakeFiles/vbucket-lcb.dir/vbucket.c.o
[INFO] [stderr]   [ 22%] Building C object CMakeFiles/mcreq.dir/src/mc/mcreq.c.o
[INFO] [stderr]   [ 22%] Building CXX object CMakeFiles/lcbio-cxx.dir/src/lcbio/manager.cc.o
[INFO] [stderr]   [ 23%] Building C object src/vbucket/CMakeFiles/vbucket-lcb.dir/ketama.c.o
[INFO] [stderr]   [ 23%] Building C object contrib/cbsasl/CMakeFiles/cbsasl-lcb.dir/src/client.c.o
[INFO] [stderr]   [ 24%] Building C object src/vbucket/CMakeFiles/vbucket-lcb.dir/__/__/contrib/cJSON/cJSON.c.o
[INFO] [stderr]   [ 25%] Building CXX object contrib/lcb-jsoncpp/CMakeFiles/lcb_jsoncpp.dir/lcb-jsoncpp.cpp.o
[INFO] [stderr]   [ 26%] Building CXX object contrib/snappy/CMakeFiles/lcb_snappy.dir/snappy-c.cc.o
[INFO] [stderr]   [ 28%] Building C object src/ssl/CMakeFiles/lcbssl.dir/ssl_e.c.o
[INFO] [stderr]   [ 28%] Building CXX object CMakeFiles/lcbio-cxx.dir/src/lcbio/connect.cc.o
[INFO] [stderr]   [ 29%] Building C object src/ssl/CMakeFiles/lcbssl.dir/ssl_c.c.o
[INFO] [stderr]   [ 30%] Building C object contrib/cliopts/CMakeFiles/cliopts.dir/cliopts.c.o
[INFO] [stderr]   [ 31%] Building C object plugins/io/libevent/CMakeFiles/couchbase_libevent.dir/plugin-libevent.c.o
[INFO] [stderr]   Scanning dependencies of target lcbcore-cxx
[INFO] [stderr]   [ 31%] Built target netbuf
[INFO] [stderr]   [ 32%] Building C object CMakeFiles/netbuf-malloc.dir/src/netbuf/netbuf.c.o
[INFO] [stderr]   [ 33%] Building CXX object CMakeFiles/lcbcore-cxx.dir/src/analytics/analytics.cc.o
[INFO] [stderr]   [ 34%] Building C object src/ssl/CMakeFiles/lcbssl.dir/ssl_common.c.o
[INFO] [stderr]   [ 35%] Building CXX object contrib/snappy/CMakeFiles/lcb_snappy.dir/snappy-sinksource.cc.o
[INFO] [stderr]   [ 35%] Building CXX object CMakeFiles/lcbcore-cxx.dir/src/instance.cc.o
[INFO] [stderr]   [ 35%] Built target rdb
[INFO] [stderr]   [ 36%] Building CXX object CMakeFiles/lcbcore-cxx.dir/src/auth.cc.o
[INFO] [stderr]   [ 37%] Building CXX object contrib/snappy/CMakeFiles/lcb_snappy.dir/snappy-stubs-internal.cc.o
[INFO] [stderr]   [ 38%] Building CXX object CMakeFiles/lcbcore-cxx.dir/src/bootstrap.cc.o
[INFO] [stderr]   [ 39%] Building C object CMakeFiles/couchbase_utils.dir/src/logging.c.o
[INFO] [stderr]   [ 40%] Linking C shared library ../../../lib/libcouchbase_libevent.so
[INFO] [stderr]   [ 41%] Building C object contrib/cbsasl/CMakeFiles/cbsasl-lcb.dir/src/hash.c.o
[INFO] [stderr]   [ 42%] Building C object contrib/cbsasl/CMakeFiles/cbsasl-lcb.dir/src/common.c.o
[INFO] [stderr]   [ 43%] Building C object CMakeFiles/couchbase_utils.dir/src/ringbuffer.c.o
[INFO] [stderr]   [ 44%] Building CXX object contrib/snappy/CMakeFiles/lcb_snappy.dir/snappy.cc.o
[INFO] [stderr]   [ 45%] Building C object CMakeFiles/lcbcore.dir/src/iofactory.c.o
[INFO] [stderr]   [ 45%] Built target mcreq
[INFO] [stderr]   [ 46%] Building C object contrib/cbsasl/CMakeFiles/cbsasl-lcb.dir/src/cram-md5/hmac.c.o
[INFO] [stderr]   [ 46%] Built target couchbase_libevent
[INFO] [stderr]   [ 47%] Building C object contrib/cbsasl/CMakeFiles/cbsasl-lcb.dir/src/cram-md5/md5.c.o
[INFO] [stderr]   [ 48%] Building C object CMakeFiles/lcbcore.dir/src/settings.c.o
[INFO] [stderr]   [ 48%] Built target couchbase_select
[INFO] [stderr]   [ 49%] Building C object CMakeFiles/lcbcore.dir/src/utilities.c.o
[INFO] [stderr]   [ 49%] Built target cliopts
[INFO] [stderr]   [ 49%] Built target lcbht
[INFO] [stderr]   [ 50%] Building C object contrib/cbsasl/CMakeFiles/cbsasl-lcb.dir/src/scram-sha/scram_utils.c.o
[INFO] [stderr]   [ 51%] Building CXX object CMakeFiles/lcbcore-cxx.dir/src/bucketconfig/bc_cccp.cc.o
[INFO] [stderr]   [ 51%] Built target netbuf-malloc
[INFO] [stderr]   [ 51%] Built target lcbio
[INFO] [stderr]   [ 52%] Building CXX object CMakeFiles/lcbcore-cxx.dir/src/bucketconfig/bc_http.cc.o
[INFO] [stderr]   [ 53%] Building C object CMakeFiles/lcbcore.dir/src/timings.c.o
[INFO] [stderr]   [ 54%] Building CXX object CMakeFiles/lcbcore-cxx.dir/src/bucketconfig/bc_static.cc.o
[INFO] [stderr]   [ 55%] Building CXX object CMakeFiles/lcbcore-cxx.dir/src/bucketconfig/bc_file.cc.o
[INFO] [stderr]   [ 56%] Building CXX object CMakeFiles/lcbcore-cxx.dir/src/bucketconfig/confmon.cc.o
[INFO] [stderr]   [ 57%] Building CXX object CMakeFiles/lcbcore-cxx.dir/src/connspec.cc.o
[INFO] [stderr]   [ 58%] Building CXX object CMakeFiles/lcbcore-cxx.dir/src/collections.cc.o
[INFO] [stderr]   [ 59%] Building CXX object CMakeFiles/lcbcore-cxx.dir/src/crypto.cc.o
[INFO] [stderr]   [ 60%] Building CXX object CMakeFiles/lcbcore-cxx.dir/src/dns-srv.cc.o
[INFO] [stderr]   [ 60%] Built target cbsasl-lcb
[INFO] [stderr]   [ 61%] Building CXX object CMakeFiles/lcbcore-cxx.dir/src/dump.cc.o
[INFO] [stderr]   [ 62%] Building CXX object CMakeFiles/lcbcore-cxx.dir/src/errmap.cc.o
[INFO] [stderr]   [ 62%] Building CXX object CMakeFiles/lcbcore-cxx.dir/src/getconfig.cc.o
[INFO] [stderr]   [ 63%] Building CXX object CMakeFiles/lcbcore-cxx.dir/src/http/http.cc.o
[INFO] [stderr]   [ 65%] Building CXX object CMakeFiles/lcbcore-cxx.dir/src/handler.cc.o
[INFO] [stderr]   [ 65%] Built target lcbssl
[INFO] [stderr]   [ 65%] Building CXX object CMakeFiles/lcbcore-cxx.dir/src/nodeinfo.cc.o
[INFO] [stderr]   [ 65%] Built target vbucket-lcb
[INFO] [stderr]   [ 66%] Building CXX object CMakeFiles/lcbcore-cxx.dir/src/hostlist.cc.o
[INFO] [stderr]   [ 67%] Building CXX object CMakeFiles/lcbcore-cxx.dir/src/http/http_io.cc.o
[INFO] [stderr]   [ 67%] Built target couchbase_utils
[INFO] [stderr]   [ 68%] Building CXX object CMakeFiles/lcbcore-cxx.dir/src/lcbht/lcbht.cc.o
[INFO] [stderr]   [ 69%] Building CXX object CMakeFiles/lcbcore-cxx.dir/src/n1ql/n1ql.cc.o
[INFO] [stderr]   [ 70%] Building CXX object CMakeFiles/lcbcore-cxx.dir/src/newconfig.cc.o
[INFO] [stderr]   [ 71%] Building CXX object CMakeFiles/lcbcore-cxx.dir/src/n1ql/ixmgmt.cc.o
[INFO] [stderr]   [ 71%] Built target lcb_jsparse
[INFO] [stderr]   [ 71%] Built target lcbcore
[INFO] [stderr]   [ 72%] Building CXX object CMakeFiles/lcbcore-cxx.dir/src/cbft.cc.o
[INFO] [stderr]   [ 73%] Building CXX object CMakeFiles/lcbcore-cxx.dir/src/operations/cbflush.cc.o
[INFO] [stderr]   [ 74%] Building CXX object CMakeFiles/lcbcore-cxx.dir/src/operations/counter.cc.o
[INFO] [stderr]   [ 74%] Built target lcb_snappy
[INFO] [stderr]   [ 75%] Building CXX object CMakeFiles/lcbcore-cxx.dir/src/operations/durability.cc.o
[INFO] [stderr]   [ 75%] Built target mcreq-cxx
[INFO] [stderr]   [ 76%] Building CXX object CMakeFiles/lcbcore-cxx.dir/src/operations/durability-seqno.cc.o
[INFO] [stderr]   [ 77%] Building CXX object CMakeFiles/lcbcore-cxx.dir/src/operations/get.cc.o
[INFO] [stderr]   [ 77%] Building CXX object CMakeFiles/lcbcore-cxx.dir/src/operations/observe.cc.o
[INFO] [stderr]   [ 78%] Building CXX object CMakeFiles/lcbcore-cxx.dir/src/operations/observe-seqno.cc.o
[INFO] [stderr]   [ 79%] Building CXX object CMakeFiles/lcbcore-cxx.dir/src/operations/remove.cc.o
[INFO] [stderr]   [ 79%] Built target lcbio-cxx
[INFO] [stderr]   [ 80%] Building CXX object CMakeFiles/lcbcore-cxx.dir/src/operations/store.cc.o
[INFO] [stderr]   [ 81%] Building CXX object CMakeFiles/lcbcore-cxx.dir/src/operations/pktfwd.cc.o
[INFO] [stderr]   [ 82%] Building CXX object CMakeFiles/lcbcore-cxx.dir/src/operations/subdoc.cc.o
[INFO] [stderr]   [ 83%] Building CXX object CMakeFiles/lcbcore-cxx.dir/src/operations/stats.cc.o
[INFO] [stderr]   [ 84%] Building CXX object CMakeFiles/lcbcore-cxx.dir/src/operations/touch.cc.o
[INFO] [stderr]   [ 85%] Building CXX object CMakeFiles/lcbcore-cxx.dir/src/operations/ping.cc.o
[INFO] [stderr]   [ 86%] Building CXX object CMakeFiles/lcbcore-cxx.dir/src/operations/exists.cc.o
[INFO] [stderr] 
[INFO] [stderr]   --- stderr
[INFO] [stderr]   fatal: not a git repository (or any parent up to mount point /opt/rustwide)
[INFO] [stderr]   Stopping at filesystem boundary (GIT_DISCOVERY_ACROSS_FILESYSTEM not set).
[INFO] [stderr]   fatal: not a git repository (or any parent up to mount point /opt/rustwide)
[INFO] [stderr]   Stopping at filesystem boundary (GIT_DISCOVERY_ACROSS_FILESYSTEM not set).
[INFO] [stderr]   fatal: not a git repository (or any parent up to mount point /opt/rustwide)
[INFO] [stderr]   Stopping at filesystem boundary (GIT_DISCOVERY_ACROSS_FILESYSTEM not set).
[INFO] [stderr]   CMake Warning:
[INFO] [stderr]     Manually-specified variables were not used by the project:
[INFO] [stderr] 
[INFO] [stderr]       CMAKE_ASM_COMPILER
[INFO] [stderr]       CMAKE_ASM_FLAGS
[INFO] [stderr] 
[INFO] [stderr] 
[INFO] [stderr]   /opt/rustwide/cargo-home/registry/src/github.com-1ecc6299db9ec823/couchbase-sys-1.0.0-alpha.4/libcouchbase/src/ssl/ssl_common.c:492:13: warning: 'ossl_lockfn' defined but not used [-Wunused-function]
[INFO] [stderr]     492 | static void ossl_lockfn(int mode, int lkid, const char *f, int line)
[INFO] [stderr]         |             ^~~~~~~~~~~
[INFO] [stderr]   c++: fatal error: Killed signal terminated program cc1plus
[INFO] [stderr]   compilation terminated.
[INFO] [stderr]   make[2]: *** [contrib/lcb-jsoncpp/CMakeFiles/lcb_jsoncpp.dir/build.make:63: contrib/lcb-jsoncpp/CMakeFiles/lcb_jsoncpp.dir/lcb-jsoncpp.cpp.o] Error 1
[INFO] [stderr]   c++: fatal error: Killed signal terminated program cc1plus
[INFO] [stderr]   compilation terminated.
[INFO] [stderr]   make[2]: *** [CMakeFiles/lcbcore-cxx.dir/build.make:375: CMakeFiles/lcbcore-cxx.dir/src/n1ql/ixmgmt.cc.o] Error 1
[INFO] [stderr]   make[1]: *** [CMakeFiles/Makefile2:913: contrib/lcb-jsoncpp/CMakeFiles/lcb_jsoncpp.dir/all] Error 2
[INFO] [stderr]   make[1]: *** Waiting for unfinished jobs....
[INFO] [stderr]   make[2]: *** Waiting for unfinished jobs....
[INFO] [stderr]   c++: fatal error: Killed signal terminated program cc1plus
[INFO] [stderr]   compilation terminated.
[INFO] [stderr]   make[2]: *** [CMakeFiles/lcbcore-cxx.dir/build.make:63: CMakeFiles/lcbcore-cxx.dir/src/instance.cc.o] Error 1
[INFO] [stderr]   /opt/rustwide/cargo-home/registry/src/github.com-1ecc6299db9ec823/couchbase-sys-1.0.0-alpha.4/libcouchbase/src/errmap.cc: In function 'lcb_RETRY_ACTION lcb_retry_strategy_fail_fast(lcb_RETRY_REQUEST*, lcb_RETRY_REASON)':
[INFO] [stderr]   /opt/rustwide/cargo-home/registry/src/github.com-1ecc6299db9ec823/couchbase-sys-1.0.0-alpha.4/libcouchbase/src/errmap.cc:252:66: warning: unused parameter 'req' [-Wunused-parameter]
[INFO] [stderr]     252 | lcb_RETRY_ACTION lcb_retry_strategy_fail_fast(lcb_RETRY_REQUEST *req, lcb_RETRY_REASON reason) {
[INFO] [stderr]         |                                               ~~~~~~~~~~~~~~~~~~~^~~
[INFO] [stderr]   /opt/rustwide/cargo-home/registry/src/github.com-1ecc6299db9ec823/couchbase-sys-1.0.0-alpha.4/libcouchbase/src/errmap.cc:252:88: warning: unused parameter 'reason' [-Wunused-parameter]
[INFO] [stderr]     252 | lcb_RETRY_ACTION lcb_retry_strategy_fail_fast(lcb_RETRY_REQUEST *req, lcb_RETRY_REASON reason) {
[INFO] [stderr]         |                                                                       ~~~~~~~~~~~~~~~~~^~~~~~
[INFO] [stderr]   c++: fatal error: Killed signal terminated program cc1plus
[INFO] [stderr]   compilation terminated.
[INFO] [stderr]   make[2]: *** [CMakeFiles/lcbcore-cxx.dir/build.make:115: CMakeFiles/lcbcore-cxx.dir/src/bucketconfig/bc_cccp.cc.o] Error 1
[INFO] [stderr]   c++: fatal error: Killed signal terminated program cc1plus
[INFO] [stderr]   compilation terminated.
[INFO] [stderr]   make[2]: *** [CMakeFiles/lcbcore-cxx.dir/build.make:310: CMakeFiles/lcbcore-cxx.dir/src/http/http.cc.o] Error 1
[INFO] [stderr]   c++: fatal error: Killed signal terminated program cc1plus
[INFO] [stderr]   compilation terminated.
[INFO] [stderr]   c++: fatal error: Killed signal terminated program cc1plus
[INFO] [stderr]   compilation terminated.
[INFO] [stderr]   make[2]: *** [CMakeFiles/lcbcore-cxx.dir/build.make:284: CMakeFiles/lcbcore-cxx.dir/src/handler.cc.o] Error 1
[INFO] [stderr]   make[2]: *** [CMakeFiles/lcbcore-cxx.dir/build.make:362: CMakeFiles/lcbcore-cxx.dir/src/n1ql/n1ql.cc.o] Error 1
[INFO] [stderr]   c++: fatal error: Killed signal terminated program cc1plus
[INFO] [stderr]   compilation terminated.
[INFO] [stderr]   make[2]: *** [CMakeFiles/lcbcore-cxx.dir/build.make:453: CMakeFiles/lcbcore-cxx.dir/src/operations/get.cc.o] Error 1
[INFO] [stderr]   c++: fatal error: Killed signal terminated program cc1plus
[INFO] [stderr]   compilation terminated.
[INFO] [stderr]   make[2]: *** [CMakeFiles/lcbcore-cxx.dir/build.make:440: CMakeFiles/lcbcore-cxx.dir/src/operations/durability-seqno.cc.o] Error 1
[INFO] [stderr]   c++: fatal error: Killed signal terminated program cc1plus
[INFO] [stderr]   compilation terminated.
[INFO] [stderr]   make[2]: *** [CMakeFiles/lcbcore-cxx.dir/build.make:245: CMakeFiles/lcbcore-cxx.dir/src/errmap.cc.o] Error 1
[INFO] [stderr]   make[1]: *** [CMakeFiles/Makefile2:546: CMakeFiles/lcbcore-cxx.dir/all] Error 2
[INFO] [stderr]   make: *** [Makefile:163: all] Error 2
[INFO] [stderr]   thread 'main' panicked at '
[INFO] [stderr]   command did not execute successfully, got: exit status: 2
[INFO] [stderr] 
[INFO] [stderr]   build script failed, must exit now', /opt/rustwide/cargo-home/registry/src/github.com-1ecc6299db9ec823/couchbase-sys-1.0.0-alpha.4/build/cmake.rs:681:5
[INFO] [stderr]   stack backtrace:
[INFO] [stderr]      0:     0x55f8c8ecd510 - std::backtrace_rs::backtrace::libunwind::trace::hff4d1766e93f64f1
[INFO] [stderr]                                  at /rustc/53fd98ca776cb875bc9e5514f56b52eb74f9e7a9/library/std/src/../../backtrace/src/backtrace/libunwind.rs:90:5
[INFO] [stderr]      1:     0x55f8c8ecd510 - std::backtrace_rs::backtrace::trace_unsynchronized::h56bbc8eb78770bcb
[INFO] [stderr]                                  at /rustc/53fd98ca776cb875bc9e5514f56b52eb74f9e7a9/library/std/src/../../backtrace/src/backtrace/mod.rs:66:5
[INFO] [stderr]      2:     0x55f8c8ecd510 - std::sys_common::backtrace::_print_fmt::h5c8e75464faca780
[INFO] [stderr]                                  at /rustc/53fd98ca776cb875bc9e5514f56b52eb74f9e7a9/library/std/src/sys_common/backtrace.rs:67:5
[INFO] [stderr]      3:     0x55f8c8ecd510 - <std::sys_common::backtrace::_print::DisplayBacktrace as core::fmt::Display>::fmt::h48b88277def8b362
[INFO] [stderr]                                  at /rustc/53fd98ca776cb875bc9e5514f56b52eb74f9e7a9/library/std/src/sys_common/backtrace.rs:46:22
[INFO] [stderr]      4:     0x55f8c8ef315c - core::fmt::write::h3381b3176fe2b3d3
[INFO] [stderr]                                  at /rustc/53fd98ca776cb875bc9e5514f56b52eb74f9e7a9/library/core/src/fmt/mod.rs:1115:17
[INFO] [stderr]      5:     0x55f8c8eca135 - std::io::Write::write_fmt::hd42607e5d8e44db0
[INFO] [stderr]                                  at /rustc/53fd98ca776cb875bc9e5514f56b52eb74f9e7a9/library/std/src/io/mod.rs:1665:15
[INFO] [stderr]      6:     0x55f8c8ecfebb - std::sys_common::backtrace::_print::ha537687d6c17dd0d
[INFO] [stderr]                                  at /rustc/53fd98ca776cb875bc9e5514f56b52eb74f9e7a9/library/std/src/sys_common/backtrace.rs:49:5
[INFO] [stderr]      7:     0x55f8c8ecfebb - std::sys_common::backtrace::print::h61376ae57d131d72
[INFO] [stderr]                                  at /rustc/53fd98ca776cb875bc9e5514f56b52eb74f9e7a9/library/std/src/sys_common/backtrace.rs:36:9
[INFO] [stderr]      8:     0x55f8c8ecfebb - std::panicking::default_hook::{{closure}}::h0f7208c0b9644a54
[INFO] [stderr]                                  at /rustc/53fd98ca776cb875bc9e5514f56b52eb74f9e7a9/library/std/src/panicking.rs:208:50
[INFO] [stderr]      9:     0x55f8c8ecf991 - std::panicking::default_hook::hdac7fc06578c14ce
[INFO] [stderr]                                  at /rustc/53fd98ca776cb875bc9e5514f56b52eb74f9e7a9/library/std/src/panicking.rs:225:9
[INFO] [stderr]     10:     0x55f8c8ed0584 - std::panicking::rust_panic_with_hook::h72b21c283da3d1ef
[INFO] [stderr]                                  at /rustc/53fd98ca776cb875bc9e5514f56b52eb74f9e7a9/library/std/src/panicking.rs:622:17
[INFO] [stderr]     11:     0x55f8c8ed0067 - std::panicking::begin_panic_handler::{{closure}}::he5778f1729cff84a
[INFO] [stderr]                                  at /rustc/53fd98ca776cb875bc9e5514f56b52eb74f9e7a9/library/std/src/panicking.rs:519:13
[INFO] [stderr]     12:     0x55f8c8ecd9ec - std::sys_common::backtrace::__rust_end_short_backtrace::h2d11ca8b453b4b1d
[INFO] [stderr]                                  at /rustc/53fd98ca776cb875bc9e5514f56b52eb74f9e7a9/library/std/src/sys_common/backtrace.rs:141:18
[INFO] [stderr]     13:     0x55f8c8ecffc9 - rust_begin_unwind
[INFO] [stderr]                                  at /rustc/53fd98ca776cb875bc9e5514f56b52eb74f9e7a9/library/std/src/panicking.rs:515:5
[INFO] [stderr]     14:     0x55f8c897ac9b - std::panicking::begin_panic_fmt::h746518bde832d259
[INFO] [stderr]                                  at /rustc/53fd98ca776cb875bc9e5514f56b52eb74f9e7a9/library/std/src/panicking.rs:457:5
[INFO] [stderr]     15:     0x55f8c89841e3 - build_script_main::cmake::fail::hd7a8d1c65947043d
[INFO] [stderr]                                  at /opt/rustwide/cargo-home/registry/src/github.com-1ecc6299db9ec823/couchbase-sys-1.0.0-alpha.4/build/cmake.rs:681:5
[INFO] [stderr]     16:     0x55f8c8983c0d - build_script_main::cmake::run::h4decb2172590d0b4
[INFO] [stderr]                                  at /opt/rustwide/cargo-home/registry/src/github.com-1ecc6299db9ec823/couchbase-sys-1.0.0-alpha.4/build/cmake.rs:659:9
[INFO] [stderr]     17:     0x55f8c8980e3b - build_script_main::cmake::Config::build::hd102f695a071d55d
[INFO] [stderr]                                  at /opt/rustwide/cargo-home/registry/src/github.com-1ecc6299db9ec823/couchbase-sys-1.0.0-alpha.4/build/cmake.rs:565:9
[INFO] [stderr]     18:     0x55f8c8986399 - build_script_main::main::h6add97ac866c4da0
[INFO] [stderr]                                  at /opt/rustwide/cargo-home/registry/src/github.com-1ecc6299db9ec823/couchbase-sys-1.0.0-alpha.4/build/main.rs:59:21
[INFO] [stderr]     19:     0x55f8c898c6bb - core::ops::function::FnOnce::call_once::hca21e400b151a455
[INFO] [stderr]                                  at /rustc/53fd98ca776cb875bc9e5514f56b52eb74f9e7a9/library/core/src/ops/function.rs:227:5
[INFO] [stderr]     20:     0x55f8c8985aee - std::sys_common::backtrace::__rust_begin_short_backtrace::h13e84acb2a1da79c
[INFO] [stderr]                                  at /rustc/53fd98ca776cb875bc9e5514f56b52eb74f9e7a9/library/std/src/sys_common/backtrace.rs:125:18
[INFO] [stderr]     21:     0x55f8c898b0e1 - std::rt::lang_start::{{closure}}::h86de79f8665fa374
[INFO] [stderr]                                  at /rustc/53fd98ca776cb875bc9e5514f56b52eb74f9e7a9/library/std/src/rt.rs:63:18
[INFO] [stderr]     22:     0x55f8c8ed0b8a - core::ops::function::impls::<impl core::ops::function::FnOnce<A> for &F>::call_once::ha88a7d1a4d24e549
[INFO] [stderr]                                  at /rustc/53fd98ca776cb875bc9e5514f56b52eb74f9e7a9/library/core/src/ops/function.rs:259:13
[INFO] [stderr]     23:     0x55f8c8ed0b8a - std::panicking::try::do_call::hd3b1d7740607ccc7
[INFO] [stderr]                                  at /rustc/53fd98ca776cb875bc9e5514f56b52eb74f9e7a9/library/std/src/panicking.rs:401:40
[INFO] [stderr]     24:     0x55f8c8ed0b8a - std::panicking::try::h0ee8c65ac7461507
[INFO] [stderr]                                  at /rustc/53fd98ca776cb875bc9e5514f56b52eb74f9e7a9/library/std/src/panicking.rs:365:19
[INFO] [stderr]     25:     0x55f8c8ed0b8a - std::panic::catch_unwind::head47f0de4ccd838
[INFO] [stderr]                                  at /rustc/53fd98ca776cb875bc9e5514f56b52eb74f9e7a9/library/std/src/panic.rs:434:14
[INFO] [stderr]     26:     0x55f8c8ed0b8a - std::rt::lang_start_internal::{{closure}}::hbc7de8ec820ac085
[INFO] [stderr]                                  at /rustc/53fd98ca776cb875bc9e5514f56b52eb74f9e7a9/library/std/src/rt.rs:45:48
[INFO] [stderr]     27:     0x55f8c8ed0b8a - std::panicking::try::do_call::h2609e52e8bad4a7b
[INFO] [stderr]                                  at /rustc/53fd98ca776cb875bc9e5514f56b52eb74f9e7a9/library/std/src/panicking.rs:401:40
[INFO] [stderr]     28:     0x55f8c8ed0b8a - std::panicking::try::hd0929f0b603e0389
[INFO] [stderr]                                  at /rustc/53fd98ca776cb875bc9e5514f56b52eb74f9e7a9/library/std/src/panicking.rs:365:19
[INFO] [stderr]     29:     0x55f8c8ed0b8a - std::panic::catch_unwind::h27902b81c3e47571
[INFO] [stderr]                                  at /rustc/53fd98ca776cb875bc9e5514f56b52eb74f9e7a9/library/std/src/panic.rs:434:14
[INFO] [stderr]     30:     0x55f8c8ed0b8a - std::rt::lang_start_internal::h3fb2d794dd391e3e
[INFO] [stderr]                                  at /rustc/53fd98ca776cb875bc9e5514f56b52eb74f9e7a9/library/std/src/rt.rs:45:20
[INFO] [stderr]     31:     0x55f8c898b0b0 - std::rt::lang_start::hf7132bef7d8cee99
[INFO] [stderr]                                  at /rustc/53fd98ca776cb875bc9e5514f56b52eb74f9e7a9/library/std/src/rt.rs:62:5
[INFO] [stderr]     32:     0x55f8c8986b5c - main
[INFO] [stderr]     33:     0x7feaa8e380b3 - __libc_start_main
[INFO] [stderr]     34:     0x55f8c897c14e - _start
[INFO] [stderr]     35:                0x0 - <unknown>
[INFO] running `Command { std: "docker" "inspect" "efde3ca4aef66d8af43d126f1761109d1936be5051216b44dc1fd02f6fa560bb", kill_on_drop: false }`
[INFO] running `Command { std: "docker" "rm" "-f" "efde3ca4aef66d8af43d126f1761109d1936be5051216b44dc1fd02f6fa560bb", kill_on_drop: false }`
[INFO] [stdout] efde3ca4aef66d8af43d126f1761109d1936be5051216b44dc1fd02f6fa560bb
