[INFO] crate combup 0.1.5 is already in cache
[INFO] documenting combup-0.1.5 against 1.54.0 for beta-1.55-rustdoc-1
[INFO] extracting crate combup 0.1.5 into /workspace/builds/worker-78/source
[INFO] validating manifest of crates.io crate combup 0.1.5 on toolchain 1.54.0
[INFO] running `Command { std: "/workspace/cargo-home/bin/cargo" "+1.54.0" "metadata" "--manifest-path" "Cargo.toml" "--no-deps", kill_on_drop: false }`
[INFO] started tweaking crates.io crate combup 0.1.5
[INFO] finished tweaking crates.io crate combup 0.1.5
[INFO] tweaked toml for crates.io crate combup 0.1.5 written to /workspace/builds/worker-78/source/Cargo.toml
[INFO] running `Command { std: "/workspace/cargo-home/bin/cargo" "+1.54.0" "generate-lockfile" "--manifest-path" "Cargo.toml" "-Zno-index-update", kill_on_drop: false }`
[INFO] [stderr]     Blocking waiting for file lock on package cache
[INFO] running `Command { std: "/workspace/cargo-home/bin/cargo" "+1.54.0" "fetch" "--manifest-path" "Cargo.toml", kill_on_drop: false }`
[INFO] [stderr]     Blocking waiting for file lock on package cache
[INFO] [stderr]     Blocking waiting for file lock on package cache
[INFO] running `Command { std: "docker" "create" "-v" "/var/lib/crater-agent-workspace/builds/worker-78/target:/opt/rustwide/target:rw,Z" "-v" "/var/lib/crater-agent-workspace/builds/worker-78/source:/opt/rustwide/workdir:ro,Z" "-v" "/var/lib/crater-agent-workspace/cargo-home:/opt/rustwide/cargo-home:ro,Z" "-v" "/var/lib/crater-agent-workspace/rustup-home:/opt/rustwide/rustup-home:ro,Z" "-e" "SOURCE_DIR=/opt/rustwide/workdir" "-e" "CARGO_TARGET_DIR=/opt/rustwide/target" "-e" "CARGO_HOME=/opt/rustwide/cargo-home" "-e" "RUSTUP_HOME=/opt/rustwide/rustup-home" "-w" "/opt/rustwide/workdir" "-m" "1610612736" "--user" "0:0" "--network" "none" "ghcr.io/rust-lang/crates-build-env/linux@sha256:34b6a614d2c27851fe6cbf88fbd1137609cefab8b10d0615aaeb6fd47975d74e" "/opt/rustwide/cargo-home/bin/cargo" "+1.54.0" "metadata" "--no-deps" "--format-version=1", kill_on_drop: false }`
[INFO] [stdout] c20bc6ed72878cbfd0b457aa3be96bc63f9461b432ea5c6bd4471c529b4cde71
[INFO] running `Command { std: "docker" "start" "-a" "c20bc6ed72878cbfd0b457aa3be96bc63f9461b432ea5c6bd4471c529b4cde71", kill_on_drop: false }`
[INFO] running `Command { std: "docker" "inspect" "c20bc6ed72878cbfd0b457aa3be96bc63f9461b432ea5c6bd4471c529b4cde71", kill_on_drop: false }`
[INFO] running `Command { std: "docker" "rm" "-f" "c20bc6ed72878cbfd0b457aa3be96bc63f9461b432ea5c6bd4471c529b4cde71", kill_on_drop: false }`
[INFO] [stdout] c20bc6ed72878cbfd0b457aa3be96bc63f9461b432ea5c6bd4471c529b4cde71
[INFO] running `Command { std: "docker" "create" "-v" "/var/lib/crater-agent-workspace/builds/worker-78/target:/opt/rustwide/target:rw,Z" "-v" "/var/lib/crater-agent-workspace/builds/worker-78/source:/opt/rustwide/workdir:ro,Z" "-v" "/var/lib/crater-agent-workspace/cargo-home:/opt/rustwide/cargo-home:ro,Z" "-v" "/var/lib/crater-agent-workspace/rustup-home:/opt/rustwide/rustup-home:ro,Z" "-e" "SOURCE_DIR=/opt/rustwide/workdir" "-e" "CARGO_TARGET_DIR=/opt/rustwide/target" "-e" "CARGO_INCREMENTAL=0" "-e" "RUST_BACKTRACE=full" "-e" "RUSTDOCFLAGS=--cap-lints=warn" "-e" "CARGO_HOME=/opt/rustwide/cargo-home" "-e" "RUSTUP_HOME=/opt/rustwide/rustup-home" "-w" "/opt/rustwide/workdir" "-m" "1610612736" "--user" "0:0" "--network" "none" "ghcr.io/rust-lang/crates-build-env/linux@sha256:34b6a614d2c27851fe6cbf88fbd1137609cefab8b10d0615aaeb6fd47975d74e" "/opt/rustwide/cargo-home/bin/cargo" "+1.54.0" "doc" "--frozen" "--no-deps" "--document-private-items" "--message-format=json", kill_on_drop: false }`
[INFO] [stdout] 54beb74e7d895f9bb5f0036d460f4f404ca2ed9f3e7fc9bbb2c505b620161ff6
[INFO] running `Command { std: "docker" "start" "-a" "54beb74e7d895f9bb5f0036d460f4f404ca2ed9f3e7fc9bbb2c505b620161ff6", kill_on_drop: false }`
[INFO] [stderr]    Compiling winapi-build v0.1.1
[INFO] [stderr]     Checking winapi v0.2.8
[INFO] [stderr]     Checking lazy_static v0.2.11
[INFO] [stderr]    Compiling kernel32-sys v0.2.2
[INFO] [stderr]  Documenting combup v0.1.5 (/opt/rustwide/workdir)
[INFO] [stdout] error[E0432]: unresolved imports `winapi::IUnknown`, `winapi::REFIID`, `winapi::S_OK`, `winapi::E_NOINTERFACE`
[INFO] [stdout]  --> src/comptr.rs:7:14
[INFO] [stdout]   |
[INFO] [stdout] 7 | use winapi::{IUnknown, REFIID, S_OK, E_NOINTERFACE};
[INFO] [stdout]   |              ^^^^^^^^  ^^^^^^  ^^^^  ^^^^^^^^^^^^^ no `E_NOINTERFACE` in the root
[INFO] [stdout]   |              |         |       |
[INFO] [stdout]   |              |         |       no `S_OK` in the root
[INFO] [stdout]   |              |         no `REFIID` in the root
[INFO] [stdout]   |              no `IUnknown` in the root
[INFO] [stdout] 
[INFO] [stdout] 
[INFO] [stdout] error[E0432]: unresolved import `winapi::IDWriteLocalizedStrings`
[INFO] [stdout]  --> src/wide.rs:5:5
[INFO] [stdout]   |
[INFO] [stdout] 5 | use winapi::IDWriteLocalizedStrings;
[INFO] [stdout]   |     ^^^^^^^^^^^^^^^^^^^^^^^^^^^^^^^ no `IDWriteLocalizedStrings` in the root
[INFO] [stdout] 
[INFO] [stdout] 
[INFO] [stdout] error[E0432]: unresolved import `winapi::wchar_t`
[INFO] [stdout]  --> src/wide.rs:6:5
[INFO] [stdout]   |
[INFO] [stdout] 6 | use winapi::wchar_t;
[INFO] [stdout]   |     ^^^^^^^^^^^^^^^ no `wchar_t` in the root
[INFO] [stdout] 
[INFO] [stdout] 
[INFO] [stdout] error[E0432]: unresolved import `winapi::winerror`
[INFO] [stdout]  --> src/wide.rs:8:13
[INFO] [stdout]   |
[INFO] [stdout] 8 | use winapi::winerror::S_OK;
[INFO] [stdout]   |             ^^^^^^^^ could not find `winerror` in `winapi`
[INFO] [stdout] 
[INFO] [stdout] 
[INFO] [stdout] error[E0433]: failed to resolve: could not find `windows` in `os`
[INFO] [stdout]   --> src/wide.rs:12:14
[INFO] [stdout]    |
[INFO] [stdout] 12 | use std::os::windows::ffi::OsStrExt;
[INFO] [stdout]    |              ^^^^^^^ could not find `windows` in `os`
[INFO] [stdout] 
[INFO] [stdout] 
[INFO] [stdout] error[E0432]: unresolved import `winapi::minwindef`
[INFO] [stdout]  --> src/wide.rs:9:13
[INFO] [stdout]   |
[INFO] [stdout] 9 | use winapi::minwindef::{BOOL, FALSE};
[INFO] [stdout]   |             ^^^^^^^^^ could not find `minwindef` in `winapi`
[INFO] [stdout] 
[INFO] [stdout] 
[INFO] [stdout] error: cannot find macro `DEFINE_GUID` in this scope
[INFO] [stdout]  --> src/com_helpers.rs:6:1
[INFO] [stdout]   |
[INFO] [stdout] 6 | DEFINE_GUID!{UuidOfIUnknown, 0x00000000, 0x0000, 0x0000, 0xC0, 0x00, 0x00, 0x00, 0x00, 0x00, 0x00, 0x46}
[INFO] [stdout]   | ^^^^^^^^^^^
[INFO] [stdout] 
[INFO] [stdout] 
[INFO] [stdout] error: Compilation failed, aborting rustdoc
[INFO] [stdout] 
[INFO] [stdout] 
[INFO] [stdout] error: aborting due to 8 previous errors
[INFO] [stdout] 
[INFO] [stdout] 
[INFO] [stdout] Some errors have detailed explanations: E0432, E0433.
[INFO] [stdout] 
[INFO] [stdout] For more information about an error, try `rustc --explain E0432`.
[INFO] [stdout] 
[INFO] [stderr] error: could not document `combup`
[INFO] [stderr] 
[INFO] [stderr] Caused by:
[INFO] [stderr]   process didn't exit successfully: `rustdoc --crate-type lib --crate-name combup src/lib.rs -o /opt/rustwide/target/doc --error-format=json --json=diagnostic-rendered-ansi --document-private-items -L dependency=/opt/rustwide/target/debug/deps --extern kernel32=/opt/rustwide/target/debug/deps/libkernel32-7ba4361c2b0a7c74.rmeta --extern lazy_static=/opt/rustwide/target/debug/deps/liblazy_static-dcbd8fda68976995.rmeta --extern winapi=/opt/rustwide/target/debug/deps/libwinapi-fc24033f8415559e.rmeta --cap-lints=warn --crate-version 0.1.5` (exit status: 1)
[INFO] running `Command { std: "docker" "inspect" "54beb74e7d895f9bb5f0036d460f4f404ca2ed9f3e7fc9bbb2c505b620161ff6", kill_on_drop: false }`
[INFO] running `Command { std: "docker" "rm" "-f" "54beb74e7d895f9bb5f0036d460f4f404ca2ed9f3e7fc9bbb2c505b620161ff6", kill_on_drop: false }`
[INFO] [stdout] 54beb74e7d895f9bb5f0036d460f4f404ca2ed9f3e7fc9bbb2c505b620161ff6
