[INFO] fetching crate bve 0.0.1...
[INFO] documenting bve-0.0.1 against 1.54.0 for beta-1.55-rustdoc-1
[INFO] extracting crate bve 0.0.1 into /workspace/builds/worker-15/source
[INFO] validating manifest of crates.io crate bve 0.0.1 on toolchain 1.54.0
[INFO] running `Command { std: "/workspace/cargo-home/bin/cargo" "+1.54.0" "metadata" "--manifest-path" "Cargo.toml" "--no-deps", kill_on_drop: false }`
[INFO] started tweaking crates.io crate bve 0.0.1
[INFO] finished tweaking crates.io crate bve 0.0.1
[INFO] tweaked toml for crates.io crate bve 0.0.1 written to /workspace/builds/worker-15/source/Cargo.toml
[INFO] running `Command { std: "/workspace/cargo-home/bin/cargo" "+1.54.0" "generate-lockfile" "--manifest-path" "Cargo.toml" "-Zno-index-update", kill_on_drop: false }`
[INFO] running `Command { std: "/workspace/cargo-home/bin/cargo" "+1.54.0" "fetch" "--manifest-path" "Cargo.toml", kill_on_drop: false }`
[INFO] running `Command { std: "docker" "create" "-v" "/var/lib/crater-agent-workspace/builds/worker-15/target:/opt/rustwide/target:rw,Z" "-v" "/var/lib/crater-agent-workspace/builds/worker-15/source:/opt/rustwide/workdir:ro,Z" "-v" "/var/lib/crater-agent-workspace/cargo-home:/opt/rustwide/cargo-home:ro,Z" "-v" "/var/lib/crater-agent-workspace/rustup-home:/opt/rustwide/rustup-home:ro,Z" "-e" "SOURCE_DIR=/opt/rustwide/workdir" "-e" "CARGO_TARGET_DIR=/opt/rustwide/target" "-e" "CARGO_HOME=/opt/rustwide/cargo-home" "-e" "RUSTUP_HOME=/opt/rustwide/rustup-home" "-w" "/opt/rustwide/workdir" "-m" "1610612736" "--user" "0:0" "--network" "none" "ghcr.io/rust-lang/crates-build-env/linux@sha256:34b6a614d2c27851fe6cbf88fbd1137609cefab8b10d0615aaeb6fd47975d74e" "/opt/rustwide/cargo-home/bin/cargo" "+1.54.0" "metadata" "--no-deps" "--format-version=1", kill_on_drop: false }`
[INFO] [stdout] 4cfa88d9fc6f380a1ac48c6bd2839671742306075805130819c9017260fdd608
[INFO] running `Command { std: "docker" "start" "-a" "4cfa88d9fc6f380a1ac48c6bd2839671742306075805130819c9017260fdd608", kill_on_drop: false }`
[INFO] running `Command { std: "docker" "inspect" "4cfa88d9fc6f380a1ac48c6bd2839671742306075805130819c9017260fdd608", kill_on_drop: false }`
[INFO] running `Command { std: "docker" "rm" "-f" "4cfa88d9fc6f380a1ac48c6bd2839671742306075805130819c9017260fdd608", kill_on_drop: false }`
[INFO] [stdout] 4cfa88d9fc6f380a1ac48c6bd2839671742306075805130819c9017260fdd608
[INFO] running `Command { std: "docker" "create" "-v" "/var/lib/crater-agent-workspace/builds/worker-15/target:/opt/rustwide/target:rw,Z" "-v" "/var/lib/crater-agent-workspace/builds/worker-15/source:/opt/rustwide/workdir:ro,Z" "-v" "/var/lib/crater-agent-workspace/cargo-home:/opt/rustwide/cargo-home:ro,Z" "-v" "/var/lib/crater-agent-workspace/rustup-home:/opt/rustwide/rustup-home:ro,Z" "-e" "SOURCE_DIR=/opt/rustwide/workdir" "-e" "CARGO_TARGET_DIR=/opt/rustwide/target" "-e" "CARGO_INCREMENTAL=0" "-e" "RUST_BACKTRACE=full" "-e" "RUSTDOCFLAGS=--cap-lints=warn" "-e" "CARGO_HOME=/opt/rustwide/cargo-home" "-e" "RUSTUP_HOME=/opt/rustwide/rustup-home" "-w" "/opt/rustwide/workdir" "-m" "1610612736" "--user" "0:0" "--network" "none" "ghcr.io/rust-lang/crates-build-env/linux@sha256:34b6a614d2c27851fe6cbf88fbd1137609cefab8b10d0615aaeb6fd47975d74e" "/opt/rustwide/cargo-home/bin/cargo" "+1.54.0" "doc" "--frozen" "--no-deps" "--document-private-items" "--message-format=json", kill_on_drop: false }`
[INFO] [stdout] fb1a6d80b4511480d3bf6158a55958aaaaa306c3f4d49a2eb8b62492a631a727
[INFO] running `Command { std: "docker" "start" "-a" "fb1a6d80b4511480d3bf6158a55958aaaaa306c3f4d49a2eb8b62492a631a727", kill_on_drop: false }`
[INFO] [stderr]     Checking tinystr v0.3.4
[INFO] [stderr]     Checking stable_deref_trait v1.2.0
[INFO] [stderr]    Compiling lexical-core v0.7.6
[INFO] [stderr]     Checking fluent-syntax v0.9.3
[INFO] [stderr]    Compiling cgmath v0.17.0
[INFO] [stderr]     Checking regex-automata v0.1.10
[INFO] [stderr]    Compiling memchr v2.4.0
[INFO] [stderr]    Compiling nom v5.1.2
[INFO] [stderr]     Checking itertools v0.8.2
[INFO] [stderr]     Checking type-map v0.3.0
[INFO] [stderr]     Checking csv-core v0.1.10
[INFO] [stderr]    Compiling synstructure v0.12.5
[INFO] [stderr]    Compiling darling_core v0.10.2
[INFO] [stderr]    Compiling rental-impl v0.5.5
[INFO] [stderr]    Compiling tracing-attributes v0.1.15
[INFO] [stderr]     Checking approx v0.3.2
[INFO] [stderr]     Checking locale_config v0.3.0
[INFO] [stderr]     Checking chardetng v0.1.13
[INFO] [stderr]     Checking serde_plain v0.3.0
[INFO] [stderr]     Checking crossbeam v0.7.3
[INFO] [stderr]     Checking bincode v1.3.3
[INFO] [stderr]     Checking unic-langid-impl v0.8.0
[INFO] [stderr]    Compiling object v0.26.0
[INFO] [stderr]    Compiling unic-langid-macros-impl v0.8.0
[INFO] [stderr]     Checking bstr v0.2.16
[INFO] [stderr]     Checking unic-locale-impl v0.8.0
[INFO] [stderr]     Checking unic-locale v0.8.0
[INFO] [stderr]    Compiling failure_derive v0.1.8
[INFO] [stderr]     Checking csv v1.1.6
[INFO] [stderr]     Checking unic-langid-macros v0.8.0
[INFO] [stderr]     Checking unic-langid v0.8.0
[INFO] [stderr]    Compiling darling_macro v0.10.2
[INFO] [stderr]     Checking tracing v0.1.26
[INFO] [stderr]     Checking fluent-langneg v0.12.1
[INFO] [stderr]     Checking intl-memoizer v0.3.0
[INFO] [stderr]     Checking intl_pluralrules v6.0.0
[INFO] [stderr]    Compiling darling v0.10.2
[INFO] [stderr]    Compiling backtrace v0.3.61
[INFO] [stderr]    Compiling bve-derive v0.0.1
[INFO] [stdout] error[E0432]: unresolved import `syn::export`
[INFO] [stdout]  --> /opt/rustwide/cargo-home/registry/src/github.com-1ecc6299db9ec823/bve-derive-0.0.1/src/serde_proxy.rs:6:10
[INFO] [stdout]   |
[INFO] [stdout] 6 | use syn::export::{ToTokens, TokenStream2};
[INFO] [stdout]   |          ^^^^^^ could not find `export` in `syn`
[INFO] [stdout] 
[INFO] [stdout] 
[INFO] [stdout] error[E0432]: unresolved import `syn::export`
[INFO] [stdout]  --> /opt/rustwide/cargo-home/registry/src/github.com-1ecc6299db9ec823/bve-derive-0.0.1/src/c_interface.rs:3:10
[INFO] [stdout]   |
[INFO] [stdout] 3 | use syn::export::TokenStream2;
[INFO] [stdout]   |          ^^^^^^ could not find `export` in `syn`
[INFO] [stdout] 
[INFO] [stdout] 
[INFO] [stdout] error[E0432]: unresolved import `syn::export`
[INFO] [stdout]  --> /opt/rustwide/cargo-home/registry/src/github.com-1ecc6299db9ec823/bve-derive-0.0.1/src/span.rs:2:10
[INFO] [stdout]   |
[INFO] [stdout] 2 | use syn::export::{TokenStream, TokenStream2};
[INFO] [stdout]   |          ^^^^^^ could not find `export` in `syn`
[INFO] [stdout] 
[INFO] [stdout] 
[INFO] [stdout] error[E0432]: unresolved import `syn::export`
[INFO] [stdout]  --> /opt/rustwide/cargo-home/registry/src/github.com-1ecc6299db9ec823/bve-derive-0.0.1/src/helpers.rs:2:10
[INFO] [stdout]   |
[INFO] [stdout] 2 | use syn::export::TokenStream2;
[INFO] [stdout]   |          ^^^^^^ could not find `export` in `syn`
[INFO] [stdout] 
[INFO] [stdout] 
[INFO] [stdout] error[E0432]: unresolved import `syn::export`
[INFO] [stdout]   --> /opt/rustwide/cargo-home/registry/src/github.com-1ecc6299db9ec823/bve-derive-0.0.1/src/kvp.rs:14:10
[INFO] [stdout]    |
[INFO] [stdout] 14 | use syn::export::{TokenStream, TokenStream2};
[INFO] [stdout]    |          ^^^^^^ could not find `export` in `syn`
[INFO] [stdout] 
[INFO] [stdout] 
[INFO] [stdout] error[E0554]: `#![feature]` may not be used on the stable release channel
[INFO] [stdout]   --> /opt/rustwide/cargo-home/registry/src/github.com-1ecc6299db9ec823/bve-derive-0.0.1/src/lib.rs:50:1
[INFO] [stdout]    |
[INFO] [stdout] 50 | #![feature(core_panic)]
[INFO] [stdout]    | ^^^^^^^^^^^^^^^^^^^^^^^
[INFO] [stdout] 
[INFO] [stdout] 
[INFO] [stdout] error[E0599]: no function or associated item named `to_token_stream` found for struct `Attribute` in the current scope
[INFO] [stdout]   --> /opt/rustwide/cargo-home/registry/src/github.com-1ecc6299db9ec823/bve-derive-0.0.1/src/serde_proxy.rs:25:25
[INFO] [stdout]    |
[INFO] [stdout] 25 |         .map(Attribute::to_token_stream)
[INFO] [stdout]    |                         ^^^^^^^^^^^^^^^ function or associated item not found in `Attribute`
[INFO] [stdout]    |
[INFO] [stdout]    = help: items from traits can only be used if the trait is in scope
[INFO] [stdout]    = note: the following trait is implemented but not in scope; perhaps add a `use` for it:
[INFO] [stdout]            `use quote::ToTokens;`
[INFO] [stdout] 
[INFO] [stdout] 
[INFO] [stdout] error[E0599]: no method named `into_token_stream` found for reference `&TypePath` in the current scope
[INFO] [stdout]    --> /opt/rustwide/cargo-home/registry/src/github.com-1ecc6299db9ec823/bve-derive-0.0.1/src/serde_proxy.rs:126:53
[INFO] [stdout]     |
[INFO] [stdout] 126 |                     process_type_proxy_conversion(p.into_token_stream())
[INFO] [stdout]     |                                                     ^^^^^^^^^^^^^^^^^ method not found in `&TypePath`
[INFO] [stdout]     |
[INFO] [stdout]     = help: items from traits can only be used if the trait is in scope
[INFO] [stdout]     = note: the following trait is implemented but not in scope; perhaps add a `use` for it:
[INFO] [stdout]             `use quote::ToTokens;`
[INFO] [stdout] 
[INFO] [stdout] 
[INFO] [stdout] error[E0599]: no method named `to_token_stream` found for reference `&proc_macro2::Literal` in the current scope
[INFO] [stdout]    --> /opt/rustwide/cargo-home/registry/src/github.com-1ecc6299db9ec823/bve-derive-0.0.1/src/serde_proxy.rs:158:46
[INFO] [stdout]     |
[INFO] [stdout] 158 |                 syn::parse2::<syn::LitStr>(s.to_token_stream()).expect("Argument to default must be string literal.");
[INFO] [stdout]     |                                              ^^^^^^^^^^^^^^^ method not found in `&proc_macro2::Literal`
[INFO] [stdout]     |
[INFO] [stdout]     = help: items from traits can only be used if the trait is in scope
[INFO] [stdout]     = note: the following trait is implemented but not in scope; perhaps add a `use` for it:
[INFO] [stdout]             `use quote::ToTokens;`
[INFO] [stdout] 
[INFO] [stdout] 
[INFO] [stdout] error[E0282]: type annotations needed
[INFO] [stdout]  --> /opt/rustwide/cargo-home/registry/src/github.com-1ecc6299db9ec823/bve-derive-0.0.1/src/helpers.rs:7:17
[INFO] [stdout]   |
[INFO] [stdout] 7 |         .fold1(|mut l, r| {
[INFO] [stdout]   |                 ^^^^^ consider giving this closure parameter a type
[INFO] [stdout]   |
[INFO] [stdout]   = note: type must be known at this point
[INFO] [stdout] 
[INFO] [stdout] 
[INFO] [stdout] error: aborting due to 10 previous errors
[INFO] [stdout] 
[INFO] [stdout] 
[INFO] [stdout] Some errors have detailed explanations: E0282, E0432, E0554, E0599.
[INFO] [stdout] 
[INFO] [stdout] For more information about an error, try `rustc --explain E0282`.
[INFO] [stdout] 
[INFO] [stderr] error: could not compile `bve-derive`
[INFO] [stderr] 
[INFO] [stderr] To learn more, run the command again with --verbose.
[INFO] [stderr] warning: build failed, waiting for other jobs to finish...
[INFO] [stderr] error: build failed
[INFO] running `Command { std: "docker" "inspect" "fb1a6d80b4511480d3bf6158a55958aaaaa306c3f4d49a2eb8b62492a631a727", kill_on_drop: false }`
[INFO] running `Command { std: "docker" "rm" "-f" "fb1a6d80b4511480d3bf6158a55958aaaaa306c3f4d49a2eb8b62492a631a727", kill_on_drop: false }`
[INFO] [stdout] fb1a6d80b4511480d3bf6158a55958aaaaa306c3f4d49a2eb8b62492a631a727
