[INFO] fetching crate borealis 0.1.0...
[INFO] documenting borealis-0.1.0 against 1.54.0 for beta-1.55-rustdoc-1
[INFO] extracting crate borealis 0.1.0 into /workspace/builds/worker-15/source
[INFO] validating manifest of crates.io crate borealis 0.1.0 on toolchain 1.54.0
[INFO] running `Command { std: "/workspace/cargo-home/bin/cargo" "+1.54.0" "metadata" "--manifest-path" "Cargo.toml" "--no-deps", kill_on_drop: false }`
[INFO] started tweaking crates.io crate borealis 0.1.0
[INFO] finished tweaking crates.io crate borealis 0.1.0
[INFO] tweaked toml for crates.io crate borealis 0.1.0 written to /workspace/builds/worker-15/source/Cargo.toml
[INFO] running `Command { std: "/workspace/cargo-home/bin/cargo" "+1.54.0" "generate-lockfile" "--manifest-path" "Cargo.toml" "-Zno-index-update", kill_on_drop: false }`
[INFO] running `Command { std: "/workspace/cargo-home/bin/cargo" "+1.54.0" "fetch" "--manifest-path" "Cargo.toml", kill_on_drop: false }`
[INFO] [stderr]     Blocking waiting for file lock on package cache
[INFO] [stderr]     Blocking waiting for file lock on package cache
[INFO] running `Command { std: "docker" "create" "-v" "/var/lib/crater-agent-workspace/builds/worker-15/target:/opt/rustwide/target:rw,Z" "-v" "/var/lib/crater-agent-workspace/builds/worker-15/source:/opt/rustwide/workdir:ro,Z" "-v" "/var/lib/crater-agent-workspace/cargo-home:/opt/rustwide/cargo-home:ro,Z" "-v" "/var/lib/crater-agent-workspace/rustup-home:/opt/rustwide/rustup-home:ro,Z" "-e" "SOURCE_DIR=/opt/rustwide/workdir" "-e" "CARGO_TARGET_DIR=/opt/rustwide/target" "-e" "CARGO_HOME=/opt/rustwide/cargo-home" "-e" "RUSTUP_HOME=/opt/rustwide/rustup-home" "-w" "/opt/rustwide/workdir" "-m" "1610612736" "--user" "0:0" "--network" "none" "ghcr.io/rust-lang/crates-build-env/linux@sha256:34b6a614d2c27851fe6cbf88fbd1137609cefab8b10d0615aaeb6fd47975d74e" "/opt/rustwide/cargo-home/bin/cargo" "+1.54.0" "metadata" "--no-deps" "--format-version=1", kill_on_drop: false }`
[INFO] [stdout] 9246d6d66354d4f11e4540fb3f17195c1ec18cef4b36d09b47446a34c68d93e3
[INFO] running `Command { std: "docker" "start" "-a" "9246d6d66354d4f11e4540fb3f17195c1ec18cef4b36d09b47446a34c68d93e3", kill_on_drop: false }`
[INFO] running `Command { std: "docker" "inspect" "9246d6d66354d4f11e4540fb3f17195c1ec18cef4b36d09b47446a34c68d93e3", kill_on_drop: false }`
[INFO] running `Command { std: "docker" "rm" "-f" "9246d6d66354d4f11e4540fb3f17195c1ec18cef4b36d09b47446a34c68d93e3", kill_on_drop: false }`
[INFO] [stdout] 9246d6d66354d4f11e4540fb3f17195c1ec18cef4b36d09b47446a34c68d93e3
[INFO] running `Command { std: "docker" "create" "-v" "/var/lib/crater-agent-workspace/builds/worker-15/target:/opt/rustwide/target:rw,Z" "-v" "/var/lib/crater-agent-workspace/builds/worker-15/source:/opt/rustwide/workdir:ro,Z" "-v" "/var/lib/crater-agent-workspace/cargo-home:/opt/rustwide/cargo-home:ro,Z" "-v" "/var/lib/crater-agent-workspace/rustup-home:/opt/rustwide/rustup-home:ro,Z" "-e" "SOURCE_DIR=/opt/rustwide/workdir" "-e" "CARGO_TARGET_DIR=/opt/rustwide/target" "-e" "CARGO_INCREMENTAL=0" "-e" "RUST_BACKTRACE=full" "-e" "RUSTDOCFLAGS=--cap-lints=warn" "-e" "CARGO_HOME=/opt/rustwide/cargo-home" "-e" "RUSTUP_HOME=/opt/rustwide/rustup-home" "-w" "/opt/rustwide/workdir" "-m" "1610612736" "--user" "0:0" "--network" "none" "ghcr.io/rust-lang/crates-build-env/linux@sha256:34b6a614d2c27851fe6cbf88fbd1137609cefab8b10d0615aaeb6fd47975d74e" "/opt/rustwide/cargo-home/bin/cargo" "+1.54.0" "doc" "--frozen" "--no-deps" "--document-private-items" "--message-format=json", kill_on_drop: false }`
[INFO] [stdout] 13de314338b6c147151fda1afe6be4323286299356e36f5578847bbe5829c1cb
[INFO] running `Command { std: "docker" "start" "-a" "13de314338b6c147151fda1afe6be4323286299356e36f5578847bbe5829c1cb", kill_on_drop: false }`
[INFO] [stderr]    Compiling rand_core v0.4.2
[INFO] [stderr]    Compiling siphasher v0.2.3
[INFO] [stderr]     Checking encoding_index_tests v0.1.4
[INFO] [stderr]     Checking time v0.3.1
[INFO] [stderr]     Checking unreachable v0.1.1
[INFO] [stderr]     Checking utf-8 v0.6.0
[INFO] [stderr]     Checking encoding-index-simpchinese v1.20141219.5
[INFO] [stderr]     Checking encoding-index-singlebyte v1.20141219.5
[INFO] [stderr]     Checking encoding-index-tradchinese v1.20141219.5
[INFO] [stderr]     Checking encoding-index-korean v1.20141219.5
[INFO] [stderr]     Checking encoding-index-japanese v1.20141219.5
[INFO] [stderr]    Compiling phf_shared v0.7.24
[INFO] [stderr]     Checking debug_unreachable v0.1.1
[INFO] [stderr]    Compiling rand_core v0.3.1
[INFO] [stderr]    Compiling rand_os v0.1.3
[INFO] [stderr]    Compiling rand_jitter v0.1.4
[INFO] [stderr]    Compiling rand_pcg v0.1.2
[INFO] [stderr]    Compiling rand_hc v0.1.0
[INFO] [stderr]    Compiling rand_chacha v0.1.1
[INFO] [stderr]    Compiling rand_isaac v0.1.1
[INFO] [stderr]    Compiling rand_xorshift v0.1.1
[INFO] [stderr]     Checking phf v0.7.24
[INFO] [stderr]    Compiling rand v0.6.5
[INFO] [stderr]     Checking encoding v0.2.33
[INFO] [stderr]     Checking tendril v0.2.4
[INFO] [stderr]    Compiling phf_generator v0.7.24
[INFO] [stderr]    Compiling phf_codegen v0.7.24
[INFO] [stderr]    Compiling string_cache v0.2.29
[INFO] [stderr]    Compiling html5ever v0.5.4
[INFO] [stdout] error[E0425]: cannot find function `precise_time_ns` in crate `time`
[INFO] [stdout]    --> /opt/rustwide/cargo-home/registry/src/github.com-1ecc6299db9ec823/html5ever-0.5.4/src/macros.rs:27:26
[INFO] [stdout]     |
[INFO] [stdout] 27  |         let t0 = ::time::precise_time_ns();
[INFO] [stdout]     |                          ^^^^^^^^^^^^^^^ not found in `time`
[INFO] [stdout]     | 
[INFO] [stdout]    ::: /opt/rustwide/cargo-home/registry/src/github.com-1ecc6299db9ec823/html5ever-0.5.4/src/tokenizer/mod.rs:230:27
[INFO] [stdout]     |
[INFO] [stdout] 230 |             let (_, dt) = time!(self.sink.process_token(token));
[INFO] [stdout]     |                           ------------------------------------- in this macro invocation
[INFO] [stdout]     |
[INFO] [stdout]     = note: this error originates in the macro `time` (in Nightly builds, run with -Z macro-backtrace for more info)
[INFO] [stdout] 
[INFO] [stdout] 
[INFO] [stdout] error[E0425]: cannot find function `precise_time_ns` in crate `time`
[INFO] [stdout]    --> /opt/rustwide/cargo-home/registry/src/github.com-1ecc6299db9ec823/html5ever-0.5.4/src/macros.rs:29:26
[INFO] [stdout]     |
[INFO] [stdout] 29  |         let dt = ::time::precise_time_ns() - t0;
[INFO] [stdout]     |                          ^^^^^^^^^^^^^^^ not found in `time`
[INFO] [stdout]     | 
[INFO] [stdout]    ::: /opt/rustwide/cargo-home/registry/src/github.com-1ecc6299db9ec823/html5ever-0.5.4/src/tokenizer/mod.rs:230:27
[INFO] [stdout]     |
[INFO] [stdout] 230 |             let (_, dt) = time!(self.sink.process_token(token));
[INFO] [stdout]     |                           ------------------------------------- in this macro invocation
[INFO] [stdout]     |
[INFO] [stdout]     = note: this error originates in the macro `time` (in Nightly builds, run with -Z macro-backtrace for more info)
[INFO] [stdout] 
[INFO] [stdout] 
[INFO] [stdout] error[E0425]: cannot find function `precise_time_ns` in crate `time`
[INFO] [stdout]    --> /opt/rustwide/cargo-home/registry/src/github.com-1ecc6299db9ec823/html5ever-0.5.4/src/macros.rs:27:26
[INFO] [stdout]     |
[INFO] [stdout] 27  |         let t0 = ::time::precise_time_ns();
[INFO] [stdout]     |                          ^^^^^^^^^^^^^^^ not found in `time`
[INFO] [stdout]     | 
[INFO] [stdout]    ::: /opt/rustwide/cargo-home/registry/src/github.com-1ecc6299db9ec823/html5ever-0.5.4/src/tokenizer/mod.rs:318:37
[INFO] [stdout]     |
[INFO] [stdout] 318 |                 let (run, mut dt) = time!(self.step());
[INFO] [stdout]     |                                     ------------------ in this macro invocation
[INFO] [stdout]     |
[INFO] [stdout]     = note: this error originates in the macro `time` (in Nightly builds, run with -Z macro-backtrace for more info)
[INFO] [stdout] 
[INFO] [stdout] 
[INFO] [stdout] error[E0425]: cannot find function `precise_time_ns` in crate `time`
[INFO] [stdout]    --> /opt/rustwide/cargo-home/registry/src/github.com-1ecc6299db9ec823/html5ever-0.5.4/src/macros.rs:29:26
[INFO] [stdout]     |
[INFO] [stdout] 29  |         let dt = ::time::precise_time_ns() - t0;
[INFO] [stdout]     |                          ^^^^^^^^^^^^^^^ not found in `time`
[INFO] [stdout]     | 
[INFO] [stdout]    ::: /opt/rustwide/cargo-home/registry/src/github.com-1ecc6299db9ec823/html5ever-0.5.4/src/tokenizer/mod.rs:318:37
[INFO] [stdout]     |
[INFO] [stdout] 318 |                 let (run, mut dt) = time!(self.step());
[INFO] [stdout]     |                                     ------------------ in this macro invocation
[INFO] [stdout]     |
[INFO] [stdout]     = note: this error originates in the macro `time` (in Nightly builds, run with -Z macro-backtrace for more info)
[INFO] [stdout] 
[INFO] [stdout] 
[INFO] [stdout] error: aborting due to 4 previous errors
[INFO] [stdout] 
[INFO] [stdout] 
[INFO] [stdout] For more information about this error, try `rustc --explain E0425`.
[INFO] [stdout] 
[INFO] [stderr] error: could not compile `html5ever`
[INFO] [stderr] 
[INFO] [stderr] To learn more, run the command again with --verbose.
[INFO] running `Command { std: "docker" "inspect" "13de314338b6c147151fda1afe6be4323286299356e36f5578847bbe5829c1cb", kill_on_drop: false }`
[INFO] running `Command { std: "docker" "rm" "-f" "13de314338b6c147151fda1afe6be4323286299356e36f5578847bbe5829c1cb", kill_on_drop: false }`
[INFO] [stdout] 13de314338b6c147151fda1afe6be4323286299356e36f5578847bbe5829c1cb
