[INFO] fetching crate azure-sdk-rust 0.1.2...
[INFO] documenting azure-sdk-rust-0.1.2 against beta-2021-08-01 for beta-1.55-rustdoc-1
[INFO] extracting crate azure-sdk-rust 0.1.2 into /workspace/builds/worker-2/source
[INFO] validating manifest of crates.io crate azure-sdk-rust 0.1.2 on toolchain beta-2021-08-01
[INFO] running `Command { std: "/workspace/cargo-home/bin/cargo" "+beta-2021-08-01" "metadata" "--manifest-path" "Cargo.toml" "--no-deps", kill_on_drop: false }`
[INFO] started tweaking crates.io crate azure-sdk-rust 0.1.2
[INFO] finished tweaking crates.io crate azure-sdk-rust 0.1.2
[INFO] tweaked toml for crates.io crate azure-sdk-rust 0.1.2 written to /workspace/builds/worker-2/source/Cargo.toml
[INFO] running `Command { std: "/workspace/cargo-home/bin/cargo" "+beta-2021-08-01" "generate-lockfile" "--manifest-path" "Cargo.toml" "-Zno-index-update", kill_on_drop: false }`
[INFO] running `Command { std: "/workspace/cargo-home/bin/cargo" "+beta-2021-08-01" "fetch" "--manifest-path" "Cargo.toml", kill_on_drop: false }`
[INFO] [stderr]     Blocking waiting for file lock on package cache
[INFO] [stderr]  Downloading crates ...
[INFO] [stderr]   Downloaded unicode-bidi v0.2.6
[INFO] [stderr]   Downloaded time v0.3.1
[INFO] [stderr]   Downloaded url v0.5.10
[INFO] [stderr]   Downloaded uuid v0.2.3
[INFO] running `Command { std: "docker" "create" "-v" "/var/lib/crater-agent-workspace/builds/worker-2/target:/opt/rustwide/target:rw,Z" "-v" "/var/lib/crater-agent-workspace/builds/worker-2/source:/opt/rustwide/workdir:ro,Z" "-v" "/var/lib/crater-agent-workspace/cargo-home:/opt/rustwide/cargo-home:ro,Z" "-v" "/var/lib/crater-agent-workspace/rustup-home:/opt/rustwide/rustup-home:ro,Z" "-e" "SOURCE_DIR=/opt/rustwide/workdir" "-e" "CARGO_TARGET_DIR=/opt/rustwide/target" "-e" "CARGO_HOME=/opt/rustwide/cargo-home" "-e" "RUSTUP_HOME=/opt/rustwide/rustup-home" "-w" "/opt/rustwide/workdir" "-m" "1610612736" "--user" "0:0" "--network" "none" "ghcr.io/rust-lang/crates-build-env/linux@sha256:34b6a614d2c27851fe6cbf88fbd1137609cefab8b10d0615aaeb6fd47975d74e" "/opt/rustwide/cargo-home/bin/cargo" "+beta-2021-08-01" "metadata" "--no-deps" "--format-version=1", kill_on_drop: false }`
[INFO] [stdout] 3ec8be103a721b5c3450bb476e96ab3c78751ecb0db59079aa216173e3868721
[INFO] [stderr] WARNING: Your kernel does not support swap limit capabilities or the cgroup is not mounted. Memory limited without swap.
[INFO] running `Command { std: "docker" "start" "-a" "3ec8be103a721b5c3450bb476e96ab3c78751ecb0db59079aa216173e3868721", kill_on_drop: false }`
[INFO] running `Command { std: "docker" "inspect" "3ec8be103a721b5c3450bb476e96ab3c78751ecb0db59079aa216173e3868721", kill_on_drop: false }`
[INFO] running `Command { std: "docker" "rm" "-f" "3ec8be103a721b5c3450bb476e96ab3c78751ecb0db59079aa216173e3868721", kill_on_drop: false }`
[INFO] [stdout] 3ec8be103a721b5c3450bb476e96ab3c78751ecb0db59079aa216173e3868721
[INFO] running `Command { std: "docker" "create" "-v" "/var/lib/crater-agent-workspace/builds/worker-2/target:/opt/rustwide/target:rw,Z" "-v" "/var/lib/crater-agent-workspace/builds/worker-2/source:/opt/rustwide/workdir:ro,Z" "-v" "/var/lib/crater-agent-workspace/cargo-home:/opt/rustwide/cargo-home:ro,Z" "-v" "/var/lib/crater-agent-workspace/rustup-home:/opt/rustwide/rustup-home:ro,Z" "-e" "SOURCE_DIR=/opt/rustwide/workdir" "-e" "CARGO_TARGET_DIR=/opt/rustwide/target" "-e" "CARGO_INCREMENTAL=0" "-e" "RUST_BACKTRACE=full" "-e" "RUSTDOCFLAGS=--cap-lints=warn" "-e" "CARGO_HOME=/opt/rustwide/cargo-home" "-e" "RUSTUP_HOME=/opt/rustwide/rustup-home" "-w" "/opt/rustwide/workdir" "-m" "1610612736" "--user" "0:0" "--network" "none" "ghcr.io/rust-lang/crates-build-env/linux@sha256:34b6a614d2c27851fe6cbf88fbd1137609cefab8b10d0615aaeb6fd47975d74e" "/opt/rustwide/cargo-home/bin/cargo" "+beta-2021-08-01" "doc" "--frozen" "--no-deps" "--document-private-items" "--message-format=json", kill_on_drop: false }`
[INFO] [stdout] 7aa7ee179e2524187a2df9d8fd16508c3bb46c4cc2f8f94133ea3c384a08334a
[INFO] [stderr] WARNING: Your kernel does not support swap limit capabilities or the cgroup is not mounted. Memory limited without swap.
[INFO] running `Command { std: "docker" "start" "-a" "7aa7ee179e2524187a2df9d8fd16508c3bb46c4cc2f8f94133ea3c384a08334a", kill_on_drop: false }`
[INFO] [stderr]    Compiling futures-task v0.3.16
[INFO] [stderr]    Compiling futures-channel v0.3.16
[INFO] [stderr]     Checking time v0.3.1
[INFO] [stderr]     Checking uuid v0.8.2
[INFO] [stderr]    Compiling futures-util v0.3.16
[INFO] [stderr]    Compiling tokio v1.9.0
[INFO] [stderr]     Checking unicode-bidi v0.2.6
[INFO] [stderr]     Checking http-body v0.4.3
[INFO] [stderr]     Checking rand v0.3.23
[INFO] [stderr]     Checking env_logger v0.9.0
[INFO] [stderr]     Checking uuid v0.2.3
[INFO] [stderr]     Checking rust-crypto v0.2.36
[INFO] [stderr]     Checking url v0.5.10
[INFO] [stderr]     Checking hyper v0.14.11
[INFO] [stderr]  Documenting azure-sdk-rust v0.1.2 (/opt/rustwide/workdir)
[INFO] [stdout] error[E0432]: unresolved imports `hyper::header::Header`, `hyper::header::HeaderFormat`, `hyper::header::Headers`
[INFO] [stdout]   --> src/azure/core/mod.rs:20:21
[INFO] [stdout]    |
[INFO] [stdout] 20 | use hyper::header::{Header, HeaderFormat, Headers};
[INFO] [stdout]    |                     ^^^^^^  ^^^^^^^^^^^^  ^^^^^^^ no `Headers` in `header`
[INFO] [stdout]    |                     |       |
[INFO] [stdout]    |                     |       no `HeaderFormat` in `header`
[INFO] [stdout]    |                     no `Header` in `header`
[INFO] [stdout] 
[INFO] [stdout] 
[INFO] [stdout] error[E0432]: unresolved imports `hyper::header::ContentEncoding`, `hyper::header::ContentLanguage`, `hyper::header::ContentLength`, `hyper::header::ContentType`, `hyper::header::Date`, `hyper::header::IfModifiedSince`, `hyper::header::IfUnmodifiedSince`
[INFO] [stdout]   --> src/azure/core/mod.rs:21:21
[INFO] [stdout]    |
[INFO] [stdout] 21 | use hyper::header::{ContentEncoding, ContentLanguage, ContentLength, ContentType, Date,
[INFO] [stdout]    |                     ^^^^^^^^^^^^^^^  ^^^^^^^^^^^^^^^  ^^^^^^^^^^^^^  ^^^^^^^^^^^  ^^^^ no `Date` in `header`
[INFO] [stdout]    |                     |                |                |              |
[INFO] [stdout]    |                     |                |                |              no `ContentType` in `header`
[INFO] [stdout]    |                     |                |                no `ContentLength` in `header`
[INFO] [stdout]    |                     |                no `ContentLanguage` in `header`
[INFO] [stdout]    |                     no `ContentEncoding` in `header`
[INFO] [stdout] 22 |                     IfModifiedSince, IfUnmodifiedSince};
[INFO] [stdout]    |                     ^^^^^^^^^^^^^^^  ^^^^^^^^^^^^^^^^^ no `IfUnmodifiedSince` in `header`
[INFO] [stdout]    |                     |
[INFO] [stdout]    |                     no `IfModifiedSince` in `header`
[INFO] [stdout] 
[INFO] [stdout] 
[INFO] [stdout] error[E0432]: unresolved import `hyper::Client`
[INFO] [stdout]   --> src/azure/core/mod.rs:32:5
[INFO] [stdout]    |
[INFO] [stdout] 32 | use hyper::Client;
[INFO] [stdout]    |     ^^^^^^^^^^^^^ no `Client` in the root
[INFO] [stdout] 
[INFO] [stdout] 
[INFO] [stdout] error[E0432]: unresolved import `hyper::status`
[INFO] [stdout]  --> src/azure/core/errors.rs:2:12
[INFO] [stdout]   |
[INFO] [stdout] 2 | use hyper::status::StatusCode;
[INFO] [stdout]   |            ^^^^^^ could not find `status` in `hyper`
[INFO] [stdout] 
[INFO] [stdout] 
[INFO] [stdout] error[E0433]: failed to resolve: could not find `client` in `hyper`
[INFO] [stdout]  --> src/azure/storage/client.rs:2:12
[INFO] [stdout]   |
[INFO] [stdout] 2 | use hyper::client::response::Response;
[INFO] [stdout]   |            ^^^^^^ could not find `client` in `hyper`
[INFO] [stdout] 
[INFO] [stdout] 
[INFO] [stdout] error[E0432]: unresolved import `hyper::header::Headers`
[INFO] [stdout]  --> src/azure/storage/client.rs:1:5
[INFO] [stdout]   |
[INFO] [stdout] 1 | use hyper::header::Headers;
[INFO] [stdout]   |     ^^^^^^^^^^^^^^^^^^^^^^ no `Headers` in `header`
[INFO] [stdout] 
[INFO] [stdout] 
[INFO] [stdout] error[E0432]: unresolved import `hyper::header::Headers`
[INFO] [stdout]   --> src/azure/storage/container/mod.rs:13:5
[INFO] [stdout]    |
[INFO] [stdout] 13 | use hyper::header::Headers;
[INFO] [stdout]    |     ^^^^^^^^^^^^^^^^^^^^^^ no `Headers` in `header`
[INFO] [stdout] 
[INFO] [stdout] 
[INFO] [stdout] error[E0432]: unresolved import `hyper::status`
[INFO] [stdout]   --> src/azure/storage/container/mod.rs:14:12
[INFO] [stdout]    |
[INFO] [stdout] 14 | use hyper::status::StatusCode;
[INFO] [stdout]    |            ^^^^^^ could not find `status` in `hyper`
[INFO] [stdout] 
[INFO] [stdout] 
[INFO] [stdout] error[E0432]: unresolved import `chrono::UTC`
[INFO] [stdout]   --> src/azure/storage/container/mod.rs:18:5
[INFO] [stdout]    |
[INFO] [stdout] 18 | use chrono::UTC;
[INFO] [stdout]    |     ^^^^^^^^^^^ no `UTC` in the root
[INFO] [stdout] 
[INFO] [stdout] 
[INFO] [stdout] error[E0432]: unresolved import `chrono::UTC`
[INFO] [stdout]   --> src/azure/storage/blob/mod.rs:19:5
[INFO] [stdout]    |
[INFO] [stdout] 19 | use chrono::UTC;
[INFO] [stdout]    |     ^^^^^^^^^^^ no `UTC` in the root
[INFO] [stdout] 
[INFO] [stdout] 
[INFO] [stdout] error[E0432]: unresolved import `hyper::status`
[INFO] [stdout]   --> src/azure/storage/blob/mod.rs:50:12
[INFO] [stdout]    |
[INFO] [stdout] 50 | use hyper::status::StatusCode;
[INFO] [stdout]    |            ^^^^^^ could not find `status` in `hyper`
[INFO] [stdout] 
[INFO] [stdout] 
[INFO] [stdout] error[E0432]: unresolved imports `hyper::header::Headers`, `hyper::header::ContentType`, `hyper::header::ContentLength`, `hyper::header::LastModified`, `hyper::header::ContentEncoding`, `hyper::header::ContentLanguage`
[INFO] [stdout]   --> src/azure/storage/blob/mod.rs:51:21
[INFO] [stdout]    |
[INFO] [stdout] 51 | use hyper::header::{Headers, ContentType, ContentLength, LastModified, ContentEncoding,
[INFO] [stdout]    |                     ^^^^^^^  ^^^^^^^^^^^  ^^^^^^^^^^^^^  ^^^^^^^^^^^^  ^^^^^^^^^^^^^^^ no `ContentEncoding` in `header`
[INFO] [stdout]    |                     |        |            |              |
[INFO] [stdout]    |                     |        |            |              no `LastModified` in `header`
[INFO] [stdout]    |                     |        |            no `ContentLength` in `header`
[INFO] [stdout]    |                     |        no `ContentType` in `header`
[INFO] [stdout]    |                     no `Headers` in `header`
[INFO] [stdout] 52 |                     ContentLanguage};
[INFO] [stdout]    |                     ^^^^^^^^^^^^^^^ no `ContentLanguage` in `header`
[INFO] [stdout] 
[INFO] [stdout] 
[INFO] [stdout] error[E0432]: unresolved import `hyper::header::Encoding`
[INFO] [stdout]    --> src/azure/storage/blob/mod.rs:472:17
[INFO] [stdout]     |
[INFO] [stdout] 472 |             use hyper::header::Encoding;
[INFO] [stdout]     |                 ^^^^^^^^^^^^^^^^^^^^^^^ no `Encoding` in `header`
[INFO] [stdout] 
[INFO] [stdout] 
[INFO] [stdout] error[E0432]: unresolved imports `hyper::header::Headers`, `hyper::header::ContentLength`
[INFO] [stdout]   --> src/azure/service_bus/event_hub/mod.rs:18:21
[INFO] [stdout]    |
[INFO] [stdout] 18 | use hyper::header::{Headers, ContentLength};
[INFO] [stdout]    |                     ^^^^^^^  ^^^^^^^^^^^^^ no `ContentLength` in `header`
[INFO] [stdout]    |                     |
[INFO] [stdout]    |                     no `Headers` in `header`
[INFO] [stdout] 
[INFO] [stdout] 
[INFO] [stdout] error[E0432]: unresolved import `hyper::status`
[INFO] [stdout]   --> src/azure/service_bus/event_hub/mod.rs:19:12
[INFO] [stdout]    |
[INFO] [stdout] 19 | use hyper::status::StatusCode;
[INFO] [stdout]    |            ^^^^^^ could not find `status` in `hyper`
[INFO] [stdout] 
[INFO] [stdout] 
[INFO] [stdout] error[E0432]: unresolved imports `azure::core::XMSRange`, `azure::core::ContentMD5`, `azure::core::XMSLeaseStatus`, `azure::core::XMSLeaseDuration`, `azure::core::XMSLeaseState`, `azure::core::XMSLeaseId`, `azure::core::XMSRangeGetContentMD5`, `azure::core::XMSClientRequestId`, `azure::core::XMSLeaseAction`, `azure::core::XMSLeaseDurationSeconds`, `azure::core::XMSLeaseBreakPeriod`, `azure::core::XMSProposedLeaseId`
[INFO] [stdout]   --> src/azure/storage/blob/mod.rs:25:19
[INFO] [stdout]    |
[INFO] [stdout] 25 | use azure::core::{XMSRange, ContentMD5, XMSLeaseStatus, XMSLeaseDuration, XMSLeaseState,
[INFO] [stdout]    |                   ^^^^^^^^  ^^^^^^^^^^  ^^^^^^^^^^^^^^  ^^^^^^^^^^^^^^^^  ^^^^^^^^^^^^^ no `XMSLeaseState` in `azure::core`
[INFO] [stdout]    |                   |         |           |               |
[INFO] [stdout]    |                   |         |           |               no `XMSLeaseDuration` in `azure::core`
[INFO] [stdout]    |                   |         |           no `XMSLeaseStatus` in `azure::core`
[INFO] [stdout]    |                   |         no `ContentMD5` in `azure::core`
[INFO] [stdout]    |                   no `XMSRange` in `azure::core`
[INFO] [stdout] 26 |                   XMSLeaseId, XMSRangeGetContentMD5, XMSClientRequestId, XMSLeaseAction,
[INFO] [stdout]    |                   ^^^^^^^^^^  ^^^^^^^^^^^^^^^^^^^^^  ^^^^^^^^^^^^^^^^^^  ^^^^^^^^^^^^^^ no `XMSLeaseAction` in `azure::core`
[INFO] [stdout]    |                   |           |                      |
[INFO] [stdout]    |                   |           |                      no `XMSClientRequestId` in `azure::core`
[INFO] [stdout]    |                   |           no `XMSRangeGetContentMD5` in `azure::core`
[INFO] [stdout]    |                   no `XMSLeaseId` in `azure::core`
[INFO] [stdout] 27 |                   XMSLeaseDurationSeconds, XMSLeaseBreakPeriod, XMSProposedLeaseId};
[INFO] [stdout]    |                   ^^^^^^^^^^^^^^^^^^^^^^^  ^^^^^^^^^^^^^^^^^^^  ^^^^^^^^^^^^^^^^^^
[INFO] [stdout]    |                   |
[INFO] [stdout]    |                   no `XMSLeaseDurationSeconds` in `azure::core`
[INFO] [stdout]    |
[INFO] [stdout] help: a similar name exists in the module
[INFO] [stdout]    |
[INFO] [stdout] 25 | use azure::core::{XMSRange, ContentMD5, LeaseStatus, XMSLeaseDuration, XMSLeaseState,
[INFO] [stdout]    |                                         ^^^^^^^^^^^
[INFO] [stdout] help: a similar name exists in the module
[INFO] [stdout]    |
[INFO] [stdout] 25 | use azure::core::{XMSRange, ContentMD5, XMSLeaseStatus, LeaseDuration, XMSLeaseState,
[INFO] [stdout]    |                                                         ^^^^^^^^^^^^^
[INFO] [stdout] help: a similar name exists in the module
[INFO] [stdout]    |
[INFO] [stdout] 25 | use azure::core::{XMSRange, ContentMD5, XMSLeaseStatus, XMSLeaseDuration, LeaseState,
[INFO] [stdout]    |                                                                           ^^^^^^^^^^
[INFO] [stdout] help: a similar name exists in the module
[INFO] [stdout]    |
[INFO] [stdout] 26 |                   LeaseId, XMSRangeGetContentMD5, XMSClientRequestId, XMSLeaseAction,
[INFO] [stdout]    |                   ^^^^^^^
[INFO] [stdout] help: a similar name exists in the module
[INFO] [stdout]    |
[INFO] [stdout] 26 |                   XMSLeaseId, XMSRangeGetContentMD5, XMSClientRequestId, LeaseAction,
[INFO] [stdout]    |                                                                          ^^^^^^^^^^^
[INFO] [stdout] 
[INFO] [stdout] 
[INFO] [stdout] error[E0432]: unresolved import `azure::core::ETag`
[INFO] [stdout]   --> src/azure/storage/blob/mod.rs:37:5
[INFO] [stdout]    |
[INFO] [stdout] 37 | use azure::core::ETag;
[INFO] [stdout]    |     ^^^^^^^^^^^^^^^^^ no `ETag` in `azure::core`
[INFO] [stdout] 
[INFO] [stdout] 
[INFO] [stdout] error: cannot find macro `header` in this scope
[INFO] [stdout]   --> src/azure/core/mod.rs:60:1
[INFO] [stdout]    |
[INFO] [stdout] 60 | header! { (XMSVersion, "x-ms-version") => [String] }
[INFO] [stdout]    | ^^^^^^
[INFO] [stdout] 
[INFO] [stdout] 
[INFO] [stdout] error: cannot find macro `header` in this scope
[INFO] [stdout]   --> src/azure/core/mod.rs:61:1
[INFO] [stdout]    |
[INFO] [stdout] 61 | header! { (XMSDate, "x-ms-date") => [String] }
[INFO] [stdout]    | ^^^^^^
[INFO] [stdout] 
[INFO] [stdout] 
[INFO] [stdout] error: cannot find macro `header` in this scope
[INFO] [stdout]   --> src/azure/core/mod.rs:62:1
[INFO] [stdout]    |
[INFO] [stdout] 62 | header! { (Authorization, "Authorization") => [String] }
[INFO] [stdout]    | ^^^^^^
[INFO] [stdout] 
[INFO] [stdout] 
[INFO] [stdout] error: cannot find macro `header` in this scope
[INFO] [stdout]   --> src/azure/core/mod.rs:63:1
[INFO] [stdout]    |
[INFO] [stdout] 63 | header! { (ContentMD5, "Content-MD5") => [String] }
[INFO] [stdout]    | ^^^^^^
[INFO] [stdout] 
[INFO] [stdout] 
[INFO] [stdout] error: cannot find macro `header` in this scope
[INFO] [stdout]   --> src/azure/core/mod.rs:64:1
[INFO] [stdout]    |
[INFO] [stdout] 64 | header! { (IfMatch, "If-Match") => [String] }
[INFO] [stdout]    | ^^^^^^
[INFO] [stdout] 
[INFO] [stdout] 
[INFO] [stdout] error: cannot find macro `header` in this scope
[INFO] [stdout]   --> src/azure/core/mod.rs:65:1
[INFO] [stdout]    |
[INFO] [stdout] 65 | header! { (IfNoneMatch, "If-None-Match") => [String] }
[INFO] [stdout]    | ^^^^^^
[INFO] [stdout] 
[INFO] [stdout] 
[INFO] [stdout] error: cannot find macro `header` in this scope
[INFO] [stdout]   --> src/azure/core/mod.rs:66:1
[INFO] [stdout]    |
[INFO] [stdout] 66 | header! { (Range, "Range") => [String] }
[INFO] [stdout]    | ^^^^^^
[INFO] [stdout] 
[INFO] [stdout] 
[INFO] [stdout] error: cannot find macro `header` in this scope
[INFO] [stdout]   --> src/azure/core/mod.rs:67:1
[INFO] [stdout]    |
[INFO] [stdout] 67 | header! { (XMSRange, "x-ms-range") => [range::Range] }
[INFO] [stdout]    | ^^^^^^
[INFO] [stdout] 
[INFO] [stdout] 
[INFO] [stdout] error: cannot find macro `header` in this scope
[INFO] [stdout]   --> src/azure/core/mod.rs:68:1
[INFO] [stdout]    |
[INFO] [stdout] 68 | header! { (XMSLeaseId, "x-ms-lease-id") => [LeaseId] }
[INFO] [stdout]    | ^^^^^^
[INFO] [stdout] 
[INFO] [stdout] 
[INFO] [stdout] error: cannot find macro `header` in this scope
[INFO] [stdout]   --> src/azure/core/mod.rs:69:1
[INFO] [stdout]    |
[INFO] [stdout] 69 | header! { (XMSLeaseStatus, "x-ms-lease-status") => [LeaseStatus] }
[INFO] [stdout]    | ^^^^^^
[INFO] [stdout] 
[INFO] [stdout] 
[INFO] [stdout] error: cannot find macro `header` in this scope
[INFO] [stdout]   --> src/azure/core/mod.rs:70:1
[INFO] [stdout]    |
[INFO] [stdout] 70 | header! { (XMSLeaseState, "x-ms-lease-state") => [LeaseState] }
[INFO] [stdout]    | ^^^^^^
[INFO] [stdout] 
[INFO] [stdout] 
[INFO] [stdout] error: cannot find macro `header` in this scope
[INFO] [stdout]   --> src/azure/core/mod.rs:71:1
[INFO] [stdout]    |
[INFO] [stdout] 71 | header! { (XMSLeaseAction, "x-ms-lease-action") => [LeaseAction] }
[INFO] [stdout]    | ^^^^^^
[INFO] [stdout] 
[INFO] [stdout] 
[INFO] [stdout] error: cannot find macro `header` in this scope
[INFO] [stdout]   --> src/azure/core/mod.rs:72:1
[INFO] [stdout]    |
[INFO] [stdout] 72 | header! { (XMSLeaseDuration, "x-ms-lease-duration") => [LeaseDuration] }
[INFO] [stdout]    | ^^^^^^
[INFO] [stdout] 
[INFO] [stdout] 
[INFO] [stdout] error: cannot find macro `header` in this scope
[INFO] [stdout]   --> src/azure/core/mod.rs:73:1
[INFO] [stdout]    |
[INFO] [stdout] 73 | header! { (XMSLeaseDurationSeconds, "x-ms-lease-duration") => [u32] }
[INFO] [stdout]    | ^^^^^^
[INFO] [stdout] 
[INFO] [stdout] 
[INFO] [stdout] error: cannot find macro `header` in this scope
[INFO] [stdout]   --> src/azure/core/mod.rs:74:1
[INFO] [stdout]    |
[INFO] [stdout] 74 | header! { (XMSLeaseBreakPeriod, "x-ms-lease-break-period") => [u32] }
[INFO] [stdout]    | ^^^^^^
[INFO] [stdout] 
[INFO] [stdout] 
[INFO] [stdout] error: cannot find macro `header` in this scope
[INFO] [stdout]   --> src/azure/core/mod.rs:75:1
[INFO] [stdout]    |
[INFO] [stdout] 75 | header! { (XMSProposedLeaseId, "x-ms-proposed-lease-id") => [LeaseId] }
[INFO] [stdout]    | ^^^^^^
[INFO] [stdout] 
[INFO] [stdout] 
[INFO] [stdout] error: cannot find macro `header` in this scope
[INFO] [stdout]   --> src/azure/core/mod.rs:76:1
[INFO] [stdout]    |
[INFO] [stdout] 76 | header! { (ETag, "ETag") => [String] }
[INFO] [stdout]    | ^^^^^^
[INFO] [stdout] 
[INFO] [stdout] 
[INFO] [stdout] error: cannot find macro `header` in this scope
[INFO] [stdout]   --> src/azure/core/mod.rs:77:1
[INFO] [stdout]    |
[INFO] [stdout] 77 | header! { (XMSRangeGetContentMD5, "x-ms-range-get-content-md5") => [bool] }
[INFO] [stdout]    | ^^^^^^
[INFO] [stdout] 
[INFO] [stdout] 
[INFO] [stdout] error: cannot find macro `header` in this scope
[INFO] [stdout]   --> src/azure/core/mod.rs:78:1
[INFO] [stdout]    |
[INFO] [stdout] 78 | header! { (XMSClientRequestId, "x-ms-client-request-id") => [String] }
[INFO] [stdout]    | ^^^^^^
[INFO] [stdout] 
[INFO] [stdout] 
[INFO] [stdout] error: cannot find macro `header` in this scope
[INFO] [stdout]   --> src/azure/storage/container/mod.rs:29:1
[INFO] [stdout]    |
[INFO] [stdout] 29 | header! { (XMSBlobPublicAccess, "x-ms-blob-public-access") => [PublicAccess] }
[INFO] [stdout]    | ^^^^^^
[INFO] [stdout] 
[INFO] [stdout] 
[INFO] [stdout] error: cannot find macro `header` in this scope
[INFO] [stdout]   --> src/azure/storage/blob/mod.rs:71:1
[INFO] [stdout]    |
[INFO] [stdout] 71 | header! { (XMSBlobContentLength, "x-ms-blob-content-length") => [u64] }
[INFO] [stdout]    | ^^^^^^
[INFO] [stdout] 
[INFO] [stdout] 
[INFO] [stdout] error: cannot find macro `header` in this scope
[INFO] [stdout]   --> src/azure/storage/blob/mod.rs:72:1
[INFO] [stdout]    |
[INFO] [stdout] 72 | header! { (XMSBlobSequenceNumber, "x-ms-blob-sequence-number") => [u64] }
[INFO] [stdout]    | ^^^^^^
[INFO] [stdout] 
[INFO] [stdout] 
[INFO] [stdout] error: cannot find macro `header` in this scope
[INFO] [stdout]   --> src/azure/storage/blob/mod.rs:73:1
[INFO] [stdout]    |
[INFO] [stdout] 73 | header! { (XMSBlobType, "x-ms-blob-type") => [BlobType] }
[INFO] [stdout]    | ^^^^^^
[INFO] [stdout] 
[INFO] [stdout] 
[INFO] [stdout] error: cannot find macro `header` in this scope
[INFO] [stdout]   --> src/azure/storage/blob/mod.rs:74:1
[INFO] [stdout]    |
[INFO] [stdout] 74 | header! { (XMSBlobContentDisposition, "x-ms-blob-content-disposition") => [String] }
[INFO] [stdout]    | ^^^^^^
[INFO] [stdout] 
[INFO] [stdout] 
[INFO] [stdout] error: cannot find macro `header` in this scope
[INFO] [stdout]   --> src/azure/storage/blob/mod.rs:75:1
[INFO] [stdout]    |
[INFO] [stdout] 75 | header! { (XMSPageWrite, "x-ms-page-write") => [PageWriteType] }
[INFO] [stdout]    | ^^^^^^
[INFO] [stdout] 
[INFO] [stdout] 
[INFO] [stdout] error: cannot find macro `header` in this scope
[INFO] [stdout]   --> src/azure/service_bus/event_hub/mod.rs:39:1
[INFO] [stdout]    |
[INFO] [stdout] 39 | header! { (Authorization, "Authorization") => [String] }
[INFO] [stdout]    | ^^^^^^
[INFO] [stdout] 
[INFO] [stdout] 
[INFO] [stdout] error[E0433]: failed to resolve: could not find `client` in `hyper`
[INFO] [stdout]    --> src/azure/core/errors.rs:137:39
[INFO] [stdout]     |
[INFO] [stdout] 137 | pub fn check_status(resp: &mut hyper::client::response::Response,
[INFO] [stdout]     |                                       ^^^^^^ could not find `client` in `hyper`
[INFO] [stdout] 
[INFO] [stdout] 
[INFO] [stdout] error[E0433]: failed to resolve: could not find `client` in `hyper`
[INFO] [stdout]    --> src/azure/core/mod.rs:297:41
[INFO] [stdout]     |
[INFO] [stdout] 297 |                        -> Result<hyper::client::response::Response, hyper::error::Error> {
[INFO] [stdout]     |                                         ^^^^^^ could not find `client` in `hyper`
[INFO] [stdout] 
[INFO] [stdout] 
[INFO] [stdout] error[E0412]: cannot find type `UTC` in crate `chrono`
[INFO] [stdout]   --> src/azure/core/parsing.rs:22:50
[INFO] [stdout]    |
[INFO] [stdout] 22 | impl FromStringOptional<chrono::DateTime<chrono::UTC>> for chrono::DateTime<chrono::UTC> {
[INFO] [stdout]    |                                                  ^^^ not found in `chrono`
[INFO] [stdout] 
[INFO] [stdout] 
[INFO] [stdout] error[E0412]: cannot find type `UTC` in crate `chrono`
[INFO] [stdout]   --> src/azure/core/parsing.rs:22:85
[INFO] [stdout]    |
[INFO] [stdout] 22 | impl FromStringOptional<chrono::DateTime<chrono::UTC>> for chrono::DateTime<chrono::UTC> {
[INFO] [stdout]    |                                                                                     ^^^ not found in `chrono`
[INFO] [stdout] 
[INFO] [stdout] 
[INFO] [stdout] error[E0412]: cannot find type `UTC` in crate `chrono`
[INFO] [stdout]   --> src/azure/core/parsing.rs:23:70
[INFO] [stdout]    |
[INFO] [stdout] 23 |     fn from_str_optional(s: &str) -> Result<chrono::DateTime<chrono::UTC>, TraversingError> {
[INFO] [stdout]    |                                                                      ^^^ not found in `chrono`
[INFO] [stdout] 
[INFO] [stdout] 
[INFO] [stdout] error[E0412]: cannot find type `UTC` in crate `chrono`
[INFO] [stdout]   --> src/azure/core/parsing.rs:32:68
[INFO] [stdout]    |
[INFO] [stdout] 32 | pub fn from_azure_time(s: &str) -> Result<chrono::DateTime<chrono::UTC>, chrono::ParseError> {
[INFO] [stdout]    |                                                                    ^^^ not found in `chrono`
[INFO] [stdout] 
[INFO] [stdout] 
[INFO] [stdout] error[E0412]: cannot find type `Headers` in module `hyper::header`
[INFO] [stdout]    --> src/azure/core/mod.rs:111:73
[INFO] [stdout]     |
[INFO] [stdout] 111 | fn add_if_exists<H: Header + HeaderFormat + Display>(h: &hyper::header::Headers) -> String {
[INFO] [stdout]     |                                                                         ^^^^^^^ not found in `hyper::header`
[INFO] [stdout] 
[INFO] [stdout] 
[INFO] [stdout] error[E0412]: cannot find type `Headers` in module `hyper::header`
[INFO] [stdout]    --> src/azure/core/mod.rs:178:47
[INFO] [stdout]     |
[INFO] [stdout] 178 | pub fn canonicalize_header(h: &hyper::header::Headers) -> String {
[INFO] [stdout]     |                                               ^^^^^^^ not found in `hyper::header`
[INFO] [stdout] 
[INFO] [stdout] 
[INFO] [stdout] error[E0412]: cannot find type `Response` in this scope
[INFO] [stdout]   --> src/azure/storage/client.rs:51:38
[INFO] [stdout]    |
[INFO] [stdout] 51 | ...                   -> Result<Response, Error> {
[INFO] [stdout]    |                                 ^^^^^^^^ not found in this scope
[INFO] [stdout]    |
[INFO] [stdout] help: consider importing this struct
[INFO] [stdout]    |
[INFO] [stdout] 1  | use hyper::Response;
[INFO] [stdout]    |
[INFO] [stdout] 
[INFO] [stdout] 
[INFO] [stdout] error[E0603]: module `error` is private
[INFO] [stdout]   --> src/azure/storage/client.rs:3:12
[INFO] [stdout]    |
[INFO] [stdout] 3  | use hyper::error::Error;
[INFO] [stdout]    |            ^^^^^ private module
[INFO] [stdout]    |
[INFO] [stdout] note: the module `error` is defined here
[INFO] [stdout]   --> /opt/rustwide/cargo-home/registry/src/github.com-1ecc6299db9ec823/hyper-0.14.11/src/lib.rs:85:1
[INFO] [stdout]    |
[INFO] [stdout] 85 | mod error;
[INFO] [stdout]    | ^^^^^^^^^^
[INFO] [stdout] 
[INFO] [stdout] 
[INFO] [stdout] error[E0603]: module `datetime` is private
[INFO] [stdout]    --> src/azure/storage/container/mod.rs:17:13
[INFO] [stdout]     |
[INFO] [stdout] 17  | use chrono::datetime::DateTime;
[INFO] [stdout]     |             ^^^^^^^^ private module
[INFO] [stdout]     |
[INFO] [stdout] note: the module `datetime` is defined here
[INFO] [stdout]    --> /opt/rustwide/cargo-home/registry/src/github.com-1ecc6299db9ec823/chrono-0.4.19/src/lib.rs:580:1
[INFO] [stdout]     |
[INFO] [stdout] 580 | mod datetime;
[INFO] [stdout]     | ^^^^^^^^^^^^^
[INFO] [stdout] 
[INFO] [stdout] 
[INFO] [stdout] error[E0603]: module `datetime` is private
[INFO] [stdout]    --> src/azure/storage/blob/mod.rs:18:13
[INFO] [stdout]     |
[INFO] [stdout] 18  | use chrono::datetime::DateTime;
[INFO] [stdout]     |             ^^^^^^^^ private module
[INFO] [stdout]     |
[INFO] [stdout] note: the module `datetime` is defined here
[INFO] [stdout]    --> /opt/rustwide/cargo-home/registry/src/github.com-1ecc6299db9ec823/chrono-0.4.19/src/lib.rs:580:1
[INFO] [stdout]     |
[INFO] [stdout] 580 | mod datetime;
[INFO] [stdout]     | ^^^^^^^^^^^^^
[INFO] [stdout] 
[INFO] [stdout] 
[INFO] [stdout] error[E0603]: module `error` is private
[INFO] [stdout]   --> src/azure/core/errors.rs:32:23
[INFO] [stdout]    |
[INFO] [stdout] 32 |     HyperError(hyper::error::Error),
[INFO] [stdout]    |                       ^^^^^ private module
[INFO] [stdout]    |
[INFO] [stdout] note: the module `error` is defined here
[INFO] [stdout]   --> /opt/rustwide/cargo-home/registry/src/github.com-1ecc6299db9ec823/hyper-0.14.11/src/lib.rs:85:1
[INFO] [stdout]    |
[INFO] [stdout] 85 | mod error;
[INFO] [stdout]    | ^^^^^^^^^^
[INFO] [stdout] 
[INFO] [stdout] 
[INFO] [stdout] error[E0603]: module `error` is private
[INFO] [stdout]   --> src/azure/core/errors.rs:76:18
[INFO] [stdout]    |
[INFO] [stdout] 76 | impl From<hyper::error::Error> for AzureError {
[INFO] [stdout]    |                  ^^^^^ private module
[INFO] [stdout]    |
[INFO] [stdout] note: the module `error` is defined here
[INFO] [stdout]   --> /opt/rustwide/cargo-home/registry/src/github.com-1ecc6299db9ec823/hyper-0.14.11/src/lib.rs:85:1
[INFO] [stdout]    |
[INFO] [stdout] 85 | mod error;
[INFO] [stdout]    | ^^^^^^^^^^
[INFO] [stdout] 
[INFO] [stdout] 
[INFO] [stdout] error[E0603]: module `error` is private
[INFO] [stdout]   --> src/azure/core/errors.rs:77:24
[INFO] [stdout]    |
[INFO] [stdout] 77 |     fn from(he: hyper::error::Error) -> AzureError {
[INFO] [stdout]    |                        ^^^^^ private module
[INFO] [stdout]    |
[INFO] [stdout] note: the module `error` is defined here
[INFO] [stdout]   --> /opt/rustwide/cargo-home/registry/src/github.com-1ecc6299db9ec823/hyper-0.14.11/src/lib.rs:85:1
[INFO] [stdout]    |
[INFO] [stdout] 85 | mod error;
[INFO] [stdout]    | ^^^^^^^^^^
[INFO] [stdout] 
[INFO] [stdout] 
[INFO] [stdout] error[E0603]: module `error` is private
[INFO] [stdout]    --> src/azure/core/mod.rs:297:76
[INFO] [stdout]     |
[INFO] [stdout] 297 |                        -> Result<hyper::client::response::Response, hyper::error::Error> {
[INFO] [stdout]     |                                                                            ^^^^^ private module
[INFO] [stdout]     |
[INFO] [stdout] note: the module `error` is defined here
[INFO] [stdout]    --> /opt/rustwide/cargo-home/registry/src/github.com-1ecc6299db9ec823/hyper-0.14.11/src/lib.rs:85:1
[INFO] [stdout]     |
[INFO] [stdout] 85  | mod error;
[INFO] [stdout]     | ^^^^^^^^^^
[INFO] [stdout] 
[INFO] [stdout] 
[INFO] [stdout] error: Compilation failed, aborting rustdoc
[INFO] [stdout] 
[INFO] [stdout] 
[INFO] [stdout] error: aborting due to 60 previous errors
[INFO] [stdout] 
[INFO] [stdout] 
[INFO] [stdout] Some errors have detailed explanations: E0412, E0432, E0433, E0603.
[INFO] [stdout] 
[INFO] [stdout] For more information about an error, try `rustc --explain E0412`.
[INFO] [stdout] 
[INFO] [stderr] error: could not document `azure-sdk-rust`
[INFO] [stderr] 
[INFO] [stderr] Caused by:
[INFO] [stderr]   process didn't exit successfully: `rustdoc --crate-type lib --crate-name azure_sdk_rust src/lib.rs -o /opt/rustwide/target/doc --error-format=json --json=diagnostic-rendered-ansi --document-private-items -L dependency=/opt/rustwide/target/debug/deps --extern xml=/opt/rustwide/target/debug/deps/libxml-c5882e9ae96a9653.rmeta --extern chrono=/opt/rustwide/target/debug/deps/libchrono-6046d8ef431e5dbf.rmeta --extern env_logger=/opt/rustwide/target/debug/deps/libenv_logger-ab045cbffebb52b2.rmeta --extern hyper=/opt/rustwide/target/debug/deps/libhyper-e0c3209b65161c84.rmeta --extern log=/opt/rustwide/target/debug/deps/liblog-56a705720bafac8d.rmeta --extern mime=/opt/rustwide/target/debug/deps/libmime-60cdb79b1a736569.rmeta --extern crypto=/opt/rustwide/target/debug/deps/libcrypto-20dae69862f9cd58.rmeta --extern rustc_serialize=/opt/rustwide/target/debug/deps/librustc_serialize-ee311ccec3574ca0.rmeta --extern time=/opt/rustwide/target/debug/deps/libtime-eb119fb6f99c1326.rmeta --extern url=/opt/rustwide/target/debug/deps/liburl-3395a57f29385443.rmeta --extern uuid=/opt/rustwide/target/debug/deps/libuuid-f2902cc1a8e1b712.rmeta --cap-lints=warn --crate-version 0.1.2` (exit status: 1)
[INFO] running `Command { std: "docker" "inspect" "7aa7ee179e2524187a2df9d8fd16508c3bb46c4cc2f8f94133ea3c384a08334a", kill_on_drop: false }`
[INFO] running `Command { std: "docker" "rm" "-f" "7aa7ee179e2524187a2df9d8fd16508c3bb46c4cc2f8f94133ea3c384a08334a", kill_on_drop: false }`
[INFO] [stdout] 7aa7ee179e2524187a2df9d8fd16508c3bb46c4cc2f8f94133ea3c384a08334a
