[INFO] fetching crate amiwo 0.2.3...
[INFO] documenting amiwo-0.2.3 against beta-2021-08-01 for beta-1.55-rustdoc-1
[INFO] extracting crate amiwo 0.2.3 into /workspace/builds/worker-65/source
[INFO] validating manifest of crates.io crate amiwo 0.2.3 on toolchain beta-2021-08-01
[INFO] running `Command { std: "/workspace/cargo-home/bin/cargo" "+beta-2021-08-01" "metadata" "--manifest-path" "Cargo.toml" "--no-deps", kill_on_drop: false }`
[INFO] started tweaking crates.io crate amiwo 0.2.3
[INFO] finished tweaking crates.io crate amiwo 0.2.3
[INFO] tweaked toml for crates.io crate amiwo 0.2.3 written to /workspace/builds/worker-65/source/Cargo.toml
[INFO] running `Command { std: "/workspace/cargo-home/bin/cargo" "+beta-2021-08-01" "generate-lockfile" "--manifest-path" "Cargo.toml" "-Zno-index-update", kill_on_drop: false }`
[INFO] [stderr]     Blocking waiting for file lock on package cache
[INFO] running `Command { std: "/workspace/cargo-home/bin/cargo" "+beta-2021-08-01" "fetch" "--manifest-path" "Cargo.toml", kill_on_drop: false }`
[INFO] [stderr]     Blocking waiting for file lock on package cache
[INFO] [stderr]     Blocking waiting for file lock on package cache
[INFO] running `Command { std: "docker" "create" "-v" "/var/lib/crater-agent-workspace/builds/worker-65/target:/opt/rustwide/target:rw,Z" "-v" "/var/lib/crater-agent-workspace/builds/worker-65/source:/opt/rustwide/workdir:ro,Z" "-v" "/var/lib/crater-agent-workspace/cargo-home:/opt/rustwide/cargo-home:ro,Z" "-v" "/var/lib/crater-agent-workspace/rustup-home:/opt/rustwide/rustup-home:ro,Z" "-e" "SOURCE_DIR=/opt/rustwide/workdir" "-e" "CARGO_TARGET_DIR=/opt/rustwide/target" "-e" "CARGO_HOME=/opt/rustwide/cargo-home" "-e" "RUSTUP_HOME=/opt/rustwide/rustup-home" "-w" "/opt/rustwide/workdir" "-m" "1610612736" "--user" "0:0" "--network" "none" "ghcr.io/rust-lang/crates-build-env/linux@sha256:34b6a614d2c27851fe6cbf88fbd1137609cefab8b10d0615aaeb6fd47975d74e" "/opt/rustwide/cargo-home/bin/cargo" "+beta-2021-08-01" "metadata" "--no-deps" "--format-version=1", kill_on_drop: false }`
[INFO] [stdout] 36d8b5eff20b7c8a68bd9d796a6f3b9ef933de3bfbb00466f5ab0fd35a74c914
[INFO] running `Command { std: "docker" "start" "-a" "36d8b5eff20b7c8a68bd9d796a6f3b9ef933de3bfbb00466f5ab0fd35a74c914", kill_on_drop: false }`
[INFO] running `Command { std: "docker" "inspect" "36d8b5eff20b7c8a68bd9d796a6f3b9ef933de3bfbb00466f5ab0fd35a74c914", kill_on_drop: false }`
[INFO] running `Command { std: "docker" "rm" "-f" "36d8b5eff20b7c8a68bd9d796a6f3b9ef933de3bfbb00466f5ab0fd35a74c914", kill_on_drop: false }`
[INFO] [stdout] 36d8b5eff20b7c8a68bd9d796a6f3b9ef933de3bfbb00466f5ab0fd35a74c914
[INFO] running `Command { std: "docker" "create" "-v" "/var/lib/crater-agent-workspace/builds/worker-65/target:/opt/rustwide/target:rw,Z" "-v" "/var/lib/crater-agent-workspace/builds/worker-65/source:/opt/rustwide/workdir:ro,Z" "-v" "/var/lib/crater-agent-workspace/cargo-home:/opt/rustwide/cargo-home:ro,Z" "-v" "/var/lib/crater-agent-workspace/rustup-home:/opt/rustwide/rustup-home:ro,Z" "-e" "SOURCE_DIR=/opt/rustwide/workdir" "-e" "CARGO_TARGET_DIR=/opt/rustwide/target" "-e" "CARGO_INCREMENTAL=0" "-e" "RUST_BACKTRACE=full" "-e" "RUSTDOCFLAGS=--cap-lints=warn" "-e" "CARGO_HOME=/opt/rustwide/cargo-home" "-e" "RUSTUP_HOME=/opt/rustwide/rustup-home" "-w" "/opt/rustwide/workdir" "-m" "1610612736" "--user" "0:0" "--network" "none" "ghcr.io/rust-lang/crates-build-env/linux@sha256:34b6a614d2c27851fe6cbf88fbd1137609cefab8b10d0615aaeb6fd47975d74e" "/opt/rustwide/cargo-home/bin/cargo" "+beta-2021-08-01" "doc" "--frozen" "--no-deps" "--document-private-items" "--message-format=json", kill_on_drop: false }`
[INFO] [stdout] fd3507bc9aff09ccd7ed4ec3c29ff13d30398a765518c5a393394c5e8309d075
[INFO] running `Command { std: "docker" "start" "-a" "fd3507bc9aff09ccd7ed4ec3c29ff13d30398a765518c5a393394c5e8309d075", kill_on_drop: false }`
[INFO] [stderr]    Compiling libc v0.2.98
[INFO] [stderr]    Compiling version_check v0.1.5
[INFO] [stderr]    Compiling log v0.4.14
[INFO] [stderr]    Compiling tinyvec_macros v0.1.0
[INFO] [stderr]    Compiling httparse v1.4.1
[INFO] [stderr]    Compiling matches v0.1.8
[INFO] [stderr]    Compiling yansi v0.3.4
[INFO] [stderr]    Compiling cfg-if v1.0.0
[INFO] [stderr]    Compiling proc-macro2 v1.0.28
[INFO] [stderr]    Compiling percent-encoding v1.0.1
[INFO] [stderr]    Compiling safemem v0.3.3
[INFO] [stderr]    Compiling byteorder v1.4.3
[INFO] [stderr]    Compiling unicode-xid v0.2.2
[INFO] [stderr]    Compiling syn v1.0.74
[INFO] [stderr]    Compiling traitobject v0.1.0
[INFO] [stderr]    Compiling serde v1.0.127
[INFO] [stderr]    Compiling typeable v0.1.2
[INFO] [stderr]    Compiling term v0.4.6
[INFO] [stderr]    Compiling language-tags v0.2.2
[INFO] [stderr]    Compiling ryu v1.0.5
[INFO] [stderr]    Compiling toml v0.2.1
[INFO] [stderr]    Compiling serde_json v1.0.66
[INFO] [stderr]    Compiling state v0.2.2
[INFO] [stderr]    Compiling serde_derive v1.0.127
[INFO] [stderr]     Checking itoa v0.4.7
[INFO] [stderr]    Compiling tinyvec v1.3.1
[INFO] [stdout] error[E0557]: feature has been removed
[INFO] [stdout]  --> /opt/rustwide/cargo-home/registry/src/github.com-1ecc6299db9ec823/state-0.2.2/src/lib.rs:1:12
[INFO] [stdout]   |
[INFO] [stdout] 1 | #![feature(const_fn)]
[INFO] [stdout]   |            ^^^^^^^^ feature has been removed
[INFO] [stdout]   |
[INFO] [stdout]   = note: split into finer-grained feature gates
[INFO] [stdout] 
[INFO] [stdout] 
[INFO] [stdout] error[E0554]: `#![feature]` may not be used on the beta release channel
[INFO] [stdout]  --> /opt/rustwide/cargo-home/registry/src/github.com-1ecc6299db9ec823/state-0.2.2/src/lib.rs:1:1
[INFO] [stdout]   |
[INFO] [stdout] 1 | #![feature(const_fn)]
[INFO] [stdout]   | ^^^^^^^^^^^^^^^^^^^^^
[INFO] [stdout] 
[INFO] [stdout] 
[INFO] [stdout] error[E0557]: feature has been removed
[INFO] [stdout]  --> /opt/rustwide/cargo-home/registry/src/github.com-1ecc6299db9ec823/state-0.2.2/src/lib.rs:1:12
[INFO] [stdout]   |
[INFO] [stdout] 1 | #![feature(const_fn)]
[INFO] [stdout]   |            ^^^^^^^^ feature has been removed
[INFO] [stdout]   |
[INFO] [stdout]   = note: split into finer-grained feature gates
[INFO] [stdout] 
[INFO] [stdout] 
[INFO] [stdout] error[E0554]: `#![feature]` may not be used on the beta release channel
[INFO] [stdout]  --> /opt/rustwide/cargo-home/registry/src/github.com-1ecc6299db9ec823/state-0.2.2/src/lib.rs:1:1
[INFO] [stdout]   |
[INFO] [stdout] 1 | #![feature(const_fn)]
[INFO] [stdout]   | ^^^^^^^^^^^^^^^^^^^^^
[INFO] [stdout] 
[INFO] [stdout] 
[INFO] [stderr]    Compiling unicode-bidi v0.3.5
[INFO] [stdout] error: aborting due to 2 previous errors
[INFO] [stdout] 
[INFO] [stdout] 
[INFO] [stdout] Some errors have detailed explanations: E0554, E0557.
[INFO] [stdout] 
[INFO] [stdout] For more information about an error, try `rustc --explain E0554`.
[INFO] [stdout] 
[INFO] [stderr] error: could not compile `state` due to 3 previous errors
[INFO] [stderr] warning: build failed, waiting for other jobs to finish...
[INFO] [stdout] error: aborting due to 2 previous errors
[INFO] [stdout] 
[INFO] [stdout] 
[INFO] [stdout] Some errors have detailed explanations: E0554, E0557.
[INFO] [stdout] 
[INFO] [stdout] For more information about an error, try `rustc --explain E0554`.
[INFO] [stdout] 
[INFO] [stderr] error: build failed
[INFO] running `Command { std: "docker" "inspect" "fd3507bc9aff09ccd7ed4ec3c29ff13d30398a765518c5a393394c5e8309d075", kill_on_drop: false }`
[INFO] running `Command { std: "docker" "rm" "-f" "fd3507bc9aff09ccd7ed4ec3c29ff13d30398a765518c5a393394c5e8309d075", kill_on_drop: false }`
[INFO] [stdout] fd3507bc9aff09ccd7ed4ec3c29ff13d30398a765518c5a393394c5e8309d075
