[INFO] fetching crate ale-sys 0.1.2...
[INFO] documenting ale-sys-0.1.2 against beta-2021-08-01 for beta-1.55-rustdoc-1
[INFO] extracting crate ale-sys 0.1.2 into /workspace/builds/worker-84/source
[INFO] validating manifest of crates.io crate ale-sys 0.1.2 on toolchain beta-2021-08-01
[INFO] running `Command { std: "/workspace/cargo-home/bin/cargo" "+beta-2021-08-01" "metadata" "--manifest-path" "Cargo.toml" "--no-deps", kill_on_drop: false }`
[INFO] started tweaking crates.io crate ale-sys 0.1.2
[INFO] finished tweaking crates.io crate ale-sys 0.1.2
[INFO] tweaked toml for crates.io crate ale-sys 0.1.2 written to /workspace/builds/worker-84/source/Cargo.toml
[INFO] running `Command { std: "/workspace/cargo-home/bin/cargo" "+beta-2021-08-01" "generate-lockfile" "--manifest-path" "Cargo.toml" "-Zno-index-update", kill_on_drop: false }`
[INFO] [stderr]     Blocking waiting for file lock on package cache
[INFO] running `Command { std: "/workspace/cargo-home/bin/cargo" "+beta-2021-08-01" "fetch" "--manifest-path" "Cargo.toml", kill_on_drop: false }`
[INFO] [stderr]     Blocking waiting for file lock on package cache
[INFO] [stderr]     Blocking waiting for file lock on package cache
[INFO] running `Command { std: "docker" "create" "-v" "/var/lib/crater-agent-workspace/builds/worker-84/target:/opt/rustwide/target:rw,Z" "-v" "/var/lib/crater-agent-workspace/builds/worker-84/source:/opt/rustwide/workdir:ro,Z" "-v" "/var/lib/crater-agent-workspace/cargo-home:/opt/rustwide/cargo-home:ro,Z" "-v" "/var/lib/crater-agent-workspace/rustup-home:/opt/rustwide/rustup-home:ro,Z" "-e" "SOURCE_DIR=/opt/rustwide/workdir" "-e" "CARGO_TARGET_DIR=/opt/rustwide/target" "-e" "CARGO_HOME=/opt/rustwide/cargo-home" "-e" "RUSTUP_HOME=/opt/rustwide/rustup-home" "-w" "/opt/rustwide/workdir" "-m" "1610612736" "--user" "0:0" "--network" "none" "ghcr.io/rust-lang/crates-build-env/linux@sha256:34b6a614d2c27851fe6cbf88fbd1137609cefab8b10d0615aaeb6fd47975d74e" "/opt/rustwide/cargo-home/bin/cargo" "+beta-2021-08-01" "metadata" "--no-deps" "--format-version=1", kill_on_drop: false }`
[INFO] [stdout] bbd97e1119acd0a637de6a67b7a9eaf52a5ee9ba534eb25fe32530d5b7638daa
[INFO] running `Command { std: "docker" "start" "-a" "bbd97e1119acd0a637de6a67b7a9eaf52a5ee9ba534eb25fe32530d5b7638daa", kill_on_drop: false }`
[INFO] running `Command { std: "docker" "inspect" "bbd97e1119acd0a637de6a67b7a9eaf52a5ee9ba534eb25fe32530d5b7638daa", kill_on_drop: false }`
[INFO] running `Command { std: "docker" "rm" "-f" "bbd97e1119acd0a637de6a67b7a9eaf52a5ee9ba534eb25fe32530d5b7638daa", kill_on_drop: false }`
[INFO] [stdout] bbd97e1119acd0a637de6a67b7a9eaf52a5ee9ba534eb25fe32530d5b7638daa
[INFO] running `Command { std: "docker" "create" "-v" "/var/lib/crater-agent-workspace/builds/worker-84/target:/opt/rustwide/target:rw,Z" "-v" "/var/lib/crater-agent-workspace/builds/worker-84/source:/opt/rustwide/workdir:ro,Z" "-v" "/var/lib/crater-agent-workspace/cargo-home:/opt/rustwide/cargo-home:ro,Z" "-v" "/var/lib/crater-agent-workspace/rustup-home:/opt/rustwide/rustup-home:ro,Z" "-e" "SOURCE_DIR=/opt/rustwide/workdir" "-e" "CARGO_TARGET_DIR=/opt/rustwide/target" "-e" "CARGO_INCREMENTAL=0" "-e" "RUST_BACKTRACE=full" "-e" "RUSTDOCFLAGS=--cap-lints=warn" "-e" "CARGO_HOME=/opt/rustwide/cargo-home" "-e" "RUSTUP_HOME=/opt/rustwide/rustup-home" "-w" "/opt/rustwide/workdir" "-m" "1610612736" "--user" "0:0" "--network" "none" "ghcr.io/rust-lang/crates-build-env/linux@sha256:34b6a614d2c27851fe6cbf88fbd1137609cefab8b10d0615aaeb6fd47975d74e" "/opt/rustwide/cargo-home/bin/cargo" "+beta-2021-08-01" "doc" "--frozen" "--no-deps" "--document-private-items" "--message-format=json", kill_on_drop: false }`
[INFO] [stdout] 111a7727ad0d5f9ce82edb3904dc2df587c7523c7fbc604eee6ad020c66f6257
[INFO] running `Command { std: "docker" "start" "-a" "111a7727ad0d5f9ce82edb3904dc2df587c7523c7fbc604eee6ad020c66f6257", kill_on_drop: false }`
[INFO] [stderr]    Compiling remove_dir_all v0.5.3
[INFO] [stderr]    Compiling libc v0.2.98
[INFO] [stderr]    Compiling cmake v0.1.45
[INFO] [stderr]    Compiling rand v0.4.6
[INFO] [stderr]    Compiling tempdir v0.3.7
[INFO] [stderr]    Compiling ale-sys v0.1.2 (/opt/rustwide/workdir)
[INFO] [stderr] error: failed to run custom build command for `ale-sys v0.1.2 (/opt/rustwide/workdir)`
[INFO] [stderr] 
[INFO] [stderr] Caused by:
[INFO] [stderr]   process didn't exit successfully: `/opt/rustwide/target/debug/build/ale-sys-e66109a51e57f827/build-script-build` (exit status: 101)
[INFO] [stderr]   --- stdout
[INFO] [stderr]   temp_dir=/tmp/ale-sys-build.uvPe3SomB86b
[INFO] [stderr]   running: "cmake" "/opt/rustwide/workdir/ale" "-DUSE_SDL=OFF" "-DUSE_RLGLUE=OFF" "-DBUILD_EXAMPLES=OFF" "-DBUILD_CPP_LIB=OFF" "-DBUILD_CLI=OFF" "-DBUILD_C_LIB=ON" "-DCMAKE_ARCHIVE_OUTPUT_DIRECTORY_DEBUG=/opt/rustwide/target/debug/build/ale-sys-d6e6ec10abf321b3/out/build/lib" "-DCMAKE_INSTALL_PREFIX=/opt/rustwide/target/debug/build/ale-sys-d6e6ec10abf321b3/out" "-DCMAKE_C_FLAGS= -ffunction-sections -fdata-sections -fPIC -m64" "-DCMAKE_C_COMPILER=/usr/bin/cc" "-DCMAKE_CXX_FLAGS= -ffunction-sections -fdata-sections -fPIC -m64" "-DCMAKE_CXX_COMPILER=/usr/bin/c++" "-DCMAKE_ASM_FLAGS= -ffunction-sections -fdata-sections -fPIC -m64" "-DCMAKE_ASM_COMPILER=/usr/bin/cc" "-DCMAKE_BUILD_TYPE=Debug"
[INFO] [stderr]   -- The C compiler identification is GNU 9.3.0
[INFO] [stderr]   -- The CXX compiler identification is GNU 9.3.0
[INFO] [stderr]   -- Check for working C compiler: /usr/bin/cc
[INFO] [stderr]   -- Check for working C compiler: /usr/bin/cc -- works
[INFO] [stderr]   -- Detecting C compiler ABI info
[INFO] [stderr]   -- Detecting C compiler ABI info - done
[INFO] [stderr]   -- Detecting C compile features
[INFO] [stderr]   -- Detecting C compile features - done
[INFO] [stderr]   -- Check for working CXX compiler: /usr/bin/c++
[INFO] [stderr]   -- Check for working CXX compiler: /usr/bin/c++ -- works
[INFO] [stderr]   -- Detecting CXX compiler ABI info
[INFO] [stderr]   -- Detecting CXX compiler ABI info - done
[INFO] [stderr]   -- Detecting CXX compile features
[INFO] [stderr]   -- Detecting CXX compile features - done
[INFO] [stderr]   -- Configuring done
[INFO] [stderr]   -- Generating done
[INFO] [stderr]   -- Build files have been written to: /opt/rustwide/target/debug/build/ale-sys-d6e6ec10abf321b3/out/build
[INFO] [stderr]   running: "cmake" "--build" "." "--target" "ale-c-lib-static" "--config" "Debug" "--"
[INFO] [stderr]   Scanning dependencies of target ale-c-lib-static
[INFO] [stderr]   [  0%] Building CXX object CMakeFiles/ale-c-lib-static.dir/src/ale_interface.cpp.o
[INFO] [stderr]   [  0%] Building CXX object CMakeFiles/ale-c-lib-static.dir/ale_py/ale_c_wrapper.cpp.o
[INFO] [stderr]   [  2%] Building CXX object CMakeFiles/ale-c-lib-static.dir/src/common/SoundNull.cxx.o
[INFO] [stderr]   [  2%] Building CXX object CMakeFiles/ale-c-lib-static.dir/src/common/Constants.cpp.o
[INFO] [stderr]   [  2%] Building CXX object CMakeFiles/ale-c-lib-static.dir/src/common/SoundSDL.cxx.o
[INFO] [stderr]   [  2%] Building CXX object CMakeFiles/ale-c-lib-static.dir/src/common/ColourPalette.cpp.o
[INFO] [stderr]   [  2%] Building CXX object CMakeFiles/ale-c-lib-static.dir/src/common/ScreenExporter.cpp.o
[INFO] [stderr]   [  2%] Building CXX object CMakeFiles/ale-c-lib-static.dir/src/common/Log.cpp.o
[INFO] [stderr]   [  2%] Building CXX object CMakeFiles/ale-c-lib-static.dir/src/emucore/Booster.cxx.o
[INFO] [stderr]   [  2%] Building CXX object CMakeFiles/ale-c-lib-static.dir/src/controllers/fifo_controller.cpp.o
[INFO] [stderr]   [  2%] Building CXX object CMakeFiles/ale-c-lib-static.dir/src/common/display_screen.cpp.o
[INFO] [stderr]   [  6%] Building CXX object CMakeFiles/ale-c-lib-static.dir/src/common/SoundExporter.cpp.o
[INFO] [stderr]   [  6%] Building CXX object CMakeFiles/ale-c-lib-static.dir/src/controllers/ale_controller.cpp.o
[INFO] [stderr]   [  6%] Building CXX object CMakeFiles/ale-c-lib-static.dir/src/controllers/rlglue_controller.cpp.o
[INFO] [stderr]   [  6%] Building CXX object CMakeFiles/ale-c-lib-static.dir/src/emucore/Cart.cxx.o
[INFO] [stderr]   [  6%] Building CXX object CMakeFiles/ale-c-lib-static.dir/src/emucore/Cart3F.cxx.o
[INFO] [stderr]   [ 12%] Building CXX object CMakeFiles/ale-c-lib-static.dir/src/emucore/CartF6.cxx.o
[INFO] [stderr]   [ 12%] Building CXX object CMakeFiles/ale-c-lib-static.dir/src/emucore/AtariVox.cxx.o
[INFO] [stderr]   [ 12%] Building CXX object CMakeFiles/ale-c-lib-static.dir/src/emucore/CartF8.cxx.o
[INFO] [stderr]   [ 12%] Building CXX object CMakeFiles/ale-c-lib-static.dir/src/emucore/CartF4SC.cxx.o
[INFO] [stderr]   [ 20%] Building CXX object CMakeFiles/ale-c-lib-static.dir/src/emucore/Cart4A50.cxx.o
[INFO] [stderr]   [ 20%] Building CXX object CMakeFiles/ale-c-lib-static.dir/src/emucore/CartF6SC.cxx.o
[INFO] [stderr]   [ 12%] Building CXX object CMakeFiles/ale-c-lib-static.dir/src/emucore/CartF8SC.cxx.o
[INFO] [stderr]   [ 20%] Building CXX object CMakeFiles/ale-c-lib-static.dir/src/emucore/CartF4.cxx.o
[INFO] [stderr]   [ 20%] Building CXX object CMakeFiles/ale-c-lib-static.dir/src/emucore/CartFASC.cxx.o
[INFO] [stderr]   [ 12%] Building CXX object CMakeFiles/ale-c-lib-static.dir/src/emucore/CartMC.cxx.o
[INFO] [stderr]   [ 12%] Building CXX object CMakeFiles/ale-c-lib-static.dir/src/emucore/CartMB.cxx.o
[INFO] [stderr]   [ 12%] Building CXX object CMakeFiles/ale-c-lib-static.dir/src/emucore/Cart4K.cxx.o
[INFO] [stderr]   [ 12%] Building CXX object CMakeFiles/ale-c-lib-static.dir/src/emucore/CartAR.cxx.o
[INFO] [stderr]   [ 12%] Building CXX object CMakeFiles/ale-c-lib-static.dir/src/emucore/Cart0840.cxx.o
[INFO] [stderr]   [ 12%] Building CXX object CMakeFiles/ale-c-lib-static.dir/src/emucore/CartE7.cxx.o
[INFO] [stderr]   [ 12%] Building CXX object CMakeFiles/ale-c-lib-static.dir/src/emucore/CartE0.cxx.o
[INFO] [stderr]   [ 12%] Building CXX object CMakeFiles/ale-c-lib-static.dir/src/emucore/CartFE.cxx.o
[INFO] [stderr]   [ 12%] Building CXX object CMakeFiles/ale-c-lib-static.dir/src/emucore/CartDPC.cxx.o
[INFO] [stderr]   [ 12%] Building CXX object CMakeFiles/ale-c-lib-static.dir/src/emucore/Cart2K.cxx.o
[INFO] [stderr]   [ 12%] Building CXX object CMakeFiles/ale-c-lib-static.dir/src/emucore/Cart3E.cxx.o
[INFO] [stderr]   [ 20%] Building CXX object CMakeFiles/ale-c-lib-static.dir/src/emucore/Control.cxx.o
[INFO] [stderr]   [ 20%] Building CXX object CMakeFiles/ale-c-lib-static.dir/src/emucore/CartCV.cxx.o
[INFO] [stderr]   [ 22%] Building CXX object CMakeFiles/ale-c-lib-static.dir/src/emucore/Event.cxx.o
[INFO] [stderr]   [ 26%] Building CXX object CMakeFiles/ale-c-lib-static.dir/src/emucore/Deserializer.cxx.o
[INFO] [stderr]   [ 22%] Building CXX object CMakeFiles/ale-c-lib-static.dir/src/emucore/Console.cxx.o
[INFO] [stderr]   [ 26%] Building CXX object CMakeFiles/ale-c-lib-static.dir/src/emucore/FSNode.cxx.o
[INFO] [stderr]   [ 26%] Building CXX object CMakeFiles/ale-c-lib-static.dir/src/emucore/CartUA.cxx.o
[INFO] [stderr]   [ 22%] Building CXX object CMakeFiles/ale-c-lib-static.dir/src/emucore/Driving.cxx.o
[INFO] [stderr]   [ 22%] Building CXX object CMakeFiles/ale-c-lib-static.dir/src/emucore/Joystick.cxx.o
[INFO] [stderr]   [ 22%] Building CXX object CMakeFiles/ale-c-lib-static.dir/src/emucore/Keyboard.cxx.o
[INFO] [stderr]   [ 26%] Building CXX object CMakeFiles/ale-c-lib-static.dir/src/emucore/M6532.cxx.o
[INFO] [stderr]   [ 26%] Building CXX object CMakeFiles/ale-c-lib-static.dir/src/emucore/OSystem.cxx.o
[INFO] [stderr]   [ 28%] Building CXX object CMakeFiles/ale-c-lib-static.dir/src/emucore/MD5.cxx.o
[INFO] [stderr]   [ 30%] Building CXX object CMakeFiles/ale-c-lib-static.dir/src/emucore/Serializer.cxx.o
[INFO] [stderr]   [ 30%] Building CXX object CMakeFiles/ale-c-lib-static.dir/src/emucore/Random.cxx.o
[INFO] [stderr]   [ 30%] Building CXX object CMakeFiles/ale-c-lib-static.dir/src/emucore/MediaSrc.cxx.o
[INFO] [stderr]   [ 32%] Building CXX object CMakeFiles/ale-c-lib-static.dir/src/emucore/Paddles.cxx.o
[INFO] [stderr]   [ 32%] Building CXX object CMakeFiles/ale-c-lib-static.dir/src/emucore/PropsSet.cxx.o
[INFO] [stderr]   [ 32%] Building CXX object CMakeFiles/ale-c-lib-static.dir/src/emucore/Props.cxx.o
[INFO] [stderr]   [ 32%] Building CXX object CMakeFiles/ale-c-lib-static.dir/src/emucore/TIASnd.cxx.o
[INFO] [stderr]   [ 34%] Building CXX object CMakeFiles/ale-c-lib-static.dir/src/emucore/Switches.cxx.o
[INFO] [stderr]   [ 34%] Building CXX object CMakeFiles/ale-c-lib-static.dir/src/emucore/SpeakJet.cxx.o
[INFO] [stderr]   [ 34%] Building CXX object CMakeFiles/ale-c-lib-static.dir/src/emucore/TIA.cxx.o
[INFO] [stderr]   [ 34%] Building CXX object CMakeFiles/ale-c-lib-static.dir/src/emucore/Settings.cxx.o
[INFO] [stderr]   [ 36%] Building CXX object CMakeFiles/ale-c-lib-static.dir/src/emucore/m6502/src/Device.cxx.o
[INFO] [stderr]   [ 38%] Building CXX object CMakeFiles/ale-c-lib-static.dir/src/emucore/m6502/src/NullDev.cxx.o
[INFO] [stderr]   [ 38%] Building CXX object CMakeFiles/ale-c-lib-static.dir/src/emucore/m6502/src/M6502.cxx.o
[INFO] [stderr]   [ 38%] Building CXX object CMakeFiles/ale-c-lib-static.dir/src/emucore/m6502/src/M6502Hi.cxx.o
[INFO] [stderr]   [ 40%] Building CXX object CMakeFiles/ale-c-lib-static.dir/src/environment/phosphor_blend.cpp.o
[INFO] [stderr]   [ 40%] Building CXX object CMakeFiles/ale-c-lib-static.dir/src/environment/stella_environment.cpp.o
[INFO] [stderr]   [ 40%] Building CXX object CMakeFiles/ale-c-lib-static.dir/src/environment/stella_environment_wrapper.cpp.o
[INFO] [stderr]   [ 42%] Building CXX object CMakeFiles/ale-c-lib-static.dir/src/games/RomSettings.cpp.o
[INFO] [stderr]   [ 42%] Building CXX object CMakeFiles/ale-c-lib-static.dir/src/games/RomUtils.cpp.o
[INFO] [stderr]   [ 42%] Building CXX object CMakeFiles/ale-c-lib-static.dir/src/emucore/m6502/src/System.cxx.o
[INFO] [stderr]   [ 42%] Building CXX object CMakeFiles/ale-c-lib-static.dir/src/emucore/m6502/src/M6502Low.cxx.o
[INFO] [stderr]   [ 42%] Building CXX object CMakeFiles/ale-c-lib-static.dir/src/environment/ale_state.cpp.o
[INFO] [stderr]   [ 42%] Building CXX object CMakeFiles/ale-c-lib-static.dir/src/games/Roms.cpp.o
[INFO] [stderr]   [ 42%] Building CXX object CMakeFiles/ale-c-lib-static.dir/src/games/supported/Adventure.cpp.o
[INFO] [stderr]   [ 44%] Building CXX object CMakeFiles/ale-c-lib-static.dir/src/games/supported/AirRaid.cpp.o
[INFO] [stderr]   [ 44%] Building CXX object CMakeFiles/ale-c-lib-static.dir/src/games/supported/Alien.cpp.o
[INFO] [stderr]   [ 46%] Building CXX object CMakeFiles/ale-c-lib-static.dir/src/games/supported/Assault.cpp.o
[INFO] [stderr]   [ 46%] Building CXX object CMakeFiles/ale-c-lib-static.dir/src/games/supported/Asteroids.cpp.o
[INFO] [stderr]   [ 46%] Building CXX object CMakeFiles/ale-c-lib-static.dir/src/games/supported/Amidar.cpp.o
[INFO] [stderr]   [ 46%] Building CXX object CMakeFiles/ale-c-lib-static.dir/src/games/supported/Atlantis.cpp.o
[INFO] [stderr]   [ 48%] Building CXX object CMakeFiles/ale-c-lib-static.dir/src/games/supported/BankHeist.cpp.o
[INFO] [stderr]   [ 48%] Building CXX object CMakeFiles/ale-c-lib-static.dir/src/games/supported/BeamRider.cpp.o
[INFO] [stderr]   [ 50%] Building CXX object CMakeFiles/ale-c-lib-static.dir/src/games/supported/Berzerk.cpp.o
[INFO] [stderr]   [ 50%] Building CXX object CMakeFiles/ale-c-lib-static.dir/src/games/supported/BattleZone.cpp.o
[INFO] [stderr]   [ 50%] Building CXX object CMakeFiles/ale-c-lib-static.dir/src/games/supported/Asterix.cpp.o
[INFO] [stderr] 
[INFO] [stderr]   --- stderr
[INFO] [stderr]   CMake Warning (dev) at CMakeLists.txt:238 (FILE):
[INFO] [stderr]     Policy CMP0053 is not set: Simplify variable reference and escape sequence
[INFO] [stderr]     evaluation.  Run "cmake --help-policy CMP0053" for policy details.  Use the
[INFO] [stderr]     cmake_policy command to set the policy and suppress this warning.
[INFO] [stderr] 
[INFO] [stderr]     For input:
[INFO] [stderr] 
[INFO] [stderr]       '
[INFO] [stderr]       IF(NOT EXISTS \"@CMAKE_CURRENT_BINARY_DIR@/install_manifest.txt\")
[INFO] [stderr]         MESSAGE(FATAL_ERROR \"Cannot find install manifest: @CMAKE_CURRENT_BINARY_DIR@/install_manifest.txt\")
[INFO] [stderr]       ENDIF(NOT EXISTS \"@CMAKE_CURRENT_BINARY_DIR@/install_manifest.txt\")
[INFO] [stderr]       
[INFO] [stderr]       FILE(READ \"@CMAKE_CURRENT_BINARY_DIR@/install_manifest.txt\" files)
[INFO] [stderr]       STRING(REGEX REPLACE \"\\n\" \";\" files \"\${files}\")
[INFO] [stderr]       FOREACH(file \${files})
[INFO] [stderr]         MESSAGE(STATUS \"Uninstalling \"\$ENV{DESTDIR}\${file}\"\")
[INFO] [stderr]         IF(EXISTS \"\$ENV{DESTDIR}\${file}\")
[INFO] [stderr]           EXEC_PROGRAM(
[INFO] [stderr]             \"@CMAKE_COMMAND@\" ARGS \"-E remove \"\$ENV{DESTDIR}\${file}\"\"
[INFO] [stderr]             OUTPUT_VARIABLE rm_out
[INFO] [stderr]             RETURN_VALUE rm_retval
[INFO] [stderr]             )
[INFO] [stderr]           IF(NOT \"\${rm_retval}\" STREQUAL 0)
[INFO] [stderr]             MESSAGE(FATAL_ERROR \"Problem when removing \"\$ENV{DESTDIR}\${file}\"\")
[INFO] [stderr]           ENDIF(NOT \"\${rm_retval}\" STREQUAL 0)
[INFO] [stderr]         ELSE(EXISTS \"\$ENV{DESTDIR}\${file}\")
[INFO] [stderr]           MESSAGE(STATUS \"File \"\$ENV{DESTDIR}\${file}\" does not exist.\")
[INFO] [stderr]         ENDIF(EXISTS \"\$ENV{DESTDIR}\${file}\")
[INFO] [stderr]       ENDFOREACH(file)
[INFO] [stderr]       '
[INFO] [stderr] 
[INFO] [stderr]     the old evaluation rules produce:
[INFO] [stderr] 
[INFO] [stderr]       '
[INFO] [stderr]       IF(NOT EXISTS "/opt/rustwide/target/debug/build/ale-sys-d6e6ec10abf321b3/out/build/install_manifest.txt")
[INFO] [stderr]         MESSAGE(FATAL_ERROR "Cannot find install manifest: /opt/rustwide/target/debug/build/ale-sys-d6e6ec10abf321b3/out/build/install_manifest.txt")
[INFO] [stderr]       ENDIF(NOT EXISTS "/opt/rustwide/target/debug/build/ale-sys-d6e6ec10abf321b3/out/build/install_manifest.txt")
[INFO] [stderr]       
[INFO] [stderr]       FILE(READ "/opt/rustwide/target/debug/build/ale-sys-d6e6ec10abf321b3/out/build/install_manifest.txt" files)
[INFO] [stderr]       STRING(REGEX REPLACE "\n" ";" files "${files}")
[INFO] [stderr]       FOREACH(file ${files})
[INFO] [stderr]         MESSAGE(STATUS "Uninstalling "$ENV{DESTDIR}${file}"")
[INFO] [stderr]         IF(EXISTS "$ENV{DESTDIR}${file}")
[INFO] [stderr]           EXEC_PROGRAM(
[INFO] [stderr]             "/usr/bin/cmake" ARGS "-E remove "$ENV{DESTDIR}${file}""
[INFO] [stderr]             OUTPUT_VARIABLE rm_out
[INFO] [stderr]             RETURN_VALUE rm_retval
[INFO] [stderr]             )
[INFO] [stderr]           IF(NOT "${rm_retval}" STREQUAL 0)
[INFO] [stderr]             MESSAGE(FATAL_ERROR "Problem when removing "$ENV{DESTDIR}${file}"")
[INFO] [stderr]           ENDIF(NOT "${rm_retval}" STREQUAL 0)
[INFO] [stderr]         ELSE(EXISTS "$ENV{DESTDIR}${file}")
[INFO] [stderr]           MESSAGE(STATUS "File "$ENV{DESTDIR}${file}" does not exist.")
[INFO] [stderr]         ENDIF(EXISTS "$ENV{DESTDIR}${file}")
[INFO] [stderr]       ENDFOREACH(file)
[INFO] [stderr]       '
[INFO] [stderr] 
[INFO] [stderr]     but the new evaluation rules produce:
[INFO] [stderr] 
[INFO] [stderr]       '
[INFO] [stderr]       IF(NOT EXISTS "@CMAKE_CURRENT_BINARY_DIR@/install_manifest.txt")
[INFO] [stderr]         MESSAGE(FATAL_ERROR "Cannot find install manifest: @CMAKE_CURRENT_BINARY_DIR@/install_manifest.txt")
[INFO] [stderr]       ENDIF(NOT EXISTS "@CMAKE_CURRENT_BINARY_DIR@/install_manifest.txt")
[INFO] [stderr]       
[INFO] [stderr]       FILE(READ "@CMAKE_CURRENT_BINARY_DIR@/install_manifest.txt" files)
[INFO] [stderr]       STRING(REGEX REPLACE "\n" ";" files "${files}")
[INFO] [stderr]       FOREACH(file ${files})
[INFO] [stderr]         MESSAGE(STATUS "Uninstalling "$ENV{DESTDIR}${file}"")
[INFO] [stderr]         IF(EXISTS "$ENV{DESTDIR}${file}")
[INFO] [stderr]           EXEC_PROGRAM(
[INFO] [stderr]             "@CMAKE_COMMAND@" ARGS "-E remove "$ENV{DESTDIR}${file}""
[INFO] [stderr]             OUTPUT_VARIABLE rm_out
[INFO] [stderr]             RETURN_VALUE rm_retval
[INFO] [stderr]             )
[INFO] [stderr]           IF(NOT "${rm_retval}" STREQUAL 0)
[INFO] [stderr]             MESSAGE(FATAL_ERROR "Problem when removing "$ENV{DESTDIR}${file}"")
[INFO] [stderr]           ENDIF(NOT "${rm_retval}" STREQUAL 0)
[INFO] [stderr]         ELSE(EXISTS "$ENV{DESTDIR}${file}")
[INFO] [stderr]           MESSAGE(STATUS "File "$ENV{DESTDIR}${file}" does not exist.")
[INFO] [stderr]         ENDIF(EXISTS "$ENV{DESTDIR}${file}")
[INFO] [stderr]       ENDFOREACH(file)
[INFO] [stderr]       '
[INFO] [stderr] 
[INFO] [stderr]     Using the old result for compatibility since the policy is not set.
[INFO] [stderr]   This warning is for project developers.  Use -Wno-dev to suppress it.
[INFO] [stderr] 
[INFO] [stderr]   CMake Warning:
[INFO] [stderr]     Manually-specified variables were not used by the project:
[INFO] [stderr] 
[INFO] [stderr]       CMAKE_ASM_COMPILER
[INFO] [stderr]       CMAKE_ASM_FLAGS
[INFO] [stderr] 
[INFO] [stderr] 
[INFO] [stderr]   c++: fatal error: Killed signal terminated program cc1plus
[INFO] [stderr]   compilation terminated.
[INFO] [stderr]   c++: fatal error: Killed signal terminated program cc1plus
[INFO] [stderr]   compilation terminated.
[INFO] [stderr]   make[3]: *** [CMakeFiles/ale-c-lib-static.dir/build.make:401: CMakeFiles/ale-c-lib-static.dir/src/emucore/CartE7.cxx.o] Error 1
[INFO] [stderr]   make[3]: *** Waiting for unfinished jobs....
[INFO] [stderr]   make[3]: *** [CMakeFiles/ale-c-lib-static.dir/build.make:596: CMakeFiles/ale-c-lib-static.dir/src/emucore/Driving.cxx.o] Error 1
[INFO] [stderr]   c++: fatal error: Killed signal terminated program cc1plus
[INFO] [stderr]   compilation terminated.
[INFO] [stderr]   make[3]: *** [CMakeFiles/ale-c-lib-static.dir/build.make:726: CMakeFiles/ale-c-lib-static.dir/src/emucore/Props.cxx.o] Error 1
[INFO] [stderr]   c++: fatal error: Killed signal terminated program cc1plus
[INFO] [stderr]   compilation terminated.
[INFO] [stderr]   make[3]: *** [CMakeFiles/ale-c-lib-static.dir/build.make:466: CMakeFiles/ale-c-lib-static.dir/src/emucore/CartF8.cxx.o] Error 1
[INFO] [stderr]   c++: fatal error: Killed signal terminated program cc1plus
[INFO] [stderr]   compilation terminated.
[INFO] [stderr]   make[3]: *** [CMakeFiles/ale-c-lib-static.dir/build.make:245: CMakeFiles/ale-c-lib-static.dir/src/emucore/Booster.cxx.o] Error 1
[INFO] [stderr]   c++: fatal error: Killed signal terminated program cc1plus
[INFO] [stderr]   compilation terminated.
[INFO] [stderr]   make[3]: *** [CMakeFiles/ale-c-lib-static.dir/build.make:76: CMakeFiles/ale-c-lib-static.dir/src/ale_interface.cpp.o] Error 1
[INFO] [stderr]   c++: fatal error: Killed signal terminated program cc1plus
[INFO] [stderr]   compilation terminated.
[INFO] [stderr]   make[3]: *** [CMakeFiles/ale-c-lib-static.dir/build.make:713: CMakeFiles/ale-c-lib-static.dir/src/emucore/Paddles.cxx.o] Error 1
[INFO] [stderr]   c++: fatal error: Killed signal terminated program cc1plus
[INFO] [stderr]   compilation terminated.
[INFO] [stderr]   make[3]: *** [CMakeFiles/ale-c-lib-static.dir/build.make:661: CMakeFiles/ale-c-lib-static.dir/src/emucore/M6532.cxx.o] Error 1
[INFO] [stderr]   c++: fatal error: Killed signal terminated program cc1plus
[INFO] [stderr]   compilation terminated.
[INFO] [stderr]   make[3]: *** [CMakeFiles/ale-c-lib-static.dir/build.make:362: CMakeFiles/ale-c-lib-static.dir/src/emucore/CartCV.cxx.o] Error 1
[INFO] [stderr]   c++: fatal error: Killed signal terminated program cc1plus
[INFO] [stderr]   compilation terminated.
[INFO] [stderr]   c++: fatal error: Killed signal terminated program cc1plus
[INFO] [stderr]   compilation terminated.
[INFO] [stderr]   make[3]: *** [CMakeFiles/ale-c-lib-static.dir/build.make:258: CMakeFiles/ale-c-lib-static.dir/src/emucore/Cart.cxx.o] Error 1
[INFO] [stderr]   make[3]: *** [CMakeFiles/ale-c-lib-static.dir/build.make:427: CMakeFiles/ale-c-lib-static.dir/src/emucore/CartF4SC.cxx.o] Error 1
[INFO] [stderr]   c++: fatal error: Killed signal terminated program cc1plus
[INFO] [stderr]   compilation terminated.
[INFO] [stderr]   make[3]: *** [CMakeFiles/ale-c-lib-static.dir/build.make:492: CMakeFiles/ale-c-lib-static.dir/src/emucore/CartFASC.cxx.o] Error 1
[INFO] [stderr]   c++: fatal error: Killed signal terminated program cc1plus
[INFO] [stderr]   compilation terminated.
[INFO] [stderr]   c++: fatal error: Killed signal terminated program cc1plus
[INFO] [stderr]   compilation terminated.
[INFO] [stderr]   make[3]: *** [CMakeFiles/ale-c-lib-static.dir/build.make:154: CMakeFiles/ale-c-lib-static.dir/src/common/SoundNull.cxx.o] Error 1
[INFO] [stderr]   make[3]: *** [CMakeFiles/ale-c-lib-static.dir/build.make:752: CMakeFiles/ale-c-lib-static.dir/src/emucore/Random.cxx.o] Error 1
[INFO] [stderr]   c++: fatal error: Killed signal terminated program cc1plus
[INFO] [stderr]   compilation terminated.
[INFO] [stderr]   make[3]: *** [CMakeFiles/ale-c-lib-static.dir/build.make:193: CMakeFiles/ale-c-lib-static.dir/src/controllers/ale_controller.cpp.o] Error 1
[INFO] [stderr]   c++: fatal error: Killed signal terminated program cc1plus
[INFO] [stderr]   compilation terminated.
[INFO] [stderr]   c++: fatal error: Killed signal terminated program cc1plus
[INFO] [stderr]   compilation terminated.
[INFO] [stderr]   make[3]: *** [CMakeFiles/ale-c-lib-static.dir/build.make:102: CMakeFiles/ale-c-lib-static.dir/src/common/Constants.cpp.o] Error 1
[INFO] [stderr]   make[3]: *** [CMakeFiles/ale-c-lib-static.dir/build.make:128: CMakeFiles/ale-c-lib-static.dir/src/common/ScreenExporter.cpp.o] Error 1
[INFO] [stderr]   c++: fatal error: Killed signal terminated program cc1plus
[INFO] [stderr]   compilation terminated.
[INFO] [stderr]   make[3]: *** [CMakeFiles/ale-c-lib-static.dir/build.make:622: CMakeFiles/ale-c-lib-static.dir/src/emucore/FSNode.cxx.o] Error 1
[INFO] [stderr]   c++: fatal error: Killed signal terminated program cc1plus
[INFO] [stderr]   compilation terminated.
[INFO] [stderr]   make[3]: *** [CMakeFiles/ale-c-lib-static.dir/build.make:557: CMakeFiles/ale-c-lib-static.dir/src/emucore/Console.cxx.o] Error 1
[INFO] [stderr]   c++: fatal error: Killed signal terminated program cc1plus
[INFO] [stderr]   compilation terminated.
[INFO] [stderr]   make[3]: *** [CMakeFiles/ale-c-lib-static.dir/build.make:700: CMakeFiles/ale-c-lib-static.dir/src/emucore/OSystem.cxx.o] Error 1
[INFO] [stderr]   c++: fatal error: Killed signal terminated program cc1plus
[INFO] [stderr]   compilation terminated.
[INFO] [stderr]   make[3]: *** [CMakeFiles/ale-c-lib-static.dir/build.make:180: CMakeFiles/ale-c-lib-static.dir/src/common/display_screen.cpp.o] Error 1
[INFO] [stderr]   c++: fatal error: Killed signal terminated program cc1plus
[INFO] [stderr]   compilation terminated.
[INFO] [stderr]   make[3]: *** [CMakeFiles/ale-c-lib-static.dir/build.make:388: CMakeFiles/ale-c-lib-static.dir/src/emucore/CartE0.cxx.o] Error 1
[INFO] [stderr]   c++: fatal error: Killed signal terminated program cc1plus
[INFO] [stderr]   compilation terminated.
[INFO] [stderr]   make[3]: *** [CMakeFiles/ale-c-lib-static.dir/build.make:635: CMakeFiles/ale-c-lib-static.dir/src/emucore/Joystick.cxx.o] Error 1
[INFO] [stderr]   c++: fatal error: Killed signal terminated program cc1plus
[INFO] [stderr]   compilation terminated.
[INFO] [stderr]   c++: fatal error: Killed signal terminated program cc1plus
[INFO] [stderr]   compilation terminated.
[INFO] [stderr]   c++: fatal error: Killed signal terminated program cc1plus
[INFO] [stderr]   compilation terminated.
[INFO] [stderr]   make[3]: *** [CMakeFiles/ale-c-lib-static.dir/build.make:115: CMakeFiles/ale-c-lib-static.dir/src/common/Log.cpp.o] Error 1
[INFO] [stderr]   make[3]: *** [CMakeFiles/ale-c-lib-static.dir/build.make:323: CMakeFiles/ale-c-lib-static.dir/src/emucore/Cart4A50.cxx.o] Error 1
[INFO] [stderr]   make[3]: *** [CMakeFiles/ale-c-lib-static.dir/build.make:830: CMakeFiles/ale-c-lib-static.dir/src/emucore/TIASnd.cxx.o] Error 1
[INFO] [stderr]   c++: fatal error: Killed signal terminated program cc1plus
[INFO] [stderr]   compilation terminated.
[INFO] [stderr]   make[3]: *** [CMakeFiles/ale-c-lib-static.dir/build.make:479: CMakeFiles/ale-c-lib-static.dir/src/emucore/CartF8SC.cxx.o] Error 1
[INFO] [stderr]   c++: fatal error: Killed signal terminated program cc1plus
[INFO] [stderr]   compilation terminated.
[INFO] [stderr]   make[3]: *** [CMakeFiles/ale-c-lib-static.dir/build.make:284: CMakeFiles/ale-c-lib-static.dir/src/emucore/Cart2K.cxx.o] Error 1
[INFO] [stderr]   c++: fatal error: Killed signal terminated program cc1plus
[INFO] [stderr]   compilation terminated.
[INFO] [stderr]   make[3]: *** [CMakeFiles/ale-c-lib-static.dir/build.make:648: CMakeFiles/ale-c-lib-static.dir/src/emucore/Keyboard.cxx.o] Error 1
[INFO] [stderr]   c++: fatal error: Killed signal terminated program cc1plus
[INFO] [stderr]   compilation terminated.
[INFO] [stderr]   make[3]: *** [CMakeFiles/ale-c-lib-static.dir/build.make:531: CMakeFiles/ale-c-lib-static.dir/src/emucore/CartMC.cxx.o] Error 1
[INFO] [stderr]   c++: fatal error: Killed signal terminated program cc1plus
[INFO] [stderr]   compilation terminated.
[INFO] [stderr]   make[3]: *** [CMakeFiles/ale-c-lib-static.dir/build.make:544: CMakeFiles/ale-c-lib-static.dir/src/emucore/CartUA.cxx.o] Error 1
[INFO] [stderr]   c++: fatal error: Killed signal terminated program cc1plus
[INFO] [stderr]   compilation terminated.
[INFO] [stderr]   make[3]: *** [CMakeFiles/ale-c-lib-static.dir/build.make:778: CMakeFiles/ale-c-lib-static.dir/src/emucore/Settings.cxx.o] Error 1
[INFO] [stderr]   c++: fatal error: Killed signal terminated program cc1plus
[INFO] [stderr]   compilation terminated.
[INFO] [stderr]   make[3]: *** [CMakeFiles/ale-c-lib-static.dir/build.make:1025: CMakeFiles/ale-c-lib-static.dir/src/games/supported/AirRaid.cpp.o] Error 1
[INFO] [stderr]   c++: fatal error: Killed signal terminated program cc1plus
[INFO] [stderr]   compilation terminated.
[INFO] [stderr]   make[3]: *** [CMakeFiles/ale-c-lib-static.dir/build.make:934: CMakeFiles/ale-c-lib-static.dir/src/environment/phosphor_blend.cpp.o] Error 1
[INFO] [stderr]   c++: fatal error: Killed signal terminated program cc1plus
[INFO] [stderr]   compilation terminated.
[INFO] [stderr]   make[3]: *** [CMakeFiles/ale-c-lib-static.dir/build.make:310: CMakeFiles/ale-c-lib-static.dir/src/emucore/Cart3F.cxx.o] Error 1
[INFO] [stderr]   c++: fatal error: Killed signal terminated program cc1plus
[INFO] [stderr]   compilation terminated.
[INFO] [stderr]   make[3]: *** [CMakeFiles/ale-c-lib-static.dir/build.make:1012: CMakeFiles/ale-c-lib-static.dir/src/games/supported/Adventure.cpp.o] Error 1
[INFO] [stderr]   c++: fatal error: Killed signal terminated program cc1plus
[INFO] [stderr]   compilation terminated.
[INFO] [stderr]   make[3]: *** [CMakeFiles/ale-c-lib-static.dir/build.make:960: CMakeFiles/ale-c-lib-static.dir/src/environment/stella_environment_wrapper.cpp.o] Error 1
[INFO] [stderr]   c++: fatal error: Killed signal terminated program cc1plus
[INFO] [stderr]   compilation terminated.
[INFO] [stderr]   make[3]: *** [CMakeFiles/ale-c-lib-static.dir/build.make:89: CMakeFiles/ale-c-lib-static.dir/src/common/ColourPalette.cpp.o] Error 1
[INFO] [stderr]   c++: fatal error: Killed signal terminated program cc1plus
[INFO] [stderr]   compilation terminated.
[INFO] [stderr]   make[3]: *** [CMakeFiles/ale-c-lib-static.dir/build.make:1051: CMakeFiles/ale-c-lib-static.dir/src/games/supported/Amidar.cpp.o] Error 1
[INFO] [stderr]   c++: fatal error: Killed signal terminated program cc1plus
[INFO] [stderr]   compilation terminated.
[INFO] [stderr]   make[3]: *** [CMakeFiles/ale-c-lib-static.dir/build.make:1116: CMakeFiles/ale-c-lib-static.dir/src/games/supported/BankHeist.cpp.o] Error 1
[INFO] [stderr]   c++: fatal error: Killed signal terminated program cc1plus
[INFO] [stderr]   compilation terminated.
[INFO] [stderr]   c++: fatal error: Killed signal terminated program cc1plus
[INFO] [stderr]   compilation terminated.
[INFO] [stderr]   make[3]: *** [CMakeFiles/ale-c-lib-static.dir/build.make:505: CMakeFiles/ale-c-lib-static.dir/src/emucore/CartFE.cxx.o] Error 1
[INFO] [stderr]   make[3]: *** [CMakeFiles/ale-c-lib-static.dir/build.make:947: CMakeFiles/ale-c-lib-static.dir/src/environment/stella_environment.cpp.o] Error 1
[INFO] [stderr]   c++: fatal error: Killed signal terminated program cc1plus
[INFO] [stderr]   compilation terminated.
[INFO] [stderr]   make[3]: *** [CMakeFiles/ale-c-lib-static.dir/build.make:999: CMakeFiles/ale-c-lib-static.dir/src/games/Roms.cpp.o] Error 1
[INFO] [stderr]   c++: fatal error: Killed signal terminated program cc1plus
[INFO] [stderr]   compilation terminated.
[INFO] [stderr]   make[3]: *** [CMakeFiles/ale-c-lib-static.dir/build.make:895: CMakeFiles/ale-c-lib-static.dir/src/emucore/m6502/src/NullDev.cxx.o] Error 1
[INFO] [stderr]   c++: fatal error: Killed signal terminated program cc1plus
[INFO] [stderr]   compilation terminated.
[INFO] [stderr]   make[3]: *** [CMakeFiles/ale-c-lib-static.dir/build.make:63: CMakeFiles/ale-c-lib-static.dir/ale_py/ale_c_wrapper.cpp.o] Error 1
[INFO] [stderr]   c++: fatal error: Killed signal terminated program cc1plus
[INFO] [stderr]   compilation terminated.
[INFO] [stderr]   make[3]: *** [CMakeFiles/ale-c-lib-static.dir/build.make:843: CMakeFiles/ale-c-lib-static.dir/src/emucore/m6502/src/Device.cxx.o] Error 1
[INFO] [stderr]   c++: fatal error: Killed signal terminated program cc1plus
[INFO] [stderr]   compilation terminated.
[INFO] [stderr]   make[3]: *** [CMakeFiles/ale-c-lib-static.dir/build.make:297: CMakeFiles/ale-c-lib-static.dir/src/emucore/Cart3E.cxx.o] Error 1
[INFO] [stderr]   In file included from /opt/rustwide/workdir/ale/src/emucore/m6502/src/M6502Hi.cxx:155:
[INFO] [stderr]   /opt/rustwide/workdir/ale/src/emucore/m6502/src/M6502Hi.ins: In member function 'virtual bool M6502High::execute(uInt32)':
[INFO] [stderr]   /opt/rustwide/workdir/ale/src/emucore/m6502/src/M6502Hi.ins:2061:6: warning: operation on '((M6502High*)this)->M6502High::<anonymous>.M6502::PC' may be undefined [-Wsequence-point]
[INFO] [stderr]    2061 |   PC = low | ((uInt16)peek(PC++) << 8);
[INFO] [stderr]         |   ~~~^~~~~~~~~~~~~~~~~~~~~~~~~~~~~~~~~
[INFO] [stderr]   In file included from /opt/rustwide/workdir/ale/src/emucore/m6502/src/M6502Low.cxx:138:
[INFO] [stderr]   /opt/rustwide/workdir/ale/src/emucore/m6502/src/M6502Low.ins: In member function 'virtual bool M6502Low::execute(uInt32)':
[INFO] [stderr]   /opt/rustwide/workdir/ale/src/emucore/m6502/src/M6502Low.ins:2060:6: warning: operation on '((M6502Low*)this)->M6502Low::<anonymous>.M6502::PC' may be undefined [-Wsequence-point]
[INFO] [stderr]    2060 |   PC = low | ((uInt16)peek(PC++) << 8);
[INFO] [stderr]         |   ~~~^~~~~~~~~~~~~~~~~~~~~~~~~~~~~~~~~
[INFO] [stderr]   make[2]: *** [CMakeFiles/Makefile2:106: CMakeFiles/ale-c-lib-static.dir/all] Error 2
[INFO] [stderr]   make[1]: *** [CMakeFiles/Makefile2:113: CMakeFiles/ale-c-lib-static.dir/rule] Error 2
[INFO] [stderr]   make: *** [Makefile:177: ale-c-lib-static] Error 2
[INFO] [stderr]   thread 'main' panicked at '
[INFO] [stderr]   command did not execute successfully, got: exit status: 2
[INFO] [stderr] 
[INFO] [stderr]   build script failed, must exit now', /opt/rustwide/cargo-home/registry/src/github.com-1ecc6299db9ec823/cmake-0.1.45/src/lib.rs:894:5
[INFO] [stderr]   stack backtrace:
[INFO] [stderr]      0:     0x55fd2455bca0 - std::backtrace_rs::backtrace::libunwind::trace::hff4d1766e93f64f1
[INFO] [stderr]                                  at /rustc/53fd98ca776cb875bc9e5514f56b52eb74f9e7a9/library/std/src/../../backtrace/src/backtrace/libunwind.rs:90:5
[INFO] [stderr]      1:     0x55fd2455bca0 - std::backtrace_rs::backtrace::trace_unsynchronized::h56bbc8eb78770bcb
[INFO] [stderr]                                  at /rustc/53fd98ca776cb875bc9e5514f56b52eb74f9e7a9/library/std/src/../../backtrace/src/backtrace/mod.rs:66:5
[INFO] [stderr]      2:     0x55fd2455bca0 - std::sys_common::backtrace::_print_fmt::h5c8e75464faca780
[INFO] [stderr]                                  at /rustc/53fd98ca776cb875bc9e5514f56b52eb74f9e7a9/library/std/src/sys_common/backtrace.rs:67:5
[INFO] [stderr]      3:     0x55fd2455bca0 - <std::sys_common::backtrace::_print::DisplayBacktrace as core::fmt::Display>::fmt::h48b88277def8b362
[INFO] [stderr]                                  at /rustc/53fd98ca776cb875bc9e5514f56b52eb74f9e7a9/library/std/src/sys_common/backtrace.rs:46:22
[INFO] [stderr]      4:     0x55fd2457be5c - core::fmt::write::h3381b3176fe2b3d3
[INFO] [stderr]                                  at /rustc/53fd98ca776cb875bc9e5514f56b52eb74f9e7a9/library/core/src/fmt/mod.rs:1115:17
[INFO] [stderr]      5:     0x55fd245589d5 - std::io::Write::write_fmt::hd42607e5d8e44db0
[INFO] [stderr]                                  at /rustc/53fd98ca776cb875bc9e5514f56b52eb74f9e7a9/library/std/src/io/mod.rs:1665:15
[INFO] [stderr]      6:     0x55fd2455e2db - std::sys_common::backtrace::_print::ha537687d6c17dd0d
[INFO] [stderr]                                  at /rustc/53fd98ca776cb875bc9e5514f56b52eb74f9e7a9/library/std/src/sys_common/backtrace.rs:49:5
[INFO] [stderr]      7:     0x55fd2455e2db - std::sys_common::backtrace::print::h61376ae57d131d72
[INFO] [stderr]                                  at /rustc/53fd98ca776cb875bc9e5514f56b52eb74f9e7a9/library/std/src/sys_common/backtrace.rs:36:9
[INFO] [stderr]      8:     0x55fd2455e2db - std::panicking::default_hook::{{closure}}::h0f7208c0b9644a54
[INFO] [stderr]                                  at /rustc/53fd98ca776cb875bc9e5514f56b52eb74f9e7a9/library/std/src/panicking.rs:208:50
[INFO] [stderr]      9:     0x55fd2455ddb1 - std::panicking::default_hook::hdac7fc06578c14ce
[INFO] [stderr]                                  at /rustc/53fd98ca776cb875bc9e5514f56b52eb74f9e7a9/library/std/src/panicking.rs:225:9
[INFO] [stderr]     10:     0x55fd2455e9a4 - std::panicking::rust_panic_with_hook::h72b21c283da3d1ef
[INFO] [stderr]                                  at /rustc/53fd98ca776cb875bc9e5514f56b52eb74f9e7a9/library/std/src/panicking.rs:622:17
[INFO] [stderr]     11:     0x55fd2455e487 - std::panicking::begin_panic_handler::{{closure}}::he5778f1729cff84a
[INFO] [stderr]                                  at /rustc/53fd98ca776cb875bc9e5514f56b52eb74f9e7a9/library/std/src/panicking.rs:519:13
[INFO] [stderr]     12:     0x55fd2455c17c - std::sys_common::backtrace::__rust_end_short_backtrace::h2d11ca8b453b4b1d
[INFO] [stderr]                                  at /rustc/53fd98ca776cb875bc9e5514f56b52eb74f9e7a9/library/std/src/sys_common/backtrace.rs:141:18
[INFO] [stderr]     13:     0x55fd2455e3e9 - rust_begin_unwind
[INFO] [stderr]                                  at /rustc/53fd98ca776cb875bc9e5514f56b52eb74f9e7a9/library/std/src/panicking.rs:515:5
[INFO] [stderr]     14:     0x55fd244c2bbb - std::panicking::begin_panic_fmt::h746518bde832d259
[INFO] [stderr]                                  at /rustc/53fd98ca776cb875bc9e5514f56b52eb74f9e7a9/library/std/src/panicking.rs:457:5
[INFO] [stderr]     15:     0x55fd244d03b3 - cmake::fail::h5b2ff5d8cd54107d
[INFO] [stderr]                                  at /opt/rustwide/cargo-home/registry/src/github.com-1ecc6299db9ec823/cmake-0.1.45/src/lib.rs:894:5
[INFO] [stderr]     16:     0x55fd244cfdc1 - cmake::run::h16e653742ac936ee
[INFO] [stderr]                                  at /opt/rustwide/cargo-home/registry/src/github.com-1ecc6299db9ec823/cmake-0.1.45/src/lib.rs:872:9
[INFO] [stderr]     17:     0x55fd244cd801 - cmake::Config::build::h826ab55fb58b5948
[INFO] [stderr]                                  at /opt/rustwide/cargo-home/registry/src/github.com-1ecc6299db9ec823/cmake-0.1.45/src/lib.rs:778:9
[INFO] [stderr]     18:     0x55fd244c4f6a - build_script_build::main::h21d6609bdd940364
[INFO] [stderr]                                  at /opt/rustwide/workdir/build.rs:69:12
[INFO] [stderr]     19:     0x55fd244c818b - core::ops::function::FnOnce::call_once::haa81df1917074b83
[INFO] [stderr]                                  at /rustc/53fd98ca776cb875bc9e5514f56b52eb74f9e7a9/library/core/src/ops/function.rs:227:5
[INFO] [stderr]     20:     0x55fd244c65ae - std::sys_common::backtrace::__rust_begin_short_backtrace::hb0be0324fdbcd437
[INFO] [stderr]                                  at /rustc/53fd98ca776cb875bc9e5514f56b52eb74f9e7a9/library/std/src/sys_common/backtrace.rs:125:18
[INFO] [stderr]     21:     0x55fd244c8641 - std::rt::lang_start::{{closure}}::ha95d365d4feea479
[INFO] [stderr]                                  at /rustc/53fd98ca776cb875bc9e5514f56b52eb74f9e7a9/library/std/src/rt.rs:63:18
[INFO] [stderr]     22:     0x55fd2455eeaa - core::ops::function::impls::<impl core::ops::function::FnOnce<A> for &F>::call_once::ha88a7d1a4d24e549
[INFO] [stderr]                                  at /rustc/53fd98ca776cb875bc9e5514f56b52eb74f9e7a9/library/core/src/ops/function.rs:259:13
[INFO] [stderr]     23:     0x55fd2455eeaa - std::panicking::try::do_call::hd3b1d7740607ccc7
[INFO] [stderr]                                  at /rustc/53fd98ca776cb875bc9e5514f56b52eb74f9e7a9/library/std/src/panicking.rs:401:40
[INFO] [stderr]     24:     0x55fd2455eeaa - std::panicking::try::h0ee8c65ac7461507
[INFO] [stderr]                                  at /rustc/53fd98ca776cb875bc9e5514f56b52eb74f9e7a9/library/std/src/panicking.rs:365:19
[INFO] [stderr]     25:     0x55fd2455eeaa - std::panic::catch_unwind::head47f0de4ccd838
[INFO] [stderr]                                  at /rustc/53fd98ca776cb875bc9e5514f56b52eb74f9e7a9/library/std/src/panic.rs:434:14
[INFO] [stderr]     26:     0x55fd2455eeaa - std::rt::lang_start_internal::{{closure}}::hbc7de8ec820ac085
[INFO] [stderr]                                  at /rustc/53fd98ca776cb875bc9e5514f56b52eb74f9e7a9/library/std/src/rt.rs:45:48
[INFO] [stderr]     27:     0x55fd2455eeaa - std::panicking::try::do_call::h2609e52e8bad4a7b
[INFO] [stderr]                                  at /rustc/53fd98ca776cb875bc9e5514f56b52eb74f9e7a9/library/std/src/panicking.rs:401:40
[INFO] [stderr]     28:     0x55fd2455eeaa - std::panicking::try::hd0929f0b603e0389
[INFO] [stderr]                                  at /rustc/53fd98ca776cb875bc9e5514f56b52eb74f9e7a9/library/std/src/panicking.rs:365:19
[INFO] [stderr]     29:     0x55fd2455eeaa - std::panic::catch_unwind::h27902b81c3e47571
[INFO] [stderr]                                  at /rustc/53fd98ca776cb875bc9e5514f56b52eb74f9e7a9/library/std/src/panic.rs:434:14
[INFO] [stderr]     30:     0x55fd2455eeaa - std::rt::lang_start_internal::h3fb2d794dd391e3e
[INFO] [stderr]                                  at /rustc/53fd98ca776cb875bc9e5514f56b52eb74f9e7a9/library/std/src/rt.rs:45:20
[INFO] [stderr]     31:     0x55fd244c8610 - std::rt::lang_start::he409b309ecc7445c
[INFO] [stderr]                                  at /rustc/53fd98ca776cb875bc9e5514f56b52eb74f9e7a9/library/std/src/rt.rs:62:5
[INFO] [stderr]     32:     0x55fd244c5cec - main
[INFO] [stderr]     33:     0x7f7b3bfcf0b3 - __libc_start_main
[INFO] [stderr]     34:     0x55fd244c3a5e - _start
[INFO] [stderr]     35:                0x0 - <unknown>
[INFO] running `Command { std: "docker" "inspect" "111a7727ad0d5f9ce82edb3904dc2df587c7523c7fbc604eee6ad020c66f6257", kill_on_drop: false }`
[INFO] running `Command { std: "docker" "rm" "-f" "111a7727ad0d5f9ce82edb3904dc2df587c7523c7fbc604eee6ad020c66f6257", kill_on_drop: false }`
[INFO] [stdout] 111a7727ad0d5f9ce82edb3904dc2df587c7523c7fbc604eee6ad020c66f6257
