[INFO] fetching crate pliantdb-local 0.1.0-dev.4...
[INFO] testing pliantdb-local-0.1.0-dev.4 against beta-2021-08-22 for beta-1.55-2
[INFO] extracting crate pliantdb-local 0.1.0-dev.4 into /workspace/builds/worker-5/source
[INFO] validating manifest of crates.io crate pliantdb-local 0.1.0-dev.4 on toolchain beta-2021-08-22
[INFO] running `Command { std: "/workspace/cargo-home/bin/cargo" "+beta-2021-08-22" "metadata" "--manifest-path" "Cargo.toml" "--no-deps", kill_on_drop: false }`
[INFO] started tweaking crates.io crate pliantdb-local 0.1.0-dev.4
[INFO] finished tweaking crates.io crate pliantdb-local 0.1.0-dev.4
[INFO] tweaked toml for crates.io crate pliantdb-local 0.1.0-dev.4 written to /workspace/builds/worker-5/source/Cargo.toml
[INFO] running `Command { std: "/workspace/cargo-home/bin/cargo" "+beta-2021-08-22" "generate-lockfile" "--manifest-path" "Cargo.toml" "-Zno-index-update", kill_on_drop: false }`
[INFO] running `Command { std: "/workspace/cargo-home/bin/cargo" "+beta-2021-08-22" "fetch" "--manifest-path" "Cargo.toml", kill_on_drop: false }`
[INFO] [stderr]     Blocking waiting for file lock on package cache
[INFO] [stderr]     Blocking waiting for file lock on package cache
[INFO] [stderr]  Downloading crates ...
[INFO] [stderr]   Downloaded nanorand v0.6.1
[INFO] [stderr]   Downloaded actionable-macros v0.1.0-dev.4
[INFO] [stderr]   Downloaded actionable v0.1.0-dev.4
[INFO] [stderr]   Downloaded flume v0.10.9
[INFO] [stderr]   Downloaded pliantdb-macros v0.1.0-dev.4
[INFO] [stderr]   Downloaded pliantdb-jobs v0.1.0-dev.4
[INFO] [stderr]   Downloaded circulate v0.1.0
[INFO] [stderr]   Downloaded pliantdb-core v0.1.0-dev.4
[INFO] running `Command { std: "docker" "create" "-v" "/var/lib/crater-agent-workspace/builds/worker-5/target:/opt/rustwide/target:rw,Z" "-v" "/var/lib/crater-agent-workspace/builds/worker-5/source:/opt/rustwide/workdir:ro,Z" "-v" "/var/lib/crater-agent-workspace/cargo-home:/opt/rustwide/cargo-home:ro,Z" "-v" "/var/lib/crater-agent-workspace/rustup-home:/opt/rustwide/rustup-home:ro,Z" "-e" "SOURCE_DIR=/opt/rustwide/workdir" "-e" "CARGO_TARGET_DIR=/opt/rustwide/target" "-e" "CARGO_HOME=/opt/rustwide/cargo-home" "-e" "RUSTUP_HOME=/opt/rustwide/rustup-home" "-w" "/opt/rustwide/workdir" "-m" "1610612736" "--user" "0:0" "--network" "none" "ghcr.io/rust-lang/crates-build-env/linux@sha256:34b6a614d2c27851fe6cbf88fbd1137609cefab8b10d0615aaeb6fd47975d74e" "/opt/rustwide/cargo-home/bin/cargo" "+beta-2021-08-22" "metadata" "--no-deps" "--format-version=1", kill_on_drop: false }`
[INFO] [stdout] ee4e485b0ddb2ec71925cb25d6ff67545aea29d453b15da5fd63594f7706838d
[INFO] [stderr] WARNING: Your kernel does not support swap limit capabilities or the cgroup is not mounted. Memory limited without swap.
[INFO] running `Command { std: "docker" "start" "-a" "ee4e485b0ddb2ec71925cb25d6ff67545aea29d453b15da5fd63594f7706838d", kill_on_drop: false }`
[INFO] running `Command { std: "docker" "inspect" "ee4e485b0ddb2ec71925cb25d6ff67545aea29d453b15da5fd63594f7706838d", kill_on_drop: false }`
[INFO] running `Command { std: "docker" "rm" "-f" "ee4e485b0ddb2ec71925cb25d6ff67545aea29d453b15da5fd63594f7706838d", kill_on_drop: false }`
[INFO] [stdout] ee4e485b0ddb2ec71925cb25d6ff67545aea29d453b15da5fd63594f7706838d
[INFO] running `Command { std: "docker" "create" "-v" "/var/lib/crater-agent-workspace/builds/worker-5/target:/opt/rustwide/target:rw,Z" "-v" "/var/lib/crater-agent-workspace/builds/worker-5/source:/opt/rustwide/workdir:ro,Z" "-v" "/var/lib/crater-agent-workspace/cargo-home:/opt/rustwide/cargo-home:ro,Z" "-v" "/var/lib/crater-agent-workspace/rustup-home:/opt/rustwide/rustup-home:ro,Z" "-e" "SOURCE_DIR=/opt/rustwide/workdir" "-e" "CARGO_TARGET_DIR=/opt/rustwide/target" "-e" "CARGO_INCREMENTAL=0" "-e" "RUST_BACKTRACE=full" "-e" "RUSTFLAGS=--cap-lints=warn" "-e" "CARGO_HOME=/opt/rustwide/cargo-home" "-e" "RUSTUP_HOME=/opt/rustwide/rustup-home" "-w" "/opt/rustwide/workdir" "-m" "1610612736" "--user" "0:0" "--network" "none" "ghcr.io/rust-lang/crates-build-env/linux@sha256:34b6a614d2c27851fe6cbf88fbd1137609cefab8b10d0615aaeb6fd47975d74e" "/opt/rustwide/cargo-home/bin/cargo" "+beta-2021-08-22" "build" "--frozen" "--message-format=json", kill_on_drop: false }`
[INFO] [stdout] 22ae903b70afdf3b16316bb7bfb6d2742f6e16fdde61e5578891dd03e76293c3
[INFO] [stderr] WARNING: Your kernel does not support swap limit capabilities or the cgroup is not mounted. Memory limited without swap.
[INFO] running `Command { std: "docker" "start" "-a" "22ae903b70afdf3b16316bb7bfb6d2742f6e16fdde61e5578891dd03e76293c3", kill_on_drop: false }`
[INFO] [stderr]    Compiling proc-macro2 v1.0.28
[INFO] [stderr]    Compiling syn v1.0.75
[INFO] [stderr]    Compiling libc v0.2.101
[INFO] [stderr]    Compiling futures-core v0.3.16
[INFO] [stderr]    Compiling memchr v2.4.1
[INFO] [stderr]    Compiling serde_derive v1.0.129
[INFO] [stderr]    Compiling futures-channel v0.3.16
[INFO] [stderr]    Compiling futures-sink v0.3.16
[INFO] [stderr]    Compiling futures-task v0.3.16
[INFO] [stderr]    Compiling serde v1.0.129
[INFO] [stderr]    Compiling slab v0.4.4
[INFO] [stderr]    Compiling futures-io v0.3.16
[INFO] [stderr]    Compiling async-trait v0.1.51
[INFO] [stderr]    Compiling anyhow v1.0.43
[INFO] [stderr]    Compiling crossbeam-utils v0.8.5
[INFO] [stderr]    Compiling bytes v1.1.0
[INFO] [stderr]    Compiling once_cell v1.8.0
[INFO] [stderr]    Compiling half v1.7.1
[INFO] [stderr]    Compiling unicode-segmentation v1.8.0
[INFO] [stderr]    Compiling crossbeam-epoch v0.9.5
[INFO] [stderr]    Compiling event-listener v2.5.1
[INFO] [stderr]    Compiling cpufeatures v0.2.1
[INFO] [stderr]    Compiling bitflags v1.3.2
[INFO] [stderr]    Compiling proc-macro-error-attr v1.0.4
[INFO] [stderr]    Compiling futures-macro v0.3.16
[INFO] [stderr]    Compiling proc-macro-error v1.0.4
[INFO] [stderr]    Compiling instant v0.1.10
[INFO] [stderr]    Compiling futures-util v0.3.16
[INFO] [stderr]    Compiling tokio v1.10.1
[INFO] [stderr]    Compiling memoffset v0.6.4
[INFO] [stderr]    Compiling fxhash v0.2.1
[INFO] [stderr]    Compiling itertools v0.10.1
[INFO] [stderr]    Compiling spin v0.9.2
[INFO] [stderr]    Compiling async-lock v2.4.0
[INFO] [stderr]    Compiling sha2 v0.9.6
[INFO] [stderr]    Compiling heck v0.3.3
[INFO] [stderr]    Compiling quote v1.0.9
[INFO] [stderr]    Compiling parking_lot_core v0.8.3
[INFO] [stderr]    Compiling getrandom v0.2.3
[INFO] [stderr]    Compiling mio v0.7.13
[INFO] [stderr]    Compiling num_cpus v1.13.0
[INFO] [stderr]    Compiling signal-hook-registry v1.4.0
[INFO] [stderr]    Compiling atty v0.2.14
[INFO] [stderr]    Compiling fs2 v0.4.3
[INFO] [stderr]    Compiling clap v2.33.3
[INFO] [stderr]    Compiling nanorand v0.6.1
[INFO] [stderr]    Compiling parking_lot v0.11.1
[INFO] [stderr]    Compiling sled v0.34.6
[INFO] [stderr]    Compiling darling_core v0.12.4
[INFO] [stderr]    Compiling pin-project-internal v1.0.8
[INFO] [stderr]    Compiling tokio-macros v1.3.0
[INFO] [stderr]    Compiling thiserror-impl v1.0.26
[INFO] [stderr]    Compiling pliantdb-macros v0.1.0-dev.4
[INFO] [stderr]    Compiling structopt-derive v0.4.15
[INFO] [stderr]    Compiling darling_macro v0.12.4
[INFO] [stderr]    Compiling thiserror v1.0.26
[INFO] [stderr]    Compiling darling v0.12.4
[INFO] [stderr]    Compiling actionable-macros v0.1.0-dev.4
[INFO] [stderr]    Compiling pin-project v1.0.8
[INFO] [stderr]    Compiling flume v0.10.9
[INFO] [stderr]    Compiling structopt v0.3.22
[INFO] [stderr]    Compiling futures-executor v0.3.16
[INFO] [stderr]    Compiling futures v0.3.16
[INFO] [stderr]    Compiling serde_cbor v0.11.2
[INFO] [stderr]    Compiling actionable v0.1.0-dev.4
[INFO] [stderr]    Compiling bincode v1.3.3
[INFO] [stderr]    Compiling pliantdb-jobs v0.1.0-dev.4
[INFO] [stderr]    Compiling circulate v0.1.0
[INFO] [stderr]    Compiling pliantdb-core v0.1.0-dev.4
[INFO] [stderr]    Compiling pliantdb-local v0.1.0-dev.4 (/opt/rustwide/workdir)
[INFO] [stderr]     Finished dev [unoptimized + debuginfo] target(s) in 2m 57s
[INFO] running `Command { std: "docker" "inspect" "22ae903b70afdf3b16316bb7bfb6d2742f6e16fdde61e5578891dd03e76293c3", kill_on_drop: false }`
[INFO] running `Command { std: "docker" "rm" "-f" "22ae903b70afdf3b16316bb7bfb6d2742f6e16fdde61e5578891dd03e76293c3", kill_on_drop: false }`
[INFO] [stdout] 22ae903b70afdf3b16316bb7bfb6d2742f6e16fdde61e5578891dd03e76293c3
[INFO] running `Command { std: "docker" "create" "-v" "/var/lib/crater-agent-workspace/builds/worker-5/target:/opt/rustwide/target:rw,Z" "-v" "/var/lib/crater-agent-workspace/builds/worker-5/source:/opt/rustwide/workdir:ro,Z" "-v" "/var/lib/crater-agent-workspace/cargo-home:/opt/rustwide/cargo-home:ro,Z" "-v" "/var/lib/crater-agent-workspace/rustup-home:/opt/rustwide/rustup-home:ro,Z" "-e" "SOURCE_DIR=/opt/rustwide/workdir" "-e" "CARGO_TARGET_DIR=/opt/rustwide/target" "-e" "CARGO_INCREMENTAL=0" "-e" "RUST_BACKTRACE=full" "-e" "RUSTFLAGS=--cap-lints=warn" "-e" "CARGO_HOME=/opt/rustwide/cargo-home" "-e" "RUSTUP_HOME=/opt/rustwide/rustup-home" "-w" "/opt/rustwide/workdir" "-m" "1610612736" "--user" "0:0" "--network" "none" "ghcr.io/rust-lang/crates-build-env/linux@sha256:34b6a614d2c27851fe6cbf88fbd1137609cefab8b10d0615aaeb6fd47975d74e" "/opt/rustwide/cargo-home/bin/cargo" "+beta-2021-08-22" "test" "--frozen" "--no-run" "--message-format=json", kill_on_drop: false }`
[INFO] [stderr] WARNING: Your kernel does not support swap limit capabilities or the cgroup is not mounted. Memory limited without swap.
[INFO] [stdout] e6f1ef5d9a8d01490af892ab991ec40870359a459aa798ebc421ed5e2d9d10ab
[INFO] running `Command { std: "docker" "start" "-a" "e6f1ef5d9a8d01490af892ab991ec40870359a459aa798ebc421ed5e2d9d10ab", kill_on_drop: false }`
[INFO] [stderr]    Compiling semver v1.0.4
[INFO] [stderr]    Compiling rayon-core v1.9.1
[INFO] [stderr]    Compiling itoa v0.4.8
[INFO] [stderr]    Compiling serde_json v1.0.66
[INFO] [stderr]    Compiling plotters-backend v0.3.2
[INFO] [stderr]    Compiling regex-automata v0.1.10
[INFO] [stderr]    Compiling regex-syntax v0.6.25
[INFO] [stderr]    Compiling oorandom v11.1.3
[INFO] [stderr]    Compiling rayon v1.5.1
[INFO] [stderr]    Compiling walkdir v2.3.2
[INFO] [stderr]    Compiling csv-core v0.1.10
[INFO] [stderr]    Compiling crossbeam-channel v0.5.1
[INFO] [stderr]    Compiling crossbeam-deque v0.8.1
[INFO] [stderr]    Compiling plotters-svg v0.3.1
[INFO] [stderr]    Compiling bstr v0.2.16
[INFO] [stderr]    Compiling plotters v0.3.1
[INFO] [stderr]    Compiling rustc_version v0.4.0
[INFO] [stderr]    Compiling csv v1.1.6
[INFO] [stderr]    Compiling cast v0.2.7
[INFO] [stderr]    Compiling regex v1.5.4
[INFO] [stderr]    Compiling criterion-plot v0.4.4
[INFO] [stderr]    Compiling tinytemplate v1.2.1
[INFO] [stderr]    Compiling criterion v0.3.5
[INFO] [stderr]    Compiling pliantdb-local v0.1.0-dev.4 (/opt/rustwide/workdir)
[INFO] [stderr]     Finished test [unoptimized + debuginfo] target(s) in 1m 40s
[INFO] running `Command { std: "docker" "inspect" "e6f1ef5d9a8d01490af892ab991ec40870359a459aa798ebc421ed5e2d9d10ab", kill_on_drop: false }`
[INFO] running `Command { std: "docker" "rm" "-f" "e6f1ef5d9a8d01490af892ab991ec40870359a459aa798ebc421ed5e2d9d10ab", kill_on_drop: false }`
[INFO] [stdout] e6f1ef5d9a8d01490af892ab991ec40870359a459aa798ebc421ed5e2d9d10ab
[INFO] running `Command { std: "docker" "create" "-v" "/var/lib/crater-agent-workspace/builds/worker-5/target:/opt/rustwide/target:rw,Z" "-v" "/var/lib/crater-agent-workspace/builds/worker-5/source:/opt/rustwide/workdir:ro,Z" "-v" "/var/lib/crater-agent-workspace/cargo-home:/opt/rustwide/cargo-home:ro,Z" "-v" "/var/lib/crater-agent-workspace/rustup-home:/opt/rustwide/rustup-home:ro,Z" "-e" "SOURCE_DIR=/opt/rustwide/workdir" "-e" "CARGO_TARGET_DIR=/opt/rustwide/target" "-e" "CARGO_INCREMENTAL=0" "-e" "RUST_BACKTRACE=full" "-e" "RUSTFLAGS=--cap-lints=warn" "-e" "CARGO_HOME=/opt/rustwide/cargo-home" "-e" "RUSTUP_HOME=/opt/rustwide/rustup-home" "-w" "/opt/rustwide/workdir" "-m" "1610612736" "--user" "0:0" "--network" "none" "ghcr.io/rust-lang/crates-build-env/linux@sha256:34b6a614d2c27851fe6cbf88fbd1137609cefab8b10d0615aaeb6fd47975d74e" "/opt/rustwide/cargo-home/bin/cargo" "+beta-2021-08-22" "test" "--frozen", kill_on_drop: false }`
[INFO] [stderr] WARNING: Your kernel does not support swap limit capabilities or the cgroup is not mounted. Memory limited without swap.
[INFO] [stdout] 068415ca1941d2f7953c8ba6edaef6bad4c7387b1e8ce3a18d6068ed07bbeed4
[INFO] running `Command { std: "docker" "start" "-a" "068415ca1941d2f7953c8ba6edaef6bad4c7387b1e8ce3a18d6068ed07bbeed4", kill_on_drop: false }`
[INFO] [stderr]     Finished test [unoptimized + debuginfo] target(s) in 0.18s
[INFO] [stderr]      Running unittests (/opt/rustwide/target/debug/deps/pliantdb_local-30422c775e9d76f8)
[INFO] [stdout] 
[INFO] [stdout] running 32 tests
[INFO] [stdout] test error::test_converting_error ... ok
[INFO] [stdout] test storage::name_validation_tests ... ok
[INFO] [stdout] test tests::bad_update ... ok
[INFO] [stdout] test tests::basic_kv_test ... ok
[INFO] [stdout] test storage::kv::tests::clearing_expiration ... ok
[INFO] [stdout] test tests::get_multiple ... ok
[INFO] [stdout] test tests::kv_increment_decrement_tests ... ok
[INFO] [stdout] test tests::kv_set_tests ... ok
[INFO] [stdout] test tests::conflict ... ok
[INFO] [stdout] test storage::kv::tests::basic_expiration ... ok
[INFO] [stdout] test storage::kv::tests::multiple_keys_expiration ... ok
[INFO] [stdout] test storage::kv::tests::updating_expiration ... ok
[INFO] [stdout] test storage::kv::tests::out_of_order_expiration ... FAILED
[INFO] [stdout] test tests::multiple_subscribers_test ... ok
[INFO] [stdout] test tests::publish_to_all_test ... ok
[INFO] [stdout] test tests::not_found ... ok
[INFO] [stdout] test tests::no_update ... ok
[INFO] [stdout] test tests::unassociated_collection ... ok
[INFO] [stdout] test tests::simple_pubsub_test ... ok
[INFO] [stdout] test tests::store_retrieve_update_delete ... ok
[INFO] [stdout] test tests::unsubscribe_test ... ok
[INFO] [stdout] test backup::tests::backup_restore ... ok
[INFO] [stdout] test tests::server_connection_tests ... ok
[INFO] [stdout] test tests::view_update ... ok
[INFO] [stdout] test tests::unique_views ... ok
[INFO] [stdout] test tests::view_query ... ok
[INFO] [stdout] test tests::view_access_policies ... ok
[INFO] [stdout] test tests::list_transactions ... ok
[INFO] [stdout] test tests::kv_expiration_tests ... ok
[INFO] [stdout] test tests::integrity_checks ... ok
[INFO] [stdout] test tests::delete_expire_tests ... ok
[INFO] [stdout] test tests::expiration_after_close ... ok
[INFO] [stdout] 
[INFO] [stdout] failures:
[INFO] [stdout] 
[INFO] [stdout] ---- storage::kv::tests::out_of_order_expiration stdout ----
[INFO] [stdout] thread 'storage::kv::tests::out_of_order_expiration' panicked at 'assertion failed: tree.get(b\"bkey\")?.is_some()', src/storage/kv.rs:300:13
[INFO] [stdout] stack backtrace:
[INFO] [stdout]    0:     0x55d0027a65b0 - std::backtrace_rs::backtrace::libunwind::trace::hff4d1766e93f64f1
[INFO] [stdout]                                at /rustc/bf16ca353c82d9051dbd1a4cfc5a01a1800578e9/library/std/src/../../backtrace/src/backtrace/libunwind.rs:90:5
[INFO] [stdout]    1:     0x55d0027a65b0 - std::backtrace_rs::backtrace::trace_unsynchronized::h56bbc8eb78770bcb
[INFO] [stdout]                                at /rustc/bf16ca353c82d9051dbd1a4cfc5a01a1800578e9/library/std/src/../../backtrace/src/backtrace/mod.rs:66:5
[INFO] [stdout]    2:     0x55d0027a65b0 - std::sys_common::backtrace::_print_fmt::h5c8e75464faca780
[INFO] [stdout]                                at /rustc/bf16ca353c82d9051dbd1a4cfc5a01a1800578e9/library/std/src/sys_common/backtrace.rs:67:5
[INFO] [stdout]    3:     0x55d0027a65b0 - <std::sys_common::backtrace::_print::DisplayBacktrace as core::fmt::Display>::fmt::h48b88277def8b362
[INFO] [stdout]                                at /rustc/bf16ca353c82d9051dbd1a4cfc5a01a1800578e9/library/std/src/sys_common/backtrace.rs:46:22
[INFO] [stdout]    4:     0x55d0027cb6cc - core::fmt::write::h3381b3176fe2b3d3
[INFO] [stdout]                                at /rustc/bf16ca353c82d9051dbd1a4cfc5a01a1800578e9/library/core/src/fmt/mod.rs:1115:17
[INFO] [stdout]    5:     0x55d0027a2b75 - std::io::Write::write_fmt::h5f34a676f60246b5
[INFO] [stdout]                                at /rustc/bf16ca353c82d9051dbd1a4cfc5a01a1800578e9/library/std/src/io/mod.rs:1665:15
[INFO] [stdout]    6:     0x55d0027a8c3b - std::sys_common::backtrace::_print::ha537687d6c17dd0d
[INFO] [stdout]                                at /rustc/bf16ca353c82d9051dbd1a4cfc5a01a1800578e9/library/std/src/sys_common/backtrace.rs:49:5
[INFO] [stdout]    7:     0x55d0027a8c3b - std::sys_common::backtrace::print::h61376ae57d131d72
[INFO] [stdout]                                at /rustc/bf16ca353c82d9051dbd1a4cfc5a01a1800578e9/library/std/src/sys_common/backtrace.rs:36:9
[INFO] [stdout]    8:     0x55d0027a8c3b - std::panicking::default_hook::{{closure}}::h0f7208c0b9644a54
[INFO] [stdout]                                at /rustc/bf16ca353c82d9051dbd1a4cfc5a01a1800578e9/library/std/src/panicking.rs:208:50
[INFO] [stdout]    9:     0x55d0027a874c - std::panicking::default_hook::hdac7fc06578c14ce
[INFO] [stdout]                                at /rustc/bf16ca353c82d9051dbd1a4cfc5a01a1800578e9/library/std/src/panicking.rs:222:9
[INFO] [stdout]   10:     0x55d0027a9304 - std::panicking::rust_panic_with_hook::h72b21c283da3d1ef
[INFO] [stdout]                                at /rustc/bf16ca353c82d9051dbd1a4cfc5a01a1800578e9/library/std/src/panicking.rs:622:17
[INFO] [stdout]   11:     0x55d0027a8db7 - std::panicking::begin_panic_handler::{{closure}}::he5778f1729cff84a
[INFO] [stdout]                                at /rustc/bf16ca353c82d9051dbd1a4cfc5a01a1800578e9/library/std/src/panicking.rs:517:13
[INFO] [stdout]   12:     0x55d0027a6a8c - std::sys_common::backtrace::__rust_end_short_backtrace::h2d11ca8b453b4b1d
[INFO] [stdout]                                at /rustc/bf16ca353c82d9051dbd1a4cfc5a01a1800578e9/library/std/src/sys_common/backtrace.rs:141:18
[INFO] [stdout]   13:     0x55d0027a8d49 - rust_begin_unwind
[INFO] [stdout]                                at /rustc/bf16ca353c82d9051dbd1a4cfc5a01a1800578e9/library/std/src/panicking.rs:515:5
[INFO] [stdout]   14:     0x55d001c529d1 - core::panicking::panic_fmt::hf9de31d4acbce4db
[INFO] [stdout]                                at /rustc/bf16ca353c82d9051dbd1a4cfc5a01a1800578e9/library/core/src/panicking.rs:92:14
[INFO] [stdout]   15:     0x55d001c5291d - core::panicking::panic::h8a6bc58a21c6c095
[INFO] [stdout]                                at /rustc/bf16ca353c82d9051dbd1a4cfc5a01a1800578e9/library/core/src/panicking.rs:50:5
[INFO] [stdout]   16:     0x55d002257d14 - pliantdb_local::storage::kv::tests::out_of_order_expiration::{{closure}}::{{closure}}::{{closure}}::h813495fff80a72ad
[INFO] [stdout]                                at /opt/rustwide/workdir/src/storage/kv.rs:300:13
[INFO] [stdout]   17:     0x55d002296579 - <core::future::from_generator::GenFuture<T> as core::future::future::Future>::poll::ha0af64dc8f43f3d5
[INFO] [stdout]                                at /rustc/bf16ca353c82d9051dbd1a4cfc5a01a1800578e9/library/core/src/future/mod.rs:80:19
[INFO] [stdout]   18:     0x55d001fd4df0 - <tokio::future::maybe_done::MaybeDone<Fut> as core::future::future::Future>::poll::hb095c421bc5d7a32
[INFO] [stdout]                                at /opt/rustwide/cargo-home/registry/src/github.com-1ecc6299db9ec823/tokio-1.10.1/src/future/maybe_done.rs:68:48
[INFO] [stdout]   19:     0x55d00223fb98 - pliantdb_local::storage::kv::tests::run_test::{{closure}}::{{closure}}::ha39077654af888b3
[INFO] [stdout]                                at /opt/rustwide/cargo-home/registry/src/github.com-1ecc6299db9ec823/tokio-1.10.1/src/macros/join.rs:86:20
[INFO] [stdout]   20:     0x55d002286a98 - <tokio::future::poll_fn::PollFn<F> as core::future::future::Future>::poll::h81dbff4f47462ed5
[INFO] [stdout]                                at /opt/rustwide/cargo-home/registry/src/github.com-1ecc6299db9ec823/tokio-1.10.1/src/future/poll_fn.rs:38:9
[INFO] [stdout]   21:     0x55d00224075d - pliantdb_local::storage::kv::tests::run_test::{{closure}}::h1ea6835a00f23d8b
[INFO] [stdout]                                at /opt/rustwide/workdir/src/storage/kv.rs:148:24
[INFO] [stdout]   22:     0x55d00228f6f9 - <core::future::from_generator::GenFuture<T> as core::future::future::Future>::poll::h544d32f4f791a384
[INFO] [stdout]                                at /rustc/bf16ca353c82d9051dbd1a4cfc5a01a1800578e9/library/core/src/future/mod.rs:80:19
[INFO] [stdout]   23:     0x55d002258a79 - pliantdb_local::storage::kv::tests::out_of_order_expiration::{{closure}}::hf37f64b799fa2cc3
[INFO] [stdout]                                at /opt/rustwide/workdir/src/storage/kv.rs:281:9
[INFO] [stdout]   24:     0x55d00228a219 - <core::future::from_generator::GenFuture<T> as core::future::future::Future>::poll::h1f960bf59b351077
[INFO] [stdout]                                at /rustc/bf16ca353c82d9051dbd1a4cfc5a01a1800578e9/library/core/src/future/mod.rs:80:19
[INFO] [stdout]   25:     0x55d001e4f27f - <core::pin::Pin<P> as core::future::future::Future>::poll::h26511c4866d26d5f
[INFO] [stdout]                                at /rustc/bf16ca353c82d9051dbd1a4cfc5a01a1800578e9/library/core/src/future/future.rs:119:9
[INFO] [stdout]   26:     0x55d0020c6340 - tokio::runtime::basic_scheduler::Inner<P>::block_on::{{closure}}::{{closure}}::he1270d4ea0cd2ecb
[INFO] [stdout]                                at /opt/rustwide/cargo-home/registry/src/github.com-1ecc6299db9ec823/tokio-1.10.1/src/runtime/basic_scheduler.rs:208:62
[INFO] [stdout]   27:     0x55d002272022 - tokio::coop::with_budget::{{closure}}::h6fee57a70ee97d6c
[INFO] [stdout]                                at /opt/rustwide/cargo-home/registry/src/github.com-1ecc6299db9ec823/tokio-1.10.1/src/coop.rs:106:9
[INFO] [stdout]   28:     0x55d0020a4863 - std::thread::local::LocalKey<T>::try_with::hf08af03c4d300ff1
[INFO] [stdout]                                at /rustc/bf16ca353c82d9051dbd1a4cfc5a01a1800578e9/library/std/src/thread/local.rs:399:16
[INFO] [stdout]   29:     0x55d00209588d - std::thread::local::LocalKey<T>::with::hca9361c191d8e2d2
[INFO] [stdout]                                at /rustc/bf16ca353c82d9051dbd1a4cfc5a01a1800578e9/library/std/src/thread/local.rs:375:9
[INFO] [stdout]   30:     0x55d0020c1764 - tokio::coop::with_budget::h8dce7fc7da0e172a
[INFO] [stdout]                                at /opt/rustwide/cargo-home/registry/src/github.com-1ecc6299db9ec823/tokio-1.10.1/src/coop.rs:99:5
[INFO] [stdout]   31:     0x55d0020c1764 - tokio::coop::budget::ha0e34e3628051910
[INFO] [stdout]                                at /opt/rustwide/cargo-home/registry/src/github.com-1ecc6299db9ec823/tokio-1.10.1/src/coop.rs:76:5
[INFO] [stdout]   32:     0x55d0020c1764 - tokio::runtime::basic_scheduler::Inner<P>::block_on::{{closure}}::hec98166454fc4341
[INFO] [stdout]                                at /opt/rustwide/cargo-home/registry/src/github.com-1ecc6299db9ec823/tokio-1.10.1/src/runtime/basic_scheduler.rs:208:39
[INFO] [stdout]   33:     0x55d0020d9b51 - tokio::runtime::basic_scheduler::enter::{{closure}}::h95e8fb0b32383b60
[INFO] [stdout]                                at /opt/rustwide/cargo-home/registry/src/github.com-1ecc6299db9ec823/tokio-1.10.1/src/runtime/basic_scheduler.rs:302:29
[INFO] [stdout]   34:     0x55d001f8979d - tokio::macros::scoped_tls::ScopedKey<T>::set::hc3ac185f4ff79d4b
[INFO] [stdout]                                at /opt/rustwide/cargo-home/registry/src/github.com-1ecc6299db9ec823/tokio-1.10.1/src/macros/scoped_tls.rs:61:9
[INFO] [stdout]   35:     0x55d0020d7376 - tokio::runtime::basic_scheduler::enter::hc44eb9aa20bb2bbd
[INFO] [stdout]                                at /opt/rustwide/cargo-home/registry/src/github.com-1ecc6299db9ec823/tokio-1.10.1/src/runtime/basic_scheduler.rs:302:5
[INFO] [stdout]   36:     0x55d0020afdad - tokio::runtime::basic_scheduler::Inner<P>::block_on::h88a9e907e1ef4379
[INFO] [stdout]                                at /opt/rustwide/cargo-home/registry/src/github.com-1ecc6299db9ec823/tokio-1.10.1/src/runtime/basic_scheduler.rs:197:9
[INFO] [stdout]   37:     0x55d0020c7904 - tokio::runtime::basic_scheduler::InnerGuard<P>::block_on::hc477405f8bc94018
[INFO] [stdout]                                at /opt/rustwide/cargo-home/registry/src/github.com-1ecc6299db9ec823/tokio-1.10.1/src/runtime/basic_scheduler.rs:448:9
[INFO] [stdout]   38:     0x55d0020c899c - tokio::runtime::basic_scheduler::BasicScheduler<P>::block_on::h1e898533c3d67ee4
[INFO] [stdout]                                at /opt/rustwide/cargo-home/registry/src/github.com-1ecc6299db9ec823/tokio-1.10.1/src/runtime/basic_scheduler.rs:157:24
[INFO] [stdout]   39:     0x55d001fced1c - tokio::runtime::Runtime::block_on::h82f9d9b557cb1abf
[INFO] [stdout]                                at /opt/rustwide/cargo-home/registry/src/github.com-1ecc6299db9ec823/tokio-1.10.1/src/runtime/mod.rs:450:46
[INFO] [stdout]   40:     0x55d0022566d7 - pliantdb_local::storage::kv::tests::out_of_order_expiration::haae4c4e53e05966b
[INFO] [stdout]                                at /opt/rustwide/workdir/src/storage/kv.rs:281:9
[INFO] [stdout]   41:     0x55d0022565de - pliantdb_local::storage::kv::tests::out_of_order_expiration::{{closure}}::h72fc47e48c829fc9
[INFO] [stdout]                                at /opt/rustwide/workdir/src/storage/kv.rs:280:11
[INFO] [stdout]   42:     0x55d0022a69ce - core::ops::function::FnOnce::call_once::h6bef11a2db3cd586
[INFO] [stdout]                                at /rustc/bf16ca353c82d9051dbd1a4cfc5a01a1800578e9/library/core/src/ops/function.rs:227:5
[INFO] [stdout]   43:     0x55d002323bb3 - core::ops::function::FnOnce::call_once::hbb52c4519d3137b0
[INFO] [stdout]                                at /rustc/bf16ca353c82d9051dbd1a4cfc5a01a1800578e9/library/core/src/ops/function.rs:227:5
[INFO] [stdout]   44:     0x55d002323bb3 - test::__rust_begin_short_backtrace::h86fe3a2a5a5121af
[INFO] [stdout]                                at /rustc/bf16ca353c82d9051dbd1a4cfc5a01a1800578e9/library/test/src/lib.rs:578:5
[INFO] [stdout]   45:     0x55d002322668 - <alloc::boxed::Box<F,A> as core::ops::function::FnOnce<Args>>::call_once::hfd956bc3d57399be
[INFO] [stdout]                                at /rustc/bf16ca353c82d9051dbd1a4cfc5a01a1800578e9/library/alloc/src/boxed.rs:1572:9
[INFO] [stdout]   46:     0x55d002322668 - <std::panic::AssertUnwindSafe<F> as core::ops::function::FnOnce<()>>::call_once::h40dc93e0ddb5938a
[INFO] [stdout]                                at /rustc/bf16ca353c82d9051dbd1a4cfc5a01a1800578e9/library/std/src/panic.rs:347:9
[INFO] [stdout]   47:     0x55d002322668 - std::panicking::try::do_call::h90d07750cb47c562
[INFO] [stdout]                                at /rustc/bf16ca353c82d9051dbd1a4cfc5a01a1800578e9/library/std/src/panicking.rs:401:40
[INFO] [stdout]   48:     0x55d002322668 - std::panicking::try::h063c84733ad2a629
[INFO] [stdout]                                at /rustc/bf16ca353c82d9051dbd1a4cfc5a01a1800578e9/library/std/src/panicking.rs:365:19
[INFO] [stdout]   49:     0x55d002322668 - std::panic::catch_unwind::h0c464836a84e7c08
[INFO] [stdout]                                at /rustc/bf16ca353c82d9051dbd1a4cfc5a01a1800578e9/library/std/src/panic.rs:434:14
[INFO] [stdout]   50:     0x55d002322668 - test::run_test_in_process::h5cb06ef620b157fc
[INFO] [stdout]                                at /rustc/bf16ca353c82d9051dbd1a4cfc5a01a1800578e9/library/test/src/lib.rs:601:18
[INFO] [stdout]   51:     0x55d002322668 - test::run_test::run_test_inner::{{closure}}::h76f677f4b93f9828
[INFO] [stdout]                                at /rustc/bf16ca353c82d9051dbd1a4cfc5a01a1800578e9/library/test/src/lib.rs:493:39
[INFO] [stdout]   52:     0x55d0022f0dfd - test::run_test::run_test_inner::{{closure}}::h366d01fe04f4d67a
[INFO] [stdout]                                at /rustc/bf16ca353c82d9051dbd1a4cfc5a01a1800578e9/library/test/src/lib.rs:520:37
[INFO] [stdout]   53:     0x55d0022f0dfd - std::sys_common::backtrace::__rust_begin_short_backtrace::h7dfa0de4eb395af2
[INFO] [stdout]                                at /rustc/bf16ca353c82d9051dbd1a4cfc5a01a1800578e9/library/std/src/sys_common/backtrace.rs:125:18
[INFO] [stdout]   54:     0x55d0022f55c8 - std::thread::Builder::spawn_unchecked::{{closure}}::{{closure}}::hf0a74bb58798037f
[INFO] [stdout]                                at /rustc/bf16ca353c82d9051dbd1a4cfc5a01a1800578e9/library/std/src/thread/mod.rs:476:17
[INFO] [stdout]   55:     0x55d0022f55c8 - <std::panic::AssertUnwindSafe<F> as core::ops::function::FnOnce<()>>::call_once::hb024e854818586ac
[INFO] [stdout]                                at /rustc/bf16ca353c82d9051dbd1a4cfc5a01a1800578e9/library/std/src/panic.rs:347:9
[INFO] [stdout]   56:     0x55d0022f55c8 - std::panicking::try::do_call::hb2dd9f1d0d48e41d
[INFO] [stdout]                                at /rustc/bf16ca353c82d9051dbd1a4cfc5a01a1800578e9/library/std/src/panicking.rs:401:40
[INFO] [stdout]   57:     0x55d0022f55c8 - std::panicking::try::h4717ae7bac8b2bf3
[INFO] [stdout]                                at /rustc/bf16ca353c82d9051dbd1a4cfc5a01a1800578e9/library/std/src/panicking.rs:365:19
[INFO] [stdout]   58:     0x55d0022f55c8 - std::panic::catch_unwind::h0dc8a061326ce8d8
[INFO] [stdout]                                at /rustc/bf16ca353c82d9051dbd1a4cfc5a01a1800578e9/library/std/src/panic.rs:434:14
[INFO] [stdout]   59:     0x55d0022f55c8 - std::thread::Builder::spawn_unchecked::{{closure}}::haa369e2d6fd00aa1
[INFO] [stdout]                                at /rustc/bf16ca353c82d9051dbd1a4cfc5a01a1800578e9/library/std/src/thread/mod.rs:475:30
[INFO] [stdout]   60:     0x55d0022f55c8 - core::ops::function::FnOnce::call_once{{vtable.shim}}::h36dcf3de8b056f17
[INFO] [stdout]                                at /rustc/bf16ca353c82d9051dbd1a4cfc5a01a1800578e9/library/core/src/ops/function.rs:227:5
[INFO] [stdout]   61:     0x55d0027af287 - <alloc::boxed::Box<F,A> as core::ops::function::FnOnce<Args>>::call_once::h65c29e4642be2358
[INFO] [stdout]                                at /rustc/bf16ca353c82d9051dbd1a4cfc5a01a1800578e9/library/alloc/src/boxed.rs:1572:9
[INFO] [stdout]   62:     0x55d0027af287 - <alloc::boxed::Box<F,A> as core::ops::function::FnOnce<Args>>::call_once::hd0f8f7fbbd9fffbf
[INFO] [stdout]                                at /rustc/bf16ca353c82d9051dbd1a4cfc5a01a1800578e9/library/alloc/src/boxed.rs:1572:9
[INFO] [stdout]   63:     0x55d0027af287 - std::sys::unix::thread::Thread::new::thread_start::h2fd22fee3ca77b65
[INFO] [stdout]                                at /rustc/bf16ca353c82d9051dbd1a4cfc5a01a1800578e9/library/std/src/sys/unix/thread.rs:74:17
[INFO] [stdout]   64:     0x7f98c1d68609 - start_thread
[INFO] [stdout]   65:     0x7f98c1b3a293 - clone
[INFO] [stdout]   66:                0x0 - <unknown>
[INFO] [stdout] 
[INFO] [stdout] 
[INFO] [stdout] failures:
[INFO] [stdout]     storage::kv::tests::out_of_order_expiration
[INFO] [stdout] 
[INFO] [stdout] test result: FAILED. 31 passed; 1 failed; 0 ignored; 0 measured; 0 filtered out; finished in 10.57s
[INFO] [stdout] 
[INFO] [stderr] error: test failed, to rerun pass '--lib'
[INFO] running `Command { std: "docker" "inspect" "068415ca1941d2f7953c8ba6edaef6bad4c7387b1e8ce3a18d6068ed07bbeed4", kill_on_drop: false }`
[INFO] running `Command { std: "docker" "rm" "-f" "068415ca1941d2f7953c8ba6edaef6bad4c7387b1e8ce3a18d6068ed07bbeed4", kill_on_drop: false }`
[INFO] [stdout] 068415ca1941d2f7953c8ba6edaef6bad4c7387b1e8ce3a18d6068ed07bbeed4
