[INFO] cloning repository https://github.com/sander/wiki
[INFO] running `Command { std: "git" "-c" "credential.helper=" "-c" "credential.helper=/workspace/cargo-home/bin/git-credential-null" "clone" "--bare" "https://github.com/sander/wiki" "/workspace/cache/git-repos/https%3A%2F%2Fgithub.com%2Fsander%2Fwiki", kill_on_drop: false }`
[INFO] [stderr] Cloning into bare repository '/workspace/cache/git-repos/https%3A%2F%2Fgithub.com%2Fsander%2Fwiki'...
[INFO] running `Command { std: "git" "rev-parse" "HEAD", kill_on_drop: false }`
[INFO] [stdout] af3aa0920e8dd319a5cec2634f8978439efb477f
[INFO] testing sander/wiki against beta-2021-08-22 for beta-1.55-2
[INFO] running `Command { std: "git" "clone" "/workspace/cache/git-repos/https%3A%2F%2Fgithub.com%2Fsander%2Fwiki" "/workspace/builds/worker-3/source", kill_on_drop: false }`
[INFO] [stderr] Cloning into '/workspace/builds/worker-3/source'...
[INFO] [stderr] done.
[INFO] validating manifest of git repo https://github.com/sander/wiki on toolchain beta-2021-08-22
[INFO] running `Command { std: "/workspace/cargo-home/bin/cargo" "+beta-2021-08-22" "metadata" "--manifest-path" "Cargo.toml" "--no-deps", kill_on_drop: false }`
[INFO] started tweaking git repo https://github.com/sander/wiki
[INFO] finished tweaking git repo https://github.com/sander/wiki
[INFO] tweaked toml for git repo https://github.com/sander/wiki written to /workspace/builds/worker-3/source/Cargo.toml
[INFO] crate git repo https://github.com/sander/wiki already has a lockfile, it will not be regenerated
[INFO] running `Command { std: "/workspace/cargo-home/bin/cargo" "+beta-2021-08-22" "fetch" "--manifest-path" "Cargo.toml", kill_on_drop: false }`
[INFO] [stderr]  Downloading crates ...
[INFO] [stderr]   Downloaded mownstr v0.1.1
[INFO] [stderr]   Downloaded rio_turtle v0.4.2
[INFO] [stderr]   Downloaded rio_api v0.4.2
[INFO] [stderr]   Downloaded resiter v0.4.0
[INFO] [stderr]   Downloaded sophia_api v0.6.2
[INFO] [stderr]   Downloaded sophia v0.6.2
[INFO] [stderr]   Downloaded sophia_term v0.6.2
[INFO] [stderr]   Downloaded sophia_iri v0.6.2
[INFO] [stderr]   Downloaded rdf v0.1.4
[INFO] running `Command { std: "docker" "create" "-v" "/var/lib/crater-agent-workspace/builds/worker-3/target:/opt/rustwide/target:rw,Z" "-v" "/var/lib/crater-agent-workspace/builds/worker-3/source:/opt/rustwide/workdir:ro,Z" "-v" "/var/lib/crater-agent-workspace/cargo-home:/opt/rustwide/cargo-home:ro,Z" "-v" "/var/lib/crater-agent-workspace/rustup-home:/opt/rustwide/rustup-home:ro,Z" "-e" "SOURCE_DIR=/opt/rustwide/workdir" "-e" "CARGO_TARGET_DIR=/opt/rustwide/target" "-e" "CARGO_HOME=/opt/rustwide/cargo-home" "-e" "RUSTUP_HOME=/opt/rustwide/rustup-home" "-w" "/opt/rustwide/workdir" "-m" "1610612736" "--user" "0:0" "--network" "none" "ghcr.io/rust-lang/crates-build-env/linux@sha256:34b6a614d2c27851fe6cbf88fbd1137609cefab8b10d0615aaeb6fd47975d74e" "/opt/rustwide/cargo-home/bin/cargo" "+beta-2021-08-22" "metadata" "--no-deps" "--format-version=1", kill_on_drop: false }`
[INFO] [stdout] 7774ebbb232342bd6f210614625008a03899bb11646d9ff98e51fe594558a28f
[INFO] [stderr] WARNING: Your kernel does not support swap limit capabilities or the cgroup is not mounted. Memory limited without swap.
[INFO] running `Command { std: "docker" "start" "-a" "7774ebbb232342bd6f210614625008a03899bb11646d9ff98e51fe594558a28f", kill_on_drop: false }`
[INFO] running `Command { std: "docker" "inspect" "7774ebbb232342bd6f210614625008a03899bb11646d9ff98e51fe594558a28f", kill_on_drop: false }`
[INFO] running `Command { std: "docker" "rm" "-f" "7774ebbb232342bd6f210614625008a03899bb11646d9ff98e51fe594558a28f", kill_on_drop: false }`
[INFO] [stdout] 7774ebbb232342bd6f210614625008a03899bb11646d9ff98e51fe594558a28f
[INFO] running `Command { std: "docker" "create" "-v" "/var/lib/crater-agent-workspace/builds/worker-3/target:/opt/rustwide/target:rw,Z" "-v" "/var/lib/crater-agent-workspace/builds/worker-3/source:/opt/rustwide/workdir:ro,Z" "-v" "/var/lib/crater-agent-workspace/cargo-home:/opt/rustwide/cargo-home:ro,Z" "-v" "/var/lib/crater-agent-workspace/rustup-home:/opt/rustwide/rustup-home:ro,Z" "-e" "SOURCE_DIR=/opt/rustwide/workdir" "-e" "CARGO_TARGET_DIR=/opt/rustwide/target" "-e" "CARGO_INCREMENTAL=0" "-e" "RUST_BACKTRACE=full" "-e" "RUSTFLAGS=--cap-lints=warn" "-e" "CARGO_HOME=/opt/rustwide/cargo-home" "-e" "RUSTUP_HOME=/opt/rustwide/rustup-home" "-w" "/opt/rustwide/workdir" "-m" "1610612736" "--user" "0:0" "--network" "none" "ghcr.io/rust-lang/crates-build-env/linux@sha256:34b6a614d2c27851fe6cbf88fbd1137609cefab8b10d0615aaeb6fd47975d74e" "/opt/rustwide/cargo-home/bin/cargo" "+beta-2021-08-22" "build" "--frozen" "--message-format=json", kill_on_drop: false }`
[INFO] [stdout] db88458dbdfbfd1dee77dc82c903f5f1cdae22f68a4b38293f1e05454afffd74
[INFO] [stderr] WARNING: Your kernel does not support swap limit capabilities or the cgroup is not mounted. Memory limited without swap.
[INFO] running `Command { std: "docker" "start" "-a" "db88458dbdfbfd1dee77dc82c903f5f1cdae22f68a4b38293f1e05454afffd74", kill_on_drop: false }`
[INFO] [stderr]    Compiling syn v1.0.48
[INFO] [stderr]    Compiling ppv-lite86 v0.2.9
[INFO] [stderr]    Compiling once_cell v1.4.1
[INFO] [stderr]    Compiling serde v1.0.118
[INFO] [stderr]    Compiling regex-syntax v0.6.20
[INFO] [stderr]    Compiling mownstr v0.1.1
[INFO] [stderr]    Compiling serde_json v1.0.60
[INFO] [stderr]    Compiling resiter v0.4.0
[INFO] [stderr]    Compiling unicode-segmentation v1.7.0
[INFO] [stderr]    Compiling pulldown-cmark v0.8.0
[INFO] [stderr]    Compiling rio_api v0.4.2
[INFO] [stderr]    Compiling weak-table v0.3.0
[INFO] [stderr]    Compiling oxilangtag v0.1.1
[INFO] [stderr]    Compiling futures-io v0.3.7
[INFO] [stderr]    Compiling quick-error v2.0.0
[INFO] [stderr]    Compiling termcolor v1.1.0
[INFO] [stderr]    Compiling rdf v0.1.4
[INFO] [stderr]    Compiling getopts v0.2.21
[INFO] [stderr]    Compiling atty v0.2.14
[INFO] [stderr]    Compiling aho-corasick v0.7.14
[INFO] [stderr]    Compiling tracing v0.1.21
[INFO] [stderr]    Compiling indexmap v1.6.0
[INFO] [stderr]    Compiling proc-macro-error-attr v1.0.4
[INFO] [stderr]    Compiling futures-task v0.3.7
[INFO] [stderr]    Compiling sha-1 v0.9.1
[INFO] [stderr]    Compiling rio_turtle v0.4.2
[INFO] [stderr]    Compiling rand_chacha v0.2.2
[INFO] [stderr]    Compiling heck v0.3.1
[INFO] [stderr]    Compiling rand v0.7.3
[INFO] [stderr]    Compiling tungstenite v0.11.1
[INFO] [stderr]    Compiling tempfile v3.1.0
[INFO] [stderr]    Compiling multipart v0.17.0
[INFO] [stderr]    Compiling regex v1.4.1
[INFO] [stderr]    Compiling proc-macro-error v1.0.4
[INFO] [stderr]    Compiling pest_generator v2.1.3
[INFO] [stderr]    Compiling serde_urlencoded v0.6.1
[INFO] [stderr]    Compiling pin-project-internal v1.0.1
[INFO] [stderr]    Compiling pin-project-internal v0.4.27
[INFO] [stderr]    Compiling tokio-macros v0.2.5
[INFO] [stderr]    Compiling thiserror-impl v1.0.22
[INFO] [stderr]    Compiling pest_derive v2.1.0
[INFO] [stderr]    Compiling clap_derive v3.0.0-beta.2
[INFO] [stderr]    Compiling serde_derive v1.0.118
[INFO] [stderr]    Compiling tokio v0.2.22
[INFO] [stderr]    Compiling handlebars v3.5.1
[INFO] [stderr]    Compiling thiserror v1.0.22
[INFO] [stderr]    Compiling pin-project v1.0.1
[INFO] [stderr]    Compiling sophia_iri v0.6.2
[INFO] [stderr]    Compiling futures-util v0.3.7
[INFO] [stderr]    Compiling sophia_api v0.6.2
[INFO] [stderr]    Compiling pin-project v0.4.27
[INFO] [stderr]    Compiling tracing-futures v0.2.4
[INFO] [stderr]    Compiling clap v3.0.0-beta.2
[INFO] [stderr]    Compiling sophia_term v0.6.2
[INFO] [stderr]    Compiling sophia v0.6.2
[INFO] [stderr]    Compiling futures v0.3.7
[INFO] [stderr]    Compiling tokio-util v0.3.1
[INFO] [stderr]    Compiling tokio-tungstenite v0.11.0
[INFO] [stderr]    Compiling h2 v0.2.7
[INFO] [stderr]    Compiling hyper v0.13.8
[INFO] [stderr]    Compiling warp v0.2.5
[INFO] [stderr]    Compiling hashtagwiki v0.3.0 (/opt/rustwide/workdir)
[INFO] [stdout] warning: unused import: `std::io::BufRead`
[INFO] [stdout]  --> src/graph.rs:1:5
[INFO] [stdout]   |
[INFO] [stdout] 1 | use std::io::BufRead;
[INFO] [stdout]   |     ^^^^^^^^^^^^^^^^
[INFO] [stdout]   |
[INFO] [stdout]   = note: `#[warn(unused_imports)]` on by default
[INFO] [stdout] 
[INFO] [stdout] 
[INFO] [stdout] warning: unused import: `rdf::uri`
[INFO] [stdout]  --> src/graph.rs:3:5
[INFO] [stdout]   |
[INFO] [stdout] 3 | use rdf::uri;
[INFO] [stdout]   |     ^^^^^^^^
[INFO] [stdout] 
[INFO] [stdout] 
[INFO] [stdout] warning: unused variable: `data_type`
[INFO] [stdout]   --> src/graph.rs:29:53
[INFO] [stdout]    |
[INFO] [stdout] 29 |             rdf::node::Node::LiteralNode { literal, data_type, language } => {
[INFO] [stdout]    |                                                     ^^^^^^^^^ help: try ignoring the field: `data_type: _`
[INFO] [stdout]    |
[INFO] [stdout]    = note: `#[warn(unused_variables)]` on by default
[INFO] [stdout] 
[INFO] [stdout] 
[INFO] [stdout] warning: unused variable: `language`
[INFO] [stdout]   --> src/graph.rs:29:64
[INFO] [stdout]    |
[INFO] [stdout] 29 |             rdf::node::Node::LiteralNode { literal, data_type, language } => {
[INFO] [stdout]    |                                                                ^^^^^^^^ help: try ignoring the field: `language: _`
[INFO] [stdout] 
[INFO] [stdout] 
[INFO] [stdout] warning: function is never used: `find_claims`
[INFO] [stdout]   --> src/graph.rs:38:4
[INFO] [stdout]    |
[INFO] [stdout] 38 | fn find_claims(source: rdf::graph::Graph, uri: rdf::uri::Uri) -> Vec<Claim> {
[INFO] [stdout]    |    ^^^^^^^^^^^
[INFO] [stdout]    |
[INFO] [stdout]    = note: `#[warn(dead_code)]` on by default
[INFO] [stdout] 
[INFO] [stdout] 
[INFO] [stdout] warning: 5 warnings emitted
[INFO] [stdout] 
[INFO] [stdout] 
[INFO] [stderr]     Finished dev [unoptimized + debuginfo] target(s) in 2m 58s
[INFO] running `Command { std: "docker" "inspect" "db88458dbdfbfd1dee77dc82c903f5f1cdae22f68a4b38293f1e05454afffd74", kill_on_drop: false }`
[INFO] running `Command { std: "docker" "rm" "-f" "db88458dbdfbfd1dee77dc82c903f5f1cdae22f68a4b38293f1e05454afffd74", kill_on_drop: false }`
[INFO] [stdout] db88458dbdfbfd1dee77dc82c903f5f1cdae22f68a4b38293f1e05454afffd74
[INFO] running `Command { std: "docker" "create" "-v" "/var/lib/crater-agent-workspace/builds/worker-3/target:/opt/rustwide/target:rw,Z" "-v" "/var/lib/crater-agent-workspace/builds/worker-3/source:/opt/rustwide/workdir:ro,Z" "-v" "/var/lib/crater-agent-workspace/cargo-home:/opt/rustwide/cargo-home:ro,Z" "-v" "/var/lib/crater-agent-workspace/rustup-home:/opt/rustwide/rustup-home:ro,Z" "-e" "SOURCE_DIR=/opt/rustwide/workdir" "-e" "CARGO_TARGET_DIR=/opt/rustwide/target" "-e" "CARGO_INCREMENTAL=0" "-e" "RUST_BACKTRACE=full" "-e" "RUSTFLAGS=--cap-lints=warn" "-e" "CARGO_HOME=/opt/rustwide/cargo-home" "-e" "RUSTUP_HOME=/opt/rustwide/rustup-home" "-w" "/opt/rustwide/workdir" "-m" "1610612736" "--user" "0:0" "--network" "none" "ghcr.io/rust-lang/crates-build-env/linux@sha256:34b6a614d2c27851fe6cbf88fbd1137609cefab8b10d0615aaeb6fd47975d74e" "/opt/rustwide/cargo-home/bin/cargo" "+beta-2021-08-22" "test" "--frozen" "--no-run" "--message-format=json", kill_on_drop: false }`
[INFO] [stdout] 326a8ad54fe0ed9463e66d1e3a5fc997c13e940fbed069530a0b263867290d1c
[INFO] [stderr] WARNING: Your kernel does not support swap limit capabilities or the cgroup is not mounted. Memory limited without swap.
[INFO] running `Command { std: "docker" "start" "-a" "326a8ad54fe0ed9463e66d1e3a5fc997c13e940fbed069530a0b263867290d1c", kill_on_drop: false }`
[INFO] [stderr]    Compiling hashtagwiki v0.3.0 (/opt/rustwide/workdir)
[INFO] [stdout] warning: unused import: `std::io::BufRead`
[INFO] [stdout]  --> src/graph.rs:1:5
[INFO] [stdout]   |
[INFO] [stdout] 1 | use std::io::BufRead;
[INFO] [stdout]   |     ^^^^^^^^^^^^^^^^
[INFO] [stdout]   |
[INFO] [stdout]   = note: `#[warn(unused_imports)]` on by default
[INFO] [stdout] 
[INFO] [stdout] 
[INFO] [stdout] warning: unused import: `rdf::uri`
[INFO] [stdout]  --> src/graph.rs:3:5
[INFO] [stdout]   |
[INFO] [stdout] 3 | use rdf::uri;
[INFO] [stdout]   |     ^^^^^^^^
[INFO] [stdout] 
[INFO] [stdout] 
[INFO] [stdout] warning: unused import: `Claim`
[INFO] [stdout]   --> src/graph.rs:55:24
[INFO] [stdout]    |
[INFO] [stdout] 55 |     use crate::graph::{Claim, find_claims};
[INFO] [stdout]    |                        ^^^^^
[INFO] [stdout] 
[INFO] [stdout] 
[INFO] [stdout] warning: unused variable: `data_type`
[INFO] [stdout]   --> src/graph.rs:29:53
[INFO] [stdout]    |
[INFO] [stdout] 29 |             rdf::node::Node::LiteralNode { literal, data_type, language } => {
[INFO] [stdout]    |                                                     ^^^^^^^^^ help: try ignoring the field: `data_type: _`
[INFO] [stdout]    |
[INFO] [stdout]    = note: `#[warn(unused_variables)]` on by default
[INFO] [stdout] 
[INFO] [stdout] 
[INFO] [stdout] warning: unused variable: `language`
[INFO] [stdout]   --> src/graph.rs:29:64
[INFO] [stdout]    |
[INFO] [stdout] 29 |             rdf::node::Node::LiteralNode { literal, data_type, language } => {
[INFO] [stdout]    |                                                                ^^^^^^^^ help: try ignoring the field: `language: _`
[INFO] [stdout] 
[INFO] [stdout] 
[INFO] [stdout] warning: 5 warnings emitted
[INFO] [stdout] 
[INFO] [stdout] 
[INFO] [stderr]     Finished test [unoptimized + debuginfo] target(s) in 7.65s
[INFO] running `Command { std: "docker" "inspect" "326a8ad54fe0ed9463e66d1e3a5fc997c13e940fbed069530a0b263867290d1c", kill_on_drop: false }`
[INFO] running `Command { std: "docker" "rm" "-f" "326a8ad54fe0ed9463e66d1e3a5fc997c13e940fbed069530a0b263867290d1c", kill_on_drop: false }`
[INFO] [stdout] 326a8ad54fe0ed9463e66d1e3a5fc997c13e940fbed069530a0b263867290d1c
[INFO] running `Command { std: "docker" "create" "-v" "/var/lib/crater-agent-workspace/builds/worker-3/target:/opt/rustwide/target:rw,Z" "-v" "/var/lib/crater-agent-workspace/builds/worker-3/source:/opt/rustwide/workdir:ro,Z" "-v" "/var/lib/crater-agent-workspace/cargo-home:/opt/rustwide/cargo-home:ro,Z" "-v" "/var/lib/crater-agent-workspace/rustup-home:/opt/rustwide/rustup-home:ro,Z" "-e" "SOURCE_DIR=/opt/rustwide/workdir" "-e" "CARGO_TARGET_DIR=/opt/rustwide/target" "-e" "CARGO_INCREMENTAL=0" "-e" "RUST_BACKTRACE=full" "-e" "RUSTFLAGS=--cap-lints=warn" "-e" "CARGO_HOME=/opt/rustwide/cargo-home" "-e" "RUSTUP_HOME=/opt/rustwide/rustup-home" "-w" "/opt/rustwide/workdir" "-m" "1610612736" "--user" "0:0" "--network" "none" "ghcr.io/rust-lang/crates-build-env/linux@sha256:34b6a614d2c27851fe6cbf88fbd1137609cefab8b10d0615aaeb6fd47975d74e" "/opt/rustwide/cargo-home/bin/cargo" "+beta-2021-08-22" "test" "--frozen", kill_on_drop: false }`
[INFO] [stdout] 1db1ac7bc152d3706032abaa29360b012ee69165909e852410248fc462a868bb
[INFO] [stderr] WARNING: Your kernel does not support swap limit capabilities or the cgroup is not mounted. Memory limited without swap.
[INFO] running `Command { std: "docker" "start" "-a" "1db1ac7bc152d3706032abaa29360b012ee69165909e852410248fc462a868bb", kill_on_drop: false }`
[INFO] [stderr] warning: unused import: `std::io::BufRead`
[INFO] [stderr]  --> src/graph.rs:1:5
[INFO] [stderr]   |
[INFO] [stderr] 1 | use std::io::BufRead;
[INFO] [stderr]   |     ^^^^^^^^^^^^^^^^
[INFO] [stderr]   |
[INFO] [stderr]   = note: `#[warn(unused_imports)]` on by default
[INFO] [stderr] 
[INFO] [stderr] warning: unused import: `rdf::uri`
[INFO] [stderr]  --> src/graph.rs:3:5
[INFO] [stderr]   |
[INFO] [stderr] 3 | use rdf::uri;
[INFO] [stderr]   |     ^^^^^^^^
[INFO] [stderr] 
[INFO] [stderr] warning: unused import: `Claim`
[INFO] [stderr]   --> src/graph.rs:55:24
[INFO] [stderr]    |
[INFO] [stderr] 55 |     use crate::graph::{Claim, find_claims};
[INFO] [stderr]    |                        ^^^^^
[INFO] [stderr] 
[INFO] [stderr] warning: unused variable: `data_type`
[INFO] [stderr]   --> src/graph.rs:29:53
[INFO] [stderr]    |
[INFO] [stderr] 29 |             rdf::node::Node::LiteralNode { literal, data_type, language } => {
[INFO] [stderr]    |                                                     ^^^^^^^^^ help: try ignoring the field: `data_type: _`
[INFO] [stderr]    |
[INFO] [stderr]    = note: `#[warn(unused_variables)]` on by default
[INFO] [stderr] 
[INFO] [stderr] warning: unused variable: `language`
[INFO] [stderr]   --> src/graph.rs:29:64
[INFO] [stderr]    |
[INFO] [stderr] 29 |             rdf::node::Node::LiteralNode { literal, data_type, language } => {
[INFO] [stderr]    |                                                                ^^^^^^^^ help: try ignoring the field: `language: _`
[INFO] [stderr] 
[INFO] [stderr] warning: `hashtagwiki` (bin "hashtagwiki" test) generated 5 warnings
[INFO] [stderr]     Finished test [unoptimized + debuginfo] target(s) in 0.19s
[INFO] [stderr]      Running unittests (/opt/rustwide/target/debug/deps/hashtagwiki-c40452d5b9326b19)
[INFO] [stdout] 
[INFO] [stdout] running 5 tests
[INFO] [stdout] test document::tests::extracts_title ... ok
[INFO] [stdout] test document::tests::transforms_markdown ... ok
[INFO] [stdout] test document::tests::can_extract_hashtags ... ok
[INFO] [stdout] test graph::tests::can_render_claims ... ok
[INFO] [stderr] error: test failed, to rerun pass '--bin hashtagwiki'
[INFO] [stdout] test publishing::tests::publishes_all_wiki_files ... FAILED
[INFO] [stdout] 
[INFO] [stdout] failures:
[INFO] [stdout] 
[INFO] [stdout] ---- publishing::tests::publishes_all_wiki_files stdout ----
[INFO] [stdout] thread 'publishing::tests::publishes_all_wiki_files' panicked at 'called `Result::unwrap()` on an `Err` value: Os { code: 30, kind: ReadOnlyFilesystem, message: "Read-only file system" }', src/publishing.rs:95:36
[INFO] [stdout] stack backtrace:
[INFO] [stdout]    0:     0x55e2db7d63b0 - std::backtrace_rs::backtrace::libunwind::trace::hff4d1766e93f64f1
[INFO] [stdout]                                at /rustc/bf16ca353c82d9051dbd1a4cfc5a01a1800578e9/library/std/src/../../backtrace/src/backtrace/libunwind.rs:90:5
[INFO] [stdout]    1:     0x55e2db7d63b0 - std::backtrace_rs::backtrace::trace_unsynchronized::h56bbc8eb78770bcb
[INFO] [stdout]                                at /rustc/bf16ca353c82d9051dbd1a4cfc5a01a1800578e9/library/std/src/../../backtrace/src/backtrace/mod.rs:66:5
[INFO] [stdout]    2:     0x55e2db7d63b0 - std::sys_common::backtrace::_print_fmt::h5c8e75464faca780
[INFO] [stdout]                                at /rustc/bf16ca353c82d9051dbd1a4cfc5a01a1800578e9/library/std/src/sys_common/backtrace.rs:67:5
[INFO] [stdout]    3:     0x55e2db7d63b0 - <std::sys_common::backtrace::_print::DisplayBacktrace as core::fmt::Display>::fmt::h48b88277def8b362
[INFO] [stdout]                                at /rustc/bf16ca353c82d9051dbd1a4cfc5a01a1800578e9/library/std/src/sys_common/backtrace.rs:46:22
[INFO] [stdout]    4:     0x55e2db7fbc1c - core::fmt::write::h3381b3176fe2b3d3
[INFO] [stdout]                                at /rustc/bf16ca353c82d9051dbd1a4cfc5a01a1800578e9/library/core/src/fmt/mod.rs:1115:17
[INFO] [stdout]    5:     0x55e2db7d2df5 - std::io::Write::write_fmt::h5f34a676f60246b5
[INFO] [stdout]                                at /rustc/bf16ca353c82d9051dbd1a4cfc5a01a1800578e9/library/std/src/io/mod.rs:1665:15
[INFO] [stdout]    6:     0x55e2db7d896b - std::sys_common::backtrace::_print::ha537687d6c17dd0d
[INFO] [stdout]                                at /rustc/bf16ca353c82d9051dbd1a4cfc5a01a1800578e9/library/std/src/sys_common/backtrace.rs:49:5
[INFO] [stdout]    7:     0x55e2db7d896b - std::sys_common::backtrace::print::h61376ae57d131d72
[INFO] [stdout]                                at /rustc/bf16ca353c82d9051dbd1a4cfc5a01a1800578e9/library/std/src/sys_common/backtrace.rs:36:9
[INFO] [stdout]    8:     0x55e2db7d896b - std::panicking::default_hook::{{closure}}::h0f7208c0b9644a54
[INFO] [stdout]                                at /rustc/bf16ca353c82d9051dbd1a4cfc5a01a1800578e9/library/std/src/panicking.rs:208:50
[INFO] [stdout]    9:     0x55e2db7d847c - std::panicking::default_hook::hdac7fc06578c14ce
[INFO] [stdout]                                at /rustc/bf16ca353c82d9051dbd1a4cfc5a01a1800578e9/library/std/src/panicking.rs:222:9
[INFO] [stdout]   10:     0x55e2db7d9034 - std::panicking::rust_panic_with_hook::h72b21c283da3d1ef
[INFO] [stdout]                                at /rustc/bf16ca353c82d9051dbd1a4cfc5a01a1800578e9/library/std/src/panicking.rs:622:17
[INFO] [stdout]   11:     0x55e2db7d8b17 - std::panicking::begin_panic_handler::{{closure}}::he5778f1729cff84a
[INFO] [stdout]                                at /rustc/bf16ca353c82d9051dbd1a4cfc5a01a1800578e9/library/std/src/panicking.rs:519:13
[INFO] [stdout]   12:     0x55e2db7d688c - std::sys_common::backtrace::__rust_end_short_backtrace::h2d11ca8b453b4b1d
[INFO] [stdout]                                at /rustc/bf16ca353c82d9051dbd1a4cfc5a01a1800578e9/library/std/src/sys_common/backtrace.rs:141:18
[INFO] [stdout]   13:     0x55e2db7d8a79 - rust_begin_unwind
[INFO] [stdout]                                at /rustc/bf16ca353c82d9051dbd1a4cfc5a01a1800578e9/library/std/src/panicking.rs:515:5
[INFO] [stdout]   14:     0x55e2db3a39a1 - core::panicking::panic_fmt::hf9de31d4acbce4db
[INFO] [stdout]                                at /rustc/bf16ca353c82d9051dbd1a4cfc5a01a1800578e9/library/core/src/panicking.rs:92:14
[INFO] [stdout]   15:     0x55e2db3a3a93 - core::result::unwrap_failed::ha0c84e81219e5878
[INFO] [stdout]                                at /rustc/bf16ca353c82d9051dbd1a4cfc5a01a1800578e9/library/core/src/result.rs:1599:5
[INFO] [stdout]   16:     0x55e2db776887 - core::result::Result<T,E>::unwrap::h4aab76e4ae569a7b
[INFO] [stdout]                                at /rustc/bf16ca353c82d9051dbd1a4cfc5a01a1800578e9/library/core/src/result.rs:1281:23
[INFO] [stdout]   17:     0x55e2db3f26f0 - hashtagwiki::publishing::tests::publishes_all_wiki_files::h1baeb6eb97007cbf
[INFO] [stdout]                                at /opt/rustwide/workdir/src/publishing.rs:95:9
[INFO] [stdout]   18:     0x55e2db3f268a - hashtagwiki::publishing::tests::publishes_all_wiki_files::{{closure}}::h72f87da282867156
[INFO] [stdout]                                at /opt/rustwide/workdir/src/publishing.rs:87:5
[INFO] [stdout]   19:     0x55e2db3e029e - core::ops::function::FnOnce::call_once::hd78bb66ae914b981
[INFO] [stdout]                                at /rustc/bf16ca353c82d9051dbd1a4cfc5a01a1800578e9/library/core/src/ops/function.rs:227:5
[INFO] [stdout]   20:     0x55e2db42ce43 - core::ops::function::FnOnce::call_once::hbb52c4519d3137b0
[INFO] [stdout]                                at /rustc/bf16ca353c82d9051dbd1a4cfc5a01a1800578e9/library/core/src/ops/function.rs:227:5
[INFO] [stdout]   21:     0x55e2db42ce43 - test::__rust_begin_short_backtrace::h86fe3a2a5a5121af
[INFO] [stdout]                                at /rustc/bf16ca353c82d9051dbd1a4cfc5a01a1800578e9/library/test/src/lib.rs:578:5
[INFO] [stdout]   22:     0x55e2db42b8f8 - <alloc::boxed::Box<F,A> as core::ops::function::FnOnce<Args>>::call_once::hfd956bc3d57399be
[INFO] [stdout]                                at /rustc/bf16ca353c82d9051dbd1a4cfc5a01a1800578e9/library/alloc/src/boxed.rs:1572:9
[INFO] [stdout]   23:     0x55e2db42b8f8 - <std::panic::AssertUnwindSafe<F> as core::ops::function::FnOnce<()>>::call_once::h40dc93e0ddb5938a
[INFO] [stdout]                                at /rustc/bf16ca353c82d9051dbd1a4cfc5a01a1800578e9/library/std/src/panic.rs:347:9
[INFO] [stdout]   24:     0x55e2db42b8f8 - std::panicking::try::do_call::h90d07750cb47c562
[INFO] [stdout]                                at /rustc/bf16ca353c82d9051dbd1a4cfc5a01a1800578e9/library/std/src/panicking.rs:401:40
[INFO] [stdout]   25:     0x55e2db42b8f8 - std::panicking::try::h063c84733ad2a629
[INFO] [stdout]                                at /rustc/bf16ca353c82d9051dbd1a4cfc5a01a1800578e9/library/std/src/panicking.rs:365:19
[INFO] [stdout]   26:     0x55e2db42b8f8 - std::panic::catch_unwind::h0c464836a84e7c08
[INFO] [stdout]                                at /rustc/bf16ca353c82d9051dbd1a4cfc5a01a1800578e9/library/std/src/panic.rs:434:14
[INFO] [stdout]   27:     0x55e2db42b8f8 - test::run_test_in_process::h5cb06ef620b157fc
[INFO] [stdout]                                at /rustc/bf16ca353c82d9051dbd1a4cfc5a01a1800578e9/library/test/src/lib.rs:601:18
[INFO] [stdout]   28:     0x55e2db42b8f8 - test::run_test::run_test_inner::{{closure}}::h76f677f4b93f9828
[INFO] [stdout]                                at /rustc/bf16ca353c82d9051dbd1a4cfc5a01a1800578e9/library/test/src/lib.rs:493:39
[INFO] [stdout]   29:     0x55e2db3fa08d - test::run_test::run_test_inner::{{closure}}::h366d01fe04f4d67a
[INFO] [stdout]                                at /rustc/bf16ca353c82d9051dbd1a4cfc5a01a1800578e9/library/test/src/lib.rs:520:37
[INFO] [stdout]   30:     0x55e2db3fa08d - std::sys_common::backtrace::__rust_begin_short_backtrace::h7dfa0de4eb395af2
[INFO] [stdout]                                at /rustc/bf16ca353c82d9051dbd1a4cfc5a01a1800578e9/library/std/src/sys_common/backtrace.rs:125:18
[INFO] [stdout]   31:     0x55e2db3fe858 - std::thread::Builder::spawn_unchecked::{{closure}}::{{closure}}::hf0a74bb58798037f
[INFO] [stdout]                                at /rustc/bf16ca353c82d9051dbd1a4cfc5a01a1800578e9/library/std/src/thread/mod.rs:476:17
[INFO] [stdout]   32:     0x55e2db3fe858 - <std::panic::AssertUnwindSafe<F> as core::ops::function::FnOnce<()>>::call_once::hb024e854818586ac
[INFO] [stdout]                                at /rustc/bf16ca353c82d9051dbd1a4cfc5a01a1800578e9/library/std/src/panic.rs:347:9
[INFO] [stdout]   33:     0x55e2db3fe858 - std::panicking::try::do_call::hb2dd9f1d0d48e41d
[INFO] [stdout]                                at /rustc/bf16ca353c82d9051dbd1a4cfc5a01a1800578e9/library/std/src/panicking.rs:401:40
[INFO] [stdout]   34:     0x55e2db3fe858 - std::panicking::try::h4717ae7bac8b2bf3
[INFO] [stdout]                                at /rustc/bf16ca353c82d9051dbd1a4cfc5a01a1800578e9/library/std/src/panicking.rs:365:19
[INFO] [stdout]   35:     0x55e2db3fe858 - std::panic::catch_unwind::h0dc8a061326ce8d8
[INFO] [stdout]                                at /rustc/bf16ca353c82d9051dbd1a4cfc5a01a1800578e9/library/std/src/panic.rs:434:14
[INFO] [stdout]   36:     0x55e2db3fe858 - std::thread::Builder::spawn_unchecked::{{closure}}::haa369e2d6fd00aa1
[INFO] [stdout]                                at /rustc/bf16ca353c82d9051dbd1a4cfc5a01a1800578e9/library/std/src/thread/mod.rs:475:30
[INFO] [stdout]   37:     0x55e2db3fe858 - core::ops::function::FnOnce::call_once{{vtable.shim}}::h36dcf3de8b056f17
[INFO] [stdout]                                at /rustc/bf16ca353c82d9051dbd1a4cfc5a01a1800578e9/library/core/src/ops/function.rs:227:5
[INFO] [stdout]   38:     0x55e2db7deef7 - <alloc::boxed::Box<F,A> as core::ops::function::FnOnce<Args>>::call_once::h65c29e4642be2358
[INFO] [stdout]                                at /rustc/bf16ca353c82d9051dbd1a4cfc5a01a1800578e9/library/alloc/src/boxed.rs:1572:9
[INFO] [stdout]   39:     0x55e2db7deef7 - <alloc::boxed::Box<F,A> as core::ops::function::FnOnce<Args>>::call_once::hd0f8f7fbbd9fffbf
[INFO] [stdout]                                at /rustc/bf16ca353c82d9051dbd1a4cfc5a01a1800578e9/library/alloc/src/boxed.rs:1572:9
[INFO] [stdout]   40:     0x55e2db7deef7 - std::sys::unix::thread::Thread::new::thread_start::h2fd22fee3ca77b65
[INFO] [stdout]                                at /rustc/bf16ca353c82d9051dbd1a4cfc5a01a1800578e9/library/std/src/sys/unix/thread.rs:74:17
[INFO] [stdout]   41:     0x7fec49b5b609 - start_thread
[INFO] [stdout]   42:     0x7fec4992d293 - clone
[INFO] [stdout]   43:                0x0 - <unknown>
[INFO] [stdout] 
[INFO] [stdout] 
[INFO] [stdout] failures:
[INFO] [stdout]     publishing::tests::publishes_all_wiki_files
[INFO] [stdout] 
[INFO] [stdout] test result: FAILED. 4 passed; 1 failed; 0 ignored; 0 measured; 0 filtered out; finished in 0.15s
[INFO] [stdout] 
[INFO] running `Command { std: "docker" "inspect" "1db1ac7bc152d3706032abaa29360b012ee69165909e852410248fc462a868bb", kill_on_drop: false }`
[INFO] running `Command { std: "docker" "rm" "-f" "1db1ac7bc152d3706032abaa29360b012ee69165909e852410248fc462a868bb", kill_on_drop: false }`
[INFO] [stdout] 1db1ac7bc152d3706032abaa29360b012ee69165909e852410248fc462a868bb
