[INFO] cloning repository https://github.com/jxs/currencies
[INFO] running `Command { std: "git" "-c" "credential.helper=" "-c" "credential.helper=/workspace/cargo-home/bin/git-credential-null" "clone" "--bare" "https://github.com/jxs/currencies" "/workspace/cache/git-repos/https%3A%2F%2Fgithub.com%2Fjxs%2Fcurrencies", kill_on_drop: false }`
[INFO] [stderr] Cloning into bare repository '/workspace/cache/git-repos/https%3A%2F%2Fgithub.com%2Fjxs%2Fcurrencies'...
[INFO] running `Command { std: "git" "rev-parse" "HEAD", kill_on_drop: false }`
[INFO] [stdout] 17e97e08f8bee7c5400174d48d19933d4e0eb510
[INFO] testing jxs/currencies against beta-2021-08-22 for beta-1.55-2
[INFO] running `Command { std: "git" "clone" "/workspace/cache/git-repos/https%3A%2F%2Fgithub.com%2Fjxs%2Fcurrencies" "/workspace/builds/worker-5/source", kill_on_drop: false }`
[INFO] [stderr] Cloning into '/workspace/builds/worker-5/source'...
[INFO] [stderr] done.
[INFO] validating manifest of git repo https://github.com/jxs/currencies on toolchain beta-2021-08-22
[INFO] running `Command { std: "/workspace/cargo-home/bin/cargo" "+beta-2021-08-22" "metadata" "--manifest-path" "Cargo.toml" "--no-deps", kill_on_drop: false }`
[INFO] started tweaking git repo https://github.com/jxs/currencies
[INFO] finished tweaking git repo https://github.com/jxs/currencies
[INFO] tweaked toml for git repo https://github.com/jxs/currencies written to /workspace/builds/worker-5/source/Cargo.toml
[INFO] crate git repo https://github.com/jxs/currencies already has a lockfile, it will not be regenerated
[INFO] running `Command { std: "/workspace/cargo-home/bin/cargo" "+beta-2021-08-22" "fetch" "--manifest-path" "Cargo.toml", kill_on_drop: false }`
[INFO] [stderr]  Downloading crates ...
[INFO] [stderr]   Downloaded sled v0.28.0
[INFO] [stderr]   Downloaded pagecache v0.19.4
[INFO] running `Command { std: "docker" "create" "-v" "/var/lib/crater-agent-workspace/builds/worker-5/target:/opt/rustwide/target:rw,Z" "-v" "/var/lib/crater-agent-workspace/builds/worker-5/source:/opt/rustwide/workdir:ro,Z" "-v" "/var/lib/crater-agent-workspace/cargo-home:/opt/rustwide/cargo-home:ro,Z" "-v" "/var/lib/crater-agent-workspace/rustup-home:/opt/rustwide/rustup-home:ro,Z" "-e" "SOURCE_DIR=/opt/rustwide/workdir" "-e" "CARGO_TARGET_DIR=/opt/rustwide/target" "-e" "CARGO_HOME=/opt/rustwide/cargo-home" "-e" "RUSTUP_HOME=/opt/rustwide/rustup-home" "-w" "/opt/rustwide/workdir" "-m" "1610612736" "--user" "0:0" "--network" "none" "ghcr.io/rust-lang/crates-build-env/linux@sha256:34b6a614d2c27851fe6cbf88fbd1137609cefab8b10d0615aaeb6fd47975d74e" "/opt/rustwide/cargo-home/bin/cargo" "+beta-2021-08-22" "metadata" "--no-deps" "--format-version=1", kill_on_drop: false }`
[INFO] [stdout] e66b860f3fc2ae50d92ba4a368864459e25ea5e395e317189c15eec0c6c58d18
[INFO] [stderr] WARNING: Your kernel does not support swap limit capabilities or the cgroup is not mounted. Memory limited without swap.
[INFO] running `Command { std: "docker" "start" "-a" "e66b860f3fc2ae50d92ba4a368864459e25ea5e395e317189c15eec0c6c58d18", kill_on_drop: false }`
[INFO] running `Command { std: "docker" "inspect" "e66b860f3fc2ae50d92ba4a368864459e25ea5e395e317189c15eec0c6c58d18", kill_on_drop: false }`
[INFO] running `Command { std: "docker" "rm" "-f" "e66b860f3fc2ae50d92ba4a368864459e25ea5e395e317189c15eec0c6c58d18", kill_on_drop: false }`
[INFO] [stdout] e66b860f3fc2ae50d92ba4a368864459e25ea5e395e317189c15eec0c6c58d18
[INFO] running `Command { std: "docker" "create" "-v" "/var/lib/crater-agent-workspace/builds/worker-5/target:/opt/rustwide/target:rw,Z" "-v" "/var/lib/crater-agent-workspace/builds/worker-5/source:/opt/rustwide/workdir:ro,Z" "-v" "/var/lib/crater-agent-workspace/cargo-home:/opt/rustwide/cargo-home:ro,Z" "-v" "/var/lib/crater-agent-workspace/rustup-home:/opt/rustwide/rustup-home:ro,Z" "-e" "SOURCE_DIR=/opt/rustwide/workdir" "-e" "CARGO_TARGET_DIR=/opt/rustwide/target" "-e" "CARGO_INCREMENTAL=0" "-e" "RUST_BACKTRACE=full" "-e" "RUSTFLAGS=--cap-lints=warn" "-e" "CARGO_HOME=/opt/rustwide/cargo-home" "-e" "RUSTUP_HOME=/opt/rustwide/rustup-home" "-w" "/opt/rustwide/workdir" "-m" "1610612736" "--user" "0:0" "--network" "none" "ghcr.io/rust-lang/crates-build-env/linux@sha256:34b6a614d2c27851fe6cbf88fbd1137609cefab8b10d0615aaeb6fd47975d74e" "/opt/rustwide/cargo-home/bin/cargo" "+beta-2021-08-22" "build" "--frozen" "--message-format=json", kill_on_drop: false }`
[INFO] [stdout] 1a9fbf396be41458c661fcba00e37215f9b4f16db4ecf1ce04db9bcb1f27c5eb
[INFO] [stderr] WARNING: Your kernel does not support swap limit capabilities or the cgroup is not mounted. Memory limited without swap.
[INFO] running `Command { std: "docker" "start" "-a" "1a9fbf396be41458c661fcba00e37215f9b4f16db4ecf1ce04db9bcb1f27c5eb", kill_on_drop: false }`
[INFO] [stderr]    Compiling libc v0.2.67
[INFO] [stderr]    Compiling proc-macro2 v1.0.9
[INFO] [stderr]    Compiling syn v1.0.16
[INFO] [stderr]    Compiling serde v1.0.104
[INFO] [stderr]    Compiling proc-macro-nested v0.1.3
[INFO] [stderr]    Compiling arc-swap v0.4.4
[INFO] [stderr]    Compiling untrusted v0.7.0
[INFO] [stderr]    Compiling arrayvec v0.4.12
[INFO] [stderr]    Compiling failure_derive v0.1.7
[INFO] [stderr]    Compiling crc32fast v1.2.0
[INFO] [stderr]    Compiling syn v0.15.44
[INFO] [stderr]    Compiling nodrop v0.1.14
[INFO] [stderr]    Compiling askama_escape v0.2.0
[INFO] [stderr]    Compiling humansize v1.1.0
[INFO] [stderr]    Compiling regex-syntax v0.6.16
[INFO] [stderr]    Compiling xml-rs v0.8.0
[INFO] [stderr]    Compiling ring v0.16.11
[INFO] [stderr]    Compiling backtrace-sys v0.1.33
[INFO] [stderr]    Compiling num-traits v0.2.11
[INFO] [stderr]    Compiling nom v4.2.3
[INFO] [stderr]    Compiling crossbeam-utils v0.6.6
[INFO] [stderr]    Compiling num-integer v0.1.42
[INFO] [stderr]    Compiling http v0.2.0
[INFO] [stderr]    Compiling lock_api v0.3.3
[INFO] [stderr]    Compiling aho-corasick v0.7.9
[INFO] [stderr]    Compiling base64 v0.10.1
[INFO] [stderr]    Compiling fxhash v0.2.1
[INFO] [stderr]    Compiling memoffset v0.5.3
[INFO] [stderr]    Compiling quote v0.6.13
[INFO] [stderr]    Compiling crossbeam-channel v0.3.9
[INFO] [stderr]    Compiling crossbeam-epoch v0.7.2
[INFO] [stderr]    Compiling quote v1.0.3
[INFO] [stderr]    Compiling iovec v0.1.4
[INFO] [stderr]    Compiling net2 v0.2.33
[INFO] [stderr]    Compiling signal-hook-registry v1.2.0
[INFO] [stderr]    Compiling num_cpus v1.12.0
[INFO] [stderr]    Compiling rand_os v0.1.3
[INFO] [stderr]    Compiling getrandom v0.1.14
[INFO] [stderr]    Compiling time v0.1.42
[INFO] [stderr]    Compiling parking_lot_core v0.6.2
[INFO] [stderr]    Compiling fs2 v0.4.3
[INFO] [stderr]    Compiling atty v0.2.14
[INFO] [stderr]    Compiling mio v0.6.21
[INFO] [stderr]    Compiling rand v0.6.5
[INFO] [stderr]    Compiling backtrace v0.3.45
[INFO] [stderr]    Compiling rand_core v0.5.1
[INFO] [stderr]    Compiling parking_lot v0.9.0
[INFO] [stderr]    Compiling rand_chacha v0.2.1
[INFO] [stderr]    Compiling error-chain v0.10.0
[INFO] [stderr]    Compiling chrono v0.4.10
[INFO] [stderr]    Compiling regex v1.3.4
[INFO] [stderr]    Compiling rand v0.7.3
[INFO] [stderr]    Compiling mio-uds v0.6.7
[INFO] [stderr]    Compiling http-body v0.3.1
[INFO] [stderr]    Compiling headers-core v0.2.0
[INFO] [stderr]    Compiling headers v0.3.1
[INFO] [stderr]    Compiling phf_generator v0.7.24
[INFO] [stderr]    Compiling phf_codegen v0.7.24
[INFO] [stderr]    Compiling mime_guess v1.8.8
[INFO] [stderr]    Compiling sct v0.6.0
[INFO] [stderr]    Compiling webpki v0.21.2
[INFO] [stderr]    Compiling tempfile v3.1.0
[INFO] [stderr]    Compiling tungstenite v0.10.1
[INFO] [stderr]    Compiling ct-logs v0.6.0
[INFO] [stderr]    Compiling env_logger v0.7.1
[INFO] [stderr]    Compiling rustls v0.16.0
[INFO] [stderr]    Compiling multipart v0.16.1
[INFO] [stderr]    Compiling rustls-native-certs v0.1.0
[INFO] [stderr]    Compiling synstructure v0.12.3
[INFO] [stderr]    Compiling serde_derive v1.0.104
[INFO] [stderr]    Compiling proc-macro-hack v0.5.11
[INFO] [stderr]    Compiling tokio-macros v0.2.5
[INFO] [stderr]    Compiling pin-project-internal v0.4.8
[INFO] [stderr]    Compiling thiserror-impl v1.0.11
[INFO] [stderr]    Compiling tokio v0.2.13
[INFO] [stderr]    Compiling failure v0.1.7
[INFO] [stderr]    Compiling futures-macro v0.3.4
[INFO] [stderr]    Compiling exitfailure v0.5.1
[INFO] [stderr]    Compiling thiserror v1.0.11
[INFO] [stderr]    Compiling pin-project v0.4.8
[INFO] [stderr]    Compiling futures-util v0.3.4
[INFO] [stderr]    Compiling futures-executor v0.3.4
[INFO] [stderr]    Compiling tokio-util v0.2.0
[INFO] [stderr]    Compiling tokio-rustls v0.12.2
[INFO] [stderr]    Compiling futures v0.3.4
[INFO] [stderr]    Compiling h2 v0.2.2
[INFO] [stderr]    Compiling tokio-tungstenite v0.10.1
[INFO] [stderr]    Compiling hyper v0.13.3
[INFO] [stderr]    Compiling toml v0.4.10
[INFO] [stderr]    Compiling bincode v1.2.1
[INFO] [stderr]    Compiling serde_json v1.0.48
[INFO] [stderr]    Compiling serde_bytes v0.11.3
[INFO] [stderr]    Compiling serde_urlencoded v0.6.1
[INFO] [stderr]    Compiling serde-xml-rs v0.3.1
[INFO] [stderr]    Compiling pagecache v0.19.4
[INFO] [stderr]    Compiling askama_shared v0.8.0
[INFO] [stderr]    Compiling warp v0.2.2
[INFO] [stderr]    Compiling hyper-rustls v0.19.1
[INFO] [stderr]    Compiling askama_derive v0.8.0
[INFO] [stderr]    Compiling sled v0.28.0
[INFO] [stderr]    Compiling askama v0.8.0
[INFO] [stderr]    Compiling currencies v0.1.0 (/opt/rustwide/workdir)
[INFO] [stderr]     Finished dev [unoptimized + debuginfo] target(s) in 4m 08s
[INFO] running `Command { std: "docker" "inspect" "1a9fbf396be41458c661fcba00e37215f9b4f16db4ecf1ce04db9bcb1f27c5eb", kill_on_drop: false }`
[INFO] running `Command { std: "docker" "rm" "-f" "1a9fbf396be41458c661fcba00e37215f9b4f16db4ecf1ce04db9bcb1f27c5eb", kill_on_drop: false }`
[INFO] [stdout] 1a9fbf396be41458c661fcba00e37215f9b4f16db4ecf1ce04db9bcb1f27c5eb
[INFO] running `Command { std: "docker" "create" "-v" "/var/lib/crater-agent-workspace/builds/worker-5/target:/opt/rustwide/target:rw,Z" "-v" "/var/lib/crater-agent-workspace/builds/worker-5/source:/opt/rustwide/workdir:ro,Z" "-v" "/var/lib/crater-agent-workspace/cargo-home:/opt/rustwide/cargo-home:ro,Z" "-v" "/var/lib/crater-agent-workspace/rustup-home:/opt/rustwide/rustup-home:ro,Z" "-e" "SOURCE_DIR=/opt/rustwide/workdir" "-e" "CARGO_TARGET_DIR=/opt/rustwide/target" "-e" "CARGO_INCREMENTAL=0" "-e" "RUST_BACKTRACE=full" "-e" "RUSTFLAGS=--cap-lints=warn" "-e" "CARGO_HOME=/opt/rustwide/cargo-home" "-e" "RUSTUP_HOME=/opt/rustwide/rustup-home" "-w" "/opt/rustwide/workdir" "-m" "1610612736" "--user" "0:0" "--network" "none" "ghcr.io/rust-lang/crates-build-env/linux@sha256:34b6a614d2c27851fe6cbf88fbd1137609cefab8b10d0615aaeb6fd47975d74e" "/opt/rustwide/cargo-home/bin/cargo" "+beta-2021-08-22" "test" "--frozen" "--no-run" "--message-format=json", kill_on_drop: false }`
[INFO] [stderr] WARNING: Your kernel does not support swap limit capabilities or the cgroup is not mounted. Memory limited without swap.
[INFO] [stdout] c850a3dbcb3e4dcd0163845b6b18f237edf197dae6308edf22d5c681437964de
[INFO] running `Command { std: "docker" "start" "-a" "c850a3dbcb3e4dcd0163845b6b18f237edf197dae6308edf22d5c681437964de", kill_on_drop: false }`
[INFO] [stderr]    Compiling currencies v0.1.0 (/opt/rustwide/workdir)
[INFO] [stderr]     Finished test [unoptimized + debuginfo] target(s) in 20.07s
[INFO] running `Command { std: "docker" "inspect" "c850a3dbcb3e4dcd0163845b6b18f237edf197dae6308edf22d5c681437964de", kill_on_drop: false }`
[INFO] running `Command { std: "docker" "rm" "-f" "c850a3dbcb3e4dcd0163845b6b18f237edf197dae6308edf22d5c681437964de", kill_on_drop: false }`
[INFO] [stdout] c850a3dbcb3e4dcd0163845b6b18f237edf197dae6308edf22d5c681437964de
[INFO] running `Command { std: "docker" "create" "-v" "/var/lib/crater-agent-workspace/builds/worker-5/target:/opt/rustwide/target:rw,Z" "-v" "/var/lib/crater-agent-workspace/builds/worker-5/source:/opt/rustwide/workdir:ro,Z" "-v" "/var/lib/crater-agent-workspace/cargo-home:/opt/rustwide/cargo-home:ro,Z" "-v" "/var/lib/crater-agent-workspace/rustup-home:/opt/rustwide/rustup-home:ro,Z" "-e" "SOURCE_DIR=/opt/rustwide/workdir" "-e" "CARGO_TARGET_DIR=/opt/rustwide/target" "-e" "CARGO_INCREMENTAL=0" "-e" "RUST_BACKTRACE=full" "-e" "RUSTFLAGS=--cap-lints=warn" "-e" "CARGO_HOME=/opt/rustwide/cargo-home" "-e" "RUSTUP_HOME=/opt/rustwide/rustup-home" "-w" "/opt/rustwide/workdir" "-m" "1610612736" "--user" "0:0" "--network" "none" "ghcr.io/rust-lang/crates-build-env/linux@sha256:34b6a614d2c27851fe6cbf88fbd1137609cefab8b10d0615aaeb6fd47975d74e" "/opt/rustwide/cargo-home/bin/cargo" "+beta-2021-08-22" "test" "--frozen", kill_on_drop: false }`
[INFO] [stdout] 3ef38c589c9b554d8f128261898731bbb4440c29a0ee58a3b2d4645146dd53a6
[INFO] [stderr] WARNING: Your kernel does not support swap limit capabilities or the cgroup is not mounted. Memory limited without swap.
[INFO] running `Command { std: "docker" "start" "-a" "3ef38c589c9b554d8f128261898731bbb4440c29a0ee58a3b2d4645146dd53a6", kill_on_drop: false }`
[INFO] [stderr]     Finished test [unoptimized + debuginfo] target(s) in 0.20s
[INFO] [stderr]      Running unittests (/opt/rustwide/target/debug/deps/currencies-b61ada36a2dbf71c)
[INFO] [stdout] 
[INFO] [stdout] running 15 tests
[INFO] [stdout] test db::tests::_date_as_key ... ok
[INFO] [stdout] test fetcher::tests::value_as_date ... ok
[INFO] [stdout] test handlers::tests::sort_currencies ... ok
[INFO] [stdout] test api::tests::try_reply_returns_err_on_empty_dates ... ok
[INFO] [stdout] test fetcher::tests::fetch ... FAILED
[INFO] [stdout] test api::tests::try_reply_different_base_single_day ... ok
[INFO] [stdout] test api::tests::try_reply_symbols_multiple_days ... ok
[INFO] [stdout] test api::tests::try_reply_single_day ... ok
[INFO] [stdout] test api::tests::try_reply_symbols_single_day ... ok
[INFO] [stdout] test api::tests::try_reply_different_base_multiple_days ... ok
[INFO] [stdout] test api::tests::try_reply_multiple_days ... ok
[INFO] [stdout] test db::tests::get_current_rates ... ok
[INFO] [stdout] test db::tests::put_get ... ok
[INFO] [stdout] test db::tests::get_day_rates ... ok
[INFO] [stdout] test db::tests::get_range_rates ... ok
[INFO] [stdout] 
[INFO] [stdout] failures:
[INFO] [stdout] 
[INFO] [stdout] ---- fetcher::tests::fetch stdout ----
[INFO] [stdout] thread 'fetcher::tests::fetch' panicked at 'called `Result::unwrap()` on an `Err` value: FetcherError("error trying to connect: dns error: failed to lookup address information: Temporary failure in name resolution")', src/fetcher.rs:90:43
[INFO] [stdout] stack backtrace:
[INFO] [stdout]    0:     0x559023a0af60 - std::backtrace_rs::backtrace::libunwind::trace::hff4d1766e93f64f1
[INFO] [stdout]                                at /rustc/bf16ca353c82d9051dbd1a4cfc5a01a1800578e9/library/std/src/../../backtrace/src/backtrace/libunwind.rs:90:5
[INFO] [stdout]    1:     0x559023a0af60 - std::backtrace_rs::backtrace::trace_unsynchronized::h56bbc8eb78770bcb
[INFO] [stdout]                                at /rustc/bf16ca353c82d9051dbd1a4cfc5a01a1800578e9/library/std/src/../../backtrace/src/backtrace/mod.rs:66:5
[INFO] [stdout]    2:     0x559023a0af60 - std::sys_common::backtrace::_print_fmt::h5c8e75464faca780
[INFO] [stdout]                                at /rustc/bf16ca353c82d9051dbd1a4cfc5a01a1800578e9/library/std/src/sys_common/backtrace.rs:67:5
[INFO] [stdout]    3:     0x559023a0af60 - <std::sys_common::backtrace::_print::DisplayBacktrace as core::fmt::Display>::fmt::h48b88277def8b362
[INFO] [stdout]                                at /rustc/bf16ca353c82d9051dbd1a4cfc5a01a1800578e9/library/std/src/sys_common/backtrace.rs:46:22
[INFO] [stdout]    4:     0x559023a30a8c - core::fmt::write::h3381b3176fe2b3d3
[INFO] [stdout]                                at /rustc/bf16ca353c82d9051dbd1a4cfc5a01a1800578e9/library/core/src/fmt/mod.rs:1115:17
[INFO] [stdout]    5:     0x559023a04575 - std::io::Write::write_fmt::h5f34a676f60246b5
[INFO] [stdout]                                at /rustc/bf16ca353c82d9051dbd1a4cfc5a01a1800578e9/library/std/src/io/mod.rs:1665:15
[INFO] [stdout]    6:     0x559023a0d5eb - std::sys_common::backtrace::_print::ha537687d6c17dd0d
[INFO] [stdout]                                at /rustc/bf16ca353c82d9051dbd1a4cfc5a01a1800578e9/library/std/src/sys_common/backtrace.rs:49:5
[INFO] [stdout]    7:     0x559023a0d5eb - std::sys_common::backtrace::print::h61376ae57d131d72
[INFO] [stdout]                                at /rustc/bf16ca353c82d9051dbd1a4cfc5a01a1800578e9/library/std/src/sys_common/backtrace.rs:36:9
[INFO] [stdout]    8:     0x559023a0d5eb - std::panicking::default_hook::{{closure}}::h0f7208c0b9644a54
[INFO] [stdout]                                at /rustc/bf16ca353c82d9051dbd1a4cfc5a01a1800578e9/library/std/src/panicking.rs:208:50
[INFO] [stdout]    9:     0x559023a0d0fc - std::panicking::default_hook::hdac7fc06578c14ce
[INFO] [stdout]                                at /rustc/bf16ca353c82d9051dbd1a4cfc5a01a1800578e9/library/std/src/panicking.rs:222:9
[INFO] [stdout]   10:     0x559023a0dcb4 - std::panicking::rust_panic_with_hook::h72b21c283da3d1ef
[INFO] [stdout]                                at /rustc/bf16ca353c82d9051dbd1a4cfc5a01a1800578e9/library/std/src/panicking.rs:622:17
[INFO] [stdout]   11:     0x559023a0d797 - std::panicking::begin_panic_handler::{{closure}}::he5778f1729cff84a
[INFO] [stdout]                                at /rustc/bf16ca353c82d9051dbd1a4cfc5a01a1800578e9/library/std/src/panicking.rs:519:13
[INFO] [stdout]   12:     0x559023a0b43c - std::sys_common::backtrace::__rust_end_short_backtrace::h2d11ca8b453b4b1d
[INFO] [stdout]                                at /rustc/bf16ca353c82d9051dbd1a4cfc5a01a1800578e9/library/std/src/sys_common/backtrace.rs:141:18
[INFO] [stdout]   13:     0x559023a0d6f9 - rust_begin_unwind
[INFO] [stdout]                                at /rustc/bf16ca353c82d9051dbd1a4cfc5a01a1800578e9/library/std/src/panicking.rs:515:5
[INFO] [stdout]   14:     0x5590231a5b81 - core::panicking::panic_fmt::hf9de31d4acbce4db
[INFO] [stdout]                                at /rustc/bf16ca353c82d9051dbd1a4cfc5a01a1800578e9/library/core/src/panicking.rs:92:14
[INFO] [stdout]   15:     0x5590231a5c73 - core::result::unwrap_failed::ha0c84e81219e5878
[INFO] [stdout]                                at /rustc/bf16ca353c82d9051dbd1a4cfc5a01a1800578e9/library/core/src/result.rs:1599:5
[INFO] [stdout]   16:     0x5590232d611d - core::result::Result<T,E>::unwrap::ha8edd7f63979ba52
[INFO] [stdout]                                at /rustc/bf16ca353c82d9051dbd1a4cfc5a01a1800578e9/library/core/src/result.rs:1281:23
[INFO] [stdout]   17:     0x559023293778 - currencies::fetcher::tests::fetch::{{closure}}::h9c4c7c6be57a2ffa
[INFO] [stdout]                                at /opt/rustwide/workdir/src/fetcher.rs:90:23
[INFO] [stdout]   18:     0x559023217eeb - <core::future::from_generator::GenFuture<T> as core::future::future::Future>::poll::h0fce20437dd66cf6
[INFO] [stdout]                                at /rustc/bf16ca353c82d9051dbd1a4cfc5a01a1800578e9/library/core/src/future/mod.rs:80:19
[INFO] [stdout]   19:     0x55902323fea0 - tokio::runtime::basic_scheduler::BasicScheduler<P>::block_on::h6e6f1bc61372631e
[INFO] [stdout]                                at /opt/rustwide/cargo-home/registry/src/github.com-1ecc6299db9ec823/tokio-0.2.13/src/runtime/basic_scheduler.rs:138:31
[INFO] [stdout]   20:     0x5590232323bc - tokio::runtime::Runtime::block_on::{{closure}}::hcbd0fc8e6b511129
[INFO] [stdout]                                at /opt/rustwide/cargo-home/registry/src/github.com-1ecc6299db9ec823/tokio-0.2.13/src/runtime/mod.rs:413:34
[INFO] [stdout]   21:     0x5590232c0d9d - tokio::runtime::context::enter::hf539b94159e9cdde
[INFO] [stdout]                                at /opt/rustwide/cargo-home/registry/src/github.com-1ecc6299db9ec823/tokio-0.2.13/src/runtime/context.rs:72:5
[INFO] [stdout]   22:     0x55902333f6a8 - tokio::runtime::handle::Handle::enter::ha718042633b8094c
[INFO] [stdout]                                at /opt/rustwide/cargo-home/registry/src/github.com-1ecc6299db9ec823/tokio-0.2.13/src/runtime/handle.rs:34:9
[INFO] [stdout]   23:     0x5590232317da - tokio::runtime::Runtime::block_on::h87b474a3238a1e63
[INFO] [stdout]                                at /opt/rustwide/cargo-home/registry/src/github.com-1ecc6299db9ec823/tokio-0.2.13/src/runtime/mod.rs:410:9
[INFO] [stdout]   24:     0x5590232934b5 - currencies::fetcher::tests::fetch::h01cbd578d55b3ed5
[INFO] [stdout]                                at /opt/rustwide/workdir/src/fetcher.rs:88:5
[INFO] [stdout]   25:     0x5590232933ca - currencies::fetcher::tests::fetch::{{closure}}::hb03ef0b403c6c0dd
[INFO] [stdout]                                at /opt/rustwide/workdir/src/fetcher.rs:88:5
[INFO] [stdout]   26:     0x55902332f71e - core::ops::function::FnOnce::call_once::hf274cc796934198a
[INFO] [stdout]                                at /rustc/bf16ca353c82d9051dbd1a4cfc5a01a1800578e9/library/core/src/ops/function.rs:227:5
[INFO] [stdout]   27:     0x5590233de433 - core::ops::function::FnOnce::call_once::hbb52c4519d3137b0
[INFO] [stdout]                                at /rustc/bf16ca353c82d9051dbd1a4cfc5a01a1800578e9/library/core/src/ops/function.rs:227:5
[INFO] [stdout]   28:     0x5590233de433 - test::__rust_begin_short_backtrace::h86fe3a2a5a5121af
[INFO] [stdout]                                at /rustc/bf16ca353c82d9051dbd1a4cfc5a01a1800578e9/library/test/src/lib.rs:578:5
[INFO] [stdout]   29:     0x5590233dcee8 - <alloc::boxed::Box<F,A> as core::ops::function::FnOnce<Args>>::call_once::hfd956bc3d57399be
[INFO] [stdout]                                at /rustc/bf16ca353c82d9051dbd1a4cfc5a01a1800578e9/library/alloc/src/boxed.rs:1572:9
[INFO] [stdout]   30:     0x5590233dcee8 - <std::panic::AssertUnwindSafe<F> as core::ops::function::FnOnce<()>>::call_once::h40dc93e0ddb5938a
[INFO] [stdout]                                at /rustc/bf16ca353c82d9051dbd1a4cfc5a01a1800578e9/library/std/src/panic.rs:347:9
[INFO] [stdout]   31:     0x5590233dcee8 - std::panicking::try::do_call::h90d07750cb47c562
[INFO] [stdout]                                at /rustc/bf16ca353c82d9051dbd1a4cfc5a01a1800578e9/library/std/src/panicking.rs:401:40
[INFO] [stdout]   32:     0x5590233dcee8 - std::panicking::try::h063c84733ad2a629
[INFO] [stdout]                                at /rustc/bf16ca353c82d9051dbd1a4cfc5a01a1800578e9/library/std/src/panicking.rs:365:19
[INFO] [stdout]   33:     0x5590233dcee8 - std::panic::catch_unwind::h0c464836a84e7c08
[INFO] [stdout]                                at /rustc/bf16ca353c82d9051dbd1a4cfc5a01a1800578e9/library/std/src/panic.rs:434:14
[INFO] [stdout]   34:     0x5590233dcee8 - test::run_test_in_process::h5cb06ef620b157fc
[INFO] [stdout]                                at /rustc/bf16ca353c82d9051dbd1a4cfc5a01a1800578e9/library/test/src/lib.rs:601:18
[INFO] [stdout]   35:     0x5590233dcee8 - test::run_test::run_test_inner::{{closure}}::h76f677f4b93f9828
[INFO] [stdout]                                at /rustc/bf16ca353c82d9051dbd1a4cfc5a01a1800578e9/library/test/src/lib.rs:493:39
[INFO] [stdout]   36:     0x5590233ab67d - test::run_test::run_test_inner::{{closure}}::h366d01fe04f4d67a
[INFO] [stdout]                                at /rustc/bf16ca353c82d9051dbd1a4cfc5a01a1800578e9/library/test/src/lib.rs:520:37
[INFO] [stdout]   37:     0x5590233ab67d - std::sys_common::backtrace::__rust_begin_short_backtrace::h7dfa0de4eb395af2
[INFO] [stdout]                                at /rustc/bf16ca353c82d9051dbd1a4cfc5a01a1800578e9/library/std/src/sys_common/backtrace.rs:125:18
[INFO] [stdout]   38:     0x5590233afe48 - std::thread::Builder::spawn_unchecked::{{closure}}::{{closure}}::hf0a74bb58798037f
[INFO] [stdout]                                at /rustc/bf16ca353c82d9051dbd1a4cfc5a01a1800578e9/library/std/src/thread/mod.rs:476:17
[INFO] [stdout]   39:     0x5590233afe48 - <std::panic::AssertUnwindSafe<F> as core::ops::function::FnOnce<()>>::call_once::hb024e854818586ac
[INFO] [stdout]                                at /rustc/bf16ca353c82d9051dbd1a4cfc5a01a1800578e9/library/std/src/panic.rs:347:9
[INFO] [stdout]   40:     0x5590233afe48 - std::panicking::try::do_call::hb2dd9f1d0d48e41d
[INFO] [stdout]                                at /rustc/bf16ca353c82d9051dbd1a4cfc5a01a1800578e9/library/std/src/panicking.rs:401:40
[INFO] [stdout]   41:     0x5590233afe48 - std::panicking::try::h4717ae7bac8b2bf3
[INFO] [stdout]                                at /rustc/bf16ca353c82d9051dbd1a4cfc5a01a1800578e9/library/std/src/panicking.rs:365:19
[INFO] [stdout]   42:     0x5590233afe48 - std::panic::catch_unwind::h0dc8a061326ce8d8
[INFO] [stdout]                                at /rustc/bf16ca353c82d9051dbd1a4cfc5a01a1800578e9/library/std/src/panic.rs:434:14
[INFO] [stdout]   43:     0x5590233afe48 - std::thread::Builder::spawn_unchecked::{{closure}}::haa369e2d6fd00aa1
[INFO] [stdout]                                at /rustc/bf16ca353c82d9051dbd1a4cfc5a01a1800578e9/library/std/src/thread/mod.rs:475:30
[INFO] [stdout]   44:     0x5590233afe48 - core::ops::function::FnOnce::call_once{{vtable.shim}}::h36dcf3de8b056f17
[INFO] [stdout]                                at /rustc/bf16ca353c82d9051dbd1a4cfc5a01a1800578e9/library/core/src/ops/function.rs:227:5
[INFO] [stdout]   45:     0x559023a14227 - <alloc::boxed::Box<F,A> as core::ops::function::FnOnce<Args>>::call_once::h65c29e4642be2358
[INFO] [stdout]                                at /rustc/bf16ca353c82d9051dbd1a4cfc5a01a1800578e9/library/alloc/src/boxed.rs:1572:9
[INFO] [stdout]   46:     0x559023a14227 - <alloc::boxed::Box<F,A> as core::ops::function::FnOnce<Args>>::call_once::hd0f8f7fbbd9fffbf
[INFO] [stdout]                                at /rustc/bf16ca353c82d9051dbd1a4cfc5a01a1800578e9/library/alloc/src/boxed.rs:1572:9
[INFO] [stdout]   47:     0x559023a14227 - std::sys::unix::thread::Thread::new::thread_start::h2fd22fee3ca77b65
[INFO] [stdout]                                at /rustc/bf16ca353c82d9051dbd1a4cfc5a01a1800578e9/library/std/src/sys/unix/thread.rs:74:17
[INFO] [stdout]   48:     0x7f819bb38609 - start_thread
[INFO] [stdout]   49:     0x7f819b910293 - clone
[INFO] [stdout]   50:                0x0 - <unknown>
[INFO] [stdout] 
[INFO] [stdout] 
[INFO] [stdout] failures:
[INFO] [stdout]     fetcher::tests::fetch
[INFO] [stdout] 
[INFO] [stdout] test result: FAILED. 14 passed; 1 failed; 0 ignored; 0 measured; 0 filtered out; finished in 2.13s
[INFO] [stdout] 
[INFO] [stderr] error: test failed, to rerun pass '--bin currencies'
[INFO] running `Command { std: "docker" "inspect" "3ef38c589c9b554d8f128261898731bbb4440c29a0ee58a3b2d4645146dd53a6", kill_on_drop: false }`
[INFO] running `Command { std: "docker" "rm" "-f" "3ef38c589c9b554d8f128261898731bbb4440c29a0ee58a3b2d4645146dd53a6", kill_on_drop: false }`
[INFO] [stdout] 3ef38c589c9b554d8f128261898731bbb4440c29a0ee58a3b2d4645146dd53a6
