[INFO] cloning repository https://github.com/jonfk/hydra-auth-example-rs
[INFO] running `Command { std: "git" "-c" "credential.helper=" "-c" "credential.helper=/workspace/cargo-home/bin/git-credential-null" "clone" "--bare" "https://github.com/jonfk/hydra-auth-example-rs" "/workspace/cache/git-repos/https%3A%2F%2Fgithub.com%2Fjonfk%2Fhydra-auth-example-rs", kill_on_drop: false }`
[INFO] [stderr] Cloning into bare repository '/workspace/cache/git-repos/https%3A%2F%2Fgithub.com%2Fjonfk%2Fhydra-auth-example-rs'...
[INFO] running `Command { std: "git" "rev-parse" "HEAD", kill_on_drop: false }`
[INFO] [stdout] 3e6eeb641d898b2e7c74b1b1f706b01b8ba5b989
[INFO] testing jonfk/hydra-auth-example-rs against beta-2021-08-22 for beta-1.55-2
[INFO] running `Command { std: "git" "clone" "/workspace/cache/git-repos/https%3A%2F%2Fgithub.com%2Fjonfk%2Fhydra-auth-example-rs" "/workspace/builds/worker-2/source", kill_on_drop: false }`
[INFO] [stderr] Cloning into '/workspace/builds/worker-2/source'...
[INFO] [stderr] done.
[INFO] validating manifest of git repo https://github.com/jonfk/hydra-auth-example-rs on toolchain beta-2021-08-22
[INFO] running `Command { std: "/workspace/cargo-home/bin/cargo" "+beta-2021-08-22" "metadata" "--manifest-path" "Cargo.toml" "--no-deps", kill_on_drop: false }`
[INFO] started tweaking git repo https://github.com/jonfk/hydra-auth-example-rs
[INFO] finished tweaking git repo https://github.com/jonfk/hydra-auth-example-rs
[INFO] tweaked toml for git repo https://github.com/jonfk/hydra-auth-example-rs written to /workspace/builds/worker-2/source/Cargo.toml
[INFO] crate git repo https://github.com/jonfk/hydra-auth-example-rs already has a lockfile, it will not be regenerated
[INFO] running `Command { std: "/workspace/cargo-home/bin/cargo" "+beta-2021-08-22" "fetch" "--manifest-path" "Cargo.toml", kill_on_drop: false }`
[INFO] [stderr]  Downloading crates ...
[INFO] [stderr]   Downloaded oauth2 v3.0.0-alpha.8
[INFO] running `Command { std: "docker" "create" "-v" "/var/lib/crater-agent-workspace/builds/worker-2/target:/opt/rustwide/target:rw,Z" "-v" "/var/lib/crater-agent-workspace/builds/worker-2/source:/opt/rustwide/workdir:ro,Z" "-v" "/var/lib/crater-agent-workspace/cargo-home:/opt/rustwide/cargo-home:ro,Z" "-v" "/var/lib/crater-agent-workspace/rustup-home:/opt/rustwide/rustup-home:ro,Z" "-e" "SOURCE_DIR=/opt/rustwide/workdir" "-e" "CARGO_TARGET_DIR=/opt/rustwide/target" "-e" "CARGO_HOME=/opt/rustwide/cargo-home" "-e" "RUSTUP_HOME=/opt/rustwide/rustup-home" "-w" "/opt/rustwide/workdir" "-m" "1610612736" "--user" "0:0" "--network" "none" "ghcr.io/rust-lang/crates-build-env/linux@sha256:34b6a614d2c27851fe6cbf88fbd1137609cefab8b10d0615aaeb6fd47975d74e" "/opt/rustwide/cargo-home/bin/cargo" "+beta-2021-08-22" "metadata" "--no-deps" "--format-version=1", kill_on_drop: false }`
[INFO] [stderr] WARNING: Your kernel does not support swap limit capabilities or the cgroup is not mounted. Memory limited without swap.
[INFO] [stdout] 768fc25d9ff8784e80b3c400d246e03897f8a83e899f0d21ec8bb2ebf450d237
[INFO] running `Command { std: "docker" "start" "-a" "768fc25d9ff8784e80b3c400d246e03897f8a83e899f0d21ec8bb2ebf450d237", kill_on_drop: false }`
[INFO] running `Command { std: "docker" "inspect" "768fc25d9ff8784e80b3c400d246e03897f8a83e899f0d21ec8bb2ebf450d237", kill_on_drop: false }`
[INFO] running `Command { std: "docker" "rm" "-f" "768fc25d9ff8784e80b3c400d246e03897f8a83e899f0d21ec8bb2ebf450d237", kill_on_drop: false }`
[INFO] [stdout] 768fc25d9ff8784e80b3c400d246e03897f8a83e899f0d21ec8bb2ebf450d237
[INFO] running `Command { std: "docker" "create" "-v" "/var/lib/crater-agent-workspace/builds/worker-2/target:/opt/rustwide/target:rw,Z" "-v" "/var/lib/crater-agent-workspace/builds/worker-2/source:/opt/rustwide/workdir:ro,Z" "-v" "/var/lib/crater-agent-workspace/cargo-home:/opt/rustwide/cargo-home:ro,Z" "-v" "/var/lib/crater-agent-workspace/rustup-home:/opt/rustwide/rustup-home:ro,Z" "-e" "SOURCE_DIR=/opt/rustwide/workdir" "-e" "CARGO_TARGET_DIR=/opt/rustwide/target" "-e" "CARGO_INCREMENTAL=0" "-e" "RUST_BACKTRACE=full" "-e" "RUSTFLAGS=--cap-lints=warn" "-e" "CARGO_HOME=/opt/rustwide/cargo-home" "-e" "RUSTUP_HOME=/opt/rustwide/rustup-home" "-w" "/opt/rustwide/workdir" "-m" "1610612736" "--user" "0:0" "--network" "none" "ghcr.io/rust-lang/crates-build-env/linux@sha256:34b6a614d2c27851fe6cbf88fbd1137609cefab8b10d0615aaeb6fd47975d74e" "/opt/rustwide/cargo-home/bin/cargo" "+beta-2021-08-22" "build" "--frozen" "--message-format=json", kill_on_drop: false }`
[INFO] [stdout] f905da2b530e133d4b0e93bb94240abcfd0403c198a88f58790672112a85b7f5
[INFO] [stderr] WARNING: Your kernel does not support swap limit capabilities or the cgroup is not mounted. Memory limited without swap.
[INFO] running `Command { std: "docker" "start" "-a" "f905da2b530e133d4b0e93bb94240abcfd0403c198a88f58790672112a85b7f5", kill_on_drop: false }`
[INFO] [stderr]    Compiling libc v0.2.66
[INFO] [stderr]    Compiling memchr v2.3.0
[INFO] [stderr]    Compiling proc-macro2 v1.0.8
[INFO] [stderr]    Compiling syn v1.0.13
[INFO] [stderr]    Compiling cc v1.0.50
[INFO] [stderr]    Compiling regex-syntax v0.6.13
[INFO] [stderr]    Compiling serde v1.0.104
[INFO] [stderr]    Compiling bytes v0.5.3
[INFO] [stderr]    Compiling ryu v1.0.2
[INFO] [stderr]    Compiling futures-core v0.3.1
[INFO] [stderr]    Compiling ppv-lite86 v0.2.6
[INFO] [stderr]    Compiling futures-sink v0.3.1
[INFO] [stderr]    Compiling failure_derive v0.1.6
[INFO] [stderr]    Compiling percent-encoding v1.0.1
[INFO] [stderr]    Compiling arc-swap v0.4.4
[INFO] [stderr]    Compiling openssl v0.10.26
[INFO] [stderr]    Compiling ucd-trie v0.1.2
[INFO] [stderr]    Compiling pin-utils v0.1.0-alpha.4
[INFO] [stderr]    Compiling futures-task v0.3.1
[INFO] [stderr]    Compiling native-tls v0.2.3
[INFO] [stderr]    Compiling futures-io v0.3.1
[INFO] [stderr]    Compiling rustc-demangle v0.1.16
[INFO] [stderr]    Compiling pin-project-lite v0.1.2
[INFO] [stderr]    Compiling adler32 v1.0.4
[INFO] [stderr]    Compiling encoding_rs v0.8.22
[INFO] [stderr]    Compiling crossbeam-utils v0.7.0
[INFO] [stderr]    Compiling crossbeam-utils v0.6.6
[INFO] [stderr]    Compiling indexmap v1.3.1
[INFO] [stderr]    Compiling crossbeam-epoch v0.8.0
[INFO] [stderr]    Compiling try_from v0.3.2
[INFO] [stderr]    Compiling lock_api v0.3.3
[INFO] [stderr]    Compiling tokio-sync v0.1.7
[INFO] [stderr]    Compiling error-chain v0.12.1
[INFO] [stderr]    Compiling futures-channel v0.3.1
[INFO] [stderr]    Compiling pest v2.1.2
[INFO] [stderr]    Compiling c2-chacha v0.2.3
[INFO] [stderr]    Compiling http v0.2.0
[INFO] [stderr]    Compiling miniz_oxide v0.3.5
[INFO] [stderr]    Compiling want v0.2.0
[INFO] [stderr]    Compiling smallvec v0.6.13
[INFO] [stderr]    Compiling memoffset v0.5.3
[INFO] [stderr]    Compiling parking_lot_core v0.6.2
[INFO] [stderr]    Compiling parking_lot v0.9.0
[INFO] [stderr]    Compiling tokio-executor v0.1.9
[INFO] [stderr]    Compiling crossbeam-queue v0.1.2
[INFO] [stderr]    Compiling aho-corasick v0.7.6
[INFO] [stderr]    Compiling bstr v0.2.9
[INFO] [stderr]    Compiling futures-util v0.3.1
[INFO] [stderr]    Compiling twoway v0.1.8
[INFO] [stderr]    Compiling buf_redux v0.8.4
[INFO] [stderr]    Compiling unicode-normalization v0.1.9
[INFO] [stderr]    Compiling block-buffer v0.7.3
[INFO] [stderr]    Compiling mime_guess v2.0.1
[INFO] [stderr]    Compiling tokio-current-thread v0.1.6
[INFO] [stderr]    Compiling tokio-timer v0.2.12
[INFO] [stderr]    Compiling crossbeam-channel v0.4.0
[INFO] [stderr]    Compiling openssl-sys v0.9.53
[INFO] [stderr]    Compiling backtrace-sys v0.1.32
[INFO] [stderr]    Compiling quote v1.0.2
[INFO] [stderr]    Compiling pest_meta v2.1.2
[INFO] [stderr]    Compiling iovec v0.1.4
[INFO] [stderr]    Compiling num_cpus v1.12.0
[INFO] [stderr]    Compiling net2 v0.2.33
[INFO] [stderr]    Compiling time v0.1.42
[INFO] [stderr]    Compiling rand_os v0.1.3
[INFO] [stderr]    Compiling getrandom v0.1.14
[INFO] [stderr]    Compiling signal-hook-registry v1.2.0
[INFO] [stderr]    Compiling flate2 v1.0.13
[INFO] [stderr]    Compiling atty v0.2.14
[INFO] [stderr]    Compiling sha-1 v0.8.2
[INFO] [stderr]    Compiling idna v0.2.0
[INFO] [stderr]    Compiling idna v0.1.5
[INFO] [stderr]    Compiling regex v1.3.3
[INFO] [stderr]    Compiling bytes v0.4.12
[INFO] [stderr]    Compiling futures-cpupool v0.1.8
[INFO] [stderr]    Compiling rand v0.6.5
[INFO] [stderr]    Compiling mio v0.6.21
[INFO] [stderr]    Compiling rand_core v0.5.1
[INFO] [stderr]    Compiling chrono v0.4.10
[INFO] [stderr]    Compiling headers-core v0.2.0
[INFO] [stderr]    Compiling http-body v0.3.1
[INFO] [stderr]    Compiling futures v0.3.1
[INFO] [stderr]    Compiling url v2.1.1
[INFO] [stderr]    Compiling tokio-io v0.1.12
[INFO] [stderr]    Compiling http v0.1.21
[INFO] [stderr]    Compiling string v0.2.1
[INFO] [stderr]    Compiling tokio-buf v0.1.1
[INFO] [stderr]    Compiling input_buffer v0.2.0
[INFO] [stderr]    Compiling url v1.7.2
[INFO] [stderr]    Compiling rand_chacha v0.2.1
[INFO] [stderr]    Compiling headers v0.3.0
[INFO] [stderr]    Compiling backtrace v0.3.42
[INFO] [stderr]    Compiling crossbeam-deque v0.7.2
[INFO] [stderr]    Compiling mio-uds v0.6.7
[INFO] [stderr]    Compiling parse-zoneinfo v0.2.1
[INFO] [stderr]    Compiling globset v0.4.4
[INFO] [stderr]    Compiling env_logger v0.7.1
[INFO] [stderr]    Compiling phf_generator v0.7.24
[INFO] [stderr]    Compiling uuid v0.7.4
[INFO] [stderr]    Compiling rand v0.7.3
[INFO] [stderr]    Compiling tokio-reactor v0.1.11
[INFO] [stderr]    Compiling publicsuffix v1.5.4
[INFO] [stderr]    Compiling tokio-threadpool v0.1.17
[INFO] [stderr]    Compiling cookie v0.12.0
[INFO] [stderr]    Compiling phf_codegen v0.7.24
[INFO] [stderr]    Compiling ignore v0.4.11
[INFO] [stderr]    Compiling mime_guess v1.8.7
[INFO] [stderr]    Compiling tokio-tcp v0.1.3
[INFO] [stderr]    Compiling tokio v0.1.22
[INFO] [stderr]    Compiling tempfile v3.1.0
[INFO] [stderr]    Compiling globwalk v0.7.1
[INFO] [stderr]    Compiling h2 v0.1.26
[INFO] [stderr]    Compiling http-body v0.1.0
[INFO] [stderr]    Compiling tungstenite v0.9.2
[INFO] [stderr]    Compiling multipart v0.16.1
[INFO] [stderr]    Compiling chrono-tz v0.5.1
[INFO] [stderr]    Compiling synstructure v0.12.3
[INFO] [stderr]    Compiling pest_generator v2.1.1
[INFO] [stderr]    Compiling hyper v0.12.35
[INFO] [stderr]    Compiling serde_derive v1.0.104
[INFO] [stderr]    Compiling tokio-macros v0.2.3
[INFO] [stderr]    Compiling pin-project-internal v0.4.6
[INFO] [stderr]    Compiling pest_derive v2.1.0
[INFO] [stderr]    Compiling hyper-tls v0.3.2
[INFO] [stderr]    Compiling tokio v0.2.9
[INFO] [stderr]    Compiling failure v0.1.6
[INFO] [stderr]    Compiling pin-project v0.4.6
[INFO] [stderr]    Compiling tokio-util v0.2.0
[INFO] [stderr]    Compiling h2 v0.2.1
[INFO] [stderr]    Compiling hyper v0.13.1
[INFO] [stderr]    Compiling serde_json v1.0.46
[INFO] [stderr]    Compiling serde_urlencoded v0.5.5
[INFO] [stderr]    Compiling serde_urlencoded v0.6.1
[INFO] [stderr]    Compiling cookie_store v0.7.0
[INFO] [stderr]    Compiling tera v1.0.2
[INFO] [stderr]    Compiling warp v0.2.0
[INFO] [stderr]    Compiling reqwest v0.9.24
[INFO] [stderr]    Compiling hydra v1.0.0 (/opt/rustwide/workdir/hydra)
[INFO] [stderr]    Compiling auth v0.1.0 (/opt/rustwide/workdir/auth)
[INFO] [stderr]     Finished dev [unoptimized + debuginfo] target(s) in 4m 55s
[INFO] running `Command { std: "docker" "inspect" "f905da2b530e133d4b0e93bb94240abcfd0403c198a88f58790672112a85b7f5", kill_on_drop: false }`
[INFO] running `Command { std: "docker" "rm" "-f" "f905da2b530e133d4b0e93bb94240abcfd0403c198a88f58790672112a85b7f5", kill_on_drop: false }`
[INFO] [stdout] f905da2b530e133d4b0e93bb94240abcfd0403c198a88f58790672112a85b7f5
[INFO] running `Command { std: "docker" "create" "-v" "/var/lib/crater-agent-workspace/builds/worker-2/target:/opt/rustwide/target:rw,Z" "-v" "/var/lib/crater-agent-workspace/builds/worker-2/source:/opt/rustwide/workdir:ro,Z" "-v" "/var/lib/crater-agent-workspace/cargo-home:/opt/rustwide/cargo-home:ro,Z" "-v" "/var/lib/crater-agent-workspace/rustup-home:/opt/rustwide/rustup-home:ro,Z" "-e" "SOURCE_DIR=/opt/rustwide/workdir" "-e" "CARGO_TARGET_DIR=/opt/rustwide/target" "-e" "CARGO_INCREMENTAL=0" "-e" "RUST_BACKTRACE=full" "-e" "RUSTFLAGS=--cap-lints=warn" "-e" "CARGO_HOME=/opt/rustwide/cargo-home" "-e" "RUSTUP_HOME=/opt/rustwide/rustup-home" "-w" "/opt/rustwide/workdir" "-m" "1610612736" "--user" "0:0" "--network" "none" "ghcr.io/rust-lang/crates-build-env/linux@sha256:34b6a614d2c27851fe6cbf88fbd1137609cefab8b10d0615aaeb6fd47975d74e" "/opt/rustwide/cargo-home/bin/cargo" "+beta-2021-08-22" "test" "--frozen" "--no-run" "--message-format=json", kill_on_drop: false }`
[INFO] [stdout] 42a695b5b5d8e9fa9627028d136f3c49c0332b6324aabeb802a4ec2fabad959f
[INFO] [stderr] WARNING: Your kernel does not support swap limit capabilities or the cgroup is not mounted. Memory limited without swap.
[INFO] running `Command { std: "docker" "start" "-a" "42a695b5b5d8e9fa9627028d136f3c49c0332b6324aabeb802a4ec2fabad959f", kill_on_drop: false }`
[INFO] [stderr]    Compiling byte-tools v0.2.0
[INFO] [stderr]    Compiling arrayref v0.3.5
[INFO] [stderr]    Compiling generic-array v0.9.0
[INFO] [stderr]    Compiling tokio-tls v0.3.0
[INFO] [stderr]    Compiling cookie_store v0.10.0
[INFO] [stderr]    Compiling uuid v0.8.1
[INFO] [stderr]    Compiling hydra v1.0.0 (/opt/rustwide/workdir/hydra)
[INFO] [stderr]    Compiling block-buffer v0.3.3
[INFO] [stderr]    Compiling hyper-tls v0.4.1
[INFO] [stderr]    Compiling digest v0.7.6
[INFO] [stderr]    Compiling sha2 v0.7.1
[INFO] [stderr]    Compiling reqwest v0.10.1
[INFO] [stderr]    Compiling oauth2 v3.0.0-alpha.8
[INFO] [stderr]    Compiling auth v0.1.0 (/opt/rustwide/workdir/auth)
[INFO] [stdout] warning: unused variable: `csrf_token`
[INFO] [stdout]   --> auth/tests/oauth2_auth_code_end_to_end_test.rs:97:20
[INFO] [stdout]    |
[INFO] [stdout] 97 |     let (auth_url, csrf_token) = client
[INFO] [stdout]    |                    ^^^^^^^^^^ help: if this is intentional, prefix it with an underscore: `_csrf_token`
[INFO] [stdout]    |
[INFO] [stdout]    = note: `#[warn(unused_variables)]` on by default
[INFO] [stdout] 
[INFO] [stdout] 
[INFO] [stdout] warning: 1 warning emitted
[INFO] [stdout] 
[INFO] [stdout] 
[INFO] [stderr]     Finished test [unoptimized + debuginfo] target(s) in 36.05s
[INFO] running `Command { std: "docker" "inspect" "42a695b5b5d8e9fa9627028d136f3c49c0332b6324aabeb802a4ec2fabad959f", kill_on_drop: false }`
[INFO] running `Command { std: "docker" "rm" "-f" "42a695b5b5d8e9fa9627028d136f3c49c0332b6324aabeb802a4ec2fabad959f", kill_on_drop: false }`
[INFO] [stdout] 42a695b5b5d8e9fa9627028d136f3c49c0332b6324aabeb802a4ec2fabad959f
[INFO] running `Command { std: "docker" "create" "-v" "/var/lib/crater-agent-workspace/builds/worker-2/target:/opt/rustwide/target:rw,Z" "-v" "/var/lib/crater-agent-workspace/builds/worker-2/source:/opt/rustwide/workdir:ro,Z" "-v" "/var/lib/crater-agent-workspace/cargo-home:/opt/rustwide/cargo-home:ro,Z" "-v" "/var/lib/crater-agent-workspace/rustup-home:/opt/rustwide/rustup-home:ro,Z" "-e" "SOURCE_DIR=/opt/rustwide/workdir" "-e" "CARGO_TARGET_DIR=/opt/rustwide/target" "-e" "CARGO_INCREMENTAL=0" "-e" "RUST_BACKTRACE=full" "-e" "RUSTFLAGS=--cap-lints=warn" "-e" "CARGO_HOME=/opt/rustwide/cargo-home" "-e" "RUSTUP_HOME=/opt/rustwide/rustup-home" "-w" "/opt/rustwide/workdir" "-m" "1610612736" "--user" "0:0" "--network" "none" "ghcr.io/rust-lang/crates-build-env/linux@sha256:34b6a614d2c27851fe6cbf88fbd1137609cefab8b10d0615aaeb6fd47975d74e" "/opt/rustwide/cargo-home/bin/cargo" "+beta-2021-08-22" "test" "--frozen", kill_on_drop: false }`
[INFO] [stdout] 032e61145c764671d1fe958d528cd1d2bdc7fd02dab780a32e51c3ca390ef4b8
[INFO] [stderr] WARNING: Your kernel does not support swap limit capabilities or the cgroup is not mounted. Memory limited without swap.
[INFO] running `Command { std: "docker" "start" "-a" "032e61145c764671d1fe958d528cd1d2bdc7fd02dab780a32e51c3ca390ef4b8", kill_on_drop: false }`
[INFO] [stderr] warning: unused variable: `csrf_token`
[INFO] [stderr]   --> auth/tests/oauth2_auth_code_end_to_end_test.rs:97:20
[INFO] [stderr]    |
[INFO] [stderr] 97 |     let (auth_url, csrf_token) = client
[INFO] [stderr]    |                    ^^^^^^^^^^ help: if this is intentional, prefix it with an underscore: `_csrf_token`
[INFO] [stderr]    |
[INFO] [stderr]    = note: `#[warn(unused_variables)]` on by default
[INFO] [stderr] 
[INFO] [stderr] warning: `auth` (test "oauth2_auth_code_end_to_end_test") generated 1 warning
[INFO] [stderr]     Finished test [unoptimized + debuginfo] target(s) in 0.40s
[INFO] [stderr]      Running unittests (/opt/rustwide/target/debug/deps/auth-05cf0002999946e7)
[INFO] [stderr]      Running unittests (/opt/rustwide/target/debug/deps/auth-9d2ff473dc7239a4)
[INFO] [stdout] 
[INFO] [stderr]      Running tests/oauth2_auth_code_end_to_end_test.rs (/opt/rustwide/target/debug/deps/oauth2_auth_code_end_to_end_test-3a1722910b553211)
[INFO] [stdout] running 0 tests
[INFO] [stdout] 
[INFO] [stdout] test result: ok. 0 passed; 0 failed; 0 ignored; 0 measured; 0 filtered out; finished in 0.00s
[INFO] [stdout] 
[INFO] [stdout] 
[INFO] [stdout] running 0 tests
[INFO] [stdout] 
[INFO] [stdout] test result: ok. 0 passed; 0 failed; 0 ignored; 0 measured; 0 filtered out; finished in 0.00s
[INFO] [stdout] 
[INFO] [stdout] 
[INFO] [stdout] running 1 test
[INFO] [stdout] test login_and_consent_flow ... FAILED
[INFO] [stdout] 
[INFO] [stdout] failures:
[INFO] [stdout] 
[INFO] [stdout] ---- login_and_consent_flow stdout ----
[INFO] [stdout] thread 'login_and_consent_flow' panicked at 'called `Result::unwrap()` on an `Err` value: reqwest::Error { kind: Request, url: "http://localhost:3000/", source: hyper::Error(Connect, ConnectError("tcp connect error", Os { code: 99, kind: AddrNotAvailable, message: "Cannot assign requested address" })) }', auth/tests/oauth2_auth_code_end_to_end_test.rs:36:49
[INFO] [stdout] stack backtrace:
[INFO] [stdout]    0:     0x564faf2af550 - std::backtrace_rs::backtrace::libunwind::trace::hff4d1766e93f64f1
[INFO] [stdout]                                at /rustc/bf16ca353c82d9051dbd1a4cfc5a01a1800578e9/library/std/src/../../backtrace/src/backtrace/libunwind.rs:90:5
[INFO] [stdout]    1:     0x564faf2af550 - std::backtrace_rs::backtrace::trace_unsynchronized::h56bbc8eb78770bcb
[INFO] [stdout]                                at /rustc/bf16ca353c82d9051dbd1a4cfc5a01a1800578e9/library/std/src/../../backtrace/src/backtrace/mod.rs:66:5
[INFO] [stdout]    2:     0x564faf2af550 - std::sys_common::backtrace::_print_fmt::h5c8e75464faca780
[INFO] [stdout]                                at /rustc/bf16ca353c82d9051dbd1a4cfc5a01a1800578e9/library/std/src/sys_common/backtrace.rs:67:5
[INFO] [stdout]    3:     0x564faf2af550 - <std::sys_common::backtrace::_print::DisplayBacktrace as core::fmt::Display>::fmt::h48b88277def8b362
[INFO] [stdout]                                at /rustc/bf16ca353c82d9051dbd1a4cfc5a01a1800578e9/library/std/src/sys_common/backtrace.rs:46:22
[INFO] [stdout]    4:     0x564faf2d3fbc - core::fmt::write::h3381b3176fe2b3d3
[INFO] [stdout]                                at /rustc/bf16ca353c82d9051dbd1a4cfc5a01a1800578e9/library/core/src/fmt/mod.rs:1115:17
[INFO] [stdout]    5:     0x564faf2a8fe5 - std::io::Write::write_fmt::h5f34a676f60246b5
[INFO] [stdout]                                at /rustc/bf16ca353c82d9051dbd1a4cfc5a01a1800578e9/library/std/src/io/mod.rs:1665:15
[INFO] [stdout]    6:     0x564faf2b176b - std::sys_common::backtrace::_print::ha537687d6c17dd0d
[INFO] [stdout]                                at /rustc/bf16ca353c82d9051dbd1a4cfc5a01a1800578e9/library/std/src/sys_common/backtrace.rs:49:5
[INFO] [stdout]    7:     0x564faf2b176b - std::sys_common::backtrace::print::h61376ae57d131d72
[INFO] [stdout]                                at /rustc/bf16ca353c82d9051dbd1a4cfc5a01a1800578e9/library/std/src/sys_common/backtrace.rs:36:9
[INFO] [stdout]    8:     0x564faf2b176b - std::panicking::default_hook::{{closure}}::h0f7208c0b9644a54
[INFO] [stdout]                                at /rustc/bf16ca353c82d9051dbd1a4cfc5a01a1800578e9/library/std/src/panicking.rs:208:50
[INFO] [stdout]    9:     0x564faf2b127c - std::panicking::default_hook::hdac7fc06578c14ce
[INFO] [stdout]                                at /rustc/bf16ca353c82d9051dbd1a4cfc5a01a1800578e9/library/std/src/panicking.rs:222:9
[INFO] [stdout]   10:     0x564faf2b1e34 - std::panicking::rust_panic_with_hook::h72b21c283da3d1ef
[INFO] [stdout]                                at /rustc/bf16ca353c82d9051dbd1a4cfc5a01a1800578e9/library/std/src/panicking.rs:622:17
[INFO] [stdout]   11:     0x564faf2b1917 - std::panicking::begin_panic_handler::{{closure}}::he5778f1729cff84a
[INFO] [stdout]                                at /rustc/bf16ca353c82d9051dbd1a4cfc5a01a1800578e9/library/std/src/panicking.rs:519:13
[INFO] [stdout]   12:     0x564faf2afa2c - std::sys_common::backtrace::__rust_end_short_backtrace::h2d11ca8b453b4b1d
[INFO] [stdout]                                at /rustc/bf16ca353c82d9051dbd1a4cfc5a01a1800578e9/library/std/src/sys_common/backtrace.rs:141:18
[INFO] [stdout]   13:     0x564faf2b1879 - rust_begin_unwind
[INFO] [stdout]                                at /rustc/bf16ca353c82d9051dbd1a4cfc5a01a1800578e9/library/std/src/panicking.rs:515:5
[INFO] [stdout]   14:     0x564fae889aa1 - core::panicking::panic_fmt::hf9de31d4acbce4db
[INFO] [stdout]                                at /rustc/bf16ca353c82d9051dbd1a4cfc5a01a1800578e9/library/core/src/panicking.rs:92:14
[INFO] [stdout]   15:     0x564fae889b93 - core::result::unwrap_failed::ha0c84e81219e5878
[INFO] [stdout]                                at /rustc/bf16ca353c82d9051dbd1a4cfc5a01a1800578e9/library/core/src/result.rs:1599:5
[INFO] [stdout]   16:     0x564fae8a796b - core::result::Result<T,E>::unwrap::hf57f4c672f915a94
[INFO] [stdout]                                at /rustc/bf16ca353c82d9051dbd1a4cfc5a01a1800578e9/library/core/src/result.rs:1281:23
[INFO] [stdout]   17:     0x564fae8a1293 - oauth2_auth_code_end_to_end_test::check_auth_svc::h71faca2c48d92cf7
[INFO] [stdout]                                at /opt/rustwide/workdir/auth/tests/oauth2_auth_code_end_to_end_test.rs:36:15
[INFO] [stdout]   18:     0x564fae8a5820 - oauth2_auth_code_end_to_end_test::login_and_consent_flow::hdbb148920a1c102e
[INFO] [stdout]                                at /opt/rustwide/workdir/auth/tests/oauth2_auth_code_end_to_end_test.rs:18:5
[INFO] [stdout]   19:     0x564fae8a57da - oauth2_auth_code_end_to_end_test::login_and_consent_flow::{{closure}}::h30883cc89fdc8b37
[INFO] [stdout]                                at /opt/rustwide/workdir/auth/tests/oauth2_auth_code_end_to_end_test.rs:17:1
[INFO] [stdout]   20:     0x564fae8a8ffe - core::ops::function::FnOnce::call_once::he2e1b362c1044c65
[INFO] [stdout]                                at /rustc/bf16ca353c82d9051dbd1a4cfc5a01a1800578e9/library/core/src/ops/function.rs:227:5
[INFO] [stdout]   21:     0x564fae8e4193 - core::ops::function::FnOnce::call_once::hbb52c4519d3137b0
[INFO] [stdout]                                at /rustc/bf16ca353c82d9051dbd1a4cfc5a01a1800578e9/library/core/src/ops/function.rs:227:5
[INFO] [stdout]   22:     0x564fae8e4193 - test::__rust_begin_short_backtrace::h86fe3a2a5a5121af
[INFO] [stdout]                                at /rustc/bf16ca353c82d9051dbd1a4cfc5a01a1800578e9/library/test/src/lib.rs:578:5
[INFO] [stdout]   23:     0x564fae8e2c48 - <alloc::boxed::Box<F,A> as core::ops::function::FnOnce<Args>>::call_once::hfd956bc3d57399be
[INFO] [stdout]                                at /rustc/bf16ca353c82d9051dbd1a4cfc5a01a1800578e9/library/alloc/src/boxed.rs:1572:9
[INFO] [stdout]   24:     0x564fae8e2c48 - <std::panic::AssertUnwindSafe<F> as core::ops::function::FnOnce<()>>::call_once::h40dc93e0ddb5938a
[INFO] [stdout]                                at /rustc/bf16ca353c82d9051dbd1a4cfc5a01a1800578e9/library/std/src/panic.rs:347:9
[INFO] [stdout]   25:     0x564fae8e2c48 - std::panicking::try::do_call::h90d07750cb47c562
[INFO] [stdout]                                at /rustc/bf16ca353c82d9051dbd1a4cfc5a01a1800578e9/library/std/src/panicking.rs:401:40
[INFO] [stdout]   26:     0x564fae8e2c48 - std::panicking::try::h063c84733ad2a629
[INFO] [stdout]                                at /rustc/bf16ca353c82d9051dbd1a4cfc5a01a1800578e9/library/std/src/panicking.rs:365:19
[INFO] [stdout]   27:     0x564fae8e2c48 - std::panic::catch_unwind::h0c464836a84e7c08
[INFO] [stdout]                                at /rustc/bf16ca353c82d9051dbd1a4cfc5a01a1800578e9/library/std/src/panic.rs:434:14
[INFO] [stdout]   28:     0x564fae8e2c48 - test::run_test_in_process::h5cb06ef620b157fc
[INFO] [stdout]                                at /rustc/bf16ca353c82d9051dbd1a4cfc5a01a1800578e9/library/test/src/lib.rs:601:18
[INFO] [stdout]   29:     0x564fae8e2c48 - test::run_test::run_test_inner::{{closure}}::h76f677f4b93f9828
[INFO] [stdout]                                at /rustc/bf16ca353c82d9051dbd1a4cfc5a01a1800578e9/library/test/src/lib.rs:493:39
[INFO] [stdout]   30:     0x564fae8b13dd - test::run_test::run_test_inner::{{closure}}::h366d01fe04f4d67a
[INFO] [stdout]                                at /rustc/bf16ca353c82d9051dbd1a4cfc5a01a1800578e9/library/test/src/lib.rs:520:37
[INFO] [stdout]   31:     0x564fae8b13dd - std::sys_common::backtrace::__rust_begin_short_backtrace::h7dfa0de4eb395af2
[INFO] [stdout]                                at /rustc/bf16ca353c82d9051dbd1a4cfc5a01a1800578e9/library/std/src/sys_common/backtrace.rs:125:18
[INFO] [stdout]   32:     0x564fae8b5ba8 - std::thread::Builder::spawn_unchecked::{{closure}}::{{closure}}::hf0a74bb58798037f
[INFO] [stdout]                                at /rustc/bf16ca353c82d9051dbd1a4cfc5a01a1800578e9/library/std/src/thread/mod.rs:476:17
[INFO] [stdout]   33:     0x564fae8b5ba8 - <std::panic::AssertUnwindSafe<F> as core::ops::function::FnOnce<()>>::call_once::hb024e854818586ac
[INFO] [stdout]                                at /rustc/bf16ca353c82d9051dbd1a4cfc5a01a1800578e9/library/std/src/panic.rs:347:9
[INFO] [stdout]   34:     0x564fae8b5ba8 - std::panicking::try::do_call::hb2dd9f1d0d48e41d
[INFO] [stdout]                                at /rustc/bf16ca353c82d9051dbd1a4cfc5a01a1800578e9/library/std/src/panicking.rs:401:40
[INFO] [stdout]   35:     0x564fae8b5ba8 - std::panicking::try::h4717ae7bac8b2bf3
[INFO] [stdout]                                at /rustc/bf16ca353c82d9051dbd1a4cfc5a01a1800578e9/library/std/src/panicking.rs:365:19
[INFO] [stdout]   36:     0x564fae8b5ba8 - std::panic::catch_unwind::h0dc8a061326ce8d8
[INFO] [stdout]                                at /rustc/bf16ca353c82d9051dbd1a4cfc5a01a1800578e9/library/std/src/panic.rs:434:14
[INFO] [stdout]   37:     0x564fae8b5ba8 - std::thread::Builder::spawn_unchecked::{{closure}}::haa369e2d6fd00aa1
[INFO] [stdout]                                at /rustc/bf16ca353c82d9051dbd1a4cfc5a01a1800578e9/library/std/src/thread/mod.rs:475:30
[INFO] [stdout]   38:     0x564fae8b5ba8 - core::ops::function::FnOnce::call_once{{vtable.shim}}::h36dcf3de8b056f17
[INFO] [stdout]                                at /rustc/bf16ca353c82d9051dbd1a4cfc5a01a1800578e9/library/core/src/ops/function.rs:227:5
[INFO] [stdout]   39:     0x564faf2b72f7 - <alloc::boxed::Box<F,A> as core::ops::function::FnOnce<Args>>::call_once::h65c29e4642be2358
[INFO] [stdout]                                at /rustc/bf16ca353c82d9051dbd1a4cfc5a01a1800578e9/library/alloc/src/boxed.rs:1572:9
[INFO] [stdout]   40:     0x564faf2b72f7 - <alloc::boxed::Box<F,A> as core::ops::function::FnOnce<Args>>::call_once::hd0f8f7fbbd9fffbf
[INFO] [stdout]                                at /rustc/bf16ca353c82d9051dbd1a4cfc5a01a1800578e9/library/alloc/src/boxed.rs:1572:9
[INFO] [stdout]   41:     0x564faf2b72f7 - std::sys::unix::thread::Thread::new::thread_start::h2fd22fee3ca77b65
[INFO] [stdout]                                at /rustc/bf16ca353c82d9051dbd1a4cfc5a01a1800578e9/library/std/src/sys/unix/thread.rs:74:17
[INFO] [stdout]   42:     0x7feef5b52609 - start_thread
[INFO] [stdout]   43:     0x7feef5922293 - clone
[INFO] [stdout]   44:                0x0 - <unknown>
[INFO] [stdout] 
[INFO] [stdout] 
[INFO] [stdout] failures:
[INFO] [stdout]     login_and_consent_flow
[INFO] [stdout] 
[INFO] [stdout] test result: FAILED. 0 passed; 1 failed; 0 ignored; 0 measured; 0 filtered out; finished in 0.18s
[INFO] [stdout] 
[INFO] [stderr] error: test failed, to rerun pass '-p auth --test oauth2_auth_code_end_to_end_test'
[INFO] running `Command { std: "docker" "inspect" "032e61145c764671d1fe958d528cd1d2bdc7fd02dab780a32e51c3ca390ef4b8", kill_on_drop: false }`
[INFO] running `Command { std: "docker" "rm" "-f" "032e61145c764671d1fe958d528cd1d2bdc7fd02dab780a32e51c3ca390ef4b8", kill_on_drop: false }`
[INFO] [stdout] 032e61145c764671d1fe958d528cd1d2bdc7fd02dab780a32e51c3ca390ef4b8
