[INFO] cloning repository https://github.com/dkuanyshbaev/weather
[INFO] running `Command { std: "git" "-c" "credential.helper=" "-c" "credential.helper=/workspace/cargo-home/bin/git-credential-null" "clone" "--bare" "https://github.com/dkuanyshbaev/weather" "/workspace/cache/git-repos/https%3A%2F%2Fgithub.com%2Fdkuanyshbaev%2Fweather", kill_on_drop: false }`
[INFO] [stderr] Cloning into bare repository '/workspace/cache/git-repos/https%3A%2F%2Fgithub.com%2Fdkuanyshbaev%2Fweather'...
[INFO] running `Command { std: "git" "rev-parse" "HEAD", kill_on_drop: false }`
[INFO] [stdout] 96130320768dbf4ce4a76bfb4d8d62f84bb7b718
[INFO] testing dkuanyshbaev/weather against beta-2021-08-22 for beta-1.55-2
[INFO] running `Command { std: "git" "clone" "/workspace/cache/git-repos/https%3A%2F%2Fgithub.com%2Fdkuanyshbaev%2Fweather" "/workspace/builds/worker-2/source", kill_on_drop: false }`
[INFO] [stderr] Cloning into '/workspace/builds/worker-2/source'...
[INFO] [stderr] done.
[INFO] validating manifest of git repo https://github.com/dkuanyshbaev/weather on toolchain beta-2021-08-22
[INFO] running `Command { std: "/workspace/cargo-home/bin/cargo" "+beta-2021-08-22" "metadata" "--manifest-path" "Cargo.toml" "--no-deps", kill_on_drop: false }`
[INFO] started tweaking git repo https://github.com/dkuanyshbaev/weather
[INFO] finished tweaking git repo https://github.com/dkuanyshbaev/weather
[INFO] tweaked toml for git repo https://github.com/dkuanyshbaev/weather written to /workspace/builds/worker-2/source/Cargo.toml
[INFO] crate git repo https://github.com/dkuanyshbaev/weather already has a lockfile, it will not be regenerated
[INFO] running `Command { std: "/workspace/cargo-home/bin/cargo" "+beta-2021-08-22" "fetch" "--manifest-path" "Cargo.toml", kill_on_drop: false }`
[INFO] running `Command { std: "docker" "create" "-v" "/var/lib/crater-agent-workspace/builds/worker-2/target:/opt/rustwide/target:rw,Z" "-v" "/var/lib/crater-agent-workspace/builds/worker-2/source:/opt/rustwide/workdir:ro,Z" "-v" "/var/lib/crater-agent-workspace/cargo-home:/opt/rustwide/cargo-home:ro,Z" "-v" "/var/lib/crater-agent-workspace/rustup-home:/opt/rustwide/rustup-home:ro,Z" "-e" "SOURCE_DIR=/opt/rustwide/workdir" "-e" "CARGO_TARGET_DIR=/opt/rustwide/target" "-e" "CARGO_HOME=/opt/rustwide/cargo-home" "-e" "RUSTUP_HOME=/opt/rustwide/rustup-home" "-w" "/opt/rustwide/workdir" "-m" "1610612736" "--user" "0:0" "--network" "none" "ghcr.io/rust-lang/crates-build-env/linux@sha256:34b6a614d2c27851fe6cbf88fbd1137609cefab8b10d0615aaeb6fd47975d74e" "/opt/rustwide/cargo-home/bin/cargo" "+beta-2021-08-22" "metadata" "--no-deps" "--format-version=1", kill_on_drop: false }`
[INFO] [stdout] 9cbceb338da64bbc1cb4ad62e59fd3a244eab5801fb143d2b8a312dc296336a6
[INFO] [stderr] WARNING: Your kernel does not support swap limit capabilities or the cgroup is not mounted. Memory limited without swap.
[INFO] running `Command { std: "docker" "start" "-a" "9cbceb338da64bbc1cb4ad62e59fd3a244eab5801fb143d2b8a312dc296336a6", kill_on_drop: false }`
[INFO] running `Command { std: "docker" "inspect" "9cbceb338da64bbc1cb4ad62e59fd3a244eab5801fb143d2b8a312dc296336a6", kill_on_drop: false }`
[INFO] running `Command { std: "docker" "rm" "-f" "9cbceb338da64bbc1cb4ad62e59fd3a244eab5801fb143d2b8a312dc296336a6", kill_on_drop: false }`
[INFO] [stdout] 9cbceb338da64bbc1cb4ad62e59fd3a244eab5801fb143d2b8a312dc296336a6
[INFO] running `Command { std: "docker" "create" "-v" "/var/lib/crater-agent-workspace/builds/worker-2/target:/opt/rustwide/target:rw,Z" "-v" "/var/lib/crater-agent-workspace/builds/worker-2/source:/opt/rustwide/workdir:ro,Z" "-v" "/var/lib/crater-agent-workspace/cargo-home:/opt/rustwide/cargo-home:ro,Z" "-v" "/var/lib/crater-agent-workspace/rustup-home:/opt/rustwide/rustup-home:ro,Z" "-e" "SOURCE_DIR=/opt/rustwide/workdir" "-e" "CARGO_TARGET_DIR=/opt/rustwide/target" "-e" "CARGO_INCREMENTAL=0" "-e" "RUST_BACKTRACE=full" "-e" "RUSTFLAGS=--cap-lints=warn" "-e" "CARGO_HOME=/opt/rustwide/cargo-home" "-e" "RUSTUP_HOME=/opt/rustwide/rustup-home" "-w" "/opt/rustwide/workdir" "-m" "1610612736" "--user" "0:0" "--network" "none" "ghcr.io/rust-lang/crates-build-env/linux@sha256:34b6a614d2c27851fe6cbf88fbd1137609cefab8b10d0615aaeb6fd47975d74e" "/opt/rustwide/cargo-home/bin/cargo" "+beta-2021-08-22" "build" "--frozen" "--message-format=json", kill_on_drop: false }`
[INFO] [stdout] bf765a9e4ed0f288926301b89795026c0b4573dab350aa608af79d439f17b3a5
[INFO] [stderr] WARNING: Your kernel does not support swap limit capabilities or the cgroup is not mounted. Memory limited without swap.
[INFO] running `Command { std: "docker" "start" "-a" "bf765a9e4ed0f288926301b89795026c0b4573dab350aa608af79d439f17b3a5", kill_on_drop: false }`
[INFO] [stderr]    Compiling libc v0.2.81
[INFO] [stderr]    Compiling syn v1.0.54
[INFO] [stderr]    Compiling cc v1.0.66
[INFO] [stderr]    Compiling serde v1.0.118
[INFO] [stderr]    Compiling openssl v0.10.31
[INFO] [stderr]    Compiling native-tls v0.2.6
[INFO] [stderr]    Compiling serde_json v1.0.60
[INFO] [stderr]    Compiling regex-syntax v0.6.21
[INFO] [stderr]    Compiling encoding_rs v0.8.26
[INFO] [stderr]    Compiling serde_derive v1.0.118
[INFO] [stderr]    Compiling http v0.2.2
[INFO] [stderr]    Compiling tracing v0.1.22
[INFO] [stderr]    Compiling openssl-sys v0.9.59
[INFO] [stderr]    Compiling iovec v0.1.4
[INFO] [stderr]    Compiling net2 v0.2.37
[INFO] [stderr]    Compiling signal-hook-registry v1.2.2
[INFO] [stderr]    Compiling num_cpus v1.13.0
[INFO] [stderr]    Compiling getrandom v0.1.15
[INFO] [stderr]    Compiling socket2 v0.3.18
[INFO] [stderr]    Compiling rand_os v0.1.3
[INFO] [stderr]    Compiling atty v0.2.14
[INFO] [stderr]    Compiling time v0.1.44
[INFO] [stderr]    Compiling rand v0.6.5
[INFO] [stderr]    Compiling rand_core v0.5.1
[INFO] [stderr]    Compiling mio v0.6.23
[INFO] [stderr]    Compiling rand_chacha v0.2.2
[INFO] [stderr]    Compiling rand v0.7.3
[INFO] [stderr]    Compiling http-body v0.3.1
[INFO] [stderr]    Compiling headers-core v0.2.0
[INFO] [stderr]    Compiling regex v1.4.2
[INFO] [stderr]    Compiling mio-uds v0.6.8
[INFO] [stderr]    Compiling headers v0.3.2
[INFO] [stderr]    Compiling tempfile v3.1.0
[INFO] [stderr]    Compiling tungstenite v0.11.1
[INFO] [stderr]    Compiling multipart v0.17.0
[INFO] [stderr]    Compiling env_logger v0.7.1
[INFO] [stderr]    Compiling pretty_env_logger v0.4.0
[INFO] [stderr]    Compiling serde_urlencoded v0.6.1
[INFO] [stderr]    Compiling serde_urlencoded v0.7.0
[INFO] [stderr]    Compiling tokio-macros v0.2.6
[INFO] [stderr]    Compiling pin-project-internal v1.0.2
[INFO] [stderr]    Compiling pin-project-internal v0.4.27
[INFO] [stderr]    Compiling tokio v0.2.24
[INFO] [stderr]    Compiling pin-project v1.0.2
[INFO] [stderr]    Compiling pin-project v0.4.27
[INFO] [stderr]    Compiling futures-util v0.3.8
[INFO] [stderr]    Compiling tracing-futures v0.2.4
[INFO] [stderr]    Compiling futures v0.3.8
[INFO] [stderr]    Compiling tokio-util v0.3.1
[INFO] [stderr]    Compiling tokio-tls v0.3.1
[INFO] [stderr]    Compiling tokio-tungstenite v0.11.0
[INFO] [stderr]    Compiling h2 v0.2.7
[INFO] [stderr]    Compiling hyper v0.13.9
[INFO] [stderr]    Compiling hyper-tls v0.4.3
[INFO] [stderr]    Compiling warp v0.2.5
[INFO] [stderr]    Compiling reqwest v0.10.10
[INFO] [stderr]    Compiling weather v0.1.0 (/opt/rustwide/workdir)
[INFO] [stderr]     Finished dev [unoptimized + debuginfo] target(s) in 3m 02s
[INFO] running `Command { std: "docker" "inspect" "bf765a9e4ed0f288926301b89795026c0b4573dab350aa608af79d439f17b3a5", kill_on_drop: false }`
[INFO] running `Command { std: "docker" "rm" "-f" "bf765a9e4ed0f288926301b89795026c0b4573dab350aa608af79d439f17b3a5", kill_on_drop: false }`
[INFO] [stdout] bf765a9e4ed0f288926301b89795026c0b4573dab350aa608af79d439f17b3a5
[INFO] running `Command { std: "docker" "create" "-v" "/var/lib/crater-agent-workspace/builds/worker-2/target:/opt/rustwide/target:rw,Z" "-v" "/var/lib/crater-agent-workspace/builds/worker-2/source:/opt/rustwide/workdir:ro,Z" "-v" "/var/lib/crater-agent-workspace/cargo-home:/opt/rustwide/cargo-home:ro,Z" "-v" "/var/lib/crater-agent-workspace/rustup-home:/opt/rustwide/rustup-home:ro,Z" "-e" "SOURCE_DIR=/opt/rustwide/workdir" "-e" "CARGO_TARGET_DIR=/opt/rustwide/target" "-e" "CARGO_INCREMENTAL=0" "-e" "RUST_BACKTRACE=full" "-e" "RUSTFLAGS=--cap-lints=warn" "-e" "CARGO_HOME=/opt/rustwide/cargo-home" "-e" "RUSTUP_HOME=/opt/rustwide/rustup-home" "-w" "/opt/rustwide/workdir" "-m" "1610612736" "--user" "0:0" "--network" "none" "ghcr.io/rust-lang/crates-build-env/linux@sha256:34b6a614d2c27851fe6cbf88fbd1137609cefab8b10d0615aaeb6fd47975d74e" "/opt/rustwide/cargo-home/bin/cargo" "+beta-2021-08-22" "test" "--frozen" "--no-run" "--message-format=json", kill_on_drop: false }`
[INFO] [stdout] 870f13851fcc4a891bccf37ee8c0b582adf805e221fce3476364d92bec2aaca8
[INFO] [stderr] WARNING: Your kernel does not support swap limit capabilities or the cgroup is not mounted. Memory limited without swap.
[INFO] running `Command { std: "docker" "start" "-a" "870f13851fcc4a891bccf37ee8c0b582adf805e221fce3476364d92bec2aaca8", kill_on_drop: false }`
[INFO] [stderr]    Compiling weather v0.1.0 (/opt/rustwide/workdir)
[INFO] [stderr]     Finished test [unoptimized + debuginfo] target(s) in 10.45s
[INFO] running `Command { std: "docker" "inspect" "870f13851fcc4a891bccf37ee8c0b582adf805e221fce3476364d92bec2aaca8", kill_on_drop: false }`
[INFO] running `Command { std: "docker" "rm" "-f" "870f13851fcc4a891bccf37ee8c0b582adf805e221fce3476364d92bec2aaca8", kill_on_drop: false }`
[INFO] [stdout] 870f13851fcc4a891bccf37ee8c0b582adf805e221fce3476364d92bec2aaca8
[INFO] running `Command { std: "docker" "create" "-v" "/var/lib/crater-agent-workspace/builds/worker-2/target:/opt/rustwide/target:rw,Z" "-v" "/var/lib/crater-agent-workspace/builds/worker-2/source:/opt/rustwide/workdir:ro,Z" "-v" "/var/lib/crater-agent-workspace/cargo-home:/opt/rustwide/cargo-home:ro,Z" "-v" "/var/lib/crater-agent-workspace/rustup-home:/opt/rustwide/rustup-home:ro,Z" "-e" "SOURCE_DIR=/opt/rustwide/workdir" "-e" "CARGO_TARGET_DIR=/opt/rustwide/target" "-e" "CARGO_INCREMENTAL=0" "-e" "RUST_BACKTRACE=full" "-e" "RUSTFLAGS=--cap-lints=warn" "-e" "CARGO_HOME=/opt/rustwide/cargo-home" "-e" "RUSTUP_HOME=/opt/rustwide/rustup-home" "-w" "/opt/rustwide/workdir" "-m" "1610612736" "--user" "0:0" "--network" "none" "ghcr.io/rust-lang/crates-build-env/linux@sha256:34b6a614d2c27851fe6cbf88fbd1137609cefab8b10d0615aaeb6fd47975d74e" "/opt/rustwide/cargo-home/bin/cargo" "+beta-2021-08-22" "test" "--frozen", kill_on_drop: false }`
[INFO] [stdout] 5ac5ee39eb6bf8f51a2da2a8b39b371b92c7107f86ac85b32f16638f5ae9879c
[INFO] [stderr] WARNING: Your kernel does not support swap limit capabilities or the cgroup is not mounted. Memory limited without swap.
[INFO] running `Command { std: "docker" "start" "-a" "5ac5ee39eb6bf8f51a2da2a8b39b371b92c7107f86ac85b32f16638f5ae9879c", kill_on_drop: false }`
[INFO] [stderr]     Finished test [unoptimized + debuginfo] target(s) in 0.15s
[INFO] [stderr]      Running unittests (/opt/rustwide/target/debug/deps/weather-e9dba9c23a87abec)
[INFO] [stdout] 
[INFO] [stdout] running 3 tests
[INFO] [stdout] test tests::test_week_weather ... FAILED
[INFO] [stdout] test tests::test_day_weather ... FAILED
[INFO] [stdout] test weather::tests::test_open_weather_day ... FAILED
[INFO] [stdout] 
[INFO] [stdout] failures:
[INFO] [stdout] 
[INFO] [stdout] ---- tests::test_week_weather stdout ----
[INFO] [stdout] thread 'tests::test_week_weather' panicked at 'assertion failed: `(left == right)`
[INFO] [stdout]   left: `500`,
[INFO] [stdout]  right: `200`', src/main.rs:68:9
[INFO] [stdout] stack backtrace:
[INFO] [stdout]    0:     0x55875eb3a860 - std::backtrace_rs::backtrace::libunwind::trace::hff4d1766e93f64f1
[INFO] [stdout]                                at /rustc/bf16ca353c82d9051dbd1a4cfc5a01a1800578e9/library/std/src/../../backtrace/src/backtrace/libunwind.rs:90:5
[INFO] [stdout]    1:     0x55875eb3a860 - std::backtrace_rs::backtrace::trace_unsynchronized::h56bbc8eb78770bcb
[INFO] [stdout]                                at /rustc/bf16ca353c82d9051dbd1a4cfc5a01a1800578e9/library/std/src/../../backtrace/src/backtrace/mod.rs:66:5
[INFO] [stdout]    2:     0x55875eb3a860 - std::sys_common::backtrace::_print_fmt::h5c8e75464faca780
[INFO] [stdout]                                at /rustc/bf16ca353c82d9051dbd1a4cfc5a01a1800578e9/library/std/src/sys_common/backtrace.rs:67:5
[INFO] [stdout]    3:     0x55875eb3a860 - <std::sys_common::backtrace::_print::DisplayBacktrace as core::fmt::Display>::fmt::h48b88277def8b362
[INFO] [stdout]                                at /rustc/bf16ca353c82d9051dbd1a4cfc5a01a1800578e9/library/std/src/sys_common/backtrace.rs:46:22
[INFO] [stdout]    4:     0x55875eb5e46c - core::fmt::write::h3381b3176fe2b3d3
[INFO] [stdout]                                at /rustc/bf16ca353c82d9051dbd1a4cfc5a01a1800578e9/library/core/src/fmt/mod.rs:1115:17
[INFO] [stdout]    5:     0x55875eb34345 - std::io::Write::write_fmt::h5f34a676f60246b5
[INFO] [stdout]                                at /rustc/bf16ca353c82d9051dbd1a4cfc5a01a1800578e9/library/std/src/io/mod.rs:1665:15
[INFO] [stdout]    6:     0x55875eb3ca4b - std::sys_common::backtrace::_print::ha537687d6c17dd0d
[INFO] [stdout]                                at /rustc/bf16ca353c82d9051dbd1a4cfc5a01a1800578e9/library/std/src/sys_common/backtrace.rs:49:5
[INFO] [stdout]    7:     0x55875eb3ca4b - std::sys_common::backtrace::print::h61376ae57d131d72
[INFO] [stdout]                                at /rustc/bf16ca353c82d9051dbd1a4cfc5a01a1800578e9/library/std/src/sys_common/backtrace.rs:36:9
[INFO] [stdout]    8:     0x55875eb3ca4b - std::panicking::default_hook::{{closure}}::h0f7208c0b9644a54
[INFO] [stdout]                                at /rustc/bf16ca353c82d9051dbd1a4cfc5a01a1800578e9/library/std/src/panicking.rs:208:50
[INFO] [stdout]    9:     0x55875eb3c55c - std::panicking::default_hook::hdac7fc06578c14ce
[INFO] [stdout]                                at /rustc/bf16ca353c82d9051dbd1a4cfc5a01a1800578e9/library/std/src/panicking.rs:222:9
[INFO] [stdout]   10:     0x55875eb3d114 - std::panicking::rust_panic_with_hook::h72b21c283da3d1ef
[INFO] [stdout]                                at /rustc/bf16ca353c82d9051dbd1a4cfc5a01a1800578e9/library/std/src/panicking.rs:622:17
[INFO] [stdout]   11:     0x55875eb3cbf7 - std::panicking::begin_panic_handler::{{closure}}::he5778f1729cff84a
[INFO] [stdout]                                at /rustc/bf16ca353c82d9051dbd1a4cfc5a01a1800578e9/library/std/src/panicking.rs:519:13
[INFO] [stdout]   12:     0x55875eb3ad3c - std::sys_common::backtrace::__rust_end_short_backtrace::h2d11ca8b453b4b1d
[INFO] [stdout]                                at /rustc/bf16ca353c82d9051dbd1a4cfc5a01a1800578e9/library/std/src/sys_common/backtrace.rs:141:18
[INFO] [stdout]   13:     0x55875eb3cb59 - rust_begin_unwind
[INFO] [stdout]                                at /rustc/bf16ca353c82d9051dbd1a4cfc5a01a1800578e9/library/std/src/panicking.rs:515:5
[INFO] [stdout]   14:     0x55875e5e0a91 - core::panicking::panic_fmt::hf9de31d4acbce4db
[INFO] [stdout]                                at /rustc/bf16ca353c82d9051dbd1a4cfc5a01a1800578e9/library/core/src/panicking.rs:92:14
[INFO] [stdout]   15:     0x55875eb5c4e8 - core::panicking::assert_failed_inner::h62e8cb2847a6e7ec
[INFO] [stdout]   16:     0x55875e632afa - core::panicking::assert_failed::hd4012631ab7668c3
[INFO] [stdout]                                at /rustc/bf16ca353c82d9051dbd1a4cfc5a01a1800578e9/library/core/src/panicking.rs:117:5
[INFO] [stdout]   17:     0x55875e6214e6 - weather::tests::test_week_weather::{{closure}}::h62bbf7af501c7009
[INFO] [stdout]                                at /opt/rustwide/workdir/src/main.rs:68:9
[INFO] [stdout]   18:     0x55875e627a5b - <core::future::from_generator::GenFuture<T> as core::future::future::Future>::poll::h0db1660cfbe3141b
[INFO] [stdout]                                at /rustc/bf16ca353c82d9051dbd1a4cfc5a01a1800578e9/library/core/src/future/mod.rs:80:19
[INFO] [stdout]   19:     0x55875e63bee0 - tokio::runtime::basic_scheduler::BasicScheduler<P>::block_on::{{closure}}::{{closure}}::hdf2c044236cd1186
[INFO] [stdout]                                at /opt/rustwide/cargo-home/registry/src/github.com-1ecc6299db9ec823/tokio-0.2.24/src/runtime/basic_scheduler.rs:131:58
[INFO] [stdout]   20:     0x55875e6443cc - tokio::coop::with_budget::{{closure}}::h68e94f83429dfed7
[INFO] [stdout]                                at /opt/rustwide/cargo-home/registry/src/github.com-1ecc6299db9ec823/tokio-0.2.24/src/coop.rs:127:9
[INFO] [stdout]   21:     0x55875e64e701 - std::thread::local::LocalKey<T>::try_with::h7644e5d3818147e3
[INFO] [stdout]                                at /rustc/bf16ca353c82d9051dbd1a4cfc5a01a1800578e9/library/std/src/thread/local.rs:399:16
[INFO] [stdout]   22:     0x55875e64d40d - std::thread::local::LocalKey<T>::with::h6adcbd2ca9a62906
[INFO] [stdout]                                at /rustc/bf16ca353c82d9051dbd1a4cfc5a01a1800578e9/library/std/src/thread/local.rs:375:9
[INFO] [stdout]   23:     0x55875e63ad67 - tokio::coop::with_budget::h207c8ee5b93f78c3
[INFO] [stdout]                                at /opt/rustwide/cargo-home/registry/src/github.com-1ecc6299db9ec823/tokio-0.2.24/src/coop.rs:120:5
[INFO] [stdout]   24:     0x55875e63ad67 - tokio::coop::budget::hdef9cc61b61536a4
[INFO] [stdout]                                at /opt/rustwide/cargo-home/registry/src/github.com-1ecc6299db9ec823/tokio-0.2.24/src/coop.rs:96:5
[INFO] [stdout]   25:     0x55875e63ad67 - tokio::runtime::basic_scheduler::BasicScheduler<P>::block_on::{{closure}}::h059fba1cee99c66f
[INFO] [stdout]                                at /opt/rustwide/cargo-home/registry/src/github.com-1ecc6299db9ec823/tokio-0.2.24/src/runtime/basic_scheduler.rs:131:35
[INFO] [stdout]   26:     0x55875e63c9df - tokio::runtime::basic_scheduler::enter::{{closure}}::h5d40c2fd1c91666d
[INFO] [stdout]                                at /opt/rustwide/cargo-home/registry/src/github.com-1ecc6299db9ec823/tokio-0.2.24/src/runtime/basic_scheduler.rs:213:29
[INFO] [stdout]   27:     0x55875e62685e - tokio::macros::scoped_tls::ScopedKey<T>::set::heda10538e0bcc61a
[INFO] [stdout]                                at /opt/rustwide/cargo-home/registry/src/github.com-1ecc6299db9ec823/tokio-0.2.24/src/macros/scoped_tls.rs:63:9
[INFO] [stdout]   28:     0x55875e63c22e - tokio::runtime::basic_scheduler::enter::h072add1bb950b28b
[INFO] [stdout]                                at /opt/rustwide/cargo-home/registry/src/github.com-1ecc6299db9ec823/tokio-0.2.24/src/runtime/basic_scheduler.rs:213:5
[INFO] [stdout]   29:     0x55875e63a242 - tokio::runtime::basic_scheduler::BasicScheduler<P>::block_on::hfb50bbdb000052a3
[INFO] [stdout]                                at /opt/rustwide/cargo-home/registry/src/github.com-1ecc6299db9ec823/tokio-0.2.24/src/runtime/basic_scheduler.rs:123:9
[INFO] [stdout]   30:     0x55875e63d9ec - tokio::runtime::Runtime::block_on::{{closure}}::h5a01822aa8f80e77
[INFO] [stdout]                                at /opt/rustwide/cargo-home/registry/src/github.com-1ecc6299db9ec823/tokio-0.2.24/src/runtime/mod.rs:444:34
[INFO] [stdout]   31:     0x55875e652f3d - tokio::runtime::context::enter::h88a58df9143d4983
[INFO] [stdout]                                at /opt/rustwide/cargo-home/registry/src/github.com-1ecc6299db9ec823/tokio-0.2.24/src/runtime/context.rs:72:5
[INFO] [stdout]   32:     0x55875e63d7ba - tokio::runtime::handle::Handle::enter::h87a1c674415a5460
[INFO] [stdout]                                at /opt/rustwide/cargo-home/registry/src/github.com-1ecc6299db9ec823/tokio-0.2.24/src/runtime/handle.rs:76:9
[INFO] [stdout]   33:     0x55875e63d91f - tokio::runtime::Runtime::block_on::hf46a71321e68c6ee
[INFO] [stdout]                                at /opt/rustwide/cargo-home/registry/src/github.com-1ecc6299db9ec823/tokio-0.2.24/src/runtime/mod.rs:441:9
[INFO] [stdout]   34:     0x55875e6210f5 - weather::tests::test_week_weather::h823d6c10a5cf6586
[INFO] [stdout]                                at /opt/rustwide/workdir/src/main.rs:59:5
[INFO] [stdout]   35:     0x55875e62100a - weather::tests::test_week_weather::{{closure}}::he0b446a62fc81ab8
[INFO] [stdout]                                at /opt/rustwide/workdir/src/main.rs:59:5
[INFO] [stdout]   36:     0x55875e645e2e - core::ops::function::FnOnce::call_once::h96cf69758e7726fc
[INFO] [stdout]                                at /rustc/bf16ca353c82d9051dbd1a4cfc5a01a1800578e9/library/core/src/ops/function.rs:227:5
[INFO] [stdout]   37:     0x55875e8858d3 - core::ops::function::FnOnce::call_once::hbb52c4519d3137b0
[INFO] [stdout]                                at /rustc/bf16ca353c82d9051dbd1a4cfc5a01a1800578e9/library/core/src/ops/function.rs:227:5
[INFO] [stdout]   38:     0x55875e8858d3 - test::__rust_begin_short_backtrace::h86fe3a2a5a5121af
[INFO] [stdout]                                at /rustc/bf16ca353c82d9051dbd1a4cfc5a01a1800578e9/library/test/src/lib.rs:578:5
[INFO] [stdout]   39:     0x55875e884388 - <alloc::boxed::Box<F,A> as core::ops::function::FnOnce<Args>>::call_once::hfd956bc3d57399be
[INFO] [stdout]                                at /rustc/bf16ca353c82d9051dbd1a4cfc5a01a1800578e9/library/alloc/src/boxed.rs:1572:9
[INFO] [stdout]   40:     0x55875e884388 - <std::panic::AssertUnwindSafe<F> as core::ops::function::FnOnce<()>>::call_once::h40dc93e0ddb5938a
[INFO] [stdout]                                at /rustc/bf16ca353c82d9051dbd1a4cfc5a01a1800578e9/library/std/src/panic.rs:347:9
[INFO] [stdout]   41:     0x55875e884388 - std::panicking::try::do_call::h90d07750cb47c562
[INFO] [stdout]                                at /rustc/bf16ca353c82d9051dbd1a4cfc5a01a1800578e9/library/std/src/panicking.rs:401:40
[INFO] [stdout]   42:     0x55875e884388 - std::panicking::try::h063c84733ad2a629
[INFO] [stdout]                                at /rustc/bf16ca353c82d9051dbd1a4cfc5a01a1800578e9/library/std/src/panicking.rs:365:19
[INFO] [stdout]   43:     0x55875e884388 - std::panic::catch_unwind::h0c464836a84e7c08
[INFO] [stdout]                                at /rustc/bf16ca353c82d9051dbd1a4cfc5a01a1800578e9/library/std/src/panic.rs:434:14
[INFO] [stdout]   44:     0x55875e884388 - test::run_test_in_process::h5cb06ef620b157fc
[INFO] [stdout]                                at /rustc/bf16ca353c82d9051dbd1a4cfc5a01a1800578e9/library/test/src/lib.rs:601:18
[INFO] [stdout]   45:     0x55875e884388 - test::run_test::run_test_inner::{{closure}}::h76f677f4b93f9828
[INFO] [stdout]                                at /rustc/bf16ca353c82d9051dbd1a4cfc5a01a1800578e9/library/test/src/lib.rs:493:39
[INFO] [stdout]   46:     0x55875e852b1d - test::run_test::run_test_inner::{{closure}}::h366d01fe04f4d67a
[INFO] [stdout]                                at /rustc/bf16ca353c82d9051dbd1a4cfc5a01a1800578e9/library/test/src/lib.rs:520:37
[INFO] [stdout]   47:     0x55875e852b1d - std::sys_common::backtrace::__rust_begin_short_backtrace::h7dfa0de4eb395af2
[INFO] [stdout]                                at /rustc/bf16ca353c82d9051dbd1a4cfc5a01a1800578e9/library/std/src/sys_common/backtrace.rs:125:18
[INFO] [stdout]   48:     0x55875e8572e8 - std::thread::Builder::spawn_unchecked::{{closure}}::{{closure}}::hf0a74bb58798037f
[INFO] [stdout]                                at /rustc/bf16ca353c82d9051dbd1a4cfc5a01a1800578e9/library/std/src/thread/mod.rs:476:17
[INFO] [stdout]   49:     0x55875e8572e8 - <std::panic::AssertUnwindSafe<F> as core::ops::function::FnOnce<()>>::call_once::hb024e854818586ac
[INFO] [stdout]                                at /rustc/bf16ca353c82d9051dbd1a4cfc5a01a1800578e9/library/std/src/panic.rs:347:9
[INFO] [stdout]   50:     0x55875e8572e8 - std::panicking::try::do_call::hb2dd9f1d0d48e41d
[INFO] [stdout]                                at /rustc/bf16ca353c82d9051dbd1a4cfc5a01a1800578e9/library/std/src/panicking.rs:401:40
[INFO] [stdout]   51:     0x55875e8572e8 - std::panicking::try::h4717ae7bac8b2bf3
[INFO] [stdout]                                at /rustc/bf16ca353c82d9051dbd1a4cfc5a01a1800578e9/library/std/src/panicking.rs:365:19
[INFO] [stdout]   52:     0x55875e8572e8 - std::panic::catch_unwind::h0dc8a061326ce8d8
[INFO] [stdout]                                at /rustc/bf16ca353c82d9051dbd1a4cfc5a01a1800578e9/library/std/src/panic.rs:434:14
[INFO] [stdout]   53:     0x55875e8572e8 - std::thread::Builder::spawn_unchecked::{{closure}}::haa369e2d6fd00aa1
[INFO] [stdout]                                at /rustc/bf16ca353c82d9051dbd1a4cfc5a01a1800578e9/library/std/src/thread/mod.rs:475:30
[INFO] [stdout]   54:     0x55875e8572e8 - core::ops::function::FnOnce::call_once{{vtable.shim}}::h36dcf3de8b056f17
[INFO] [stdout]                                at /rustc/bf16ca353c82d9051dbd1a4cfc5a01a1800578e9/library/core/src/ops/function.rs:227:5
[INFO] [stdout]   55:     0x55875eb42517 - <alloc::boxed::Box<F,A> as core::ops::function::FnOnce<Args>>::call_once::h65c29e4642be2358
[INFO] [stdout]                                at /rustc/bf16ca353c82d9051dbd1a4cfc5a01a1800578e9/library/alloc/src/boxed.rs:1572:9
[INFO] [stdout]   56:     0x55875eb42517 - <alloc::boxed::Box<F,A> as core::ops::function::FnOnce<Args>>::call_once::hd0f8f7fbbd9fffbf
[INFO] [stdout]                                at /rustc/bf16ca353c82d9051dbd1a4cfc5a01a1800578e9/library/alloc/src/boxed.rs:1572:9
[INFO] [stdout]   57:     0x55875eb42517 - std::sys::unix::thread::Thread::new::thread_start::h2fd22fee3ca77b65
[INFO] [stdout]                                at /rustc/bf16ca353c82d9051dbd1a4cfc5a01a1800578e9/library/std/src/sys/unix/thread.rs:74:17
[INFO] [stdout]   58:     0x7fd15498d609 - start_thread
[INFO] [stdout]   59:     0x7fd15475d293 - clone
[INFO] [stdout]   60:                0x0 - <unknown>
[INFO] [stdout] 
[INFO] [stdout] ---- tests::test_day_weather stdout ----
[INFO] [stdout] thread 'tests::test_day_weather' panicked at 'assertion failed: `(left == right)`
[INFO] [stdout]   left: `500`,
[INFO] [stdout]  right: `200`', src/main.rs:56:9
[INFO] [stdout] stack backtrace:
[INFO] [stdout]    0:     0x55875eb3a860 - std::backtrace_rs::backtrace::libunwind::trace::hff4d1766e93f64f1
[INFO] [stdout]                                at /rustc/bf16ca353c82d9051dbd1a4cfc5a01a1800578e9/library/std/src/../../backtrace/src/backtrace/libunwind.rs:90:5
[INFO] [stdout]    1:     0x55875eb3a860 - std::backtrace_rs::backtrace::trace_unsynchronized::h56bbc8eb78770bcb
[INFO] [stdout]                                at /rustc/bf16ca353c82d9051dbd1a4cfc5a01a1800578e9/library/std/src/../../backtrace/src/backtrace/mod.rs:66:5
[INFO] [stdout]    2:     0x55875eb3a860 - std::sys_common::backtrace::_print_fmt::h5c8e75464faca780
[INFO] [stdout]                                at /rustc/bf16ca353c82d9051dbd1a4cfc5a01a1800578e9/library/std/src/sys_common/backtrace.rs:67:5
[INFO] [stdout]    3:     0x55875eb3a860 - <std::sys_common::backtrace::_print::DisplayBacktrace as core::fmt::Display>::fmt::h48b88277def8b362
[INFO] [stdout]                                at /rustc/bf16ca353c82d9051dbd1a4cfc5a01a1800578e9/library/std/src/sys_common/backtrace.rs:46:22
[INFO] [stdout]    4:     0x55875eb5e46c - core::fmt::write::h3381b3176fe2b3d3
[INFO] [stdout]                                at /rustc/bf16ca353c82d9051dbd1a4cfc5a01a1800578e9/library/core/src/fmt/mod.rs:1115:17
[INFO] [stdout]    5:     0x55875eb34345 - std::io::Write::write_fmt::h5f34a676f60246b5
[INFO] [stdout]                                at /rustc/bf16ca353c82d9051dbd1a4cfc5a01a1800578e9/library/std/src/io/mod.rs:1665:15
[INFO] [stdout]    6:     0x55875eb3ca4b - std::sys_common::backtrace::_print::ha537687d6c17dd0d
[INFO] [stdout]                                at /rustc/bf16ca353c82d9051dbd1a4cfc5a01a1800578e9/library/std/src/sys_common/backtrace.rs:49:5
[INFO] [stdout]    7:     0x55875eb3ca4b - std::sys_common::backtrace::print::h61376ae57d131d72
[INFO] [stdout]                                at /rustc/bf16ca353c82d9051dbd1a4cfc5a01a1800578e9/library/std/src/sys_common/backtrace.rs:36:9
[INFO] [stdout]    8:     0x55875eb3ca4b - std::panicking::default_hook::{{closure}}::h0f7208c0b9644a54
[INFO] [stdout]                                at /rustc/bf16ca353c82d9051dbd1a4cfc5a01a1800578e9/library/std/src/panicking.rs:208:50
[INFO] [stdout]    9:     0x55875eb3c55c - std::panicking::default_hook::hdac7fc06578c14ce
[INFO] [stdout]                                at /rustc/bf16ca353c82d9051dbd1a4cfc5a01a1800578e9/library/std/src/panicking.rs:222:9
[INFO] [stdout]   10:     0x55875eb3d114 - std::panicking::rust_panic_with_hook::h72b21c283da3d1ef
[INFO] [stdout]                                at /rustc/bf16ca353c82d9051dbd1a4cfc5a01a1800578e9/library/std/src/panicking.rs:622:17
[INFO] [stdout]   11:     0x55875eb3cbf7 - std::panicking::begin_panic_handler::{{closure}}::he5778f1729cff84a
[INFO] [stdout]                                at /rustc/bf16ca353c82d9051dbd1a4cfc5a01a1800578e9/library/std/src/panicking.rs:519:13
[INFO] [stdout]   12:     0x55875eb3ad3c - std::sys_common::backtrace::__rust_end_short_backtrace::h2d11ca8b453b4b1d
[INFO] [stdout]                                at /rustc/bf16ca353c82d9051dbd1a4cfc5a01a1800578e9/library/std/src/sys_common/backtrace.rs:141:18
[INFO] [stdout]   13:     0x55875eb3cb59 - rust_begin_unwind
[INFO] [stdout]                                at /rustc/bf16ca353c82d9051dbd1a4cfc5a01a1800578e9/library/std/src/panicking.rs:515:5
[INFO] [stdout]   14:     0x55875e5e0a91 - core::panicking::panic_fmt::hf9de31d4acbce4db
[INFO] [stdout]                                at /rustc/bf16ca353c82d9051dbd1a4cfc5a01a1800578e9/library/core/src/panicking.rs:92:14
[INFO] [stdout]   15:     0x55875eb5c4e8 - core::panicking::assert_failed_inner::h62e8cb2847a6e7ec
[INFO] [stdout]   16:     0x55875e632afa - core::panicking::assert_failed::hd4012631ab7668c3
[INFO] [stdout]                                at /rustc/bf16ca353c82d9051dbd1a4cfc5a01a1800578e9/library/core/src/panicking.rs:117:5
[INFO] [stdout]   17:     0x55875e620fd6 - weather::tests::test_day_weather::{{closure}}::h30a51b7449417263
[INFO] [stdout]                                at /opt/rustwide/workdir/src/main.rs:56:9
[INFO] [stdout]   18:     0x55875e628eeb - <core::future::from_generator::GenFuture<T> as core::future::future::Future>::poll::hdc7998a28d3293dd
[INFO] [stdout]                                at /rustc/bf16ca353c82d9051dbd1a4cfc5a01a1800578e9/library/core/src/future/mod.rs:80:19
[INFO] [stdout]   19:     0x55875e63bb80 - tokio::runtime::basic_scheduler::BasicScheduler<P>::block_on::{{closure}}::{{closure}}::h0a0cde1ea8f5107b
[INFO] [stdout]                                at /opt/rustwide/cargo-home/registry/src/github.com-1ecc6299db9ec823/tokio-0.2.24/src/runtime/basic_scheduler.rs:131:58
[INFO] [stdout]   20:     0x55875e64462c - tokio::coop::with_budget::{{closure}}::h74f945770cf4facd
[INFO] [stdout]                                at /opt/rustwide/cargo-home/registry/src/github.com-1ecc6299db9ec823/tokio-0.2.24/src/coop.rs:127:9
[INFO] [stdout]   21:     0x55875e64f711 - std::thread::local::LocalKey<T>::try_with::hffaec14d82466153
[INFO] [stdout]                                at /rustc/bf16ca353c82d9051dbd1a4cfc5a01a1800578e9/library/std/src/thread/local.rs:399:16
[INFO] [stdout]   22:     0x55875e64d67d - std::thread::local::LocalKey<T>::with::h826ab9f286c70007
[INFO] [stdout]                                at /rustc/bf16ca353c82d9051dbd1a4cfc5a01a1800578e9/library/std/src/thread/local.rs:375:9
[INFO] [stdout]   23:     0x55875e63b5b7 - tokio::coop::with_budget::hbf4aef0f2037f46d
[INFO] [stdout]                                at /opt/rustwide/cargo-home/registry/src/github.com-1ecc6299db9ec823/tokio-0.2.24/src/coop.rs:120:5
[INFO] [stdout]   24:     0x55875e63b5b7 - tokio::coop::budget::hed865f92d3b95a01
[INFO] [stdout]                                at /opt/rustwide/cargo-home/registry/src/github.com-1ecc6299db9ec823/tokio-0.2.24/src/coop.rs:96:5
[INFO] [stdout]   25:     0x55875e63b5b7 - tokio::runtime::basic_scheduler::BasicScheduler<P>::block_on::{{closure}}::h3dc296adb829c53e
[INFO] [stdout]                                at /opt/rustwide/cargo-home/registry/src/github.com-1ecc6299db9ec823/tokio-0.2.24/src/runtime/basic_scheduler.rs:131:35
[INFO] [stdout]   26:     0x55875e63cabf - tokio::runtime::basic_scheduler::enter::{{closure}}::he4592a8b1425e58c
[INFO] [stdout]                                at /opt/rustwide/cargo-home/registry/src/github.com-1ecc6299db9ec823/tokio-0.2.24/src/runtime/basic_scheduler.rs:213:29
[INFO] [stdout]   27:     0x55875e62673e - tokio::macros::scoped_tls::ScopedKey<T>::set::hafbfaec362097c6e
[INFO] [stdout]                                at /opt/rustwide/cargo-home/registry/src/github.com-1ecc6299db9ec823/tokio-0.2.24/src/macros/scoped_tls.rs:63:9
[INFO] [stdout]   28:     0x55875e63c92e - tokio::runtime::basic_scheduler::enter::h7a2301de2a0c92ed
[INFO] [stdout]                                at /opt/rustwide/cargo-home/registry/src/github.com-1ecc6299db9ec823/tokio-0.2.24/src/runtime/basic_scheduler.rs:213:5
[INFO] [stdout]   29:     0x55875e63a1c2 - tokio::runtime::basic_scheduler::BasicScheduler<P>::block_on::h580a276aa6b24f7e
[INFO] [stdout]                                at /opt/rustwide/cargo-home/registry/src/github.com-1ecc6299db9ec823/tokio-0.2.24/src/runtime/basic_scheduler.rs:123:9
[INFO] [stdout]   30:     0x55875e63dafc - tokio::runtime::Runtime::block_on::{{closure}}::he2ed3591c3b69a0e
[INFO] [stdout]                                at /opt/rustwide/cargo-home/registry/src/github.com-1ecc6299db9ec823/tokio-0.2.24/src/runtime/mod.rs:444:34
[INFO] [stdout]   31:     0x55875e652e3d - tokio::runtime::context::enter::h33a6b8f156f9c1f1
[INFO] [stdout]                                at /opt/rustwide/cargo-home/registry/src/github.com-1ecc6299db9ec823/tokio-0.2.24/src/runtime/context.rs:72:5
[INFO] [stdout]   32:     0x55875e63d6fa - tokio::runtime::handle::Handle::enter::h481b4d8dd936fd16
[INFO] [stdout]                                at /opt/rustwide/cargo-home/registry/src/github.com-1ecc6299db9ec823/tokio-0.2.24/src/runtime/handle.rs:76:9
[INFO] [stdout]   33:     0x55875e63d85f - tokio::runtime::Runtime::block_on::h33a3c77b6cc66d40
[INFO] [stdout]                                at /opt/rustwide/cargo-home/registry/src/github.com-1ecc6299db9ec823/tokio-0.2.24/src/runtime/mod.rs:441:9
[INFO] [stdout]   34:     0x55875e620be5 - weather::tests::test_day_weather::h283971107e77f9c5
[INFO] [stdout]                                at /opt/rustwide/workdir/src/main.rs:47:5
[INFO] [stdout]   35:     0x55875e620afa - weather::tests::test_day_weather::{{closure}}::heca17e7c487d1acb
[INFO] [stdout]                                at /opt/rustwide/workdir/src/main.rs:47:5
[INFO] [stdout]   36:     0x55875e645eee - core::ops::function::FnOnce::call_once::hbf51796ab2d217df
[INFO] [stdout]                                at /rustc/bf16ca353c82d9051dbd1a4cfc5a01a1800578e9/library/core/src/ops/function.rs:227:5
[INFO] [stdout]   37:     0x55875e8858d3 - core::ops::function::FnOnce::call_once::hbb52c4519d3137b0
[INFO] [stdout]                                at /rustc/bf16ca353c82d9051dbd1a4cfc5a01a1800578e9/library/core/src/ops/function.rs:227:5
[INFO] [stdout]   38:     0x55875e8858d3 - test::__rust_begin_short_backtrace::h86fe3a2a5a5121af
[INFO] [stdout]                                at /rustc/bf16ca353c82d9051dbd1a4cfc5a01a1800578e9/library/test/src/lib.rs:578:5
[INFO] [stdout]   39:     0x55875e884388 - <alloc::boxed::Box<F,A> as core::ops::function::FnOnce<Args>>::call_once::hfd956bc3d57399be
[INFO] [stdout]                                at /rustc/bf16ca353c82d9051dbd1a4cfc5a01a1800578e9/library/alloc/src/boxed.rs:1572:9
[INFO] [stdout]   40:     0x55875e884388 - <std::panic::AssertUnwindSafe<F> as core::ops::function::FnOnce<()>>::call_once::h40dc93e0ddb5938a
[INFO] [stdout]                                at /rustc/bf16ca353c82d9051dbd1a4cfc5a01a1800578e9/library/std/src/panic.rs:347:9
[INFO] [stdout]   41:     0x55875e884388 - std::panicking::try::do_call::h90d07750cb47c562
[INFO] [stdout]                                at /rustc/bf16ca353c82d9051dbd1a4cfc5a01a1800578e9/library/std/src/panicking.rs:401:40
[INFO] [stdout]   42:     0x55875e884388 - std::panicking::try::h063c84733ad2a629
[INFO] [stdout]                                at /rustc/bf16ca353c82d9051dbd1a4cfc5a01a1800578e9/library/std/src/panicking.rs:365:19
[INFO] [stdout]   43:     0x55875e884388 - std::panic::catch_unwind::h0c464836a84e7c08
[INFO] [stdout]                                at /rustc/bf16ca353c82d9051dbd1a4cfc5a01a1800578e9/library/std/src/panic.rs:434:14
[INFO] [stdout]   44:     0x55875e884388 - test::run_test_in_process::h5cb06ef620b157fc
[INFO] [stdout]                                at /rustc/bf16ca353c82d9051dbd1a4cfc5a01a1800578e9/library/test/src/lib.rs:601:18
[INFO] [stdout]   45:     0x55875e884388 - test::run_test::run_test_inner::{{closure}}::h76f677f4b93f9828
[INFO] [stdout]                                at /rustc/bf16ca353c82d9051dbd1a4cfc5a01a1800578e9/library/test/src/lib.rs:493:39
[INFO] [stdout]   46:     0x55875e852b1d - test::run_test::run_test_inner::{{closure}}::h366d01fe04f4d67a
[INFO] [stdout]                                at /rustc/bf16ca353c82d9051dbd1a4cfc5a01a1800578e9/library/test/src/lib.rs:520:37
[INFO] [stdout]   47:     0x55875e852b1d - std::sys_common::backtrace::__rust_begin_short_backtrace::h7dfa0de4eb395af2
[INFO] [stdout]                                at /rustc/bf16ca353c82d9051dbd1a4cfc5a01a1800578e9/library/std/src/sys_common/backtrace.rs:125:18
[INFO] [stdout]   48:     0x55875e8572e8 - std::thread::Builder::spawn_unchecked::{{closure}}::{{closure}}::hf0a74bb58798037f
[INFO] [stdout]                                at /rustc/bf16ca353c82d9051dbd1a4cfc5a01a1800578e9/library/std/src/thread/mod.rs:476:17
[INFO] [stdout]   49:     0x55875e8572e8 - <std::panic::AssertUnwindSafe<F> as core::ops::function::FnOnce<()>>::call_once::hb024e854818586ac
[INFO] [stdout]                                at /rustc/bf16ca353c82d9051dbd1a4cfc5a01a1800578e9/library/std/src/panic.rs:347:9
[INFO] [stdout]   50:     0x55875e8572e8 - std::panicking::try::do_call::hb2dd9f1d0d48e41d
[INFO] [stdout]                                at /rustc/bf16ca353c82d9051dbd1a4cfc5a01a1800578e9/library/std/src/panicking.rs:401:40
[INFO] [stdout]   51:     0x55875e8572e8 - std::panicking::try::h4717ae7bac8b2bf3
[INFO] [stdout]                                at /rustc/bf16ca353c82d9051dbd1a4cfc5a01a1800578e9/library/std/src/panicking.rs:365:19
[INFO] [stdout]   52:     0x55875e8572e8 - std::panic::catch_unwind::h0dc8a061326ce8d8
[INFO] [stdout]                                at /rustc/bf16ca353c82d9051dbd1a4cfc5a01a1800578e9/library/std/src/panic.rs:434:14
[INFO] [stdout]   53:     0x55875e8572e8 - std::thread::Builder::spawn_unchecked::{{closure}}::haa369e2d6fd00aa1
[INFO] [stdout]                                at /rustc/bf16ca353c82d9051dbd1a4cfc5a01a1800578e9/library/std/src/thread/mod.rs:475:30
[INFO] [stdout]   54:     0x55875e8572e8 - core::ops::function::FnOnce::call_once{{vtable.shim}}::h36dcf3de8b056f17
[INFO] [stdout]                                at /rustc/bf16ca353c82d9051dbd1a4cfc5a01a1800578e9/library/core/src/ops/function.rs:227:5
[INFO] [stdout]   55:     0x55875eb42517 - <alloc::boxed::Box<F,A> as core::ops::function::FnOnce<Args>>::call_once::h65c29e4642be2358
[INFO] [stdout]                                at /rustc/bf16ca353c82d9051dbd1a4cfc5a01a1800578e9/library/alloc/src/boxed.rs:1572:9
[INFO] [stdout]   56:     0x55875eb42517 - <alloc::boxed::Box<F,A> as core::ops::function::FnOnce<Args>>::call_once::hd0f8f7fbbd9fffbf
[INFO] [stdout]                                at /rustc/bf16ca353c82d9051dbd1a4cfc5a01a1800578e9/library/alloc/src/boxed.rs:1572:9
[INFO] [stdout]   57:     0x55875eb42517 - std::sys::unix::thread::Thread::new::thread_start::h2fd22fee3ca77b65
[INFO] [stdout]                                at /rustc/bf16ca353c82d9051dbd1a4cfc5a01a1800578e9/library/std/src/sys/unix/thread.rs:74:17
[INFO] [stdout]   58:     0x7fd15498d609 - start_thread
[INFO] [stdout]   59:     0x7fd15475d293 - clone
[INFO] [stdout]   60:                0x0 - <unknown>
[INFO] [stdout] 
[INFO] [stdout] ---- weather::tests::test_open_weather_day stdout ----
[INFO] [stdout] thread 'weather::tests::test_open_weather_day' panicked at 'assertion failed: `(left == right)`
[INFO] [stdout]   left: `404`,
[INFO] [stdout]  right: `200`', src/weather.rs:179:9
[INFO] [stdout] stack backtrace:
[INFO] [stdout]    0:     0x55875eb3a860 - std::backtrace_rs::backtrace::libunwind::trace::hff4d1766e93f64f1
[INFO] [stdout]                                at /rustc/bf16ca353c82d9051dbd1a4cfc5a01a1800578e9/library/std/src/../../backtrace/src/backtrace/libunwind.rs:90:5
[INFO] [stdout]    1:     0x55875eb3a860 - std::backtrace_rs::backtrace::trace_unsynchronized::h56bbc8eb78770bcb
[INFO] [stdout]                                at /rustc/bf16ca353c82d9051dbd1a4cfc5a01a1800578e9/library/std/src/../../backtrace/src/backtrace/mod.rs:66:5
[INFO] [stdout]    2:     0x55875eb3a860 - std::sys_common::backtrace::_print_fmt::h5c8e75464faca780
[INFO] [stdout]                                at /rustc/bf16ca353c82d9051dbd1a4cfc5a01a1800578e9/library/std/src/sys_common/backtrace.rs:67:5
[INFO] [stdout]    3:     0x55875eb3a860 - <std::sys_common::backtrace::_print::DisplayBacktrace as core::fmt::Display>::fmt::h48b88277def8b362
[INFO] [stdout]                                at /rustc/bf16ca353c82d9051dbd1a4cfc5a01a1800578e9/library/std/src/sys_common/backtrace.rs:46:22
[INFO] [stdout]    4:     0x55875eb5e46c - core::fmt::write::h3381b3176fe2b3d3
[INFO] [stdout]                                at /rustc/bf16ca353c82d9051dbd1a4cfc5a01a1800578e9/library/core/src/fmt/mod.rs:1115:17
[INFO] [stdout]    5:     0x55875eb34345 - std::io::Write::write_fmt::h5f34a676f60246b5
[INFO] [stdout]                                at /rustc/bf16ca353c82d9051dbd1a4cfc5a01a1800578e9/library/std/src/io/mod.rs:1665:15
[INFO] [stdout]    6:     0x55875eb3ca4b - std::sys_common::backtrace::_print::ha537687d6c17dd0d
[INFO] [stdout]                                at /rustc/bf16ca353c82d9051dbd1a4cfc5a01a1800578e9/library/std/src/sys_common/backtrace.rs:49:5
[INFO] [stdout]    7:     0x55875eb3ca4b - std::sys_common::backtrace::print::h61376ae57d131d72
[INFO] [stdout]                                at /rustc/bf16ca353c82d9051dbd1a4cfc5a01a1800578e9/library/std/src/sys_common/backtrace.rs:36:9
[INFO] [stdout]    8:     0x55875eb3ca4b - std::panicking::default_hook::{{closure}}::h0f7208c0b9644a54
[INFO] [stdout]                                at /rustc/bf16ca353c82d9051dbd1a4cfc5a01a1800578e9/library/std/src/panicking.rs:208:50
[INFO] [stdout]    9:     0x55875eb3c55c - std::panicking::default_hook::hdac7fc06578c14ce
[INFO] [stdout]                                at /rustc/bf16ca353c82d9051dbd1a4cfc5a01a1800578e9/library/std/src/panicking.rs:222:9
[INFO] [stdout]   10:     0x55875eb3d114 - std::panicking::rust_panic_with_hook::h72b21c283da3d1ef
[INFO] [stdout]                                at /rustc/bf16ca353c82d9051dbd1a4cfc5a01a1800578e9/library/std/src/panicking.rs:622:17
[INFO] [stdout]   11:     0x55875eb3cbf7 - std::panicking::begin_panic_handler::{{closure}}::he5778f1729cff84a
[INFO] [stdout]                                at /rustc/bf16ca353c82d9051dbd1a4cfc5a01a1800578e9/library/std/src/panicking.rs:519:13
[INFO] [stdout]   12:     0x55875eb3ad3c - std::sys_common::backtrace::__rust_end_short_backtrace::h2d11ca8b453b4b1d
[INFO] [stdout]                                at /rustc/bf16ca353c82d9051dbd1a4cfc5a01a1800578e9/library/std/src/sys_common/backtrace.rs:141:18
[INFO] [stdout]   13:     0x55875eb3cb59 - rust_begin_unwind
[INFO] [stdout]                                at /rustc/bf16ca353c82d9051dbd1a4cfc5a01a1800578e9/library/std/src/panicking.rs:515:5
[INFO] [stdout]   14:     0x55875e5e0a91 - core::panicking::panic_fmt::hf9de31d4acbce4db
[INFO] [stdout]                                at /rustc/bf16ca353c82d9051dbd1a4cfc5a01a1800578e9/library/core/src/panicking.rs:92:14
[INFO] [stdout]   15:     0x55875eb5c4e8 - core::panicking::assert_failed_inner::h62e8cb2847a6e7ec
[INFO] [stdout]   16:     0x55875e632afa - core::panicking::assert_failed::hd4012631ab7668c3
[INFO] [stdout]                                at /rustc/bf16ca353c82d9051dbd1a4cfc5a01a1800578e9/library/core/src/panicking.rs:117:5
[INFO] [stdout]   17:     0x55875e63f436 - weather::weather::tests::test_open_weather_day::{{closure}}::h85462e11a356f7b0
[INFO] [stdout]                                at /opt/rustwide/workdir/src/weather.rs:179:9
[INFO] [stdout]   18:     0x55875e62881b - <core::future::from_generator::GenFuture<T> as core::future::future::Future>::poll::h89542453aa88afb3
[INFO] [stdout]                                at /rustc/bf16ca353c82d9051dbd1a4cfc5a01a1800578e9/library/core/src/future/mod.rs:80:19
[INFO] [stdout]   19:     0x55875e63be30 - tokio::runtime::basic_scheduler::BasicScheduler<P>::block_on::{{closure}}::{{closure}}::ha07a15af60aab88f
[INFO] [stdout]                                at /opt/rustwide/cargo-home/registry/src/github.com-1ecc6299db9ec823/tokio-0.2.24/src/runtime/basic_scheduler.rs:131:58
[INFO] [stdout]   20:     0x55875e64416c - tokio::coop::with_budget::{{closure}}::h5f112ba016d5502e
[INFO] [stdout]                                at /opt/rustwide/cargo-home/registry/src/github.com-1ecc6299db9ec823/tokio-0.2.24/src/coop.rs:127:9
[INFO] [stdout]   21:     0x55875e64e1d1 - std::thread::local::LocalKey<T>::try_with::h570551560f1cb87f
[INFO] [stdout]                                at /rustc/bf16ca353c82d9051dbd1a4cfc5a01a1800578e9/library/std/src/thread/local.rs:399:16
[INFO] [stdout]   22:     0x55875e64d51d - std::thread::local::LocalKey<T>::with::h74aa3168c803d7a9
[INFO] [stdout]                                at /rustc/bf16ca353c82d9051dbd1a4cfc5a01a1800578e9/library/std/src/thread/local.rs:375:9
[INFO] [stdout]   23:     0x55875e63a517 - tokio::coop::with_budget::h8a29316ecebd1c97
[INFO] [stdout]                                at /opt/rustwide/cargo-home/registry/src/github.com-1ecc6299db9ec823/tokio-0.2.24/src/coop.rs:120:5
[INFO] [stdout]   24:     0x55875e63a517 - tokio::coop::budget::h2720a160fc2a07c3
[INFO] [stdout]                                at /opt/rustwide/cargo-home/registry/src/github.com-1ecc6299db9ec823/tokio-0.2.24/src/coop.rs:96:5
[INFO] [stdout]   25:     0x55875e63a517 - tokio::runtime::basic_scheduler::BasicScheduler<P>::block_on::{{closure}}::h04580435ffa75bdb
[INFO] [stdout]                                at /opt/rustwide/cargo-home/registry/src/github.com-1ecc6299db9ec823/tokio-0.2.24/src/runtime/basic_scheduler.rs:131:35
[INFO] [stdout]   26:     0x55875e63ca51 - tokio::runtime::basic_scheduler::enter::{{closure}}::h630818c5ddd4b4ba
[INFO] [stdout]                                at /opt/rustwide/cargo-home/registry/src/github.com-1ecc6299db9ec823/tokio-0.2.24/src/runtime/basic_scheduler.rs:213:29
[INFO] [stdout]   27:     0x55875e626620 - tokio::macros::scoped_tls::ScopedKey<T>::set::h76d42533dd0cddde
[INFO] [stdout]                                at /opt/rustwide/cargo-home/registry/src/github.com-1ecc6299db9ec823/tokio-0.2.24/src/macros/scoped_tls.rs:63:9
[INFO] [stdout]   28:     0x55875e63c5ae - tokio::runtime::basic_scheduler::enter::h2caf011d74eb9ce6
[INFO] [stdout]                                at /opt/rustwide/cargo-home/registry/src/github.com-1ecc6299db9ec823/tokio-0.2.24/src/runtime/basic_scheduler.rs:213:5
[INFO] [stdout]   29:     0x55875e63a200 - tokio::runtime::basic_scheduler::BasicScheduler<P>::block_on::hef260068cf53614d
[INFO] [stdout]                                at /opt/rustwide/cargo-home/registry/src/github.com-1ecc6299db9ec823/tokio-0.2.24/src/runtime/basic_scheduler.rs:123:9
[INFO] [stdout]   30:     0x55875e63dc12 - tokio::runtime::Runtime::block_on::{{closure}}::hea4d7594b3ff3af6
[INFO] [stdout]                                at /opt/rustwide/cargo-home/registry/src/github.com-1ecc6299db9ec823/tokio-0.2.24/src/runtime/mod.rs:444:34
[INFO] [stdout]   31:     0x55875e65303d - tokio::runtime::context::enter::hda732b3af67c8c6f
[INFO] [stdout]                                at /opt/rustwide/cargo-home/registry/src/github.com-1ecc6299db9ec823/tokio-0.2.24/src/runtime/context.rs:72:5
[INFO] [stdout]   32:     0x55875e63d648 - tokio::runtime::handle::Handle::enter::h1cf9cdbb0e8d1965
[INFO] [stdout]                                at /opt/rustwide/cargo-home/registry/src/github.com-1ecc6299db9ec823/tokio-0.2.24/src/runtime/handle.rs:76:9
[INFO] [stdout]   33:     0x55875e63d8bd - tokio::runtime::Runtime::block_on::h5aa6d90b84d0dd0c
[INFO] [stdout]                                at /opt/rustwide/cargo-home/registry/src/github.com-1ecc6299db9ec823/tokio-0.2.24/src/runtime/mod.rs:441:9
[INFO] [stdout]   34:     0x55875e63edd5 - weather::weather::tests::test_open_weather_day::h3dc5c2d0ce67597e
[INFO] [stdout]                                at /opt/rustwide/workdir/src/weather.rs:169:5
[INFO] [stdout]   35:     0x55875e63ecea - weather::weather::tests::test_open_weather_day::{{closure}}::h5fb95e94bf6c175d
[INFO] [stdout]                                at /opt/rustwide/workdir/src/weather.rs:169:5
[INFO] [stdout]   36:     0x55875e645cce - core::ops::function::FnOnce::call_once::h3221b00c0cccde0c
[INFO] [stdout]                                at /rustc/bf16ca353c82d9051dbd1a4cfc5a01a1800578e9/library/core/src/ops/function.rs:227:5
[INFO] [stdout]   37:     0x55875e8858d3 - core::ops::function::FnOnce::call_once::hbb52c4519d3137b0
[INFO] [stdout]                                at /rustc/bf16ca353c82d9051dbd1a4cfc5a01a1800578e9/library/core/src/ops/function.rs:227:5
[INFO] [stdout]   38:     0x55875e8858d3 - test::__rust_begin_short_backtrace::h86fe3a2a5a5121af
[INFO] [stdout]                                at /rustc/bf16ca353c82d9051dbd1a4cfc5a01a1800578e9/library/test/src/lib.rs:578:5
[INFO] [stdout]   39:     0x55875e884388 - <alloc::boxed::Box<F,A> as core::ops::function::FnOnce<Args>>::call_once::hfd956bc3d57399be
[INFO] [stdout]                                at /rustc/bf16ca353c82d9051dbd1a4cfc5a01a1800578e9/library/alloc/src/boxed.rs:1572:9
[INFO] [stdout]   40:     0x55875e884388 - <std::panic::AssertUnwindSafe<F> as core::ops::function::FnOnce<()>>::call_once::h40dc93e0ddb5938a
[INFO] [stdout]                                at /rustc/bf16ca353c82d9051dbd1a4cfc5a01a1800578e9/library/std/src/panic.rs:347:9
[INFO] [stdout]   41:     0x55875e884388 - std::panicking::try::do_call::h90d07750cb47c562
[INFO] [stdout]                                at /rustc/bf16ca353c82d9051dbd1a4cfc5a01a1800578e9/library/std/src/panicking.rs:401:40
[INFO] [stdout]   42:     0x55875e884388 - std::panicking::try::h063c84733ad2a629
[INFO] [stdout]                                at /rustc/bf16ca353c82d9051dbd1a4cfc5a01a1800578e9/library/std/src/panicking.rs:365:19
[INFO] [stdout]   43:     0x55875e884388 - std::panic::catch_unwind::h0c464836a84e7c08
[INFO] [stdout]                                at /rustc/bf16ca353c82d9051dbd1a4cfc5a01a1800578e9/library/std/src/panic.rs:434:14
[INFO] [stdout]   44:     0x55875e884388 - test::run_test_in_process::h5cb06ef620b157fc
[INFO] [stdout]                                at /rustc/bf16ca353c82d9051dbd1a4cfc5a01a1800578e9/library/test/src/lib.rs:601:18
[INFO] [stdout]   45:     0x55875e884388 - test::run_test::run_test_inner::{{closure}}::h76f677f4b93f9828
[INFO] [stdout]                                at /rustc/bf16ca353c82d9051dbd1a4cfc5a01a1800578e9/library/test/src/lib.rs:493:39
[INFO] [stdout]   46:     0x55875e852b1d - test::run_test::run_test_inner::{{closure}}::h366d01fe04f4d67a
[INFO] [stdout]                                at /rustc/bf16ca353c82d9051dbd1a4cfc5a01a1800578e9/library/test/src/lib.rs:520:37
[INFO] [stdout]   47:     0x55875e852b1d - std::sys_common::backtrace::__rust_begin_short_backtrace::h7dfa0de4eb395af2
[INFO] [stdout]                                at /rustc/bf16ca353c82d9051dbd1a4cfc5a01a1800578e9/library/std/src/sys_common/backtrace.rs:125:18
[INFO] [stdout]   48:     0x55875e8572e8 - std::thread::Builder::spawn_unchecked::{{closure}}::{{closure}}::hf0a74bb58798037f
[INFO] [stdout]                                at /rustc/bf16ca353c82d9051dbd1a4cfc5a01a1800578e9/library/std/src/thread/mod.rs:476:17
[INFO] [stdout]   49:     0x55875e8572e8 - <std::panic::AssertUnwindSafe<F> as core::ops::function::FnOnce<()>>::call_once::hb024e854818586ac
[INFO] [stdout]                                at /rustc/bf16ca353c82d9051dbd1a4cfc5a01a1800578e9/library/std/src/panic.rs:347:9
[INFO] [stdout]   50:     0x55875e8572e8 - std::panicking::try::do_call::hb2dd9f1d0d48e41d
[INFO] [stdout]                                at /rustc/bf16ca353c82d9051dbd1a4cfc5a01a1800578e9/library/std/src/panicking.rs:401:40
[INFO] [stdout]   51:     0x55875e8572e8 - std::panicking::try::h4717ae7bac8b2bf3
[INFO] [stdout]                                at /rustc/bf16ca353c82d9051dbd1a4cfc5a01a1800578e9/library/std/src/panicking.rs:365:19
[INFO] [stdout]   52:     0x55875e8572e8 - std::panic::catch_unwind::h0dc8a061326ce8d8
[INFO] [stdout]                                at /rustc/bf16ca353c82d9051dbd1a4cfc5a01a1800578e9/library/std/src/panic.rs:434:14
[INFO] [stdout]   53:     0x55875e8572e8 - std::thread::Builder::spawn_unchecked::{{closure}}::haa369e2d6fd00aa1
[INFO] [stdout]                                at /rustc/bf16ca353c82d9051dbd1a4cfc5a01a1800578e9/library/std/src/thread/mod.rs:475:30
[INFO] [stdout]   54:     0x55875e8572e8 - core::ops::function::FnOnce::call_once{{vtable.shim}}::h36dcf3de8b056f17
[INFO] [stdout]                                at /rustc/bf16ca353c82d9051dbd1a4cfc5a01a1800578e9/library/core/src/ops/function.rs:227:5
[INFO] [stdout]   55:     0x55875eb42517 - <alloc::boxed::Box<F,A> as core::ops::function::FnOnce<Args>>::call_once::h65c29e4642be2358
[INFO] [stdout]                                at /rustc/bf16ca353c82d9051dbd1a4cfc5a01a1800578e9/library/alloc/src/boxed.rs:1572:9
[INFO] [stdout]   56:     0x55875eb42517 - <alloc::boxed::Box<F,A> as core::ops::function::FnOnce<Args>>::call_once::hd0f8f7fbbd9fffbf
[INFO] [stdout]                                at /rustc/bf16ca353c82d9051dbd1a4cfc5a01a1800578e9/library/alloc/src/boxed.rs:1572:9
[INFO] [stdout]   57:     0x55875eb42517 - std::sys::unix::thread::Thread::new::thread_start::h2fd22fee3ca77b65
[INFO] [stdout]                                at /rustc/bf16ca353c82d9051dbd1a4cfc5a01a1800578e9/library/std/src/sys/unix/thread.rs:74:17
[INFO] [stdout]   58:     0x7fd15498d609 - start_thread
[INFO] [stdout]   59:     0x7fd15475d293 - clone
[INFO] [stdout]   60:                0x0 - <unknown>
[INFO] [stdout] 
[INFO] [stdout] 
[INFO] [stdout] failures:
[INFO] [stdout]     tests::test_day_weather
[INFO] [stdout]     tests::test_week_weather
[INFO] [stdout]     weather::tests::test_open_weather_day
[INFO] [stdout] 
[INFO] [stdout] test result: FAILED. 0 passed; 3 failed; 0 ignored; 0 measured; 0 filtered out; finished in 0.13s
[INFO] [stdout] 
[INFO] [stderr] error: test failed, to rerun pass '--bin weather'
[INFO] running `Command { std: "docker" "inspect" "5ac5ee39eb6bf8f51a2da2a8b39b371b92c7107f86ac85b32f16638f5ae9879c", kill_on_drop: false }`
[INFO] running `Command { std: "docker" "rm" "-f" "5ac5ee39eb6bf8f51a2da2a8b39b371b92c7107f86ac85b32f16638f5ae9879c", kill_on_drop: false }`
[INFO] [stdout] 5ac5ee39eb6bf8f51a2da2a8b39b371b92c7107f86ac85b32f16638f5ae9879c
