[INFO] cloning repository https://github.com/JDSeiler/alexandria-db
[INFO] running `Command { std: "git" "-c" "credential.helper=" "-c" "credential.helper=/workspace/cargo-home/bin/git-credential-null" "clone" "--bare" "https://github.com/JDSeiler/alexandria-db" "/workspace/cache/git-repos/https%3A%2F%2Fgithub.com%2FJDSeiler%2Falexandria-db", kill_on_drop: false }`
[INFO] [stderr] Cloning into bare repository '/workspace/cache/git-repos/https%3A%2F%2Fgithub.com%2FJDSeiler%2Falexandria-db'...
[INFO] running `Command { std: "git" "rev-parse" "HEAD", kill_on_drop: false }`
[INFO] [stdout] ec649b9636cbb3bbaed389989f1216c436519033
[INFO] testing JDSeiler/alexandria-db against beta-2021-08-22 for beta-1.55-2
[INFO] running `Command { std: "git" "clone" "/workspace/cache/git-repos/https%3A%2F%2Fgithub.com%2FJDSeiler%2Falexandria-db" "/workspace/builds/worker-6/source", kill_on_drop: false }`
[INFO] [stderr] Cloning into '/workspace/builds/worker-6/source'...
[INFO] [stderr] done.
[INFO] validating manifest of git repo https://github.com/JDSeiler/alexandria-db on toolchain beta-2021-08-22
[INFO] running `Command { std: "/workspace/cargo-home/bin/cargo" "+beta-2021-08-22" "metadata" "--manifest-path" "Cargo.toml" "--no-deps", kill_on_drop: false }`
[INFO] started tweaking git repo https://github.com/JDSeiler/alexandria-db
[INFO] finished tweaking git repo https://github.com/JDSeiler/alexandria-db
[INFO] tweaked toml for git repo https://github.com/JDSeiler/alexandria-db written to /workspace/builds/worker-6/source/Cargo.toml
[INFO] crate git repo https://github.com/JDSeiler/alexandria-db already has a lockfile, it will not be regenerated
[INFO] running `Command { std: "/workspace/cargo-home/bin/cargo" "+beta-2021-08-22" "fetch" "--manifest-path" "Cargo.toml", kill_on_drop: false }`
[INFO] [stderr]  Downloading crates ...
[INFO] [stderr]   Downloaded rusqlite v0.24.1
[INFO] running `Command { std: "docker" "create" "-v" "/var/lib/crater-agent-workspace/builds/worker-6/target:/opt/rustwide/target:rw,Z" "-v" "/var/lib/crater-agent-workspace/builds/worker-6/source:/opt/rustwide/workdir:ro,Z" "-v" "/var/lib/crater-agent-workspace/cargo-home:/opt/rustwide/cargo-home:ro,Z" "-v" "/var/lib/crater-agent-workspace/rustup-home:/opt/rustwide/rustup-home:ro,Z" "-e" "SOURCE_DIR=/opt/rustwide/workdir" "-e" "CARGO_TARGET_DIR=/opt/rustwide/target" "-e" "CARGO_HOME=/opt/rustwide/cargo-home" "-e" "RUSTUP_HOME=/opt/rustwide/rustup-home" "-w" "/opt/rustwide/workdir" "-m" "1610612736" "--user" "0:0" "--network" "none" "ghcr.io/rust-lang/crates-build-env/linux@sha256:34b6a614d2c27851fe6cbf88fbd1137609cefab8b10d0615aaeb6fd47975d74e" "/opt/rustwide/cargo-home/bin/cargo" "+beta-2021-08-22" "metadata" "--no-deps" "--format-version=1", kill_on_drop: false }`
[INFO] [stderr] WARNING: Your kernel does not support swap limit capabilities or the cgroup is not mounted. Memory limited without swap.
[INFO] [stdout] 1906a8744db8776184b53f61bde7cb81a59df526ecc032b05d49cac5fd721a6e
[INFO] running `Command { std: "docker" "start" "-a" "1906a8744db8776184b53f61bde7cb81a59df526ecc032b05d49cac5fd721a6e", kill_on_drop: false }`
[INFO] running `Command { std: "docker" "inspect" "1906a8744db8776184b53f61bde7cb81a59df526ecc032b05d49cac5fd721a6e", kill_on_drop: false }`
[INFO] running `Command { std: "docker" "rm" "-f" "1906a8744db8776184b53f61bde7cb81a59df526ecc032b05d49cac5fd721a6e", kill_on_drop: false }`
[INFO] [stdout] 1906a8744db8776184b53f61bde7cb81a59df526ecc032b05d49cac5fd721a6e
[INFO] running `Command { std: "docker" "create" "-v" "/var/lib/crater-agent-workspace/builds/worker-6/target:/opt/rustwide/target:rw,Z" "-v" "/var/lib/crater-agent-workspace/builds/worker-6/source:/opt/rustwide/workdir:ro,Z" "-v" "/var/lib/crater-agent-workspace/cargo-home:/opt/rustwide/cargo-home:ro,Z" "-v" "/var/lib/crater-agent-workspace/rustup-home:/opt/rustwide/rustup-home:ro,Z" "-e" "SOURCE_DIR=/opt/rustwide/workdir" "-e" "CARGO_TARGET_DIR=/opt/rustwide/target" "-e" "CARGO_INCREMENTAL=0" "-e" "RUST_BACKTRACE=full" "-e" "RUSTFLAGS=--cap-lints=warn" "-e" "CARGO_HOME=/opt/rustwide/cargo-home" "-e" "RUSTUP_HOME=/opt/rustwide/rustup-home" "-w" "/opt/rustwide/workdir" "-m" "1610612736" "--user" "0:0" "--network" "none" "ghcr.io/rust-lang/crates-build-env/linux@sha256:34b6a614d2c27851fe6cbf88fbd1137609cefab8b10d0615aaeb6fd47975d74e" "/opt/rustwide/cargo-home/bin/cargo" "+beta-2021-08-22" "build" "--frozen" "--message-format=json", kill_on_drop: false }`
[INFO] [stderr] WARNING: Your kernel does not support swap limit capabilities or the cgroup is not mounted. Memory limited without swap.
[INFO] [stdout] a9e8f21c186c02116a9da4523f500a270d7303652d2a498a237fc06f003d41f4
[INFO] running `Command { std: "docker" "start" "-a" "a9e8f21c186c02116a9da4523f500a270d7303652d2a498a237fc06f003d41f4", kill_on_drop: false }`
[INFO] [stderr]    Compiling proc-macro2 v1.0.9
[INFO] [stderr]    Compiling proc-macro-hack v0.5.14
[INFO] [stderr]    Compiling cc v1.0.50
[INFO] [stderr]    Compiling ahash v0.4.6
[INFO] [stderr]    Compiling unicode-normalization v0.1.12
[INFO] [stderr]    Compiling hashbrown v0.9.1
[INFO] [stderr]    Compiling hashlink v0.6.0
[INFO] [stderr]    Compiling quote v1.0.3
[INFO] [stderr]    Compiling idna v0.2.0
[INFO] [stderr]    Compiling libsqlite3-sys v0.20.1
[INFO] [stderr]    Compiling syn v1.0.17
[INFO] [stderr]    Compiling url v2.1.1
[INFO] [stderr]    Compiling tungstenite v0.10.1
[INFO] [stderr]    Compiling futures-macro v0.3.4
[INFO] [stderr]    Compiling tokio-macros v0.2.5
[INFO] [stderr]    Compiling serde_derive v1.0.106
[INFO] [stderr]    Compiling pin-project-internal v0.4.8
[INFO] [stderr]    Compiling tokio v0.2.13
[INFO] [stderr]    Compiling futures-util v0.3.4
[INFO] [stderr]    Compiling pin-project v0.4.8
[INFO] [stderr]    Compiling rusqlite v0.24.1
[INFO] [stderr]    Compiling futures-executor v0.3.4
[INFO] [stderr]    Compiling tokio-util v0.2.0
[INFO] [stderr]    Compiling futures v0.3.4
[INFO] [stderr]    Compiling tokio-tungstenite v0.10.1
[INFO] [stderr]    Compiling h2 v0.2.3
[INFO] [stderr]    Compiling serde v1.0.106
[INFO] [stderr]    Compiling hyper v0.13.4
[INFO] [stderr]    Compiling serde_json v1.0.48
[INFO] [stderr]    Compiling serde_urlencoded v0.6.1
[INFO] [stderr]    Compiling warp v0.2.2
[INFO] [stderr]    Compiling alexandria-db v0.1.0 (/opt/rustwide/workdir)
[INFO] [stderr]     Finished dev [unoptimized + debuginfo] target(s) in 1m 58s
[INFO] running `Command { std: "docker" "inspect" "a9e8f21c186c02116a9da4523f500a270d7303652d2a498a237fc06f003d41f4", kill_on_drop: false }`
[INFO] running `Command { std: "docker" "rm" "-f" "a9e8f21c186c02116a9da4523f500a270d7303652d2a498a237fc06f003d41f4", kill_on_drop: false }`
[INFO] [stdout] a9e8f21c186c02116a9da4523f500a270d7303652d2a498a237fc06f003d41f4
[INFO] running `Command { std: "docker" "create" "-v" "/var/lib/crater-agent-workspace/builds/worker-6/target:/opt/rustwide/target:rw,Z" "-v" "/var/lib/crater-agent-workspace/builds/worker-6/source:/opt/rustwide/workdir:ro,Z" "-v" "/var/lib/crater-agent-workspace/cargo-home:/opt/rustwide/cargo-home:ro,Z" "-v" "/var/lib/crater-agent-workspace/rustup-home:/opt/rustwide/rustup-home:ro,Z" "-e" "SOURCE_DIR=/opt/rustwide/workdir" "-e" "CARGO_TARGET_DIR=/opt/rustwide/target" "-e" "CARGO_INCREMENTAL=0" "-e" "RUST_BACKTRACE=full" "-e" "RUSTFLAGS=--cap-lints=warn" "-e" "CARGO_HOME=/opt/rustwide/cargo-home" "-e" "RUSTUP_HOME=/opt/rustwide/rustup-home" "-w" "/opt/rustwide/workdir" "-m" "1610612736" "--user" "0:0" "--network" "none" "ghcr.io/rust-lang/crates-build-env/linux@sha256:34b6a614d2c27851fe6cbf88fbd1137609cefab8b10d0615aaeb6fd47975d74e" "/opt/rustwide/cargo-home/bin/cargo" "+beta-2021-08-22" "test" "--frozen" "--no-run" "--message-format=json", kill_on_drop: false }`
[INFO] [stderr] WARNING: Your kernel does not support swap limit capabilities or the cgroup is not mounted. Memory limited without swap.
[INFO] [stdout] 47388e5e057e7185fc4ddf08ad9ee78ce911b541ced331001f76c133c525e636
[INFO] running `Command { std: "docker" "start" "-a" "47388e5e057e7185fc4ddf08ad9ee78ce911b541ced331001f76c133c525e636", kill_on_drop: false }`
[INFO] [stderr]    Compiling alexandria-db v0.1.0 (/opt/rustwide/workdir)
[INFO] [stdout] warning: unused variable: `e`
[INFO] [stdout]    --> src/api/models/book.rs:175:17
[INFO] [stdout]     |
[INFO] [stdout] 175 |             Err(e) => panic!("There should not be any errors!"),
[INFO] [stdout]     |                 ^ help: if this is intentional, prefix it with an underscore: `_e`
[INFO] [stdout]     |
[INFO] [stdout]     = note: `#[warn(unused_variables)]` on by default
[INFO] [stdout] 
[INFO] [stdout] 
[INFO] [stdout] warning: unused variable: `book`
[INFO] [stdout]    --> src/api/models/book.rs:201:20
[INFO] [stdout]     |
[INFO] [stdout] 201 |                 Ok(book) => {}
[INFO] [stdout]     |                    ^^^^ help: if this is intentional, prefix it with an underscore: `_book`
[INFO] [stdout] 
[INFO] [stdout] 
[INFO] [stdout] warning: 2 warnings emitted
[INFO] [stdout] 
[INFO] [stdout] 
[INFO] [stderr]     Finished test [unoptimized + debuginfo] target(s) in 3.98s
[INFO] running `Command { std: "docker" "inspect" "47388e5e057e7185fc4ddf08ad9ee78ce911b541ced331001f76c133c525e636", kill_on_drop: false }`
[INFO] running `Command { std: "docker" "rm" "-f" "47388e5e057e7185fc4ddf08ad9ee78ce911b541ced331001f76c133c525e636", kill_on_drop: false }`
[INFO] [stdout] 47388e5e057e7185fc4ddf08ad9ee78ce911b541ced331001f76c133c525e636
[INFO] running `Command { std: "docker" "create" "-v" "/var/lib/crater-agent-workspace/builds/worker-6/target:/opt/rustwide/target:rw,Z" "-v" "/var/lib/crater-agent-workspace/builds/worker-6/source:/opt/rustwide/workdir:ro,Z" "-v" "/var/lib/crater-agent-workspace/cargo-home:/opt/rustwide/cargo-home:ro,Z" "-v" "/var/lib/crater-agent-workspace/rustup-home:/opt/rustwide/rustup-home:ro,Z" "-e" "SOURCE_DIR=/opt/rustwide/workdir" "-e" "CARGO_TARGET_DIR=/opt/rustwide/target" "-e" "CARGO_INCREMENTAL=0" "-e" "RUST_BACKTRACE=full" "-e" "RUSTFLAGS=--cap-lints=warn" "-e" "CARGO_HOME=/opt/rustwide/cargo-home" "-e" "RUSTUP_HOME=/opt/rustwide/rustup-home" "-w" "/opt/rustwide/workdir" "-m" "1610612736" "--user" "0:0" "--network" "none" "ghcr.io/rust-lang/crates-build-env/linux@sha256:34b6a614d2c27851fe6cbf88fbd1137609cefab8b10d0615aaeb6fd47975d74e" "/opt/rustwide/cargo-home/bin/cargo" "+beta-2021-08-22" "test" "--frozen", kill_on_drop: false }`
[INFO] [stdout] 080010c06850a76eefef744866cb59af003d4f61f6b5b624fd091746023e4ed2
[INFO] [stderr] WARNING: Your kernel does not support swap limit capabilities or the cgroup is not mounted. Memory limited without swap.
[INFO] running `Command { std: "docker" "start" "-a" "080010c06850a76eefef744866cb59af003d4f61f6b5b624fd091746023e4ed2", kill_on_drop: false }`
[INFO] [stderr] warning: unused variable: `e`
[INFO] [stderr]    --> src/api/models/book.rs:175:17
[INFO] [stderr]     |
[INFO] [stderr] 175 |             Err(e) => panic!("There should not be any errors!"),
[INFO] [stderr]     |                 ^ help: if this is intentional, prefix it with an underscore: `_e`
[INFO] [stderr]     |
[INFO] [stderr]     = note: `#[warn(unused_variables)]` on by default
[INFO] [stderr] 
[INFO] [stderr] warning: unused variable: `book`
[INFO] [stderr]    --> src/api/models/book.rs:201:20
[INFO] [stderr]     |
[INFO] [stderr] 201 |                 Ok(book) => {}
[INFO] [stderr]     |                    ^^^^ help: if this is intentional, prefix it with an underscore: `_book`
[INFO] [stderr] 
[INFO] [stderr] warning: `alexandria-db` (bin "alexandria-db" test) generated 2 warnings
[INFO] [stderr]     Finished test [unoptimized + debuginfo] target(s) in 0.12s
[INFO] [stdout] 
[INFO] [stderr]      Running unittests (/opt/rustwide/target/debug/deps/alexandria_db-561730d6d2ed518d)
[INFO] [stdout] running 3 tests
[INFO] [stdout] test api::models::book::tests::convert_json_to_book ... ok
[INFO] [stderr] error: test failed, to rerun pass '--bin alexandria-db'
[INFO] [stdout] test api::models::book::tests::writing_a_book_to_db ... FAILED
[INFO] [stdout] test api::models::book::tests::query_books_from_db ... FAILED
[INFO] [stdout] 
[INFO] [stdout] failures:
[INFO] [stdout] 
[INFO] [stdout] ---- api::models::book::tests::writing_a_book_to_db stdout ----
[INFO] [stdout] Book {
[INFO] [stdout]     id: None,
[INFO] [stdout]     title: "A New Book",
[INFO] [stdout]     author: "JDSeiler-Test",
[INFO] [stdout]     pages: Some(
[INFO] [stdout]         45,
[INFO] [stdout]     ),
[INFO] [stdout]     genre: Some(
[INFO] [stdout]         "Thriller",
[INFO] [stdout]     ),
[INFO] [stdout]     medium: "paper",
[INFO] [stdout]     rating: Some(
[INFO] [stdout]         5,
[INFO] [stdout]     ),
[INFO] [stdout]     notes: None,
[INFO] [stdout] }
[INFO] [stdout] thread 'api::models::book::tests::writing_a_book_to_db' panicked at 'Insert failed with error: SqliteFailure(
[INFO] [stdout]     Error {
[INFO] [stdout]         code: ReadOnly,
[INFO] [stdout]         extended_code: 8,
[INFO] [stdout]     },
[INFO] [stdout]     Some(
[INFO] [stdout]         "attempt to write a readonly database",
[INFO] [stdout]     ),
[INFO] [stdout] )', src/api/models/book.rs:222:23
[INFO] [stdout] stack backtrace:
[INFO] [stdout]    0:     0x55a666f9f310 - std::backtrace_rs::backtrace::libunwind::trace::hff4d1766e93f64f1
[INFO] [stdout]                                at /rustc/bf16ca353c82d9051dbd1a4cfc5a01a1800578e9/library/std/src/../../backtrace/src/backtrace/libunwind.rs:90:5
[INFO] [stdout]    1:     0x55a666f9f310 - std::backtrace_rs::backtrace::trace_unsynchronized::h56bbc8eb78770bcb
[INFO] [stdout]                                at /rustc/bf16ca353c82d9051dbd1a4cfc5a01a1800578e9/library/std/src/../../backtrace/src/backtrace/mod.rs:66:5
[INFO] [stdout]    2:     0x55a666f9f310 - std::sys_common::backtrace::_print_fmt::h5c8e75464faca780
[INFO] [stdout]                                at /rustc/bf16ca353c82d9051dbd1a4cfc5a01a1800578e9/library/std/src/sys_common/backtrace.rs:67:5
[INFO] [stdout]    3:     0x55a666f9f310 - <std::sys_common::backtrace::_print::DisplayBacktrace as core::fmt::Display>::fmt::h48b88277def8b362
[INFO] [stdout]                                at /rustc/bf16ca353c82d9051dbd1a4cfc5a01a1800578e9/library/std/src/sys_common/backtrace.rs:46:22
[INFO] [stdout]    4:     0x55a666fc1c2c - core::fmt::write::h3381b3176fe2b3d3
[INFO] [stdout]                                at /rustc/bf16ca353c82d9051dbd1a4cfc5a01a1800578e9/library/core/src/fmt/mod.rs:1115:17
[INFO] [stdout]    5:     0x55a666f9c205 - std::io::Write::write_fmt::h5f34a676f60246b5
[INFO] [stdout]                                at /rustc/bf16ca353c82d9051dbd1a4cfc5a01a1800578e9/library/std/src/io/mod.rs:1665:15
[INFO] [stdout]    6:     0x55a666fa148b - std::sys_common::backtrace::_print::ha537687d6c17dd0d
[INFO] [stdout]                                at /rustc/bf16ca353c82d9051dbd1a4cfc5a01a1800578e9/library/std/src/sys_common/backtrace.rs:49:5
[INFO] [stdout]    7:     0x55a666fa148b - std::sys_common::backtrace::print::h61376ae57d131d72
[INFO] [stdout]                                at /rustc/bf16ca353c82d9051dbd1a4cfc5a01a1800578e9/library/std/src/sys_common/backtrace.rs:36:9
[INFO] [stdout]    8:     0x55a666fa148b - std::panicking::default_hook::{{closure}}::h0f7208c0b9644a54
[INFO] [stdout]                                at /rustc/bf16ca353c82d9051dbd1a4cfc5a01a1800578e9/library/std/src/panicking.rs:208:50
[INFO] [stdout]    9:     0x55a666fa0f9c - std::panicking::default_hook::hdac7fc06578c14ce
[INFO] [stdout]                                at /rustc/bf16ca353c82d9051dbd1a4cfc5a01a1800578e9/library/std/src/panicking.rs:222:9
[INFO] [stdout]   10:     0x55a666fa1b54 - std::panicking::rust_panic_with_hook::h72b21c283da3d1ef
[INFO] [stdout]                                at /rustc/bf16ca353c82d9051dbd1a4cfc5a01a1800578e9/library/std/src/panicking.rs:622:17
[INFO] [stdout]   11:     0x55a666fa1637 - std::panicking::begin_panic_handler::{{closure}}::he5778f1729cff84a
[INFO] [stdout]                                at /rustc/bf16ca353c82d9051dbd1a4cfc5a01a1800578e9/library/std/src/panicking.rs:519:13
[INFO] [stdout]   12:     0x55a666f9f7ec - std::sys_common::backtrace::__rust_end_short_backtrace::h2d11ca8b453b4b1d
[INFO] [stdout]                                at /rustc/bf16ca353c82d9051dbd1a4cfc5a01a1800578e9/library/std/src/sys_common/backtrace.rs:141:18
[INFO] [stdout]   13:     0x55a666fa1599 - rust_begin_unwind
[INFO] [stdout]                                at /rustc/bf16ca353c82d9051dbd1a4cfc5a01a1800578e9/library/std/src/panicking.rs:515:5
[INFO] [stdout]   14:     0x55a666de0e5b - std::panicking::begin_panic_fmt::h746518bde832d259
[INFO] [stdout]                                at /rustc/bf16ca353c82d9051dbd1a4cfc5a01a1800578e9/library/std/src/panicking.rs:457:5
[INFO] [stdout]   15:     0x55a666deec46 - alexandria_db::api::models::book::tests::writing_a_book_to_db::hb511836b7fff9834
[INFO] [stdout]                                at /opt/rustwide/workdir/src/api/models/book.rs:222:23
[INFO] [stdout]   16:     0x55a666dee7fa - alexandria_db::api::models::book::tests::writing_a_book_to_db::{{closure}}::h443455652d984f33
[INFO] [stdout]                                at /opt/rustwide/workdir/src/api/models/book.rs:208:5
[INFO] [stdout]   17:     0x55a666df0a2e - core::ops::function::FnOnce::call_once::h5099414cfff64fd1
[INFO] [stdout]                                at /rustc/bf16ca353c82d9051dbd1a4cfc5a01a1800578e9/library/core/src/ops/function.rs:227:5
[INFO] [stdout]   18:     0x55a666e24213 - core::ops::function::FnOnce::call_once::hbb52c4519d3137b0
[INFO] [stdout]                                at /rustc/bf16ca353c82d9051dbd1a4cfc5a01a1800578e9/library/core/src/ops/function.rs:227:5
[INFO] [stdout]   19:     0x55a666e24213 - test::__rust_begin_short_backtrace::h86fe3a2a5a5121af
[INFO] [stdout]                                at /rustc/bf16ca353c82d9051dbd1a4cfc5a01a1800578e9/library/test/src/lib.rs:578:5
[INFO] [stdout]   20:     0x55a666e22cc8 - <alloc::boxed::Box<F,A> as core::ops::function::FnOnce<Args>>::call_once::hfd956bc3d57399be
[INFO] [stdout]                                at /rustc/bf16ca353c82d9051dbd1a4cfc5a01a1800578e9/library/alloc/src/boxed.rs:1572:9
[INFO] [stdout]   21:     0x55a666e22cc8 - <std::panic::AssertUnwindSafe<F> as core::ops::function::FnOnce<()>>::call_once::h40dc93e0ddb5938a
[INFO] [stdout]                                at /rustc/bf16ca353c82d9051dbd1a4cfc5a01a1800578e9/library/std/src/panic.rs:347:9
[INFO] [stdout]   22:     0x55a666e22cc8 - std::panicking::try::do_call::h90d07750cb47c562
[INFO] [stdout]                                at /rustc/bf16ca353c82d9051dbd1a4cfc5a01a1800578e9/library/std/src/panicking.rs:401:40
[INFO] [stdout]   23:     0x55a666e22cc8 - std::panicking::try::h063c84733ad2a629
[INFO] [stdout]                                at /rustc/bf16ca353c82d9051dbd1a4cfc5a01a1800578e9/library/std/src/panicking.rs:365:19
[INFO] [stdout]   24:     0x55a666e22cc8 - std::panic::catch_unwind::h0c464836a84e7c08
[INFO] [stdout]                                at /rustc/bf16ca353c82d9051dbd1a4cfc5a01a1800578e9/library/std/src/panic.rs:434:14
[INFO] [stdout]   25:     0x55a666e22cc8 - test::run_test_in_process::h5cb06ef620b157fc
[INFO] [stdout]                                at /rustc/bf16ca353c82d9051dbd1a4cfc5a01a1800578e9/library/test/src/lib.rs:601:18
[INFO] [stdout]   26:     0x55a666e22cc8 - test::run_test::run_test_inner::{{closure}}::h76f677f4b93f9828
[INFO] [stdout]                                at /rustc/bf16ca353c82d9051dbd1a4cfc5a01a1800578e9/library/test/src/lib.rs:493:39
[INFO] [stdout]   27:     0x55a666df145d - test::run_test::run_test_inner::{{closure}}::h366d01fe04f4d67a
[INFO] [stdout]                                at /rustc/bf16ca353c82d9051dbd1a4cfc5a01a1800578e9/library/test/src/lib.rs:520:37
[INFO] [stdout]   28:     0x55a666df145d - std::sys_common::backtrace::__rust_begin_short_backtrace::h7dfa0de4eb395af2
[INFO] [stdout]                                at /rustc/bf16ca353c82d9051dbd1a4cfc5a01a1800578e9/library/std/src/sys_common/backtrace.rs:125:18
[INFO] [stdout]   29:     0x55a666df5c28 - std::thread::Builder::spawn_unchecked::{{closure}}::{{closure}}::hf0a74bb58798037f
[INFO] [stdout]                                at /rustc/bf16ca353c82d9051dbd1a4cfc5a01a1800578e9/library/std/src/thread/mod.rs:476:17
[INFO] [stdout]   30:     0x55a666df5c28 - <std::panic::AssertUnwindSafe<F> as core::ops::function::FnOnce<()>>::call_once::hb024e854818586ac
[INFO] [stdout]                                at /rustc/bf16ca353c82d9051dbd1a4cfc5a01a1800578e9/library/std/src/panic.rs:347:9
[INFO] [stdout]   31:     0x55a666df5c28 - std::panicking::try::do_call::hb2dd9f1d0d48e41d
[INFO] [stdout]                                at /rustc/bf16ca353c82d9051dbd1a4cfc5a01a1800578e9/library/std/src/panicking.rs:401:40
[INFO] [stdout]   32:     0x55a666df5c28 - std::panicking::try::h4717ae7bac8b2bf3
[INFO] [stdout]                                at /rustc/bf16ca353c82d9051dbd1a4cfc5a01a1800578e9/library/std/src/panicking.rs:365:19
[INFO] [stdout]   33:     0x55a666df5c28 - std::panic::catch_unwind::h0dc8a061326ce8d8
[INFO] [stdout]                                at /rustc/bf16ca353c82d9051dbd1a4cfc5a01a1800578e9/library/std/src/panic.rs:434:14
[INFO] [stdout]   34:     0x55a666df5c28 - std::thread::Builder::spawn_unchecked::{{closure}}::haa369e2d6fd00aa1
[INFO] [stdout]                                at /rustc/bf16ca353c82d9051dbd1a4cfc5a01a1800578e9/library/std/src/thread/mod.rs:475:30
[INFO] [stdout]   35:     0x55a666df5c28 - core::ops::function::FnOnce::call_once{{vtable.shim}}::h36dcf3de8b056f17
[INFO] [stdout]                                at /rustc/bf16ca353c82d9051dbd1a4cfc5a01a1800578e9/library/core/src/ops/function.rs:227:5
[INFO] [stdout]   36:     0x55a666fa66c7 - <alloc::boxed::Box<F,A> as core::ops::function::FnOnce<Args>>::call_once::h65c29e4642be2358
[INFO] [stdout]                                at /rustc/bf16ca353c82d9051dbd1a4cfc5a01a1800578e9/library/alloc/src/boxed.rs:1572:9
[INFO] [stdout]   37:     0x55a666fa66c7 - <alloc::boxed::Box<F,A> as core::ops::function::FnOnce<Args>>::call_once::hd0f8f7fbbd9fffbf
[INFO] [stdout]                                at /rustc/bf16ca353c82d9051dbd1a4cfc5a01a1800578e9/library/alloc/src/boxed.rs:1572:9
[INFO] [stdout]   38:     0x55a666fa66c7 - std::sys::unix::thread::Thread::new::thread_start::h2fd22fee3ca77b65
[INFO] [stdout]                                at /rustc/bf16ca353c82d9051dbd1a4cfc5a01a1800578e9/library/std/src/sys/unix/thread.rs:74:17
[INFO] [stdout]   39:     0x7f91e6bf2609 - start_thread
[INFO] [stdout]   40:     0x7f91e69ca293 - clone
[INFO] [stdout]   41:                0x0 - <unknown>
[INFO] [stdout] 
[INFO] [stdout] ---- api::models::book::tests::query_books_from_db stdout ----
[INFO] [stdout] thread 'api::models::book::tests::query_books_from_db' panicked at 'A query on the database for id 1 failed: QueryReturnedNoRows', src/api/models/book.rs:202:27
[INFO] [stdout] stack backtrace:
[INFO] [stdout]    0:     0x55a666f9f310 - std::backtrace_rs::backtrace::libunwind::trace::hff4d1766e93f64f1
[INFO] [stdout]                                at /rustc/bf16ca353c82d9051dbd1a4cfc5a01a1800578e9/library/std/src/../../backtrace/src/backtrace/libunwind.rs:90:5
[INFO] [stdout]    1:     0x55a666f9f310 - std::backtrace_rs::backtrace::trace_unsynchronized::h56bbc8eb78770bcb
[INFO] [stdout]                                at /rustc/bf16ca353c82d9051dbd1a4cfc5a01a1800578e9/library/std/src/../../backtrace/src/backtrace/mod.rs:66:5
[INFO] [stdout]    2:     0x55a666f9f310 - std::sys_common::backtrace::_print_fmt::h5c8e75464faca780
[INFO] [stdout]                                at /rustc/bf16ca353c82d9051dbd1a4cfc5a01a1800578e9/library/std/src/sys_common/backtrace.rs:67:5
[INFO] [stdout]    3:     0x55a666f9f310 - <std::sys_common::backtrace::_print::DisplayBacktrace as core::fmt::Display>::fmt::h48b88277def8b362
[INFO] [stdout]                                at /rustc/bf16ca353c82d9051dbd1a4cfc5a01a1800578e9/library/std/src/sys_common/backtrace.rs:46:22
[INFO] [stdout]    4:     0x55a666fc1c2c - core::fmt::write::h3381b3176fe2b3d3
[INFO] [stdout]                                at /rustc/bf16ca353c82d9051dbd1a4cfc5a01a1800578e9/library/core/src/fmt/mod.rs:1115:17
[INFO] [stdout]    5:     0x55a666f9c205 - std::io::Write::write_fmt::h5f34a676f60246b5
[INFO] [stdout]                                at /rustc/bf16ca353c82d9051dbd1a4cfc5a01a1800578e9/library/std/src/io/mod.rs:1665:15
[INFO] [stdout]    6:     0x55a666fa148b - std::sys_common::backtrace::_print::ha537687d6c17dd0d
[INFO] [stdout]                                at /rustc/bf16ca353c82d9051dbd1a4cfc5a01a1800578e9/library/std/src/sys_common/backtrace.rs:49:5
[INFO] [stdout]    7:     0x55a666fa148b - std::sys_common::backtrace::print::h61376ae57d131d72
[INFO] [stdout]                                at /rustc/bf16ca353c82d9051dbd1a4cfc5a01a1800578e9/library/std/src/sys_common/backtrace.rs:36:9
[INFO] [stdout]    8:     0x55a666fa148b - std::panicking::default_hook::{{closure}}::h0f7208c0b9644a54
[INFO] [stdout]                                at /rustc/bf16ca353c82d9051dbd1a4cfc5a01a1800578e9/library/std/src/panicking.rs:208:50
[INFO] [stdout]    9:     0x55a666fa0f9c - std::panicking::default_hook::hdac7fc06578c14ce
[INFO] [stdout]                                at /rustc/bf16ca353c82d9051dbd1a4cfc5a01a1800578e9/library/std/src/panicking.rs:222:9
[INFO] [stdout]   10:     0x55a666fa1b54 - std::panicking::rust_panic_with_hook::h72b21c283da3d1ef
[INFO] [stdout]                                at /rustc/bf16ca353c82d9051dbd1a4cfc5a01a1800578e9/library/std/src/panicking.rs:622:17
[INFO] [stdout]   11:     0x55a666fa1637 - std::panicking::begin_panic_handler::{{closure}}::he5778f1729cff84a
[INFO] [stdout]                                at /rustc/bf16ca353c82d9051dbd1a4cfc5a01a1800578e9/library/std/src/panicking.rs:519:13
[INFO] [stdout]   12:     0x55a666f9f7ec - std::sys_common::backtrace::__rust_end_short_backtrace::h2d11ca8b453b4b1d
[INFO] [stdout]                                at /rustc/bf16ca353c82d9051dbd1a4cfc5a01a1800578e9/library/std/src/sys_common/backtrace.rs:141:18
[INFO] [stdout]   13:     0x55a666fa1599 - rust_begin_unwind
[INFO] [stdout]                                at /rustc/bf16ca353c82d9051dbd1a4cfc5a01a1800578e9/library/std/src/panicking.rs:515:5
[INFO] [stdout]   14:     0x55a666de0e5b - std::panicking::begin_panic_fmt::h746518bde832d259
[INFO] [stdout]                                at /rustc/bf16ca353c82d9051dbd1a4cfc5a01a1800578e9/library/std/src/panicking.rs:457:5
[INFO] [stdout]   15:     0x55a666dee7d3 - alexandria_db::api::models::book::tests::query_books_from_db::h7d3cf4cb3a176a25
[INFO] [stdout]                                at /opt/rustwide/workdir/src/api/models/book.rs:202:27
[INFO] [stdout]   16:     0x55a666dee58a - alexandria_db::api::models::book::tests::query_books_from_db::{{closure}}::h2f89b3d2524abf6e
[INFO] [stdout]                                at /opt/rustwide/workdir/src/api/models/book.rs:197:5
[INFO] [stdout]   17:     0x55a666df0ade - core::ops::function::FnOnce::call_once::hb3a465a368e6b220
[INFO] [stdout]                                at /rustc/bf16ca353c82d9051dbd1a4cfc5a01a1800578e9/library/core/src/ops/function.rs:227:5
[INFO] [stdout]   18:     0x55a666e24213 - core::ops::function::FnOnce::call_once::hbb52c4519d3137b0
[INFO] [stdout]                                at /rustc/bf16ca353c82d9051dbd1a4cfc5a01a1800578e9/library/core/src/ops/function.rs:227:5
[INFO] [stdout]   19:     0x55a666e24213 - test::__rust_begin_short_backtrace::h86fe3a2a5a5121af
[INFO] [stdout]                                at /rustc/bf16ca353c82d9051dbd1a4cfc5a01a1800578e9/library/test/src/lib.rs:578:5
[INFO] [stdout]   20:     0x55a666e22cc8 - <alloc::boxed::Box<F,A> as core::ops::function::FnOnce<Args>>::call_once::hfd956bc3d57399be
[INFO] [stdout]                                at /rustc/bf16ca353c82d9051dbd1a4cfc5a01a1800578e9/library/alloc/src/boxed.rs:1572:9
[INFO] [stdout]   21:     0x55a666e22cc8 - <std::panic::AssertUnwindSafe<F> as core::ops::function::FnOnce<()>>::call_once::h40dc93e0ddb5938a
[INFO] [stdout]                                at /rustc/bf16ca353c82d9051dbd1a4cfc5a01a1800578e9/library/std/src/panic.rs:347:9
[INFO] [stdout]   22:     0x55a666e22cc8 - std::panicking::try::do_call::h90d07750cb47c562
[INFO] [stdout]                                at /rustc/bf16ca353c82d9051dbd1a4cfc5a01a1800578e9/library/std/src/panicking.rs:401:40
[INFO] [stdout]   23:     0x55a666e22cc8 - std::panicking::try::h063c84733ad2a629
[INFO] [stdout]                                at /rustc/bf16ca353c82d9051dbd1a4cfc5a01a1800578e9/library/std/src/panicking.rs:365:19
[INFO] [stdout]   24:     0x55a666e22cc8 - std::panic::catch_unwind::h0c464836a84e7c08
[INFO] [stdout]                                at /rustc/bf16ca353c82d9051dbd1a4cfc5a01a1800578e9/library/std/src/panic.rs:434:14
[INFO] [stdout]   25:     0x55a666e22cc8 - test::run_test_in_process::h5cb06ef620b157fc
[INFO] [stdout]                                at /rustc/bf16ca353c82d9051dbd1a4cfc5a01a1800578e9/library/test/src/lib.rs:601:18
[INFO] [stdout]   26:     0x55a666e22cc8 - test::run_test::run_test_inner::{{closure}}::h76f677f4b93f9828
[INFO] [stdout]                                at /rustc/bf16ca353c82d9051dbd1a4cfc5a01a1800578e9/library/test/src/lib.rs:493:39
[INFO] [stdout]   27:     0x55a666df145d - test::run_test::run_test_inner::{{closure}}::h366d01fe04f4d67a
[INFO] [stdout]                                at /rustc/bf16ca353c82d9051dbd1a4cfc5a01a1800578e9/library/test/src/lib.rs:520:37
[INFO] [stdout]   28:     0x55a666df145d - std::sys_common::backtrace::__rust_begin_short_backtrace::h7dfa0de4eb395af2
[INFO] [stdout]                                at /rustc/bf16ca353c82d9051dbd1a4cfc5a01a1800578e9/library/std/src/sys_common/backtrace.rs:125:18
[INFO] [stdout]   29:     0x55a666df5c28 - std::thread::Builder::spawn_unchecked::{{closure}}::{{closure}}::hf0a74bb58798037f
[INFO] [stdout]                                at /rustc/bf16ca353c82d9051dbd1a4cfc5a01a1800578e9/library/std/src/thread/mod.rs:476:17
[INFO] [stdout]   30:     0x55a666df5c28 - <std::panic::AssertUnwindSafe<F> as core::ops::function::FnOnce<()>>::call_once::hb024e854818586ac
[INFO] [stdout]                                at /rustc/bf16ca353c82d9051dbd1a4cfc5a01a1800578e9/library/std/src/panic.rs:347:9
[INFO] [stdout]   31:     0x55a666df5c28 - std::panicking::try::do_call::hb2dd9f1d0d48e41d
[INFO] [stdout]                                at /rustc/bf16ca353c82d9051dbd1a4cfc5a01a1800578e9/library/std/src/panicking.rs:401:40
[INFO] [stdout]   32:     0x55a666df5c28 - std::panicking::try::h4717ae7bac8b2bf3
[INFO] [stdout]                                at /rustc/bf16ca353c82d9051dbd1a4cfc5a01a1800578e9/library/std/src/panicking.rs:365:19
[INFO] [stdout]   33:     0x55a666df5c28 - std::panic::catch_unwind::h0dc8a061326ce8d8
[INFO] [stdout]                                at /rustc/bf16ca353c82d9051dbd1a4cfc5a01a1800578e9/library/std/src/panic.rs:434:14
[INFO] [stdout]   34:     0x55a666df5c28 - std::thread::Builder::spawn_unchecked::{{closure}}::haa369e2d6fd00aa1
[INFO] [stdout]                                at /rustc/bf16ca353c82d9051dbd1a4cfc5a01a1800578e9/library/std/src/thread/mod.rs:475:30
[INFO] [stdout]   35:     0x55a666df5c28 - core::ops::function::FnOnce::call_once{{vtable.shim}}::h36dcf3de8b056f17
[INFO] [stdout]                                at /rustc/bf16ca353c82d9051dbd1a4cfc5a01a1800578e9/library/core/src/ops/function.rs:227:5
[INFO] [stdout]   36:     0x55a666fa66c7 - <alloc::boxed::Box<F,A> as core::ops::function::FnOnce<Args>>::call_once::h65c29e4642be2358
[INFO] [stdout]                                at /rustc/bf16ca353c82d9051dbd1a4cfc5a01a1800578e9/library/alloc/src/boxed.rs:1572:9
[INFO] [stdout]   37:     0x55a666fa66c7 - <alloc::boxed::Box<F,A> as core::ops::function::FnOnce<Args>>::call_once::hd0f8f7fbbd9fffbf
[INFO] [stdout]                                at /rustc/bf16ca353c82d9051dbd1a4cfc5a01a1800578e9/library/alloc/src/boxed.rs:1572:9
[INFO] [stdout]   38:     0x55a666fa66c7 - std::sys::unix::thread::Thread::new::thread_start::h2fd22fee3ca77b65
[INFO] [stdout]                                at /rustc/bf16ca353c82d9051dbd1a4cfc5a01a1800578e9/library/std/src/sys/unix/thread.rs:74:17
[INFO] [stdout]   39:     0x7f91e6bf2609 - start_thread
[INFO] [stdout]   40:     0x7f91e69ca293 - clone
[INFO] [stdout]   41:                0x0 - <unknown>
[INFO] [stdout] 
[INFO] [stdout] 
[INFO] [stdout] failures:
[INFO] [stdout]     api::models::book::tests::query_books_from_db
[INFO] [stdout]     api::models::book::tests::writing_a_book_to_db
[INFO] [stdout] 
[INFO] [stdout] test result: FAILED. 1 passed; 2 failed; 0 ignored; 0 measured; 0 filtered out; finished in 0.12s
[INFO] [stdout] 
[INFO] running `Command { std: "docker" "inspect" "080010c06850a76eefef744866cb59af003d4f61f6b5b624fd091746023e4ed2", kill_on_drop: false }`
[INFO] running `Command { std: "docker" "rm" "-f" "080010c06850a76eefef744866cb59af003d4f61f6b5b624fd091746023e4ed2", kill_on_drop: false }`
[INFO] [stdout] 080010c06850a76eefef744866cb59af003d4f61f6b5b624fd091746023e4ed2
