[INFO] fetching crate remove_dir_all 0.7.0...
[INFO] testing remove_dir_all-0.7.0 against beta-2021-08-22 for beta-1.55-2
[INFO] extracting crate remove_dir_all 0.7.0 into /workspace/builds/worker-1/source
[INFO] validating manifest of crates.io crate remove_dir_all 0.7.0 on toolchain beta-2021-08-22
[INFO] running `Command { std: "/workspace/cargo-home/bin/cargo" "+beta-2021-08-22" "metadata" "--manifest-path" "Cargo.toml" "--no-deps", kill_on_drop: false }`
[INFO] started tweaking crates.io crate remove_dir_all 0.7.0
[INFO] finished tweaking crates.io crate remove_dir_all 0.7.0
[INFO] tweaked toml for crates.io crate remove_dir_all 0.7.0 written to /workspace/builds/worker-1/source/Cargo.toml
[INFO] running `Command { std: "/workspace/cargo-home/bin/cargo" "+beta-2021-08-22" "generate-lockfile" "--manifest-path" "Cargo.toml" "-Zno-index-update", kill_on_drop: false }`
[INFO] running `Command { std: "/workspace/cargo-home/bin/cargo" "+beta-2021-08-22" "fetch" "--manifest-path" "Cargo.toml", kill_on_drop: false }`
[INFO] running `Command { std: "docker" "create" "-v" "/var/lib/crater-agent-workspace/builds/worker-1/target:/opt/rustwide/target:rw,Z" "-v" "/var/lib/crater-agent-workspace/builds/worker-1/source:/opt/rustwide/workdir:ro,Z" "-v" "/var/lib/crater-agent-workspace/cargo-home:/opt/rustwide/cargo-home:ro,Z" "-v" "/var/lib/crater-agent-workspace/rustup-home:/opt/rustwide/rustup-home:ro,Z" "-e" "SOURCE_DIR=/opt/rustwide/workdir" "-e" "CARGO_TARGET_DIR=/opt/rustwide/target" "-e" "CARGO_HOME=/opt/rustwide/cargo-home" "-e" "RUSTUP_HOME=/opt/rustwide/rustup-home" "-w" "/opt/rustwide/workdir" "-m" "1610612736" "--user" "0:0" "--network" "none" "ghcr.io/rust-lang/crates-build-env/linux@sha256:34b6a614d2c27851fe6cbf88fbd1137609cefab8b10d0615aaeb6fd47975d74e" "/opt/rustwide/cargo-home/bin/cargo" "+beta-2021-08-22" "metadata" "--no-deps" "--format-version=1", kill_on_drop: false }`
[INFO] [stderr] WARNING: Your kernel does not support swap limit capabilities or the cgroup is not mounted. Memory limited without swap.
[INFO] [stdout] cbdb69fea142144c4c07a0715a576d29f6709b4468f9538e6fde92ad75c72d22
[INFO] running `Command { std: "docker" "start" "-a" "cbdb69fea142144c4c07a0715a576d29f6709b4468f9538e6fde92ad75c72d22", kill_on_drop: false }`
[INFO] running `Command { std: "docker" "inspect" "cbdb69fea142144c4c07a0715a576d29f6709b4468f9538e6fde92ad75c72d22", kill_on_drop: false }`
[INFO] running `Command { std: "docker" "rm" "-f" "cbdb69fea142144c4c07a0715a576d29f6709b4468f9538e6fde92ad75c72d22", kill_on_drop: false }`
[INFO] [stdout] cbdb69fea142144c4c07a0715a576d29f6709b4468f9538e6fde92ad75c72d22
[INFO] running `Command { std: "docker" "create" "-v" "/var/lib/crater-agent-workspace/builds/worker-1/target:/opt/rustwide/target:rw,Z" "-v" "/var/lib/crater-agent-workspace/builds/worker-1/source:/opt/rustwide/workdir:ro,Z" "-v" "/var/lib/crater-agent-workspace/cargo-home:/opt/rustwide/cargo-home:ro,Z" "-v" "/var/lib/crater-agent-workspace/rustup-home:/opt/rustwide/rustup-home:ro,Z" "-e" "SOURCE_DIR=/opt/rustwide/workdir" "-e" "CARGO_TARGET_DIR=/opt/rustwide/target" "-e" "CARGO_INCREMENTAL=0" "-e" "RUST_BACKTRACE=full" "-e" "RUSTFLAGS=--cap-lints=warn" "-e" "CARGO_HOME=/opt/rustwide/cargo-home" "-e" "RUSTUP_HOME=/opt/rustwide/rustup-home" "-w" "/opt/rustwide/workdir" "-m" "1610612736" "--user" "0:0" "--network" "none" "ghcr.io/rust-lang/crates-build-env/linux@sha256:34b6a614d2c27851fe6cbf88fbd1137609cefab8b10d0615aaeb6fd47975d74e" "/opt/rustwide/cargo-home/bin/cargo" "+beta-2021-08-22" "build" "--frozen" "--message-format=json", kill_on_drop: false }`
[INFO] [stdout] 3cf51955d84405e54c2e4161c755358256c93d5548833213c724d6f1bbab72f3
[INFO] [stderr] WARNING: Your kernel does not support swap limit capabilities or the cgroup is not mounted. Memory limited without swap.
[INFO] running `Command { std: "docker" "start" "-a" "3cf51955d84405e54c2e4161c755358256c93d5548833213c724d6f1bbab72f3", kill_on_drop: false }`
[INFO] [stderr]    Compiling remove_dir_all v0.7.0 (/opt/rustwide/workdir)
[INFO] [stderr]     Finished dev [unoptimized + debuginfo] target(s) in 0.45s
[INFO] running `Command { std: "docker" "inspect" "3cf51955d84405e54c2e4161c755358256c93d5548833213c724d6f1bbab72f3", kill_on_drop: false }`
[INFO] running `Command { std: "docker" "rm" "-f" "3cf51955d84405e54c2e4161c755358256c93d5548833213c724d6f1bbab72f3", kill_on_drop: false }`
[INFO] [stdout] 3cf51955d84405e54c2e4161c755358256c93d5548833213c724d6f1bbab72f3
[INFO] running `Command { std: "docker" "create" "-v" "/var/lib/crater-agent-workspace/builds/worker-1/target:/opt/rustwide/target:rw,Z" "-v" "/var/lib/crater-agent-workspace/builds/worker-1/source:/opt/rustwide/workdir:ro,Z" "-v" "/var/lib/crater-agent-workspace/cargo-home:/opt/rustwide/cargo-home:ro,Z" "-v" "/var/lib/crater-agent-workspace/rustup-home:/opt/rustwide/rustup-home:ro,Z" "-e" "SOURCE_DIR=/opt/rustwide/workdir" "-e" "CARGO_TARGET_DIR=/opt/rustwide/target" "-e" "CARGO_INCREMENTAL=0" "-e" "RUST_BACKTRACE=full" "-e" "RUSTFLAGS=--cap-lints=warn" "-e" "CARGO_HOME=/opt/rustwide/cargo-home" "-e" "RUSTUP_HOME=/opt/rustwide/rustup-home" "-w" "/opt/rustwide/workdir" "-m" "1610612736" "--user" "0:0" "--network" "none" "ghcr.io/rust-lang/crates-build-env/linux@sha256:34b6a614d2c27851fe6cbf88fbd1137609cefab8b10d0615aaeb6fd47975d74e" "/opt/rustwide/cargo-home/bin/cargo" "+beta-2021-08-22" "test" "--frozen" "--no-run" "--message-format=json", kill_on_drop: false }`
[INFO] [stdout] 6a002ca0dcd350532079fc4f1fd82bf6002c6f8715da7cde6c7198f49d8494f0
[INFO] [stderr] WARNING: Your kernel does not support swap limit capabilities or the cgroup is not mounted. Memory limited without swap.
[INFO] running `Command { std: "docker" "start" "-a" "6a002ca0dcd350532079fc4f1fd82bf6002c6f8715da7cde6c7198f49d8494f0", kill_on_drop: false }`
[INFO] [stderr]    Compiling memchr v2.4.1
[INFO] [stderr]    Compiling regex-syntax v0.6.25
[INFO] [stderr]    Compiling doc-comment v0.3.3
[INFO] [stderr]    Compiling humantime v2.1.0
[INFO] [stderr]    Compiling atty v0.2.14
[INFO] [stderr]    Compiling aho-corasick v0.7.18
[INFO] [stderr]    Compiling regex v1.5.4
[INFO] [stderr]    Compiling env_logger v0.8.4
[INFO] [stderr]    Compiling remove_dir_all v0.7.0 (/opt/rustwide/workdir)
[INFO] [stderr]     Finished test [unoptimized + debuginfo] target(s) in 19.95s
[INFO] running `Command { std: "docker" "inspect" "6a002ca0dcd350532079fc4f1fd82bf6002c6f8715da7cde6c7198f49d8494f0", kill_on_drop: false }`
[INFO] running `Command { std: "docker" "rm" "-f" "6a002ca0dcd350532079fc4f1fd82bf6002c6f8715da7cde6c7198f49d8494f0", kill_on_drop: false }`
[INFO] [stdout] 6a002ca0dcd350532079fc4f1fd82bf6002c6f8715da7cde6c7198f49d8494f0
[INFO] running `Command { std: "docker" "create" "-v" "/var/lib/crater-agent-workspace/builds/worker-1/target:/opt/rustwide/target:rw,Z" "-v" "/var/lib/crater-agent-workspace/builds/worker-1/source:/opt/rustwide/workdir:ro,Z" "-v" "/var/lib/crater-agent-workspace/cargo-home:/opt/rustwide/cargo-home:ro,Z" "-v" "/var/lib/crater-agent-workspace/rustup-home:/opt/rustwide/rustup-home:ro,Z" "-e" "SOURCE_DIR=/opt/rustwide/workdir" "-e" "CARGO_TARGET_DIR=/opt/rustwide/target" "-e" "CARGO_INCREMENTAL=0" "-e" "RUST_BACKTRACE=full" "-e" "RUSTFLAGS=--cap-lints=warn" "-e" "CARGO_HOME=/opt/rustwide/cargo-home" "-e" "RUSTUP_HOME=/opt/rustwide/rustup-home" "-w" "/opt/rustwide/workdir" "-m" "1610612736" "--user" "0:0" "--network" "none" "ghcr.io/rust-lang/crates-build-env/linux@sha256:34b6a614d2c27851fe6cbf88fbd1137609cefab8b10d0615aaeb6fd47975d74e" "/opt/rustwide/cargo-home/bin/cargo" "+beta-2021-08-22" "test" "--frozen", kill_on_drop: false }`
[INFO] [stdout] 01aca088db2d21f2526b238e054035995bd87803ccc035f4400998d77ed5cf98
[INFO] [stderr] WARNING: Your kernel does not support swap limit capabilities or the cgroup is not mounted. Memory limited without swap.
[INFO] running `Command { std: "docker" "start" "-a" "01aca088db2d21f2526b238e054035995bd87803ccc035f4400998d77ed5cf98", kill_on_drop: false }`
[INFO] [stderr]     Finished test [unoptimized + debuginfo] target(s) in 0.07s
[INFO] [stdout] 
[INFO] [stderr]      Running unittests (/opt/rustwide/target/debug/deps/remove_dir_all-495db0b7cd2f0af7)
[INFO] [stdout] running 2 tests
[INFO] [stderr] error: test failed, to rerun pass '--lib'
[INFO] [stdout] test portable::test::ensure_rm ... FAILED
[INFO] [stdout] test portable::test::mkdir_rm ... FAILED
[INFO] [stdout] 
[INFO] [stdout] failures:
[INFO] [stdout] 
[INFO] [stdout] ---- portable::test::ensure_rm stdout ----
[INFO] [stdout] Error: Os { code: 20, kind: NotADirectory, message: "Not a directory" }
[INFO] [stdout] thread 'portable::test::ensure_rm' panicked at 'assertion failed: `(left == right)`
[INFO] [stdout]   left: `1`,
[INFO] [stdout]  right: `0`: the test returned a termination value with a non-zero status code (1) which indicates a failure', /rustc/bf16ca353c82d9051dbd1a4cfc5a01a1800578e9/library/test/src/lib.rs:194:5
[INFO] [stdout] stack backtrace:
[INFO] [stdout]    0:     0x5574949fd4a0 - std::backtrace_rs::backtrace::libunwind::trace::hff4d1766e93f64f1
[INFO] [stdout]                                at /rustc/bf16ca353c82d9051dbd1a4cfc5a01a1800578e9/library/std/src/../../backtrace/src/backtrace/libunwind.rs:90:5
[INFO] [stdout]    1:     0x5574949fd4a0 - std::backtrace_rs::backtrace::trace_unsynchronized::h56bbc8eb78770bcb
[INFO] [stdout]                                at /rustc/bf16ca353c82d9051dbd1a4cfc5a01a1800578e9/library/std/src/../../backtrace/src/backtrace/mod.rs:66:5
[INFO] [stdout]    2:     0x5574949fd4a0 - std::sys_common::backtrace::_print_fmt::h5c8e75464faca780
[INFO] [stdout]                                at /rustc/bf16ca353c82d9051dbd1a4cfc5a01a1800578e9/library/std/src/sys_common/backtrace.rs:67:5
[INFO] [stdout]    3:     0x5574949fd4a0 - <std::sys_common::backtrace::_print::DisplayBacktrace as core::fmt::Display>::fmt::h48b88277def8b362
[INFO] [stdout]                                at /rustc/bf16ca353c82d9051dbd1a4cfc5a01a1800578e9/library/std/src/sys_common/backtrace.rs:46:22
[INFO] [stdout]    4:     0x557494a20cac - core::fmt::write::h3381b3176fe2b3d3
[INFO] [stdout]                                at /rustc/bf16ca353c82d9051dbd1a4cfc5a01a1800578e9/library/core/src/fmt/mod.rs:1115:17
[INFO] [stdout]    5:     0x5574949fa1e5 - std::io::Write::write_fmt::h5f34a676f60246b5
[INFO] [stdout]                                at /rustc/bf16ca353c82d9051dbd1a4cfc5a01a1800578e9/library/std/src/io/mod.rs:1665:15
[INFO] [stdout]    6:     0x5574949ffaab - std::sys_common::backtrace::_print::ha537687d6c17dd0d
[INFO] [stdout]                                at /rustc/bf16ca353c82d9051dbd1a4cfc5a01a1800578e9/library/std/src/sys_common/backtrace.rs:49:5
[INFO] [stdout]    7:     0x5574949ffaab - std::sys_common::backtrace::print::h61376ae57d131d72
[INFO] [stdout]                                at /rustc/bf16ca353c82d9051dbd1a4cfc5a01a1800578e9/library/std/src/sys_common/backtrace.rs:36:9
[INFO] [stdout]    8:     0x5574949ffaab - std::panicking::default_hook::{{closure}}::h0f7208c0b9644a54
[INFO] [stdout]                                at /rustc/bf16ca353c82d9051dbd1a4cfc5a01a1800578e9/library/std/src/panicking.rs:208:50
[INFO] [stdout]    9:     0x5574949ff5bc - std::panicking::default_hook::hdac7fc06578c14ce
[INFO] [stdout]                                at /rustc/bf16ca353c82d9051dbd1a4cfc5a01a1800578e9/library/std/src/panicking.rs:222:9
[INFO] [stdout]   10:     0x557494a00174 - std::panicking::rust_panic_with_hook::h72b21c283da3d1ef
[INFO] [stdout]                                at /rustc/bf16ca353c82d9051dbd1a4cfc5a01a1800578e9/library/std/src/panicking.rs:622:17
[INFO] [stdout]   11:     0x5574949ffc57 - std::panicking::begin_panic_handler::{{closure}}::he5778f1729cff84a
[INFO] [stdout]                                at /rustc/bf16ca353c82d9051dbd1a4cfc5a01a1800578e9/library/std/src/panicking.rs:519:13
[INFO] [stdout]   12:     0x5574949fd97c - std::sys_common::backtrace::__rust_end_short_backtrace::h2d11ca8b453b4b1d
[INFO] [stdout]                                at /rustc/bf16ca353c82d9051dbd1a4cfc5a01a1800578e9/library/std/src/sys_common/backtrace.rs:141:18
[INFO] [stdout]   13:     0x5574949ffbb9 - rust_begin_unwind
[INFO] [stdout]                                at /rustc/bf16ca353c82d9051dbd1a4cfc5a01a1800578e9/library/std/src/panicking.rs:515:5
[INFO] [stdout]   14:     0x5574949667d1 - core::panicking::panic_fmt::hf9de31d4acbce4db
[INFO] [stdout]                                at /rustc/bf16ca353c82d9051dbd1a4cfc5a01a1800578e9/library/core/src/panicking.rs:92:14
[INFO] [stdout]   15:     0x557494a1f6ae - core::panicking::assert_failed_inner::h62e8cb2847a6e7ec
[INFO] [stdout]   16:     0x5574949e46ea - core::panicking::assert_failed::hf0f05aedae9bc6f5
[INFO] [stdout]                                at /rustc/bf16ca353c82d9051dbd1a4cfc5a01a1800578e9/library/core/src/panicking.rs:117:5
[INFO] [stdout]   17:     0x55749496bb53 - test::assert_test_result::h999d80d3914a55e7
[INFO] [stdout]                                at /rustc/bf16ca353c82d9051dbd1a4cfc5a01a1800578e9/library/test/src/lib.rs:194:5
[INFO] [stdout]   18:     0x5574949686b9 - remove_dir_all::portable::test::ensure_rm::{{closure}}::h6426b9825117646a
[INFO] [stdout]                                at /opt/rustwide/workdir/src/portable.rs:90:5
[INFO] [stdout]   19:     0x55749496bc8e - core::ops::function::FnOnce::call_once::h2e1109a45da2d62a
[INFO] [stdout]                                at /rustc/bf16ca353c82d9051dbd1a4cfc5a01a1800578e9/library/core/src/ops/function.rs:227:5
[INFO] [stdout]   20:     0x55749499f3a3 - core::ops::function::FnOnce::call_once::hbb52c4519d3137b0
[INFO] [stdout]                                at /rustc/bf16ca353c82d9051dbd1a4cfc5a01a1800578e9/library/core/src/ops/function.rs:227:5
[INFO] [stdout]   21:     0x55749499f3a3 - test::__rust_begin_short_backtrace::h86fe3a2a5a5121af
[INFO] [stdout]                                at /rustc/bf16ca353c82d9051dbd1a4cfc5a01a1800578e9/library/test/src/lib.rs:578:5
[INFO] [stdout]   22:     0x55749499de58 - <alloc::boxed::Box<F,A> as core::ops::function::FnOnce<Args>>::call_once::hfd956bc3d57399be
[INFO] [stdout]                                at /rustc/bf16ca353c82d9051dbd1a4cfc5a01a1800578e9/library/alloc/src/boxed.rs:1572:9
[INFO] [stdout]   23:     0x55749499de58 - <std::panic::AssertUnwindSafe<F> as core::ops::function::FnOnce<()>>::call_once::h40dc93e0ddb5938a
[INFO] [stdout]                                at /rustc/bf16ca353c82d9051dbd1a4cfc5a01a1800578e9/library/std/src/panic.rs:347:9
[INFO] [stdout]   24:     0x55749499de58 - std::panicking::try::do_call::h90d07750cb47c562
[INFO] [stdout]                                at /rustc/bf16ca353c82d9051dbd1a4cfc5a01a1800578e9/library/std/src/panicking.rs:401:40
[INFO] [stdout]   25:     0x55749499de58 - std::panicking::try::h063c84733ad2a629
[INFO] [stdout]                                at /rustc/bf16ca353c82d9051dbd1a4cfc5a01a1800578e9/library/std/src/panicking.rs:365:19
[INFO] [stdout]   26:     0x55749499de58 - std::panic::catch_unwind::h0c464836a84e7c08
[INFO] [stdout]                                at /rustc/bf16ca353c82d9051dbd1a4cfc5a01a1800578e9/library/std/src/panic.rs:434:14
[INFO] [stdout]   27:     0x55749499de58 - test::run_test_in_process::h5cb06ef620b157fc
[INFO] [stdout]                                at /rustc/bf16ca353c82d9051dbd1a4cfc5a01a1800578e9/library/test/src/lib.rs:601:18
[INFO] [stdout]   28:     0x55749499de58 - test::run_test::run_test_inner::{{closure}}::h76f677f4b93f9828
[INFO] [stdout]                                at /rustc/bf16ca353c82d9051dbd1a4cfc5a01a1800578e9/library/test/src/lib.rs:493:39
[INFO] [stdout]   29:     0x55749496c5ed - test::run_test::run_test_inner::{{closure}}::h366d01fe04f4d67a
[INFO] [stdout]                                at /rustc/bf16ca353c82d9051dbd1a4cfc5a01a1800578e9/library/test/src/lib.rs:520:37
[INFO] [stdout]   30:     0x55749496c5ed - std::sys_common::backtrace::__rust_begin_short_backtrace::h7dfa0de4eb395af2
[INFO] [stdout]                                at /rustc/bf16ca353c82d9051dbd1a4cfc5a01a1800578e9/library/std/src/sys_common/backtrace.rs:125:18
[INFO] [stdout]   31:     0x557494970db8 - std::thread::Builder::spawn_unchecked::{{closure}}::{{closure}}::hf0a74bb58798037f
[INFO] [stdout]                                at /rustc/bf16ca353c82d9051dbd1a4cfc5a01a1800578e9/library/std/src/thread/mod.rs:476:17
[INFO] [stdout]   32:     0x557494970db8 - <std::panic::AssertUnwindSafe<F> as core::ops::function::FnOnce<()>>::call_once::hb024e854818586ac
[INFO] [stdout]                                at /rustc/bf16ca353c82d9051dbd1a4cfc5a01a1800578e9/library/std/src/panic.rs:347:9
[INFO] [stdout]   33:     0x557494970db8 - std::panicking::try::do_call::hb2dd9f1d0d48e41d
[INFO] [stdout]                                at /rustc/bf16ca353c82d9051dbd1a4cfc5a01a1800578e9/library/std/src/panicking.rs:401:40
[INFO] [stdout]   34:     0x557494970db8 - std::panicking::try::h4717ae7bac8b2bf3
[INFO] [stdout]                                at /rustc/bf16ca353c82d9051dbd1a4cfc5a01a1800578e9/library/std/src/panicking.rs:365:19
[INFO] [stdout]   35:     0x557494970db8 - std::panic::catch_unwind::h0dc8a061326ce8d8
[INFO] [stdout]                                at /rustc/bf16ca353c82d9051dbd1a4cfc5a01a1800578e9/library/std/src/panic.rs:434:14
[INFO] [stdout]   36:     0x557494970db8 - std::thread::Builder::spawn_unchecked::{{closure}}::haa369e2d6fd00aa1
[INFO] [stdout]                                at /rustc/bf16ca353c82d9051dbd1a4cfc5a01a1800578e9/library/std/src/thread/mod.rs:475:30
[INFO] [stdout]   37:     0x557494970db8 - core::ops::function::FnOnce::call_once{{vtable.shim}}::h36dcf3de8b056f17
[INFO] [stdout]                                at /rustc/bf16ca353c82d9051dbd1a4cfc5a01a1800578e9/library/core/src/ops/function.rs:227:5
[INFO] [stdout]   38:     0x557494a05887 - <alloc::boxed::Box<F,A> as core::ops::function::FnOnce<Args>>::call_once::h65c29e4642be2358
[INFO] [stdout]                                at /rustc/bf16ca353c82d9051dbd1a4cfc5a01a1800578e9/library/alloc/src/boxed.rs:1572:9
[INFO] [stdout]   39:     0x557494a05887 - <alloc::boxed::Box<F,A> as core::ops::function::FnOnce<Args>>::call_once::hd0f8f7fbbd9fffbf
[INFO] [stdout]                                at /rustc/bf16ca353c82d9051dbd1a4cfc5a01a1800578e9/library/alloc/src/boxed.rs:1572:9
[INFO] [stdout]   40:     0x557494a05887 - std::sys::unix::thread::Thread::new::thread_start::h2fd22fee3ca77b65
[INFO] [stdout]                                at /rustc/bf16ca353c82d9051dbd1a4cfc5a01a1800578e9/library/std/src/sys/unix/thread.rs:74:17
[INFO] [stdout]   41:     0x7fa33be94609 - start_thread
[INFO] [stdout]   42:     0x7fa33bc66293 - clone
[INFO] [stdout]   43:                0x0 - <unknown>
[INFO] [stdout] 
[INFO] [stdout] ---- portable::test::mkdir_rm stdout ----
[INFO] [stdout] Error: Os { code: 20, kind: NotADirectory, message: "Not a directory" }
[INFO] [stdout] thread 'portable::test::mkdir_rm' panicked at 'assertion failed: `(left == right)`
[INFO] [stdout]   left: `1`,
[INFO] [stdout]  right: `0`: the test returned a termination value with a non-zero status code (1) which indicates a failure', /rustc/bf16ca353c82d9051dbd1a4cfc5a01a1800578e9/library/test/src/lib.rs:194:5
[INFO] [stdout] stack backtrace:
[INFO] [stdout]    0:     0x5574949fd4a0 - std::backtrace_rs::backtrace::libunwind::trace::hff4d1766e93f64f1
[INFO] [stdout]                                at /rustc/bf16ca353c82d9051dbd1a4cfc5a01a1800578e9/library/std/src/../../backtrace/src/backtrace/libunwind.rs:90:5
[INFO] [stdout]    1:     0x5574949fd4a0 - std::backtrace_rs::backtrace::trace_unsynchronized::h56bbc8eb78770bcb
[INFO] [stdout]                                at /rustc/bf16ca353c82d9051dbd1a4cfc5a01a1800578e9/library/std/src/../../backtrace/src/backtrace/mod.rs:66:5
[INFO] [stdout]    2:     0x5574949fd4a0 - std::sys_common::backtrace::_print_fmt::h5c8e75464faca780
[INFO] [stdout]                                at /rustc/bf16ca353c82d9051dbd1a4cfc5a01a1800578e9/library/std/src/sys_common/backtrace.rs:67:5
[INFO] [stdout]    3:     0x5574949fd4a0 - <std::sys_common::backtrace::_print::DisplayBacktrace as core::fmt::Display>::fmt::h48b88277def8b362
[INFO] [stdout]                                at /rustc/bf16ca353c82d9051dbd1a4cfc5a01a1800578e9/library/std/src/sys_common/backtrace.rs:46:22
[INFO] [stdout]    4:     0x557494a20cac - core::fmt::write::h3381b3176fe2b3d3
[INFO] [stdout]                                at /rustc/bf16ca353c82d9051dbd1a4cfc5a01a1800578e9/library/core/src/fmt/mod.rs:1115:17
[INFO] [stdout]    5:     0x5574949fa1e5 - std::io::Write::write_fmt::h5f34a676f60246b5
[INFO] [stdout]                                at /rustc/bf16ca353c82d9051dbd1a4cfc5a01a1800578e9/library/std/src/io/mod.rs:1665:15
[INFO] [stdout]    6:     0x5574949ffaab - std::sys_common::backtrace::_print::ha537687d6c17dd0d
[INFO] [stdout]                                at /rustc/bf16ca353c82d9051dbd1a4cfc5a01a1800578e9/library/std/src/sys_common/backtrace.rs:49:5
[INFO] [stdout]    7:     0x5574949ffaab - std::sys_common::backtrace::print::h61376ae57d131d72
[INFO] [stdout]                                at /rustc/bf16ca353c82d9051dbd1a4cfc5a01a1800578e9/library/std/src/sys_common/backtrace.rs:36:9
[INFO] [stdout]    8:     0x5574949ffaab - std::panicking::default_hook::{{closure}}::h0f7208c0b9644a54
[INFO] [stdout]                                at /rustc/bf16ca353c82d9051dbd1a4cfc5a01a1800578e9/library/std/src/panicking.rs:208:50
[INFO] [stdout]    9:     0x5574949ff5bc - std::panicking::default_hook::hdac7fc06578c14ce
[INFO] [stdout]                                at /rustc/bf16ca353c82d9051dbd1a4cfc5a01a1800578e9/library/std/src/panicking.rs:222:9
[INFO] [stdout]   10:     0x557494a00174 - std::panicking::rust_panic_with_hook::h72b21c283da3d1ef
[INFO] [stdout]                                at /rustc/bf16ca353c82d9051dbd1a4cfc5a01a1800578e9/library/std/src/panicking.rs:622:17
[INFO] [stdout]   11:     0x5574949ffc57 - std::panicking::begin_panic_handler::{{closure}}::he5778f1729cff84a
[INFO] [stdout]                                at /rustc/bf16ca353c82d9051dbd1a4cfc5a01a1800578e9/library/std/src/panicking.rs:519:13
[INFO] [stdout]   12:     0x5574949fd97c - std::sys_common::backtrace::__rust_end_short_backtrace::h2d11ca8b453b4b1d
[INFO] [stdout]                                at /rustc/bf16ca353c82d9051dbd1a4cfc5a01a1800578e9/library/std/src/sys_common/backtrace.rs:141:18
[INFO] [stdout]   13:     0x5574949ffbb9 - rust_begin_unwind
[INFO] [stdout]                                at /rustc/bf16ca353c82d9051dbd1a4cfc5a01a1800578e9/library/std/src/panicking.rs:515:5
[INFO] [stdout]   14:     0x5574949667d1 - core::panicking::panic_fmt::hf9de31d4acbce4db
[INFO] [stdout]                                at /rustc/bf16ca353c82d9051dbd1a4cfc5a01a1800578e9/library/core/src/panicking.rs:92:14
[INFO] [stdout]   15:     0x557494a1f6ae - core::panicking::assert_failed_inner::h62e8cb2847a6e7ec
[INFO] [stdout]   16:     0x5574949e46ea - core::panicking::assert_failed::hf0f05aedae9bc6f5
[INFO] [stdout]                                at /rustc/bf16ca353c82d9051dbd1a4cfc5a01a1800578e9/library/core/src/panicking.rs:117:5
[INFO] [stdout]   17:     0x55749496bb53 - test::assert_test_result::h999d80d3914a55e7
[INFO] [stdout]                                at /rustc/bf16ca353c82d9051dbd1a4cfc5a01a1800578e9/library/test/src/lib.rs:194:5
[INFO] [stdout]   18:     0x557494967b09 - remove_dir_all::portable::test::mkdir_rm::{{closure}}::hdec26df29f337867
[INFO] [stdout]                                at /opt/rustwide/workdir/src/portable.rs:75:5
[INFO] [stdout]   19:     0x55749496bd6e - core::ops::function::FnOnce::call_once::heee219d6b514a435
[INFO] [stdout]                                at /rustc/bf16ca353c82d9051dbd1a4cfc5a01a1800578e9/library/core/src/ops/function.rs:227:5
[INFO] [stdout]   20:     0x55749499f3a3 - core::ops::function::FnOnce::call_once::hbb52c4519d3137b0
[INFO] [stdout]                                at /rustc/bf16ca353c82d9051dbd1a4cfc5a01a1800578e9/library/core/src/ops/function.rs:227:5
[INFO] [stdout]   21:     0x55749499f3a3 - test::__rust_begin_short_backtrace::h86fe3a2a5a5121af
[INFO] [stdout]                                at /rustc/bf16ca353c82d9051dbd1a4cfc5a01a1800578e9/library/test/src/lib.rs:578:5
[INFO] [stdout]   22:     0x55749499de58 - <alloc::boxed::Box<F,A> as core::ops::function::FnOnce<Args>>::call_once::hfd956bc3d57399be
[INFO] [stdout]                                at /rustc/bf16ca353c82d9051dbd1a4cfc5a01a1800578e9/library/alloc/src/boxed.rs:1572:9
[INFO] [stdout]   23:     0x55749499de58 - <std::panic::AssertUnwindSafe<F> as core::ops::function::FnOnce<()>>::call_once::h40dc93e0ddb5938a
[INFO] [stdout]                                at /rustc/bf16ca353c82d9051dbd1a4cfc5a01a1800578e9/library/std/src/panic.rs:347:9
[INFO] [stdout]   24:     0x55749499de58 - std::panicking::try::do_call::h90d07750cb47c562
[INFO] [stdout]                                at /rustc/bf16ca353c82d9051dbd1a4cfc5a01a1800578e9/library/std/src/panicking.rs:401:40
[INFO] [stdout]   25:     0x55749499de58 - std::panicking::try::h063c84733ad2a629
[INFO] [stdout]                                at /rustc/bf16ca353c82d9051dbd1a4cfc5a01a1800578e9/library/std/src/panicking.rs:365:19
[INFO] [stdout]   26:     0x55749499de58 - std::panic::catch_unwind::h0c464836a84e7c08
[INFO] [stdout]                                at /rustc/bf16ca353c82d9051dbd1a4cfc5a01a1800578e9/library/std/src/panic.rs:434:14
[INFO] [stdout]   27:     0x55749499de58 - test::run_test_in_process::h5cb06ef620b157fc
[INFO] [stdout]                                at /rustc/bf16ca353c82d9051dbd1a4cfc5a01a1800578e9/library/test/src/lib.rs:601:18
[INFO] [stdout]   28:     0x55749499de58 - test::run_test::run_test_inner::{{closure}}::h76f677f4b93f9828
[INFO] [stdout]                                at /rustc/bf16ca353c82d9051dbd1a4cfc5a01a1800578e9/library/test/src/lib.rs:493:39
[INFO] [stdout]   29:     0x55749496c5ed - test::run_test::run_test_inner::{{closure}}::h366d01fe04f4d67a
[INFO] [stdout]                                at /rustc/bf16ca353c82d9051dbd1a4cfc5a01a1800578e9/library/test/src/lib.rs:520:37
[INFO] [stdout]   30:     0x55749496c5ed - std::sys_common::backtrace::__rust_begin_short_backtrace::h7dfa0de4eb395af2
[INFO] [stdout]                                at /rustc/bf16ca353c82d9051dbd1a4cfc5a01a1800578e9/library/std/src/sys_common/backtrace.rs:125:18
[INFO] [stdout]   31:     0x557494970db8 - std::thread::Builder::spawn_unchecked::{{closure}}::{{closure}}::hf0a74bb58798037f
[INFO] [stdout]                                at /rustc/bf16ca353c82d9051dbd1a4cfc5a01a1800578e9/library/std/src/thread/mod.rs:476:17
[INFO] [stdout]   32:     0x557494970db8 - <std::panic::AssertUnwindSafe<F> as core::ops::function::FnOnce<()>>::call_once::hb024e854818586ac
[INFO] [stdout]                                at /rustc/bf16ca353c82d9051dbd1a4cfc5a01a1800578e9/library/std/src/panic.rs:347:9
[INFO] [stdout]   33:     0x557494970db8 - std::panicking::try::do_call::hb2dd9f1d0d48e41d
[INFO] [stdout]                                at /rustc/bf16ca353c82d9051dbd1a4cfc5a01a1800578e9/library/std/src/panicking.rs:401:40
[INFO] [stdout]   34:     0x557494970db8 - std::panicking::try::h4717ae7bac8b2bf3
[INFO] [stdout]                                at /rustc/bf16ca353c82d9051dbd1a4cfc5a01a1800578e9/library/std/src/panicking.rs:365:19
[INFO] [stdout]   35:     0x557494970db8 - std::panic::catch_unwind::h0dc8a061326ce8d8
[INFO] [stdout]                                at /rustc/bf16ca353c82d9051dbd1a4cfc5a01a1800578e9/library/std/src/panic.rs:434:14
[INFO] [stdout]   36:     0x557494970db8 - std::thread::Builder::spawn_unchecked::{{closure}}::haa369e2d6fd00aa1
[INFO] [stdout]                                at /rustc/bf16ca353c82d9051dbd1a4cfc5a01a1800578e9/library/std/src/thread/mod.rs:475:30
[INFO] [stdout]   37:     0x557494970db8 - core::ops::function::FnOnce::call_once{{vtable.shim}}::h36dcf3de8b056f17
[INFO] [stdout]                                at /rustc/bf16ca353c82d9051dbd1a4cfc5a01a1800578e9/library/core/src/ops/function.rs:227:5
[INFO] [stdout]   38:     0x557494a05887 - <alloc::boxed::Box<F,A> as core::ops::function::FnOnce<Args>>::call_once::h65c29e4642be2358
[INFO] [stdout]                                at /rustc/bf16ca353c82d9051dbd1a4cfc5a01a1800578e9/library/alloc/src/boxed.rs:1572:9
[INFO] [stdout]   39:     0x557494a05887 - <alloc::boxed::Box<F,A> as core::ops::function::FnOnce<Args>>::call_once::hd0f8f7fbbd9fffbf
[INFO] [stdout]                                at /rustc/bf16ca353c82d9051dbd1a4cfc5a01a1800578e9/library/alloc/src/boxed.rs:1572:9
[INFO] [stdout]   40:     0x557494a05887 - std::sys::unix::thread::Thread::new::thread_start::h2fd22fee3ca77b65
[INFO] [stdout]                                at /rustc/bf16ca353c82d9051dbd1a4cfc5a01a1800578e9/library/std/src/sys/unix/thread.rs:74:17
[INFO] [stdout]   41:     0x7fa33be94609 - start_thread
[INFO] [stdout]   42:     0x7fa33bc66293 - clone
[INFO] [stdout]   43:                0x0 - <unknown>
[INFO] [stdout] 
[INFO] [stdout] 
[INFO] [stdout] failures:
[INFO] [stdout]     portable::test::ensure_rm
[INFO] [stdout]     portable::test::mkdir_rm
[INFO] [stdout] 
[INFO] [stdout] test result: FAILED. 0 passed; 2 failed; 0 ignored; 0 measured; 0 filtered out; finished in 0.07s
[INFO] [stdout] 
[INFO] running `Command { std: "docker" "inspect" "01aca088db2d21f2526b238e054035995bd87803ccc035f4400998d77ed5cf98", kill_on_drop: false }`
[INFO] running `Command { std: "docker" "rm" "-f" "01aca088db2d21f2526b238e054035995bd87803ccc035f4400998d77ed5cf98", kill_on_drop: false }`
[INFO] [stdout] 01aca088db2d21f2526b238e054035995bd87803ccc035f4400998d77ed5cf98
