[INFO] cloning repository https://github.com/cosmosdevs/goz_scoring
[INFO] running `Command { std: "git" "-c" "credential.helper=" "-c" "credential.helper=/workspace/cargo-home/bin/git-credential-null" "clone" "--bare" "https://github.com/cosmosdevs/goz_scoring" "/workspace/cache/git-repos/https%3A%2F%2Fgithub.com%2Fcosmosdevs%2Fgoz_scoring", kill_on_drop: false }`
[INFO] [stderr] Cloning into bare repository '/workspace/cache/git-repos/https%3A%2F%2Fgithub.com%2Fcosmosdevs%2Fgoz_scoring'...
[INFO] running `Command { std: "git" "rev-parse" "HEAD", kill_on_drop: false }`
[INFO] [stdout] 6f5e32860eb10a65ba73c6367920758a0add5208
[INFO] testing cosmosdevs/goz_scoring against beta-2021-08-22 for beta-1.55-2
[INFO] running `Command { std: "git" "clone" "/workspace/cache/git-repos/https%3A%2F%2Fgithub.com%2Fcosmosdevs%2Fgoz_scoring" "/workspace/builds/worker-5/source", kill_on_drop: false }`
[INFO] [stderr] Cloning into '/workspace/builds/worker-5/source'...
[INFO] [stderr] done.
[INFO] validating manifest of git repo https://github.com/cosmosdevs/goz_scoring on toolchain beta-2021-08-22
[INFO] running `Command { std: "/workspace/cargo-home/bin/cargo" "+beta-2021-08-22" "metadata" "--manifest-path" "Cargo.toml" "--no-deps", kill_on_drop: false }`
[INFO] started tweaking git repo https://github.com/cosmosdevs/goz_scoring
[INFO] finished tweaking git repo https://github.com/cosmosdevs/goz_scoring
[INFO] tweaked toml for git repo https://github.com/cosmosdevs/goz_scoring written to /workspace/builds/worker-5/source/Cargo.toml
[INFO] crate git repo https://github.com/cosmosdevs/goz_scoring already has a lockfile, it will not be regenerated
[INFO] running `Command { std: "/workspace/cargo-home/bin/cargo" "+beta-2021-08-22" "fetch" "--manifest-path" "Cargo.toml", kill_on_drop: false }`
[INFO] [stderr]     Updating git repository `https://github.com/iqlusioninc/ibc-rs.git`
[INFO] [stderr]     Updating git repository `https://github.com/iqlusioninc/sagan.git`
[INFO] [stderr]     Updating git repository `https://github.com/iqlusioninc/tendermint-rs.git`
[INFO] [stderr]  Downloading crates ...
[INFO] [stderr]   Downloaded abscissa_tokio v0.5.1
[INFO] [stderr]   Downloaded abscissa_core v0.5.2
[INFO] [stderr]   Downloaded abscissa_derive v0.5.0
[INFO] [stderr]   Downloaded async-tungstenite v0.4.2
[INFO] [stderr]   Downloaded signatory-dalek v0.19.0
[INFO] [stderr]   Downloaded signatory v0.19.0
[INFO] [stderr]   Downloaded signature_derive v1.0.0-pre.2
[INFO] [stderr]   Downloaded tai64 v3.1.0
[INFO] [stderr]   Downloaded tracing-subscriber v0.1.6
[INFO] [stderr]   Downloaded anomaly v0.2.0
[INFO] [stderr]   Downloaded k256 v0.1.1
[INFO] [stderr]   Downloaded signature v1.0.1
[INFO] [stderr]   Downloaded signatory-secp256k1 v0.19.0
[INFO] [stderr]   Downloaded elliptic-curve v0.3.0
[INFO] [stderr]   Downloaded prost-amino v0.5.0
[INFO] [stderr]   Downloaded prost-amino-derive v0.5.0
[INFO] [stderr]   Downloaded ecdsa v0.5.0
[INFO] [stderr]   Downloaded cadence v0.20.0
[INFO] running `Command { std: "docker" "create" "-v" "/var/lib/crater-agent-workspace/builds/worker-5/target:/opt/rustwide/target:rw,Z" "-v" "/var/lib/crater-agent-workspace/builds/worker-5/source:/opt/rustwide/workdir:ro,Z" "-v" "/var/lib/crater-agent-workspace/cargo-home:/opt/rustwide/cargo-home:ro,Z" "-v" "/var/lib/crater-agent-workspace/rustup-home:/opt/rustwide/rustup-home:ro,Z" "-e" "SOURCE_DIR=/opt/rustwide/workdir" "-e" "CARGO_TARGET_DIR=/opt/rustwide/target" "-e" "CARGO_HOME=/opt/rustwide/cargo-home" "-e" "RUSTUP_HOME=/opt/rustwide/rustup-home" "-w" "/opt/rustwide/workdir" "-m" "1610612736" "--user" "0:0" "--network" "none" "ghcr.io/rust-lang/crates-build-env/linux@sha256:34b6a614d2c27851fe6cbf88fbd1137609cefab8b10d0615aaeb6fd47975d74e" "/opt/rustwide/cargo-home/bin/cargo" "+beta-2021-08-22" "metadata" "--no-deps" "--format-version=1", kill_on_drop: false }`
[INFO] [stdout] c9b05353334da8de9334122874ed951225c7c0e12759506c46fc35ac440c2b34
[INFO] [stderr] WARNING: Your kernel does not support swap limit capabilities or the cgroup is not mounted. Memory limited without swap.
[INFO] running `Command { std: "docker" "start" "-a" "c9b05353334da8de9334122874ed951225c7c0e12759506c46fc35ac440c2b34", kill_on_drop: false }`
[INFO] running `Command { std: "docker" "inspect" "c9b05353334da8de9334122874ed951225c7c0e12759506c46fc35ac440c2b34", kill_on_drop: false }`
[INFO] running `Command { std: "docker" "rm" "-f" "c9b05353334da8de9334122874ed951225c7c0e12759506c46fc35ac440c2b34", kill_on_drop: false }`
[INFO] [stdout] c9b05353334da8de9334122874ed951225c7c0e12759506c46fc35ac440c2b34
[INFO] running `Command { std: "docker" "create" "-v" "/var/lib/crater-agent-workspace/builds/worker-5/target:/opt/rustwide/target:rw,Z" "-v" "/var/lib/crater-agent-workspace/builds/worker-5/source:/opt/rustwide/workdir:ro,Z" "-v" "/var/lib/crater-agent-workspace/cargo-home:/opt/rustwide/cargo-home:ro,Z" "-v" "/var/lib/crater-agent-workspace/rustup-home:/opt/rustwide/rustup-home:ro,Z" "-e" "SOURCE_DIR=/opt/rustwide/workdir" "-e" "CARGO_TARGET_DIR=/opt/rustwide/target" "-e" "CARGO_INCREMENTAL=0" "-e" "RUST_BACKTRACE=full" "-e" "RUSTFLAGS=--cap-lints=warn" "-e" "CARGO_HOME=/opt/rustwide/cargo-home" "-e" "RUSTUP_HOME=/opt/rustwide/rustup-home" "-w" "/opt/rustwide/workdir" "-m" "1610612736" "--user" "0:0" "--network" "none" "ghcr.io/rust-lang/crates-build-env/linux@sha256:34b6a614d2c27851fe6cbf88fbd1137609cefab8b10d0615aaeb6fd47975d74e" "/opt/rustwide/cargo-home/bin/cargo" "+beta-2021-08-22" "build" "--frozen" "--message-format=json", kill_on_drop: false }`
[INFO] [stderr] WARNING: Your kernel does not support swap limit capabilities or the cgroup is not mounted. Memory limited without swap.
[INFO] [stdout] 933b4f54573463f1cf135804c559e3de68bc90cd1bbc0ca51bff1b4051aab395
[INFO] running `Command { std: "docker" "start" "-a" "933b4f54573463f1cf135804c559e3de68bc90cd1bbc0ca51bff1b4051aab395", kill_on_drop: false }`
[INFO] [stderr]    Compiling syn v1.0.30
[INFO] [stderr]    Compiling byteorder v1.3.4
[INFO] [stderr]    Compiling cc v1.0.41
[INFO] [stderr]    Compiling serde v1.0.111
[INFO] [stderr]    Compiling proc-macro-nested v0.1.5
[INFO] [stderr]    Compiling subtle v2.2.3
[INFO] [stderr]    Compiling gimli v0.21.0
[INFO] [stderr]    Compiling object v0.19.0
[INFO] [stderr]    Compiling strsim v0.9.3
[INFO] [stderr]    Compiling ident_case v1.0.1
[INFO] [stderr]    Compiling arc-swap v0.4.6
[INFO] [stderr]    Compiling canonical-path v2.0.2
[INFO] [stderr]    Compiling uuid v0.8.1
[INFO] [stderr]    Compiling home v0.5.3
[INFO] [stderr]    Compiling tracing-core v0.1.10
[INFO] [stderr]    Compiling generational-arena v0.2.8
[INFO] [stderr]    Compiling owning_ref v0.4.1
[INFO] [stderr]    Compiling itertools v0.7.11
[INFO] [stderr]    Compiling quote v1.0.6
[INFO] [stderr]    Compiling wait-timeout v0.2.0
[INFO] [stderr]    Compiling generic-array v0.9.0
[INFO] [stderr]    Compiling tracing-log v0.1.1
[INFO] [stderr]    Compiling signal-hook-registry v1.2.0
[INFO] [stderr]    Compiling crossbeam-channel v0.4.2
[INFO] [stderr]    Compiling syn v0.14.9
[INFO] [stderr]    Compiling tempfile v3.1.0
[INFO] [stderr]    Compiling digest v0.7.6
[INFO] [stderr]    Compiling signal-hook v0.1.15
[INFO] [stderr]    Compiling multipart v0.16.1
[INFO] [stderr]    Compiling block-buffer v0.7.3
[INFO] [stderr]    Compiling regex-automata v0.1.9
[INFO] [stderr]    Compiling prost-amino v0.5.0
[INFO] [stderr]    Compiling cadence v0.20.0
[INFO] [stderr]    Compiling openssl-sys v0.9.58
[INFO] [stderr]    Compiling clear_on_drop v0.2.3
[INFO] [stderr]    Compiling secp256k1-sys v0.1.2
[INFO] [stderr]    Compiling sha2 v0.8.2
[INFO] [stderr]    Compiling sha-1 v0.8.2
[INFO] [stderr]    Compiling ripemd160 v0.8.0
[INFO] [stderr]    Compiling tungstenite v0.10.1
[INFO] [stderr]    Compiling headers v0.3.2
[INFO] [stderr]    Compiling curve25519-dalek v1.2.3
[INFO] [stderr]    Compiling matchers v0.0.1
[INFO] [stderr]    Compiling openssl v0.10.29
[INFO] [stderr]    Compiling native-tls v0.2.4
[INFO] [stderr]    Compiling secp256k1 v0.17.2
[INFO] [stderr]    Compiling addr2line v0.12.1
[INFO] [stderr]    Compiling backtrace v0.3.48
[INFO] [stderr]    Compiling failure v0.1.8
[INFO] [stderr]    Compiling color-backtrace v0.3.0
[INFO] [stderr]    Compiling anomaly v0.2.0
[INFO] [stderr]    Compiling ed25519-dalek v1.0.0-pre.2
[INFO] [stderr]    Compiling prost-amino-derive v0.5.0
[INFO] [stderr]    Compiling synstructure v0.12.3
[INFO] [stderr]    Compiling darling_core v0.10.2
[INFO] [stderr]    Compiling serde_derive v1.0.111
[INFO] [stderr]    Compiling pin-project-internal v0.4.20
[INFO] [stderr]    Compiling tokio-macros v0.2.5
[INFO] [stderr]    Compiling zeroize_derive v1.0.0
[INFO] [stderr]    Compiling futures-macro v0.3.5
[INFO] [stderr]    Compiling signature_derive v1.0.0-pre.2
[INFO] [stderr]    Compiling thiserror-impl v1.0.19
[INFO] [stderr]    Compiling tracing-attributes v0.1.8
[INFO] [stderr]    Compiling gumdrop_derive v0.7.0
[INFO] [stderr]    Compiling async-trait v0.1.33
[INFO] [stderr]    Compiling darling_macro v0.10.2
[INFO] [stderr]    Compiling signature v1.0.1
[INFO] [stderr]    Compiling zeroize v1.1.0
[INFO] [stderr]    Compiling ed25519 v1.0.1
[INFO] [stderr]    Compiling tokio v0.2.21
[INFO] [stderr]    Compiling elliptic-curve v0.3.0
[INFO] [stderr]    Compiling subtle-encoding v0.5.1
[INFO] [stderr]    Compiling k256 v0.1.1
[INFO] [stderr]    Compiling ecdsa v0.5.0
[INFO] [stderr]    Compiling darling v0.10.2
[INFO] [stderr]    Compiling abscissa_derive v0.5.0
[INFO] [stderr]    Compiling signatory v0.19.0
[INFO] [stderr]    Compiling thiserror v1.0.19
[INFO] [stderr]    Compiling gumdrop v0.7.0
[INFO] [stderr]    Compiling signatory-dalek v0.19.0
[INFO] [stderr]    Compiling signatory-secp256k1 v0.19.0
[INFO] [stderr]    Compiling tracing v0.1.15
[INFO] [stderr]    Compiling pin-project v0.4.20
[INFO] [stderr]    Compiling futures-util v0.3.5
[INFO] [stderr]    Compiling tokio-util v0.3.1
[INFO] [stderr]    Compiling tokio-tls v0.3.1
[INFO] [stderr]    Compiling h2 v0.2.5
[INFO] [stderr]    Compiling futures-executor v0.3.5
[INFO] [stderr]    Compiling async-tungstenite v0.4.2
[INFO] [stderr]    Compiling futures v0.3.5
[INFO] [stderr]    Compiling tokio-tungstenite v0.10.1
[INFO] [stderr]    Compiling hyper v0.13.6
[INFO] [stderr]    Compiling chrono v0.4.11
[INFO] [stderr]    Compiling toml v0.5.6
[INFO] [stderr]    Compiling serde_json v1.0.53
[INFO] [stderr]    Compiling semver v0.9.0
[INFO] [stderr]    Compiling serde_urlencoded v0.6.1
[INFO] [stderr]    Compiling serde_bytes v0.11.4
[INFO] [stderr]    Compiling secrecy v0.6.0
[INFO] [stderr]    Compiling tracing-subscriber v0.1.6
[INFO] [stderr]    Compiling tai64 v3.1.0
[INFO] [stderr]    Compiling hyper-tls v0.4.1
[INFO] [stderr]    Compiling tendermint v0.13.0 (https://github.com/iqlusioninc/tendermint-rs.git?branch=zaki-event-subscribe#aa60b6ac)
[INFO] [stderr]    Compiling warp v0.2.3
[INFO] [stderr]    Compiling abscissa_core v0.5.2
[INFO] [stderr]    Compiling reqwest v0.10.6
[INFO] [stderr]    Compiling abscissa_tokio v0.5.1
[INFO] [stderr]    Compiling relayer-modules v0.1.0 (https://github.com/iqlusioninc/ibc-rs.git?branch=poldsam-zaki-ibc-events#8fe0f900)
[INFO] [stderr]    Compiling sagan v0.0.0 (https://github.com/iqlusioninc/sagan.git?branch=zaki-sagan-collect-events#9c166a9c)
[INFO] [stderr]    Compiling goz_scoring v0.1.0 (/opt/rustwide/workdir)
[INFO] [stdout] warning: unused doc comment
[INFO] [stdout]    --> src/application.rs:130:25
[INFO] [stdout]     |
[INFO] [stdout] 130 |                           /// Compute all the scoring for an opaque packet
[INFO] [stdout]     |                           ^^^^^^^^^^^^^^^^^^^^^^^^^^^^^^^^^^^^^^^^^^^^^^^^
[INFO] [stdout] 131 | /                         IBCEvent::OpaquePacket(ref inner_event) => {
[INFO] [stdout] 132 | |                             status_ok!("Processing oqaque packet", " got event");
[INFO] [stdout] 133 | |                             if let Some(tx_hashes) = inner_event.data.get("tx.hash") {
[INFO] [stdout] 134 | |                                 if let Some(hash) = tx_hashes.get(0) {
[INFO] [stdout] ...   |
[INFO] [stdout] 200 | |                             }
[INFO] [stdout] 201 | |                         }
[INFO] [stdout]     | |_________________________- rustdoc does not generate documentation for match arms
[INFO] [stdout]     |
[INFO] [stdout]     = note: `#[warn(unused_doc_comments)]` on by default
[INFO] [stdout]     = help: use `//` for a plain comment
[INFO] [stdout] 
[INFO] [stdout] 
[INFO] [stdout] warning: unused doc comment
[INFO] [stdout]    --> src/application.rs:135:37
[INFO] [stdout]     |
[INFO] [stdout] 135 |   ...                   /// Don't double count packets
[INFO] [stdout]     |                         ^^^^^^^^^^^^^^^^^^^^^^^^^^^^^^
[INFO] [stdout] 136 | / ...                   if !self.observed_transactions.contains(hash) {
[INFO] [stdout] 137 | | ...                       status_ok!("Processing oqaque packet", " Hash Unknown");
[INFO] [stdout] 138 | | ...
[INFO] [stdout] 139 | | ...                       self.observed_transactions.insert(hash.clone());
[INFO] [stdout] ...   |
[INFO] [stdout] 197 | | ...                       }
[INFO] [stdout] 198 | | ...                   }
[INFO] [stdout]     | |_______________________- rustdoc does not generate documentation for expressions
[INFO] [stdout]     |
[INFO] [stdout]     = help: use `//` for a plain comment
[INFO] [stdout] 
[INFO] [stdout] 
[INFO] [stdout] warning: unused doc comment
[INFO] [stdout]    --> src/application.rs:211:45
[INFO] [stdout]     |
[INFO] [stdout] 211 | ...                   /// Populate the source channels data
[INFO] [stdout]     |                       ^^^^^^^^^^^^^^^^^^^^^^^^^^^^^^^^^^^^^
[INFO] [stdout] 212 | ...                   self.source_channels.insert(dst_channel.clone());
[INFO] [stdout]     |                       ------------------------------------------------ rustdoc does not generate documentation for expressions
[INFO] [stdout]     |
[INFO] [stdout]     = help: use `//` for a plain comment
[INFO] [stdout] 
[INFO] [stdout] 
[INFO] [stdout] warning: unused import: `std::fmt`
[INFO] [stdout]  --> src/commands/start.rs:7:5
[INFO] [stdout]   |
[INFO] [stdout] 7 | use std::fmt;
[INFO] [stdout]   |     ^^^^^^^^
[INFO] [stdout]   |
[INFO] [stdout]   = note: `#[warn(unused_imports)]` on by default
[INFO] [stdout] 
[INFO] [stdout] 
[INFO] [stdout] warning: unused import: `self`
[INFO] [stdout]   --> src/commands/start.rs:10:15
[INFO] [stdout]    |
[INFO] [stdout] 10 | use std::io::{self, BufReader};
[INFO] [stdout]    |               ^^^^
[INFO] [stdout] 
[INFO] [stdout] 
[INFO] [stdout] warning: unused import: `sagan::message::Envelope`
[INFO] [stdout]   --> src/commands/start.rs:12:5
[INFO] [stdout]    |
[INFO] [stdout] 12 | use sagan::message::Envelope;
[INFO] [stdout]    |     ^^^^^^^^^^^^^^^^^^^^^^^^
[INFO] [stdout] 
[INFO] [stdout] 
[INFO] [stdout] warning: unused imports: `FrameworkError`, `config::Override`
[INFO] [stdout]   --> src/commands.rs:19:5
[INFO] [stdout]    |
[INFO] [stdout] 19 |     config::Override, Command, Configurable, FrameworkError, Help, Options, Runnable,
[INFO] [stdout]    |     ^^^^^^^^^^^^^^^^                         ^^^^^^^^^^^^^^
[INFO] [stdout] 
[INFO] [stdout] 
[INFO] [stdout] warning: cannot borrow `self.scores` as mutable because it is also borrowed as immutable
[INFO] [stdout]    --> src/application.rs:167:69
[INFO] [stdout]     |
[INFO] [stdout] 160 |   ...                   self.get_team_by_address(sender_address)
[INFO] [stdout]     |                         ---- immutable borrow occurs here
[INFO] [stdout] ...
[INFO] [stdout] 167 |   ...                   let score = self
[INFO] [stdout]     |  ___________________________________^
[INFO] [stdout] 168 | | ...                       .scores
[INFO] [stdout]     | |_________________________________^ mutable borrow occurs here
[INFO] [stdout] 169 |   ...                       .entry(team.clone())
[INFO] [stdout]     |                                    ---- immutable borrow later used here
[INFO] [stdout]     |
[INFO] [stdout]     = note: `#[warn(mutable_borrow_reservation_conflict)]` on by default
[INFO] [stdout]     = warning: this borrowing pattern was not meant to be accepted, and may become a hard error in the future
[INFO] [stdout]     = note: for more information, see issue #59159 <https://github.com/rust-lang/rust/issues/59159>
[INFO] [stdout] 
[INFO] [stdout] 
[INFO] [stdout] warning: variable does not need to be mutable
[INFO] [stdout]   --> src/commands/start.rs:67:9
[INFO] [stdout]    |
[INFO] [stdout] 67 |         mut config: GozScoringConfig,
[INFO] [stdout]    |         ----^^^^^^
[INFO] [stdout]    |         |
[INFO] [stdout]    |         help: remove this `mut`
[INFO] [stdout]    |
[INFO] [stdout]    = note: `#[warn(unused_mut)]` on by default
[INFO] [stdout] 
[INFO] [stdout] 
[INFO] [stdout] warning: missing documentation for a struct
[INFO] [stdout]   --> src/application.rs:42:1
[INFO] [stdout]    |
[INFO] [stdout] 42 | pub struct Score {
[INFO] [stdout]    | ^^^^^^^^^^^^^^^^
[INFO] [stdout]    |
[INFO] [stdout] note: the lint level is defined here
[INFO] [stdout]   --> src/lib.rs:11:5
[INFO] [stdout]    |
[INFO] [stdout] 11 |     missing_docs,
[INFO] [stdout]    |     ^^^^^^^^^^^^
[INFO] [stdout] 
[INFO] [stdout] 
[INFO] [stdout] warning: missing documentation for a struct field
[INFO] [stdout]   --> src/application.rs:43:5
[INFO] [stdout]    |
[INFO] [stdout] 43 |     pub hub_opaque_packets: u64,
[INFO] [stdout]    |     ^^^^^^^^^^^^^^^^^^^^^^^^^^^
[INFO] [stdout] 
[INFO] [stdout] 
[INFO] [stdout] warning: missing documentation for a struct field
[INFO] [stdout]   --> src/application.rs:44:5
[INFO] [stdout]    |
[INFO] [stdout] 44 |     pub opaque_packets_tx: u64,
[INFO] [stdout]    |     ^^^^^^^^^^^^^^^^^^^^^^^^^^
[INFO] [stdout] 
[INFO] [stdout] 
[INFO] [stdout] warning: missing documentation for a struct field
[INFO] [stdout]   --> src/application.rs:45:5
[INFO] [stdout]    |
[INFO] [stdout] 45 |     pub packets_from_hub: u64,
[INFO] [stdout]    |     ^^^^^^^^^^^^^^^^^^^^^^^^^
[INFO] [stdout] 
[INFO] [stdout] 
[INFO] [stdout] warning: missing documentation for a struct field
[INFO] [stdout]   --> src/application.rs:46:5
[INFO] [stdout]    |
[INFO] [stdout] 46 |     pub opaque_packets_total: u64,
[INFO] [stdout]    |     ^^^^^^^^^^^^^^^^^^^^^^^^^^^^^
[INFO] [stdout] 
[INFO] [stdout] 
[INFO] [stdout] warning: missing documentation for an associated function
[INFO] [stdout]    --> src/application.rs:100:5
[INFO] [stdout]     |
[INFO] [stdout] 100 |     pub fn print(&self) {
[INFO] [stdout]     |     ^^^^^^^^^^^^^^^^^^^
[INFO] [stdout] 
[INFO] [stdout] 
[INFO] [stdout] warning: missing documentation for an associated function
[INFO] [stdout]    --> src/application.rs:123:5
[INFO] [stdout]     |
[INFO] [stdout] 123 |     pub fn score_envelope(&mut self, envelope: Envelope) {
[INFO] [stdout]     |     ^^^^^^^^^^^^^^^^^^^^^^^^^^^^^^^^^^^^^^^^^^^^^^^^^^^^
[INFO] [stdout] 
[INFO] [stdout] 
[INFO] [stdout] warning: missing documentation for an associated function
[INFO] [stdout]   --> src/config.rs:22:5
[INFO] [stdout]    |
[INFO] [stdout] 22 |     pub fn build_hashmaps(&self) -> HashMap<String, String> {
[INFO] [stdout]    |     ^^^^^^^^^^^^^^^^^^^^^^^^^^^^^^^^^^^^^^^^^^^^^^^^^^^^^^^
[INFO] [stdout] 
[INFO] [stdout] 
[INFO] [stdout] warning: 17 warnings emitted
[INFO] [stdout] 
[INFO] [stdout] 
[INFO] [stderr]     Finished dev [unoptimized + debuginfo] target(s) in 4m 26s
[INFO] running `Command { std: "docker" "inspect" "933b4f54573463f1cf135804c559e3de68bc90cd1bbc0ca51bff1b4051aab395", kill_on_drop: false }`
[INFO] running `Command { std: "docker" "rm" "-f" "933b4f54573463f1cf135804c559e3de68bc90cd1bbc0ca51bff1b4051aab395", kill_on_drop: false }`
[INFO] [stdout] 933b4f54573463f1cf135804c559e3de68bc90cd1bbc0ca51bff1b4051aab395
[INFO] running `Command { std: "docker" "create" "-v" "/var/lib/crater-agent-workspace/builds/worker-5/target:/opt/rustwide/target:rw,Z" "-v" "/var/lib/crater-agent-workspace/builds/worker-5/source:/opt/rustwide/workdir:ro,Z" "-v" "/var/lib/crater-agent-workspace/cargo-home:/opt/rustwide/cargo-home:ro,Z" "-v" "/var/lib/crater-agent-workspace/rustup-home:/opt/rustwide/rustup-home:ro,Z" "-e" "SOURCE_DIR=/opt/rustwide/workdir" "-e" "CARGO_TARGET_DIR=/opt/rustwide/target" "-e" "CARGO_INCREMENTAL=0" "-e" "RUST_BACKTRACE=full" "-e" "RUSTFLAGS=--cap-lints=warn" "-e" "CARGO_HOME=/opt/rustwide/cargo-home" "-e" "RUSTUP_HOME=/opt/rustwide/rustup-home" "-w" "/opt/rustwide/workdir" "-m" "1610612736" "--user" "0:0" "--network" "none" "ghcr.io/rust-lang/crates-build-env/linux@sha256:34b6a614d2c27851fe6cbf88fbd1137609cefab8b10d0615aaeb6fd47975d74e" "/opt/rustwide/cargo-home/bin/cargo" "+beta-2021-08-22" "test" "--frozen" "--no-run" "--message-format=json", kill_on_drop: false }`
[INFO] [stderr] WARNING: Your kernel does not support swap limit capabilities or the cgroup is not mounted. Memory limited without swap.
[INFO] [stdout] 7054f420a30f5fd01bc7dce3fbc3990d5e763e2b5d9d0af7026ecea19cb3570f
[INFO] running `Command { std: "docker" "start" "-a" "7054f420a30f5fd01bc7dce3fbc3990d5e763e2b5d9d0af7026ecea19cb3570f", kill_on_drop: false }`
[INFO] [stdout] warning: unused doc comment
[INFO] [stdout]    --> src/application.rs:130:25
[INFO] [stdout]     |
[INFO] [stdout] 130 |                           /// Compute all the scoring for an opaque packet
[INFO] [stdout]     |                           ^^^^^^^^^^^^^^^^^^^^^^^^^^^^^^^^^^^^^^^^^^^^^^^^
[INFO] [stdout] 131 | /                         IBCEvent::OpaquePacket(ref inner_event) => {
[INFO] [stdout] 132 | |                             status_ok!("Processing oqaque packet", " got event");
[INFO] [stdout] 133 | |                             if let Some(tx_hashes) = inner_event.data.get("tx.hash") {
[INFO] [stdout] 134 | |                                 if let Some(hash) = tx_hashes.get(0) {
[INFO] [stdout] ...   |
[INFO] [stdout] 200 | |                             }
[INFO] [stdout] 201 | |                         }
[INFO] [stdout]     | |_________________________- rustdoc does not generate documentation for match arms
[INFO] [stdout]     |
[INFO] [stdout]     = note: `#[warn(unused_doc_comments)]` on by default
[INFO] [stdout]     = help: use `//` for a plain comment
[INFO] [stdout] 
[INFO] [stdout] 
[INFO] [stdout] warning: unused doc comment
[INFO] [stdout]    --> src/application.rs:135:37
[INFO] [stdout]     |
[INFO] [stdout] 135 |   ...                   /// Don't double count packets
[INFO] [stdout]     |                         ^^^^^^^^^^^^^^^^^^^^^^^^^^^^^^
[INFO] [stdout] 136 | / ...                   if !self.observed_transactions.contains(hash) {
[INFO] [stdout] 137 | | ...                       status_ok!("Processing oqaque packet", " Hash Unknown");
[INFO] [stdout] 138 | | ...
[INFO] [stdout] 139 | | ...                       self.observed_transactions.insert(hash.clone());
[INFO] [stdout] ...   |
[INFO] [stdout] 197 | | ...                       }
[INFO] [stdout] 198 | | ...                   }
[INFO] [stdout]     | |_______________________- rustdoc does not generate documentation for expressions
[INFO] [stdout]     |
[INFO] [stdout]     = help: use `//` for a plain comment
[INFO] [stdout] 
[INFO] [stdout] 
[INFO] [stdout] warning: unused doc comment
[INFO] [stdout]    --> src/application.rs:211:45
[INFO] [stdout]     |
[INFO] [stdout] 211 | ...                   /// Populate the source channels data
[INFO] [stdout]     |                       ^^^^^^^^^^^^^^^^^^^^^^^^^^^^^^^^^^^^^
[INFO] [stdout] 212 | ...                   self.source_channels.insert(dst_channel.clone());
[INFO] [stdout]     |                       ------------------------------------------------ rustdoc does not generate documentation for expressions
[INFO] [stdout]     |
[INFO] [stdout]     = help: use `//` for a plain comment
[INFO] [stdout] 
[INFO] [stdout] 
[INFO] [stderr]    Compiling goz_scoring v0.1.0 (/opt/rustwide/workdir)
[INFO] [stdout] warning: unused import: `std::fmt`
[INFO] [stdout]  --> src/commands/start.rs:7:5
[INFO] [stdout]   |
[INFO] [stdout] 7 | use std::fmt;
[INFO] [stdout]   |     ^^^^^^^^
[INFO] [stdout]   |
[INFO] [stdout]   = note: `#[warn(unused_imports)]` on by default
[INFO] [stdout] 
[INFO] [stdout] 
[INFO] [stdout] warning: unused import: `self`
[INFO] [stdout]   --> src/commands/start.rs:10:15
[INFO] [stdout]    |
[INFO] [stdout] 10 | use std::io::{self, BufReader};
[INFO] [stdout]    |               ^^^^
[INFO] [stdout] 
[INFO] [stdout] 
[INFO] [stdout] warning: unused import: `sagan::message::Envelope`
[INFO] [stdout]   --> src/commands/start.rs:12:5
[INFO] [stdout]    |
[INFO] [stdout] 12 | use sagan::message::Envelope;
[INFO] [stdout]    |     ^^^^^^^^^^^^^^^^^^^^^^^^
[INFO] [stdout] 
[INFO] [stdout] 
[INFO] [stdout] warning: unused imports: `FrameworkError`, `config::Override`
[INFO] [stdout]   --> src/commands.rs:19:5
[INFO] [stdout]    |
[INFO] [stdout] 19 |     config::Override, Command, Configurable, FrameworkError, Help, Options, Runnable,
[INFO] [stdout]    |     ^^^^^^^^^^^^^^^^                         ^^^^^^^^^^^^^^
[INFO] [stdout] 
[INFO] [stdout] 
[INFO] [stdout] warning: cannot borrow `self.scores` as mutable because it is also borrowed as immutable
[INFO] [stdout]    --> src/application.rs:167:69
[INFO] [stdout]     |
[INFO] [stdout] 160 |   ...                   self.get_team_by_address(sender_address)
[INFO] [stdout]     |                         ---- immutable borrow occurs here
[INFO] [stdout] ...
[INFO] [stdout] 167 |   ...                   let score = self
[INFO] [stdout]     |  ___________________________________^
[INFO] [stdout] 168 | | ...                       .scores
[INFO] [stdout]     | |_________________________________^ mutable borrow occurs here
[INFO] [stdout] 169 |   ...                       .entry(team.clone())
[INFO] [stdout]     |                                    ---- immutable borrow later used here
[INFO] [stdout]     |
[INFO] [stdout]     = note: `#[warn(mutable_borrow_reservation_conflict)]` on by default
[INFO] [stdout]     = warning: this borrowing pattern was not meant to be accepted, and may become a hard error in the future
[INFO] [stdout]     = note: for more information, see issue #59159 <https://github.com/rust-lang/rust/issues/59159>
[INFO] [stdout] 
[INFO] [stdout] 
[INFO] [stdout] warning: variable does not need to be mutable
[INFO] [stdout]   --> src/commands/start.rs:67:9
[INFO] [stdout]    |
[INFO] [stdout] 67 |         mut config: GozScoringConfig,
[INFO] [stdout]    |         ----^^^^^^
[INFO] [stdout]    |         |
[INFO] [stdout]    |         help: remove this `mut`
[INFO] [stdout]    |
[INFO] [stdout]    = note: `#[warn(unused_mut)]` on by default
[INFO] [stdout] 
[INFO] [stdout] 
[INFO] [stdout] warning: missing documentation for a struct
[INFO] [stdout]   --> src/application.rs:42:1
[INFO] [stdout]    |
[INFO] [stdout] 42 | pub struct Score {
[INFO] [stdout]    | ^^^^^^^^^^^^^^^^
[INFO] [stdout]    |
[INFO] [stdout] note: the lint level is defined here
[INFO] [stdout]   --> src/lib.rs:11:5
[INFO] [stdout]    |
[INFO] [stdout] 11 |     missing_docs,
[INFO] [stdout]    |     ^^^^^^^^^^^^
[INFO] [stdout] 
[INFO] [stdout] 
[INFO] [stdout] warning: missing documentation for a struct field
[INFO] [stdout]   --> src/application.rs:43:5
[INFO] [stdout]    |
[INFO] [stdout] 43 |     pub hub_opaque_packets: u64,
[INFO] [stdout]    |     ^^^^^^^^^^^^^^^^^^^^^^^^^^^
[INFO] [stdout] 
[INFO] [stdout] 
[INFO] [stdout] warning: missing documentation for a struct field
[INFO] [stdout]   --> src/application.rs:44:5
[INFO] [stdout]    |
[INFO] [stdout] 44 |     pub opaque_packets_tx: u64,
[INFO] [stdout]    |     ^^^^^^^^^^^^^^^^^^^^^^^^^^
[INFO] [stdout] 
[INFO] [stdout] 
[INFO] [stdout] warning: missing documentation for a struct field
[INFO] [stdout]   --> src/application.rs:45:5
[INFO] [stdout]    |
[INFO] [stdout] 45 |     pub packets_from_hub: u64,
[INFO] [stdout]    |     ^^^^^^^^^^^^^^^^^^^^^^^^^
[INFO] [stdout] 
[INFO] [stdout] 
[INFO] [stdout] warning: missing documentation for a struct field
[INFO] [stdout]   --> src/application.rs:46:5
[INFO] [stdout]    |
[INFO] [stdout] 46 |     pub opaque_packets_total: u64,
[INFO] [stdout]    |     ^^^^^^^^^^^^^^^^^^^^^^^^^^^^^
[INFO] [stdout] 
[INFO] [stdout] 
[INFO] [stdout] warning: missing documentation for an associated function
[INFO] [stdout]    --> src/application.rs:100:5
[INFO] [stdout]     |
[INFO] [stdout] 100 |     pub fn print(&self) {
[INFO] [stdout]     |     ^^^^^^^^^^^^^^^^^^^
[INFO] [stdout] 
[INFO] [stdout] 
[INFO] [stdout] warning: missing documentation for an associated function
[INFO] [stdout]    --> src/application.rs:123:5
[INFO] [stdout]     |
[INFO] [stdout] 123 |     pub fn score_envelope(&mut self, envelope: Envelope) {
[INFO] [stdout]     |     ^^^^^^^^^^^^^^^^^^^^^^^^^^^^^^^^^^^^^^^^^^^^^^^^^^^^
[INFO] [stdout] 
[INFO] [stdout] 
[INFO] [stdout] warning: missing documentation for an associated function
[INFO] [stdout]   --> src/config.rs:22:5
[INFO] [stdout]    |
[INFO] [stdout] 22 |     pub fn build_hashmaps(&self) -> HashMap<String, String> {
[INFO] [stdout]    |     ^^^^^^^^^^^^^^^^^^^^^^^^^^^^^^^^^^^^^^^^^^^^^^^^^^^^^^^
[INFO] [stdout] 
[INFO] [stdout] 
[INFO] [stdout] warning: 17 warnings emitted
[INFO] [stdout] 
[INFO] [stdout] 
[INFO] [stdout] warning: unused import: `goz_scoring::config::GozScoringConfig`
[INFO] [stdout]   --> tests/acceptance.rs:22:5
[INFO] [stdout]    |
[INFO] [stdout] 22 | use goz_scoring::config::GozScoringConfig;
[INFO] [stdout]    |     ^^^^^^^^^^^^^^^^^^^^^^^^^^^^^^^^^^^^^
[INFO] [stdout]    |
[INFO] [stdout]    = note: `#[warn(unused_imports)]` on by default
[INFO] [stdout] 
[INFO] [stdout] 
[INFO] [stdout] warning: unused doc comment
[INFO] [stdout]    --> src/application.rs:130:25
[INFO] [stdout]     |
[INFO] [stdout] 130 |                           /// Compute all the scoring for an opaque packet
[INFO] [stdout]     |                           ^^^^^^^^^^^^^^^^^^^^^^^^^^^^^^^^^^^^^^^^^^^^^^^^
[INFO] [stdout] 131 | /                         IBCEvent::OpaquePacket(ref inner_event) => {
[INFO] [stdout] 132 | |                             status_ok!("Processing oqaque packet", " got event");
[INFO] [stdout] 133 | |                             if let Some(tx_hashes) = inner_event.data.get("tx.hash") {
[INFO] [stdout] 134 | |                                 if let Some(hash) = tx_hashes.get(0) {
[INFO] [stdout] ...   |
[INFO] [stdout] 200 | |                             }
[INFO] [stdout] 201 | |                         }
[INFO] [stdout]     | |_________________________- rustdoc does not generate documentation for match arms
[INFO] [stdout]     |
[INFO] [stdout]     = note: `#[warn(unused_doc_comments)]` on by default
[INFO] [stdout]     = help: use `//` for a plain comment
[INFO] [stdout] 
[INFO] [stdout] 
[INFO] [stdout] warning: unused doc comment
[INFO] [stdout]    --> src/application.rs:135:37
[INFO] [stdout]     |
[INFO] [stdout] 135 |   ...                   /// Don't double count packets
[INFO] [stdout]     |                         ^^^^^^^^^^^^^^^^^^^^^^^^^^^^^^
[INFO] [stdout] 136 | / ...                   if !self.observed_transactions.contains(hash) {
[INFO] [stdout] 137 | | ...                       status_ok!("Processing oqaque packet", " Hash Unknown");
[INFO] [stdout] 138 | | ...
[INFO] [stdout] 139 | | ...                       self.observed_transactions.insert(hash.clone());
[INFO] [stdout] ...   |
[INFO] [stdout] 197 | | ...                       }
[INFO] [stdout] 198 | | ...                   }
[INFO] [stdout]     | |_______________________- rustdoc does not generate documentation for expressions
[INFO] [stdout]     |
[INFO] [stdout]     = help: use `//` for a plain comment
[INFO] [stdout] 
[INFO] [stdout] 
[INFO] [stdout] warning: unused doc comment
[INFO] [stdout]    --> src/application.rs:211:45
[INFO] [stdout]     |
[INFO] [stdout] 211 | ...                   /// Populate the source channels data
[INFO] [stdout]     |                       ^^^^^^^^^^^^^^^^^^^^^^^^^^^^^^^^^^^^^
[INFO] [stdout] 212 | ...                   self.source_channels.insert(dst_channel.clone());
[INFO] [stdout]     |                       ------------------------------------------------ rustdoc does not generate documentation for expressions
[INFO] [stdout]     |
[INFO] [stdout]     = help: use `//` for a plain comment
[INFO] [stdout] 
[INFO] [stdout] 
[INFO] [stdout] warning: unused import: `std::fmt`
[INFO] [stdout]  --> src/commands/start.rs:7:5
[INFO] [stdout]   |
[INFO] [stdout] 7 | use std::fmt;
[INFO] [stdout]   |     ^^^^^^^^
[INFO] [stdout]   |
[INFO] [stdout]   = note: `#[warn(unused_imports)]` on by default
[INFO] [stdout] 
[INFO] [stdout] 
[INFO] [stdout] warning: unused import: `self`
[INFO] [stdout]   --> src/commands/start.rs:10:15
[INFO] [stdout]    |
[INFO] [stdout] 10 | use std::io::{self, BufReader};
[INFO] [stdout]    |               ^^^^
[INFO] [stdout] 
[INFO] [stdout] 
[INFO] [stdout] warning: unused import: `sagan::message::Envelope`
[INFO] [stdout]   --> src/commands/start.rs:12:5
[INFO] [stdout]    |
[INFO] [stdout] 12 | use sagan::message::Envelope;
[INFO] [stdout]    |     ^^^^^^^^^^^^^^^^^^^^^^^^
[INFO] [stdout] 
[INFO] [stdout] 
[INFO] [stdout] warning: unused imports: `FrameworkError`, `config::Override`
[INFO] [stdout]   --> src/commands.rs:19:5
[INFO] [stdout]    |
[INFO] [stdout] 19 |     config::Override, Command, Configurable, FrameworkError, Help, Options, Runnable,
[INFO] [stdout]    |     ^^^^^^^^^^^^^^^^                         ^^^^^^^^^^^^^^
[INFO] [stdout] 
[INFO] [stdout] 
[INFO] [stdout] warning: cannot borrow `self.scores` as mutable because it is also borrowed as immutable
[INFO] [stdout]    --> src/application.rs:167:69
[INFO] [stdout]     |
[INFO] [stdout] 160 |   ...                   self.get_team_by_address(sender_address)
[INFO] [stdout]     |                         ---- immutable borrow occurs here
[INFO] [stdout] ...
[INFO] [stdout] 167 |   ...                   let score = self
[INFO] [stdout]     |  ___________________________________^
[INFO] [stdout] 168 | | ...                       .scores
[INFO] [stdout]     | |_________________________________^ mutable borrow occurs here
[INFO] [stdout] 169 |   ...                       .entry(team.clone())
[INFO] [stdout]     |                                    ---- immutable borrow later used here
[INFO] [stdout]     |
[INFO] [stdout]     = note: `#[warn(mutable_borrow_reservation_conflict)]` on by default
[INFO] [stdout]     = warning: this borrowing pattern was not meant to be accepted, and may become a hard error in the future
[INFO] [stdout]     = note: for more information, see issue #59159 <https://github.com/rust-lang/rust/issues/59159>
[INFO] [stdout] 
[INFO] [stdout] 
[INFO] [stdout] warning: variable does not need to be mutable
[INFO] [stdout]   --> src/commands/start.rs:67:9
[INFO] [stdout]    |
[INFO] [stdout] 67 |         mut config: GozScoringConfig,
[INFO] [stdout]    |         ----^^^^^^
[INFO] [stdout]    |         |
[INFO] [stdout]    |         help: remove this `mut`
[INFO] [stdout]    |
[INFO] [stdout]    = note: `#[warn(unused_mut)]` on by default
[INFO] [stdout] 
[INFO] [stdout] 
[INFO] [stdout] warning: 1 warning emitted
[INFO] [stdout] 
[INFO] [stdout] 
[INFO] [stdout] warning: 9 warnings emitted
[INFO] [stdout] 
[INFO] [stdout] 
[INFO] [stderr]     Finished test [unoptimized + debuginfo] target(s) in 15.16s
[INFO] running `Command { std: "docker" "inspect" "7054f420a30f5fd01bc7dce3fbc3990d5e763e2b5d9d0af7026ecea19cb3570f", kill_on_drop: false }`
[INFO] running `Command { std: "docker" "rm" "-f" "7054f420a30f5fd01bc7dce3fbc3990d5e763e2b5d9d0af7026ecea19cb3570f", kill_on_drop: false }`
[INFO] [stdout] 7054f420a30f5fd01bc7dce3fbc3990d5e763e2b5d9d0af7026ecea19cb3570f
[INFO] running `Command { std: "docker" "create" "-v" "/var/lib/crater-agent-workspace/builds/worker-5/target:/opt/rustwide/target:rw,Z" "-v" "/var/lib/crater-agent-workspace/builds/worker-5/source:/opt/rustwide/workdir:ro,Z" "-v" "/var/lib/crater-agent-workspace/cargo-home:/opt/rustwide/cargo-home:ro,Z" "-v" "/var/lib/crater-agent-workspace/rustup-home:/opt/rustwide/rustup-home:ro,Z" "-e" "SOURCE_DIR=/opt/rustwide/workdir" "-e" "CARGO_TARGET_DIR=/opt/rustwide/target" "-e" "CARGO_INCREMENTAL=0" "-e" "RUST_BACKTRACE=full" "-e" "RUSTFLAGS=--cap-lints=warn" "-e" "CARGO_HOME=/opt/rustwide/cargo-home" "-e" "RUSTUP_HOME=/opt/rustwide/rustup-home" "-w" "/opt/rustwide/workdir" "-m" "1610612736" "--user" "0:0" "--network" "none" "ghcr.io/rust-lang/crates-build-env/linux@sha256:34b6a614d2c27851fe6cbf88fbd1137609cefab8b10d0615aaeb6fd47975d74e" "/opt/rustwide/cargo-home/bin/cargo" "+beta-2021-08-22" "test" "--frozen", kill_on_drop: false }`
[INFO] [stdout] e249c86b7066412d07dd49f23e2b05aea0178f6781e59f947c72bcd07f28f7ef
[INFO] [stderr] WARNING: Your kernel does not support swap limit capabilities or the cgroup is not mounted. Memory limited without swap.
[INFO] running `Command { std: "docker" "start" "-a" "e249c86b7066412d07dd49f23e2b05aea0178f6781e59f947c72bcd07f28f7ef", kill_on_drop: false }`
[INFO] [stderr] warning: unused doc comment
[INFO] [stderr]    --> src/application.rs:130:25
[INFO] [stderr]     |
[INFO] [stderr] 130 |                           /// Compute all the scoring for an opaque packet
[INFO] [stderr]     |                           ^^^^^^^^^^^^^^^^^^^^^^^^^^^^^^^^^^^^^^^^^^^^^^^^
[INFO] [stderr] 131 | /                         IBCEvent::OpaquePacket(ref inner_event) => {
[INFO] [stderr] 132 | |                             status_ok!("Processing oqaque packet", " got event");
[INFO] [stderr] 133 | |                             if let Some(tx_hashes) = inner_event.data.get("tx.hash") {
[INFO] [stderr] 134 | |                                 if let Some(hash) = tx_hashes.get(0) {
[INFO] [stderr] ...   |
[INFO] [stderr] 200 | |                             }
[INFO] [stderr] 201 | |                         }
[INFO] [stderr]     | |_________________________- rustdoc does not generate documentation for match arms
[INFO] [stderr]     |
[INFO] [stderr]     = note: `#[warn(unused_doc_comments)]` on by default
[INFO] [stderr]     = help: use `//` for a plain comment
[INFO] [stderr] 
[INFO] [stderr] warning: unused doc comment
[INFO] [stderr]    --> src/application.rs:135:37
[INFO] [stderr]     |
[INFO] [stderr] 135 |   ...                   /// Don't double count packets
[INFO] [stderr]     |                         ^^^^^^^^^^^^^^^^^^^^^^^^^^^^^^
[INFO] [stderr] 136 | / ...                   if !self.observed_transactions.contains(hash) {
[INFO] [stderr] 137 | | ...                       status_ok!("Processing oqaque packet", " Hash Unknown");
[INFO] [stderr] 138 | | ...
[INFO] [stderr] 139 | | ...                       self.observed_transactions.insert(hash.clone());
[INFO] [stderr] ...   |
[INFO] [stderr] 197 | | ...                       }
[INFO] [stderr] 198 | | ...                   }
[INFO] [stderr]     | |_______________________- rustdoc does not generate documentation for expressions
[INFO] [stderr]     |
[INFO] [stderr]     = help: use `//` for a plain comment
[INFO] [stderr] 
[INFO] [stderr] warning: unused doc comment
[INFO] [stderr]    --> src/application.rs:211:45
[INFO] [stderr]     |
[INFO] [stderr] 211 | ...                   /// Populate the source channels data
[INFO] [stderr]     |                       ^^^^^^^^^^^^^^^^^^^^^^^^^^^^^^^^^^^^^
[INFO] [stderr] 212 | ...                   self.source_channels.insert(dst_channel.clone());
[INFO] [stderr]     |                       ------------------------------------------------ rustdoc does not generate documentation for expressions
[INFO] [stderr]     |
[INFO] [stderr]     = help: use `//` for a plain comment
[INFO] [stderr] 
[INFO] [stderr] warning: unused import: `std::fmt`
[INFO] [stderr]  --> src/commands/start.rs:7:5
[INFO] [stderr]   |
[INFO] [stderr] 7 | use std::fmt;
[INFO] [stderr]   |     ^^^^^^^^
[INFO] [stderr]   |
[INFO] [stderr]   = note: `#[warn(unused_imports)]` on by default
[INFO] [stderr] 
[INFO] [stderr] warning: unused import: `self`
[INFO] [stderr]   --> src/commands/start.rs:10:15
[INFO] [stderr]    |
[INFO] [stderr] 10 | use std::io::{self, BufReader};
[INFO] [stderr]    |               ^^^^
[INFO] [stderr] 
[INFO] [stderr] warning: unused import: `sagan::message::Envelope`
[INFO] [stderr]   --> src/commands/start.rs:12:5
[INFO] [stderr]    |
[INFO] [stderr] 12 | use sagan::message::Envelope;
[INFO] [stderr]    |     ^^^^^^^^^^^^^^^^^^^^^^^^
[INFO] [stderr] 
[INFO] [stderr] warning: unused imports: `FrameworkError`, `config::Override`
[INFO] [stderr]   --> src/commands.rs:19:5
[INFO] [stderr]    |
[INFO] [stderr] 19 |     config::Override, Command, Configurable, FrameworkError, Help, Options, Runnable,
[INFO] [stderr]    |     ^^^^^^^^^^^^^^^^                         ^^^^^^^^^^^^^^
[INFO] [stderr] 
[INFO] [stderr] warning: cannot borrow `self.scores` as mutable because it is also borrowed as immutable
[INFO] [stderr]    --> src/application.rs:167:69
[INFO] [stderr]     |
[INFO] [stderr] 160 |   ...                   self.get_team_by_address(sender_address)
[INFO] [stderr]     |                         ---- immutable borrow occurs here
[INFO] [stderr] ...
[INFO] [stderr] 167 |   ...                   let score = self
[INFO] [stderr]     |  ___________________________________^
[INFO] [stderr] 168 | | ...                       .scores
[INFO] [stderr]     | |_________________________________^ mutable borrow occurs here
[INFO] [stderr] 169 |   ...                       .entry(team.clone())
[INFO] [stderr]     |                                    ---- immutable borrow later used here
[INFO] [stderr]     |
[INFO] [stderr]     = note: `#[warn(mutable_borrow_reservation_conflict)]` on by default
[INFO] [stderr]     = warning: this borrowing pattern was not meant to be accepted, and may become a hard error in the future
[INFO] [stderr]     = note: for more information, see issue #59159 <https://github.com/rust-lang/rust/issues/59159>
[INFO] [stderr] 
[INFO] [stderr] warning: variable does not need to be mutable
[INFO] [stderr]   --> src/commands/start.rs:67:9
[INFO] [stderr]    |
[INFO] [stderr] 67 |         mut config: GozScoringConfig,
[INFO] [stderr]    |         ----^^^^^^
[INFO] [stderr]    |         |
[INFO] [stderr]    |         help: remove this `mut`
[INFO] [stderr]    |
[INFO] [stderr]    = note: `#[warn(unused_mut)]` on by default
[INFO] [stderr] 
[INFO] [stderr] warning: missing documentation for a struct
[INFO] [stderr]   --> src/application.rs:42:1
[INFO] [stderr]    |
[INFO] [stderr] 42 | pub struct Score {
[INFO] [stderr]    | ^^^^^^^^^^^^^^^^
[INFO] [stderr]    |
[INFO] [stderr] note: the lint level is defined here
[INFO] [stderr]   --> src/lib.rs:11:5
[INFO] [stderr]    |
[INFO] [stderr] 11 |     missing_docs,
[INFO] [stderr]    |     ^^^^^^^^^^^^
[INFO] [stderr] 
[INFO] [stderr] warning: missing documentation for a struct field
[INFO] [stderr]   --> src/application.rs:43:5
[INFO] [stderr]    |
[INFO] [stderr] 43 |     pub hub_opaque_packets: u64,
[INFO] [stderr]    |     ^^^^^^^^^^^^^^^^^^^^^^^^^^^
[INFO] [stderr] 
[INFO] [stderr] warning: missing documentation for a struct field
[INFO] [stderr]   --> src/application.rs:44:5
[INFO] [stderr]    |
[INFO] [stderr] 44 |     pub opaque_packets_tx: u64,
[INFO] [stderr]    |     ^^^^^^^^^^^^^^^^^^^^^^^^^^
[INFO] [stderr] 
[INFO] [stderr] warning: missing documentation for a struct field
[INFO] [stderr]   --> src/application.rs:45:5
[INFO] [stderr]    |
[INFO] [stderr] 45 |     pub packets_from_hub: u64,
[INFO] [stderr]    |     ^^^^^^^^^^^^^^^^^^^^^^^^^
[INFO] [stderr] 
[INFO] [stderr] warning: missing documentation for a struct field
[INFO] [stderr]   --> src/application.rs:46:5
[INFO] [stderr]    |
[INFO] [stderr] 46 |     pub opaque_packets_total: u64,
[INFO] [stderr]    |     ^^^^^^^^^^^^^^^^^^^^^^^^^^^^^
[INFO] [stderr] 
[INFO] [stderr] warning: missing documentation for an associated function
[INFO] [stderr]    --> src/application.rs:100:5
[INFO] [stderr]     |
[INFO] [stderr] 100 |     pub fn print(&self) {
[INFO] [stderr]     |     ^^^^^^^^^^^^^^^^^^^
[INFO] [stderr] 
[INFO] [stderr] warning: missing documentation for an associated function
[INFO] [stderr]    --> src/application.rs:123:5
[INFO] [stderr]     |
[INFO] [stderr] 123 |     pub fn score_envelope(&mut self, envelope: Envelope) {
[INFO] [stderr]     |     ^^^^^^^^^^^^^^^^^^^^^^^^^^^^^^^^^^^^^^^^^^^^^^^^^^^^
[INFO] [stderr] 
[INFO] [stderr] warning: missing documentation for an associated function
[INFO] [stderr]   --> src/config.rs:22:5
[INFO] [stderr]    |
[INFO] [stderr] 22 |     pub fn build_hashmaps(&self) -> HashMap<String, String> {
[INFO] [stderr]    |     ^^^^^^^^^^^^^^^^^^^^^^^^^^^^^^^^^^^^^^^^^^^^^^^^^^^^^^^
[INFO] [stderr] 
[INFO] [stderr] warning: `goz_scoring` (lib) generated 17 warnings
[INFO] [stderr] warning: `goz_scoring` (lib test) generated 9 warnings (9 duplicates)
[INFO] [stderr] warning: unused import: `goz_scoring::config::GozScoringConfig`
[INFO] [stderr]   --> tests/acceptance.rs:22:5
[INFO] [stderr]    |
[INFO] [stderr] 22 | use goz_scoring::config::GozScoringConfig;
[INFO] [stderr]    |     ^^^^^^^^^^^^^^^^^^^^^^^^^^^^^^^^^^^^^
[INFO] [stderr]    |
[INFO] [stderr]    = note: `#[warn(unused_imports)]` on by default
[INFO] [stderr] 
[INFO] [stderr] warning: `goz_scoring` (test "acceptance") generated 1 warning
[INFO] [stderr]     Finished test [unoptimized + debuginfo] target(s) in 0.25s
[INFO] [stderr]      Running unittests (/opt/rustwide/target/debug/deps/goz_scoring-fb42c21295a15c38)
[INFO] [stdout] 
[INFO] [stdout] running 0 tests
[INFO] [stdout] 
[INFO] [stdout] test result: ok. 0 passed; 0 failed; 0 ignored; 0 measured; 0 filtered out; finished in 0.00s
[INFO] [stdout] 
[INFO] [stderr]      Running unittests (/opt/rustwide/target/debug/deps/goz_scoring-ac2dbb8498338342)
[INFO] [stdout] 
[INFO] [stdout] running 0 tests
[INFO] [stdout] 
[INFO] [stdout] test result: ok. 0 passed; 0 failed; 0 ignored; 0 measured; 0 filtered out; finished in 0.00s
[INFO] [stdout] 
[INFO] [stderr]      Running tests/acceptance.rs (/opt/rustwide/target/debug/deps/acceptance-2482e8a3e880fdbf)
[INFO] [stdout] 
[INFO] [stdout] running 5 tests
[INFO] [stdout] + run: cargo run -- version
[INFO] [stderr]     Blocking waiting for file lock on package cache
[INFO] [stderr] warning: unused doc comment
[INFO] [stderr]    --> src/application.rs:130:25
[INFO] [stderr]     |
[INFO] [stderr] 130 |                           /// Compute all the scoring for an opaque packet
[INFO] [stderr]     |                           ^^^^^^^^^^^^^^^^^^^^^^^^^^^^^^^^^^^^^^^^^^^^^^^^
[INFO] [stderr] 131 | /                         IBCEvent::OpaquePacket(ref inner_event) => {
[INFO] [stderr] 132 | |                             status_ok!("Processing oqaque packet", " got event");
[INFO] [stderr] 133 | |                             if let Some(tx_hashes) = inner_event.data.get("tx.hash") {
[INFO] [stderr] 134 | |                                 if let Some(hash) = tx_hashes.get(0) {
[INFO] [stderr] ...   |
[INFO] [stderr] 200 | |                             }
[INFO] [stderr] 201 | |                         }
[INFO] [stderr]     | |_________________________- rustdoc does not generate documentation for match arms
[INFO] [stderr]     |
[INFO] [stderr]     = note: `#[warn(unused_doc_comments)]` on by default
[INFO] [stderr]     = help: use `//` for a plain comment
[INFO] [stderr] 
[INFO] [stderr] warning: unused doc comment
[INFO] [stderr]    --> src/application.rs:135:37
[INFO] [stderr]     |
[INFO] [stderr] 135 |   ...                   /// Don't double count packets
[INFO] [stderr]     |                         ^^^^^^^^^^^^^^^^^^^^^^^^^^^^^^
[INFO] [stderr] 136 | / ...                   if !self.observed_transactions.contains(hash) {
[INFO] [stderr] 137 | | ...                       status_ok!("Processing oqaque packet", " Hash Unknown");
[INFO] [stderr] 138 | | ...
[INFO] [stderr] 139 | | ...                       self.observed_transactions.insert(hash.clone());
[INFO] [stderr] ...   |
[INFO] [stderr] 197 | | ...                       }
[INFO] [stderr] 198 | | ...                   }
[INFO] [stderr]     | |_______________________- rustdoc does not generate documentation for expressions
[INFO] [stderr]     |
[INFO] [stderr]     = help: use `//` for a plain comment
[INFO] [stderr] 
[INFO] [stderr] warning: unused doc comment
[INFO] [stderr]    --> src/application.rs:211:45
[INFO] [stderr]     |
[INFO] [stderr] 211 | ...                   /// Populate the source channels data
[INFO] [stderr]     |                       ^^^^^^^^^^^^^^^^^^^^^^^^^^^^^^^^^^^^^
[INFO] [stderr] 212 | ...                   self.source_channels.insert(dst_channel.clone());
[INFO] [stderr]     |                       ------------------------------------------------ rustdoc does not generate documentation for expressions
[INFO] [stderr]     |
[INFO] [stderr]     = help: use `//` for a plain comment
[INFO] [stderr] 
[INFO] [stderr] warning: unused import: `std::fmt`
[INFO] [stderr]  --> src/commands/start.rs:7:5
[INFO] [stderr]   |
[INFO] [stderr] 7 | use std::fmt;
[INFO] [stderr]   |     ^^^^^^^^
[INFO] [stderr]   |
[INFO] [stderr]   = note: `#[warn(unused_imports)]` on by default
[INFO] [stderr] 
[INFO] [stderr] warning: unused import: `self`
[INFO] [stderr]   --> src/commands/start.rs:10:15
[INFO] [stderr]    |
[INFO] [stderr] 10 | use std::io::{self, BufReader};
[INFO] [stderr]    |               ^^^^
[INFO] [stderr] 
[INFO] [stderr] warning: unused import: `sagan::message::Envelope`
[INFO] [stderr]   --> src/commands/start.rs:12:5
[INFO] [stderr]    |
[INFO] [stderr] 12 | use sagan::message::Envelope;
[INFO] [stderr]    |     ^^^^^^^^^^^^^^^^^^^^^^^^
[INFO] [stderr] 
[INFO] [stderr] warning: unused imports: `FrameworkError`, `config::Override`
[INFO] [stderr]   --> src/commands.rs:19:5
[INFO] [stderr]    |
[INFO] [stderr] 19 |     config::Override, Command, Configurable, FrameworkError, Help, Options, Runnable,
[INFO] [stderr]    |     ^^^^^^^^^^^^^^^^                         ^^^^^^^^^^^^^^
[INFO] [stderr] 
[INFO] [stderr] warning: cannot borrow `self.scores` as mutable because it is also borrowed as immutable
[INFO] [stderr]    --> src/application.rs:167:69
[INFO] [stderr]     |
[INFO] [stderr] 160 |   ...                   self.get_team_by_address(sender_address)
[INFO] [stderr]     |                         ---- immutable borrow occurs here
[INFO] [stderr] ...
[INFO] [stderr] 167 |   ...                   let score = self
[INFO] [stderr]     |  ___________________________________^
[INFO] [stderr] 168 | | ...                       .scores
[INFO] [stderr]     | |_________________________________^ mutable borrow occurs here
[INFO] [stderr] 169 |   ...                       .entry(team.clone())
[INFO] [stderr]     |                                    ---- immutable borrow later used here
[INFO] [stderr]     |
[INFO] [stderr]     = note: `#[warn(mutable_borrow_reservation_conflict)]` on by default
[INFO] [stderr]     = warning: this borrowing pattern was not meant to be accepted, and may become a hard error in the future
[INFO] [stderr]     = note: for more information, see issue #59159 <https://github.com/rust-lang/rust/issues/59159>
[INFO] [stderr] 
[INFO] [stderr] warning: variable does not need to be mutable
[INFO] [stderr]   --> src/commands/start.rs:67:9
[INFO] [stderr]    |
[INFO] [stderr] 67 |         mut config: GozScoringConfig,
[INFO] [stderr]    |         ----^^^^^^
[INFO] [stderr]    |         |
[INFO] [stderr]    |         help: remove this `mut`
[INFO] [stderr]    |
[INFO] [stderr]    = note: `#[warn(unused_mut)]` on by default
[INFO] [stderr] 
[INFO] [stderr] warning: missing documentation for a struct
[INFO] [stderr]   --> src/application.rs:42:1
[INFO] [stderr]    |
[INFO] [stderr] 42 | pub struct Score {
[INFO] [stderr]    | ^^^^^^^^^^^^^^^^
[INFO] [stderr]    |
[INFO] [stderr] note: the lint level is defined here
[INFO] [stderr]   --> src/lib.rs:11:5
[INFO] [stderr]    |
[INFO] [stderr] 11 |     missing_docs,
[INFO] [stderr]    |     ^^^^^^^^^^^^
[INFO] [stderr] 
[INFO] [stderr] warning: missing documentation for a struct field
[INFO] [stderr]   --> src/application.rs:43:5
[INFO] [stderr]    |
[INFO] [stderr] 43 |     pub hub_opaque_packets: u64,
[INFO] [stderr]    |     ^^^^^^^^^^^^^^^^^^^^^^^^^^^
[INFO] [stderr] 
[INFO] [stderr] warning: missing documentation for a struct field
[INFO] [stderr]   --> src/application.rs:44:5
[INFO] [stderr]    |
[INFO] [stderr] 44 |     pub opaque_packets_tx: u64,
[INFO] [stderr]    |     ^^^^^^^^^^^^^^^^^^^^^^^^^^
[INFO] [stderr] 
[INFO] [stderr] warning: missing documentation for a struct field
[INFO] [stderr]   --> src/application.rs:45:5
[INFO] [stderr]    |
[INFO] [stderr] 45 |     pub packets_from_hub: u64,
[INFO] [stderr]    |     ^^^^^^^^^^^^^^^^^^^^^^^^^
[INFO] [stderr] 
[INFO] [stderr] warning: missing documentation for a struct field
[INFO] [stderr]   --> src/application.rs:46:5
[INFO] [stderr]    |
[INFO] [stderr] 46 |     pub opaque_packets_total: u64,
[INFO] [stderr]    |     ^^^^^^^^^^^^^^^^^^^^^^^^^^^^^
[INFO] [stderr] 
[INFO] [stderr] warning: missing documentation for an associated function
[INFO] [stderr]    --> src/application.rs:100:5
[INFO] [stderr]     |
[INFO] [stderr] 100 |     pub fn print(&self) {
[INFO] [stderr]     |     ^^^^^^^^^^^^^^^^^^^
[INFO] [stderr] 
[INFO] [stderr] warning: missing documentation for an associated function
[INFO] [stderr]    --> src/application.rs:123:5
[INFO] [stderr]     |
[INFO] [stderr] 123 |     pub fn score_envelope(&mut self, envelope: Envelope) {
[INFO] [stderr]     |     ^^^^^^^^^^^^^^^^^^^^^^^^^^^^^^^^^^^^^^^^^^^^^^^^^^^^
[INFO] [stderr] 
[INFO] [stderr] warning: missing documentation for an associated function
[INFO] [stderr]   --> src/config.rs:22:5
[INFO] [stderr]    |
[INFO] [stderr] 22 |     pub fn build_hashmaps(&self) -> HashMap<String, String> {
[INFO] [stderr]    |     ^^^^^^^^^^^^^^^^^^^^^^^^^^^^^^^^^^^^^^^^^^^^^^^^^^^^^^^
[INFO] [stderr] 
[INFO] [stderr] warning: `goz_scoring` (lib) generated 17 warnings
[INFO] [stderr]     Finished dev [unoptimized + debuginfo] target(s) in 0.93s
[INFO] [stderr]      Running `/opt/rustwide/target/debug/goz_scoring version`
[INFO] [stderr] [src/application.rs:302] &self.address_to_team = {}
[INFO] [stdout] test version_no_args ... FAILED
[INFO] [stdout] test version_no_args ... FAILED
[INFO] [stdout] test start_no_args ... FAILED
[INFO] [stdout] test version_no_args ... FAILED
[INFO] [stdout] test start_with_args ... FAILED
[INFO] [stdout] 
[INFO] [stdout] failures:
[INFO] [stdout] 
[INFO] [stdout] ---- version_no_args stdout ----
[INFO] [stdout] thread 'version_no_args' panicked at 'poisoned cmd mutex!: PoisonError { .. }', /opt/rustwide/cargo-home/registry/src/github.com-1ecc6299db9ec823/abscissa_core-0.5.2/src/testing/runner.rs:195:39
[INFO] [stdout] stack backtrace:
[INFO] [stdout]    0:     0x563a009402f0 - std::backtrace_rs::backtrace::libunwind::trace::hff4d1766e93f64f1
[INFO] [stdout]                                at /rustc/bf16ca353c82d9051dbd1a4cfc5a01a1800578e9/library/std/src/../../backtrace/src/backtrace/libunwind.rs:90:5
[INFO] [stdout]    1:     0x563a009402f0 - std::backtrace_rs::backtrace::trace_unsynchronized::h56bbc8eb78770bcb
[INFO] [stdout]                                at /rustc/bf16ca353c82d9051dbd1a4cfc5a01a1800578e9/library/std/src/../../backtrace/src/backtrace/mod.rs:66:5
[INFO] [stdout]    2:     0x563a009402f0 - std::sys_common::backtrace::_print_fmt::h5c8e75464faca780
[INFO] [stdout]                                at /rustc/bf16ca353c82d9051dbd1a4cfc5a01a1800578e9/library/std/src/sys_common/backtrace.rs:67:5
[INFO] [stdout]    3:     0x563a009402f0 - <std::sys_common::backtrace::_print::DisplayBacktrace as core::fmt::Display>::fmt::h48b88277def8b362
[INFO] [stdout]                                at /rustc/bf16ca353c82d9051dbd1a4cfc5a01a1800578e9/library/std/src/sys_common/backtrace.rs:46:22
[INFO] [stdout]    4:     0x563a009630bc - core::fmt::write::h3381b3176fe2b3d3
[INFO] [stdout]                                at /rustc/bf16ca353c82d9051dbd1a4cfc5a01a1800578e9/library/core/src/fmt/mod.rs:1115:17
[INFO] [stdout]    5:     0x563a0093d025 - std::io::Write::write_fmt::h5f34a676f60246b5
[INFO] [stdout]                                at /rustc/bf16ca353c82d9051dbd1a4cfc5a01a1800578e9/library/std/src/io/mod.rs:1665:15
[INFO] [stdout]    6:     0x563a0094247b - std::sys_common::backtrace::_print::ha537687d6c17dd0d
[INFO] [stdout]                                at /rustc/bf16ca353c82d9051dbd1a4cfc5a01a1800578e9/library/std/src/sys_common/backtrace.rs:49:5
[INFO] [stdout]    7:     0x563a0094247b - std::sys_common::backtrace::print::h61376ae57d131d72
[INFO] [stdout]                                at /rustc/bf16ca353c82d9051dbd1a4cfc5a01a1800578e9/library/std/src/sys_common/backtrace.rs:36:9
[INFO] [stdout]    8:     0x563a0094247b - std::panicking::default_hook::{{closure}}::h0f7208c0b9644a54
[INFO] [stdout]                                at /rustc/bf16ca353c82d9051dbd1a4cfc5a01a1800578e9/library/std/src/panicking.rs:208:50
[INFO] [stdout]    9:     0x563a00941f8c - std::panicking::default_hook::hdac7fc06578c14ce
[INFO] [stdout]                                at /rustc/bf16ca353c82d9051dbd1a4cfc5a01a1800578e9/library/std/src/panicking.rs:222:9
[INFO] [stdout]   10:     0x563a00942b44 - std::panicking::rust_panic_with_hook::h72b21c283da3d1ef
[INFO] [stdout]                                at /rustc/bf16ca353c82d9051dbd1a4cfc5a01a1800578e9/library/std/src/panicking.rs:622:17
[INFO] [stdout]   11:     0x563a00942627 - std::panicking::begin_panic_handler::{{closure}}::he5778f1729cff84a
[INFO] [stdout]                                at /rustc/bf16ca353c82d9051dbd1a4cfc5a01a1800578e9/library/std/src/panicking.rs:519:13
[INFO] [stdout]   12:     0x563a009407cc - std::sys_common::backtrace::__rust_end_short_backtrace::h2d11ca8b453b4b1d
[INFO] [stdout]                                at /rustc/bf16ca353c82d9051dbd1a4cfc5a01a1800578e9/library/std/src/sys_common/backtrace.rs:141:18
[INFO] [stdout]   13:     0x563a00942589 - rust_begin_unwind
[INFO] [stdout]                                at /rustc/bf16ca353c82d9051dbd1a4cfc5a01a1800578e9/library/std/src/panicking.rs:515:5
[INFO] [stdout]   14:     0x563a006fe8c1 - core::panicking::panic_fmt::hf9de31d4acbce4db
[INFO] [stdout]                                at /rustc/bf16ca353c82d9051dbd1a4cfc5a01a1800578e9/library/core/src/panicking.rs:92:14
[INFO] [stdout]   15:     0x563a006fe9b3 - core::result::unwrap_failed::ha0c84e81219e5878
[INFO] [stdout]                                at /rustc/bf16ca353c82d9051dbd1a4cfc5a01a1800578e9/library/core/src/result.rs:1599:5
[INFO] [stdout]   16:     0x563a0074f834 - core::result::Result<T,E>::expect::hd4e9511dbcb543dd
[INFO] [stdout]                                at /rustc/bf16ca353c82d9051dbd1a4cfc5a01a1800578e9/library/core/src/result.rs:1241:23
[INFO] [stdout]   17:     0x563a0074bec2 - abscissa_core::testing::runner::CmdRunner::run::{{closure}}::h24b0c30dc5ad2ae3
[INFO] [stdout]                                at /opt/rustwide/cargo-home/registry/src/github.com-1ecc6299db9ec823/abscissa_core-0.5.2/src/testing/runner.rs:195:26
[INFO] [stdout]   18:     0x563a0074d2ce - core::option::Option<T>::map::h839bc1f3e0404607
[INFO] [stdout]                                at /rustc/bf16ca353c82d9051dbd1a4cfc5a01a1800578e9/library/core/src/option.rs:823:29
[INFO] [stdout]   19:     0x563a0074b99c - abscissa_core::testing::runner::CmdRunner::run::h1b827f880195e4e2
[INFO] [stdout]                                at /opt/rustwide/cargo-home/registry/src/github.com-1ecc6299db9ec823/abscissa_core-0.5.2/src/testing/runner.rs:192:21
[INFO] [stdout]   20:     0x563a006fffdf - acceptance::version_no_args::h56c2a132b3efd170
[INFO] [stdout]                                at /opt/rustwide/workdir/tests/acceptance.rs:89:19
[INFO] [stdout]   21:     0x563a006fff0a - acceptance::version_no_args::{{closure}}::h879c55897e5bb734
[INFO] [stdout]                                at /opt/rustwide/workdir/tests/acceptance.rs:87:1
[INFO] [stdout]   22:     0x563a007034ce - core::ops::function::FnOnce::call_once::h148ec5d3fd166745
[INFO] [stdout]                                at /rustc/bf16ca353c82d9051dbd1a4cfc5a01a1800578e9/library/core/src/ops/function.rs:227:5
[INFO] [stdout]   23:     0x563a00737373 - core::ops::function::FnOnce::call_once::hbb52c4519d3137b0
[INFO] [stdout]                                at /rustc/bf16ca353c82d9051dbd1a4cfc5a01a1800578e9/library/core/src/ops/function.rs:227:5
[INFO] [stdout]   24:     0x563a00737373 - test::__rust_begin_short_backtrace::h86fe3a2a5a5121af
[INFO] [stdout]                                at /rustc/bf16ca353c82d9051dbd1a4cfc5a01a1800578e9/library/test/src/lib.rs:578:5
[INFO] [stdout]   25:     0x563a00735e28 - <alloc::boxed::Box<F,A> as core::ops::function::FnOnce<Args>>::call_once::hfd956bc3d57399be
[INFO] [stdout]                                at /rustc/bf16ca353c82d9051dbd1a4cfc5a01a1800578e9/library/alloc/src/boxed.rs:1572:9
[INFO] [stdout]   26:     0x563a00735e28 - <std::panic::AssertUnwindSafe<F> as core::ops::function::FnOnce<()>>::call_once::h40dc93e0ddb5938a
[INFO] [stdout]                                at /rustc/bf16ca353c82d9051dbd1a4cfc5a01a1800578e9/library/std/src/panic.rs:347:9
[INFO] [stdout]   27:     0x563a00735e28 - std::panicking::try::do_call::h90d07750cb47c562
[INFO] [stdout]                                at /rustc/bf16ca353c82d9051dbd1a4cfc5a01a1800578e9/library/std/src/panicking.rs:401:40
[INFO] [stdout]   28:     0x563a00735e28 - std::panicking::try::h063c84733ad2a629
[INFO] [stdout]                                at /rustc/bf16ca353c82d9051dbd1a4cfc5a01a1800578e9/library/std/src/panicking.rs:365:19
[INFO] [stdout]   29:     0x563a00735e28 - std::panic::catch_unwind::h0c464836a84e7c08
[INFO] [stdout]                                at /rustc/bf16ca353c82d9051dbd1a4cfc5a01a1800578e9/library/std/src/panic.rs:434:14
[INFO] [stdout]   30:     0x563a00735e28 - test::run_test_in_process::h5cb06ef620b157fc
[INFO] [stdout]                                at /rustc/bf16ca353c82d9051dbd1a4cfc5a01a1800578e9/library/test/src/lib.rs:601:18
[INFO] [stdout]   31:     0x563a00735e28 - test::run_test::run_test_inner::{{closure}}::h76f677f4b93f9828
[INFO] [stdout]                                at /rustc/bf16ca353c82d9051dbd1a4cfc5a01a1800578e9/library/test/src/lib.rs:493:39
[INFO] [stdout]   32:     0x563a007045bd - test::run_test::run_test_inner::{{closure}}::h366d01fe04f4d67a
[INFO] [stdout]                                at /rustc/bf16ca353c82d9051dbd1a4cfc5a01a1800578e9/library/test/src/lib.rs:520:37
[INFO] [stdout]   33:     0x563a007045bd - std::sys_common::backtrace::__rust_begin_short_backtrace::h7dfa0de4eb395af2
[INFO] [stdout]                                at /rustc/bf16ca353c82d9051dbd1a4cfc5a01a1800578e9/library/std/src/sys_common/backtrace.rs:125:18
[INFO] [stdout]   34:     0x563a00708d88 - std::thread::Builder::spawn_unchecked::{{closure}}::{{closure}}::hf0a74bb58798037f
[INFO] [stdout]                                at /rustc/bf16ca353c82d9051dbd1a4cfc5a01a1800578e9/library/std/src/thread/mod.rs:476:17
[INFO] [stdout]   35:     0x563a00708d88 - <std::panic::AssertUnwindSafe<F> as core::ops::function::FnOnce<()>>::call_once::hb024e854818586ac
[INFO] [stdout]                                at /rustc/bf16ca353c82d9051dbd1a4cfc5a01a1800578e9/library/std/src/panic.rs:347:9
[INFO] [stdout]   36:     0x563a00708d88 - std::panicking::try::do_call::hb2dd9f1d0d48e41d
[INFO] [stdout]                                at /rustc/bf16ca353c82d9051dbd1a4cfc5a01a1800578e9/library/std/src/panicking.rs:401:40
[INFO] [stdout]   37:     0x563a00708d88 - std::panicking::try::h4717ae7bac8b2bf3
[INFO] [stdout]                                at /rustc/bf16ca353c82d9051dbd1a4cfc5a01a1800578e9/library/std/src/panicking.rs:365:19
[INFO] [stdout]   38:     0x563a00708d88 - std::panic::catch_unwind::h0dc8a061326ce8d8
[INFO] [stdout]                                at /rustc/bf16ca353c82d9051dbd1a4cfc5a01a1800578e9/library/std/src/panic.rs:434:14
[INFO] [stdout]   39:     0x563a00708d88 - std::thread::Builder::spawn_unchecked::{{closure}}::haa369e2d6fd00aa1
[INFO] [stdout]                                at /rustc/bf16ca353c82d9051dbd1a4cfc5a01a1800578e9/library/std/src/thread/mod.rs:475:30
[INFO] [stdout]   40:     0x563a00708d88 - core::ops::function::FnOnce::call_once{{vtable.shim}}::h36dcf3de8b056f17
[INFO] [stdout]                                at /rustc/bf16ca353c82d9051dbd1a4cfc5a01a1800578e9/library/core/src/ops/function.rs:227:5
[INFO] [stdout]   41:     0x563a00947af7 - <alloc::boxed::Box<F,A> as core::ops::function::FnOnce<Args>>::call_once::h65c29e4642be2358
[INFO] [stdout]                                at /rustc/bf16ca353c82d9051dbd1a4cfc5a01a1800578e9/library/alloc/src/boxed.rs:1572:9
[INFO] [stdout]   42:     0x563a00947af7 - <alloc::boxed::Box<F,A> as core::ops::function::FnOnce<Args>>::call_once::hd0f8f7fbbd9fffbf
[INFO] [stdout]                                at /rustc/bf16ca353c82d9051dbd1a4cfc5a01a1800578e9/library/alloc/src/boxed.rs:1572:9
[INFO] [stdout]   43:     0x563a00947af7 - std::sys::unix::thread::Thread::new::thread_start::h2fd22fee3ca77b65
[INFO] [stdout]                                at /rustc/bf16ca353c82d9051dbd1a4cfc5a01a1800578e9/library/std/src/sys/unix/thread.rs:74:17
[INFO] [stdout]   44:     0x7febf6d03609 - start_thread
[INFO] [stdout]   45:     0x7febf6adb293 - clone
[INFO] [stdout]   46:                0x0 - <unknown>
[INFO] [stdout] 
[INFO] [stdout] ---- version_no_args stdout ----
[INFO] [stdout] thread 'version_no_args' panicked at 'poisoned cmd mutex!: PoisonError { .. }', /opt/rustwide/cargo-home/registry/src/github.com-1ecc6299db9ec823/abscissa_core-0.5.2/src/testing/runner.rs:195:39
[INFO] [stdout] stack backtrace:
[INFO] [stdout]    0:     0x563a009402f0 - std::backtrace_rs::backtrace::libunwind::trace::hff4d1766e93f64f1
[INFO] [stdout]                                at /rustc/bf16ca353c82d9051dbd1a4cfc5a01a1800578e9/library/std/src/../../backtrace/src/backtrace/libunwind.rs:90:5
[INFO] [stdout]    1:     0x563a009402f0 - std::backtrace_rs::backtrace::trace_unsynchronized::h56bbc8eb78770bcb
[INFO] [stdout]                                at /rustc/bf16ca353c82d9051dbd1a4cfc5a01a1800578e9/library/std/src/../../backtrace/src/backtrace/mod.rs:66:5
[INFO] [stdout]    2:     0x563a009402f0 - std::sys_common::backtrace::_print_fmt::h5c8e75464faca780
[INFO] [stdout]                                at /rustc/bf16ca353c82d9051dbd1a4cfc5a01a1800578e9/library/std/src/sys_common/backtrace.rs:67:5
[INFO] [stdout]    3:     0x563a009402f0 - <std::sys_common::backtrace::_print::DisplayBacktrace as core::fmt::Display>::fmt::h48b88277def8b362
[INFO] [stdout]                                at /rustc/bf16ca353c82d9051dbd1a4cfc5a01a1800578e9/library/std/src/sys_common/backtrace.rs:46:22
[INFO] [stdout]    4:     0x563a009630bc - core::fmt::write::h3381b3176fe2b3d3
[INFO] [stdout]                                at /rustc/bf16ca353c82d9051dbd1a4cfc5a01a1800578e9/library/core/src/fmt/mod.rs:1115:17
[INFO] [stdout]    5:     0x563a0093d025 - std::io::Write::write_fmt::h5f34a676f60246b5
[INFO] [stdout]                                at /rustc/bf16ca353c82d9051dbd1a4cfc5a01a1800578e9/library/std/src/io/mod.rs:1665:15
[INFO] [stdout]    6:     0x563a0094247b - std::sys_common::backtrace::_print::ha537687d6c17dd0d
[INFO] [stdout]                                at /rustc/bf16ca353c82d9051dbd1a4cfc5a01a1800578e9/library/std/src/sys_common/backtrace.rs:49:5
[INFO] [stdout]    7:     0x563a0094247b - std::sys_common::backtrace::print::h61376ae57d131d72
[INFO] [stdout]                                at /rustc/bf16ca353c82d9051dbd1a4cfc5a01a1800578e9/library/std/src/sys_common/backtrace.rs:36:9
[INFO] [stdout]    8:     0x563a0094247b - std::panicking::default_hook::{{closure}}::h0f7208c0b9644a54
[INFO] [stdout]                                at /rustc/bf16ca353c82d9051dbd1a4cfc5a01a1800578e9/library/std/src/panicking.rs:208:50
[INFO] [stdout]    9:     0x563a00941f8c - std::panicking::default_hook::hdac7fc06578c14ce
[INFO] [stdout]                                at /rustc/bf16ca353c82d9051dbd1a4cfc5a01a1800578e9/library/std/src/panicking.rs:222:9
[INFO] [stdout]   10:     0x563a00942b44 - std::panicking::rust_panic_with_hook::h72b21c283da3d1ef
[INFO] [stdout]                                at /rustc/bf16ca353c82d9051dbd1a4cfc5a01a1800578e9/library/std/src/panicking.rs:622:17
[INFO] [stdout]   11:     0x563a00942627 - std::panicking::begin_panic_handler::{{closure}}::he5778f1729cff84a
[INFO] [stdout]                                at /rustc/bf16ca353c82d9051dbd1a4cfc5a01a1800578e9/library/std/src/panicking.rs:519:13
[INFO] [stdout]   12:     0x563a009407cc - std::sys_common::backtrace::__rust_end_short_backtrace::h2d11ca8b453b4b1d
[INFO] [stdout]                                at /rustc/bf16ca353c82d9051dbd1a4cfc5a01a1800578e9/library/std/src/sys_common/backtrace.rs:141:18
[INFO] [stdout]   13:     0x563a00942589 - rust_begin_unwind
[INFO] [stdout]                                at /rustc/bf16ca353c82d9051dbd1a4cfc5a01a1800578e9/library/std/src/panicking.rs:515:5
[INFO] [stdout]   14:     0x563a006fe8c1 - core::panicking::panic_fmt::hf9de31d4acbce4db
[INFO] [stdout]                                at /rustc/bf16ca353c82d9051dbd1a4cfc5a01a1800578e9/library/core/src/panicking.rs:92:14
[INFO] [stdout]   15:     0x563a006fe9b3 - core::result::unwrap_failed::ha0c84e81219e5878
[INFO] [stdout]                                at /rustc/bf16ca353c82d9051dbd1a4cfc5a01a1800578e9/library/core/src/result.rs:1599:5
[INFO] [stdout]   16:     0x563a0074f834 - core::result::Result<T,E>::expect::hd4e9511dbcb543dd
[INFO] [stdout]                                at /rustc/bf16ca353c82d9051dbd1a4cfc5a01a1800578e9/library/core/src/result.rs:1241:23
[INFO] [stdout]   17:     0x563a0074bec2 - abscissa_core::testing::runner::CmdRunner::run::{{closure}}::h24b0c30dc5ad2ae3
[INFO] [stdout]                                at /opt/rustwide/cargo-home/registry/src/github.com-1ecc6299db9ec823/abscissa_core-0.5.2/src/testing/runner.rs:195:26
[INFO] [stdout]   18:     0x563a0074d2ce - core::option::Option<T>::map::h839bc1f3e0404607
[INFO] [stdout]                                at /rustc/bf16ca353c82d9051dbd1a4cfc5a01a1800578e9/library/core/src/option.rs:823:29
[INFO] [stdout]   19:     0x563a0074b99c - abscissa_core::testing::runner::CmdRunner::run::h1b827f880195e4e2
[INFO] [stdout]                                at /opt/rustwide/cargo-home/registry/src/github.com-1ecc6299db9ec823/abscissa_core-0.5.2/src/testing/runner.rs:192:21
[INFO] [stdout]   20:     0x563a006fffdf - acceptance::version_no_args::h56c2a132b3efd170
[INFO] [stdout]                                at /opt/rustwide/workdir/tests/acceptance.rs:89:19
[INFO] [stdout]   21:     0x563a006fff2a - acceptance::version_no_args::{{closure}}::h9c930c5baee22bfc
[INFO] [stdout]                                at /opt/rustwide/workdir/tests/acceptance.rs:87:1
[INFO] [stdout]   22:     0x563a007035be - core::ops::function::FnOnce::call_once::h2e6b6d9731a2ad5b
[INFO] [stdout]                                at /rustc/bf16ca353c82d9051dbd1a4cfc5a01a1800578e9/library/core/src/ops/function.rs:227:5
[INFO] [stdout]   23:     0x563a00737373 - core::ops::function::FnOnce::call_once::hbb52c4519d3137b0
[INFO] [stdout]                                at /rustc/bf16ca353c82d9051dbd1a4cfc5a01a1800578e9/library/core/src/ops/function.rs:227:5
[INFO] [stdout]   24:     0x563a00737373 - test::__rust_begin_short_backtrace::h86fe3a2a5a5121af
[INFO] [stdout]                                at /rustc/bf16ca353c82d9051dbd1a4cfc5a01a1800578e9/library/test/src/lib.rs:578:5
[INFO] [stdout]   25:     0x563a00735e28 - <alloc::boxed::Box<F,A> as core::ops::function::FnOnce<Args>>::call_once::hfd956bc3d57399be
[INFO] [stdout]                                at /rustc/bf16ca353c82d9051dbd1a4cfc5a01a1800578e9/library/alloc/src/boxed.rs:1572:9
[INFO] [stdout]   26:     0x563a00735e28 - <std::panic::AssertUnwindSafe<F> as core::ops::function::FnOnce<()>>::call_once::h40dc93e0ddb5938a
[INFO] [stdout]                                at /rustc/bf16ca353c82d9051dbd1a4cfc5a01a1800578e9/library/std/src/panic.rs:347:9
[INFO] [stdout]   27:     0x563a00735e28 - std::panicking::try::do_call::h90d07750cb47c562
[INFO] [stdout]                                at /rustc/bf16ca353c82d9051dbd1a4cfc5a01a1800578e9/library/std/src/panicking.rs:401:40
[INFO] [stdout]   28:     0x563a00735e28 - std::panicking::try::h063c84733ad2a629
[INFO] [stdout]                                at /rustc/bf16ca353c82d9051dbd1a4cfc5a01a1800578e9/library/std/src/panicking.rs:365:19
[INFO] [stdout]   29:     0x563a00735e28 - std::panic::catch_unwind::h0c464836a84e7c08
[INFO] [stdout]                                at /rustc/bf16ca353c82d9051dbd1a4cfc5a01a1800578e9/library/std/src/panic.rs:434:14
[INFO] [stdout]   30:     0x563a00735e28 - test::run_test_in_process::h5cb06ef620b157fc
[INFO] [stdout]                                at /rustc/bf16ca353c82d9051dbd1a4cfc5a01a1800578e9/library/test/src/lib.rs:601:18
[INFO] [stdout]   31:     0x563a00735e28 - test::run_test::run_test_inner::{{closure}}::h76f677f4b93f9828
[INFO] [stdout]                                at /rustc/bf16ca353c82d9051dbd1a4cfc5a01a1800578e9/library/test/src/lib.rs:493:39
[INFO] [stdout]   32:     0x563a007045bd - test::run_test::run_test_inner::{{closure}}::h366d01fe04f4d67a
[INFO] [stdout]                                at /rustc/bf16ca353c82d9051dbd1a4cfc5a01a1800578e9/library/test/src/lib.rs:520:37
[INFO] [stdout]   33:     0x563a007045bd - std::sys_common::backtrace::__rust_begin_short_backtrace::h7dfa0de4eb395af2
[INFO] [stdout]                                at /rustc/bf16ca353c82d9051dbd1a4cfc5a01a1800578e9/library/std/src/sys_common/backtrace.rs:125:18
[INFO] [stdout]   34:     0x563a00708d88 - std::thread::Builder::spawn_unchecked::{{closure}}::{{closure}}::hf0a74bb58798037f
[INFO] [stdout]                                at /rustc/bf16ca353c82d9051dbd1a4cfc5a01a1800578e9/library/std/src/thread/mod.rs:476:17
[INFO] [stdout]   35:     0x563a00708d88 - <std::panic::AssertUnwindSafe<F> as core::ops::function::FnOnce<()>>::call_once::hb024e854818586ac
[INFO] [stdout]                                at /rustc/bf16ca353c82d9051dbd1a4cfc5a01a1800578e9/library/std/src/panic.rs:347:9
[INFO] [stdout]   36:     0x563a00708d88 - std::panicking::try::do_call::hb2dd9f1d0d48e41d
[INFO] [stdout]                                at /rustc/bf16ca353c82d9051dbd1a4cfc5a01a1800578e9/library/std/src/panicking.rs:401:40
[INFO] [stdout]   37:     0x563a00708d88 - std::panicking::try::h4717ae7bac8b2bf3
[INFO] [stdout]                                at /rustc/bf16ca353c82d9051dbd1a4cfc5a01a1800578e9/library/std/src/panicking.rs:365:19
[INFO] [stdout]   38:     0x563a00708d88 - std::panic::catch_unwind::h0dc8a061326ce8d8
[INFO] [stdout]                                at /rustc/bf16ca353c82d9051dbd1a4cfc5a01a1800578e9/library/std/src/panic.rs:434:14
[INFO] [stdout]   39:     0x563a00708d88 - std::thread::Builder::spawn_unchecked::{{closure}}::haa369e2d6fd00aa1
[INFO] [stdout]                                at /rustc/bf16ca353c82d9051dbd1a4cfc5a01a1800578e9/library/std/src/thread/mod.rs:475:30
[INFO] [stdout]   40:     0x563a00708d88 - core::ops::function::FnOnce::call_once{{vtable.shim}}::h36dcf3de8b056f17
[INFO] [stdout]                                at /rustc/bf16ca353c82d9051dbd1a4cfc5a01a1800578e9/library/core/src/ops/function.rs:227:5
[INFO] [stdout]   41:     0x563a00947af7 - <alloc::boxed::Box<F,A> as core::ops::function::FnOnce<Args>>::call_once::h65c29e4642be2358
[INFO] [stdout]                                at /rustc/bf16ca353c82d9051dbd1a4cfc5a01a1800578e9/library/alloc/src/boxed.rs:1572:9
[INFO] [stdout]   42:     0x563a00947af7 - <alloc::boxed::Box<F,A> as core::ops::function::FnOnce<Args>>::call_once::hd0f8f7fbbd9fffbf
[INFO] [stdout]                                at /rustc/bf16ca353c82d9051dbd1a4cfc5a01a1800578e9/library/alloc/src/boxed.rs:1572:9
[INFO] [stdout]   43:     0x563a00947af7 - std::sys::unix::thread::Thread::new::thread_start::h2fd22fee3ca77b65
[INFO] [stdout]                                at /rustc/bf16ca353c82d9051dbd1a4cfc5a01a1800578e9/library/std/src/sys/unix/thread.rs:74:17
[INFO] [stdout]   44:     0x7febf6d03609 - start_thread
[INFO] [stdout]   45:     0x7febf6adb293 - clone
[INFO] [stdout]   46:                0x0 - <unknown>
[INFO] [stdout] 
[INFO] [stdout] ---- start_no_args stdout ----
[INFO] [stdout] thread 'start_no_args' panicked at 'poisoned cmd mutex!: PoisonError { .. }', /opt/rustwide/cargo-home/registry/src/github.com-1ecc6299db9ec823/abscissa_core-0.5.2/src/testing/runner.rs:195:39
[INFO] [stdout] stack backtrace:
[INFO] [stdout]    0:     0x563a009402f0 - std::backtrace_rs::backtrace::libunwind::trace::hff4d1766e93f64f1
[INFO] [stdout]                                at /rustc/bf16ca353c82d9051dbd1a4cfc5a01a1800578e9/library/std/src/../../backtrace/src/backtrace/libunwind.rs:90:5
[INFO] [stdout]    1:     0x563a009402f0 - std::backtrace_rs::backtrace::trace_unsynchronized::h56bbc8eb78770bcb
[INFO] [stdout]                                at /rustc/bf16ca353c82d9051dbd1a4cfc5a01a1800578e9/library/std/src/../../backtrace/src/backtrace/mod.rs:66:5
[INFO] [stdout]    2:     0x563a009402f0 - std::sys_common::backtrace::_print_fmt::h5c8e75464faca780
[INFO] [stdout]                                at /rustc/bf16ca353c82d9051dbd1a4cfc5a01a1800578e9/library/std/src/sys_common/backtrace.rs:67:5
[INFO] [stdout]    3:     0x563a009402f0 - <std::sys_common::backtrace::_print::DisplayBacktrace as core::fmt::Display>::fmt::h48b88277def8b362
[INFO] [stdout]                                at /rustc/bf16ca353c82d9051dbd1a4cfc5a01a1800578e9/library/std/src/sys_common/backtrace.rs:46:22
[INFO] [stdout]    4:     0x563a009630bc - core::fmt::write::h3381b3176fe2b3d3
[INFO] [stdout]                                at /rustc/bf16ca353c82d9051dbd1a4cfc5a01a1800578e9/library/core/src/fmt/mod.rs:1115:17
[INFO] [stdout]    5:     0x563a0093d025 - std::io::Write::write_fmt::h5f34a676f60246b5
[INFO] [stdout]                                at /rustc/bf16ca353c82d9051dbd1a4cfc5a01a1800578e9/library/std/src/io/mod.rs:1665:15
[INFO] [stdout]    6:     0x563a0094247b - std::sys_common::backtrace::_print::ha537687d6c17dd0d
[INFO] [stdout]                                at /rustc/bf16ca353c82d9051dbd1a4cfc5a01a1800578e9/library/std/src/sys_common/backtrace.rs:49:5
[INFO] [stdout]    7:     0x563a0094247b - std::sys_common::backtrace::print::h61376ae57d131d72
[INFO] [stdout]                                at /rustc/bf16ca353c82d9051dbd1a4cfc5a01a1800578e9/library/std/src/sys_common/backtrace.rs:36:9
[INFO] [stdout]    8:     0x563a0094247b - std::panicking::default_hook::{{closure}}::h0f7208c0b9644a54
[INFO] [stdout]                                at /rustc/bf16ca353c82d9051dbd1a4cfc5a01a1800578e9/library/std/src/panicking.rs:208:50
[INFO] [stdout]    9:     0x563a00941f8c - std::panicking::default_hook::hdac7fc06578c14ce
[INFO] [stdout]                                at /rustc/bf16ca353c82d9051dbd1a4cfc5a01a1800578e9/library/std/src/panicking.rs:222:9
[INFO] [stdout]   10:     0x563a00942b44 - std::panicking::rust_panic_with_hook::h72b21c283da3d1ef
[INFO] [stdout]                                at /rustc/bf16ca353c82d9051dbd1a4cfc5a01a1800578e9/library/std/src/panicking.rs:622:17
[INFO] [stdout]   11:     0x563a00942627 - std::panicking::begin_panic_handler::{{closure}}::he5778f1729cff84a
[INFO] [stdout]                                at /rustc/bf16ca353c82d9051dbd1a4cfc5a01a1800578e9/library/std/src/panicking.rs:519:13
[INFO] [stdout]   12:     0x563a009407cc - std::sys_common::backtrace::__rust_end_short_backtrace::h2d11ca8b453b4b1d
[INFO] [stdout]                                at /rustc/bf16ca353c82d9051dbd1a4cfc5a01a1800578e9/library/std/src/sys_common/backtrace.rs:141:18
[INFO] [stdout]   13:     0x563a00942589 - rust_begin_unwind
[INFO] [stdout]                                at /rustc/bf16ca353c82d9051dbd1a4cfc5a01a1800578e9/library/std/src/panicking.rs:515:5
[INFO] [stdout]   14:     0x563a006fe8c1 - core::panicking::panic_fmt::hf9de31d4acbce4db
[INFO] [stdout]                                at /rustc/bf16ca353c82d9051dbd1a4cfc5a01a1800578e9/library/core/src/panicking.rs:92:14
[INFO] [stdout]   15:     0x563a006fe9b3 - core::result::unwrap_failed::ha0c84e81219e5878
[INFO] [stdout]                                at /rustc/bf16ca353c82d9051dbd1a4cfc5a01a1800578e9/library/core/src/result.rs:1599:5
[INFO] [stdout]   16:     0x563a0074f834 - core::result::Result<T,E>::expect::hd4e9511dbcb543dd
[INFO] [stdout]                                at /rustc/bf16ca353c82d9051dbd1a4cfc5a01a1800578e9/library/core/src/result.rs:1241:23
[INFO] [stdout]   17:     0x563a0074bec2 - abscissa_core::testing::runner::CmdRunner::run::{{closure}}::h24b0c30dc5ad2ae3
[INFO] [stdout]                                at /opt/rustwide/cargo-home/registry/src/github.com-1ecc6299db9ec823/abscissa_core-0.5.2/src/testing/runner.rs:195:26
[INFO] [stdout]   18:     0x563a0074d2ce - core::option::Option<T>::map::h839bc1f3e0404607
[INFO] [stdout]                                at /rustc/bf16ca353c82d9051dbd1a4cfc5a01a1800578e9/library/core/src/option.rs:823:29
[INFO] [stdout]   19:     0x563a0074b99c - abscissa_core::testing::runner::CmdRunner::run::h1b827f880195e4e2
[INFO] [stdout]                                at /opt/rustwide/cargo-home/registry/src/github.com-1ecc6299db9ec823/abscissa_core-0.5.2/src/testing/runner.rs:192:21
[INFO] [stdout]   20:     0x563a006ffb77 - acceptance::start_no_args::h4fee4806f9653e42
[INFO] [stdout]                                at /opt/rustwide/workdir/tests/acceptance.rs:37:19
[INFO] [stdout]   21:     0x563a006ffaba - acceptance::start_no_args::{{closure}}::hc84797ddfb6bceeb
[INFO] [stdout]                                at /opt/rustwide/workdir/tests/acceptance.rs:35:1
[INFO] [stdout]   22:     0x563a0070363e - core::ops::function::FnOnce::call_once::h4a12dac5a1895d86
[INFO] [stdout]                                at /rustc/bf16ca353c82d9051dbd1a4cfc5a01a1800578e9/library/core/src/ops/function.rs:227:5
[INFO] [stdout]   23:     0x563a00737373 - core::ops::function::FnOnce::call_once::hbb52c4519d3137b0
[INFO] [stdout]                                at /rustc/bf16ca353c82d9051dbd1a4cfc5a01a1800578e9/library/core/src/ops/function.rs:227:5
[INFO] [stdout]   24:     0x563a00737373 - test::__rust_begin_short_backtrace::h86fe3a2a5a5121af
[INFO] [stdout]                                at /rustc/bf16ca353c82d9051dbd1a4cfc5a01a1800578e9/library/test/src/lib.rs:578:5
[INFO] [stdout]   25:     0x563a00735e28 - <alloc::boxed::Box<F,A> as core::ops::function::FnOnce<Args>>::call_once::hfd956bc3d57399be
[INFO] [stdout]                                at /rustc/bf16ca353c82d9051dbd1a4cfc5a01a1800578e9/library/alloc/src/boxed.rs:1572:9
[INFO] [stdout]   26:     0x563a00735e28 - <std::panic::AssertUnwindSafe<F> as core::ops::function::FnOnce<()>>::call_once::h40dc93e0ddb5938a
[INFO] [stdout]                                at /rustc/bf16ca353c82d9051dbd1a4cfc5a01a1800578e9/library/std/src/panic.rs:347:9
[INFO] [stdout]   27:     0x563a00735e28 - std::panicking::try::do_call::h90d07750cb47c562
[INFO] [stdout]                                at /rustc/bf16ca353c82d9051dbd1a4cfc5a01a1800578e9/library/std/src/panicking.rs:401:40
[INFO] [stdout]   28:     0x563a00735e28 - std::panicking::try::h063c84733ad2a629
[INFO] [stdout]                                at /rustc/bf16ca353c82d9051dbd1a4cfc5a01a1800578e9/library/std/src/panicking.rs:365:19
[INFO] [stdout]   29:     0x563a00735e28 - std::panic::catch_unwind::h0c464836a84e7c08
[INFO] [stdout]                                at /rustc/bf16ca353c82d9051dbd1a4cfc5a01a1800578e9/library/std/src/panic.rs:434:14
[INFO] [stdout]   30:     0x563a00735e28 - test::run_test_in_process::h5cb06ef620b157fc
[INFO] [stdout]                                at /rustc/bf16ca353c82d9051dbd1a4cfc5a01a1800578e9/library/test/src/lib.rs:601:18
[INFO] [stdout]   31:     0x563a00735e28 - test::run_test::run_test_inner::{{closure}}::h76f677f4b93f9828
[INFO] [stdout]                                at /rustc/bf16ca353c82d9051dbd1a4cfc5a01a1800578e9/library/test/src/lib.rs:493:39
[INFO] [stdout]   32:     0x563a007045bd - test::run_test::run_test_inner::{{closure}}::h366d01fe04f4d67a
[INFO] [stdout]                                at /rustc/bf16ca353c82d9051dbd1a4cfc5a01a1800578e9/library/test/src/lib.rs:520:37
[INFO] [stdout]   33:     0x563a007045bd - std::sys_common::backtrace::__rust_begin_short_backtrace::h7dfa0de4eb395af2
[INFO] [stdout]                                at /rustc/bf16ca353c82d9051dbd1a4cfc5a01a1800578e9/library/std/src/sys_common/backtrace.rs:125:18
[INFO] [stdout]   34:     0x563a00708d88 - std::thread::Builder::spawn_unchecked::{{closure}}::{{closure}}::hf0a74bb58798037f
[INFO] [stdout]                                at /rustc/bf16ca353c82d9051dbd1a4cfc5a01a1800578e9/library/std/src/thread/mod.rs:476:17
[INFO] [stdout]   35:     0x563a00708d88 - <std::panic::AssertUnwindSafe<F> as core::ops::function::FnOnce<()>>::call_once::hb024e854818586ac
[INFO] [stdout]                                at /rustc/bf16ca353c82d9051dbd1a4cfc5a01a1800578e9/library/std/src/panic.rs:347:9
[INFO] [stdout]   36:     0x563a00708d88 - std::panicking::try::do_call::hb2dd9f1d0d48e41d
[INFO] [stdout]                                at /rustc/bf16ca353c82d9051dbd1a4cfc5a01a1800578e9/library/std/src/panicking.rs:401:40
[INFO] [stdout]   37:     0x563a00708d88 - std::panicking::try::h4717ae7bac8b2bf3
[INFO] [stdout]                                at /rustc/bf16ca353c82d9051dbd1a4cfc5a01a1800578e9/library/std/src/panicking.rs:365:19
[INFO] [stdout]   38:     0x563a00708d88 - std::panic::catch_unwind::h0dc8a061326ce8d8
[INFO] [stdout]                                at /rustc/bf16ca353c82d9051dbd1a4cfc5a01a1800578e9/library/std/src/panic.rs:434:14
[INFO] [stdout]   39:     0x563a00708d88 - std::thread::Builder::spawn_unchecked::{{closure}}::haa369e2d6fd00aa1
[INFO] [stdout]                                at /rustc/bf16ca353c82d9051dbd1a4cfc5a01a1800578e9/library/std/src/thread/mod.rs:475:30
[INFO] [stdout]   40:     0x563a00708d88 - core::ops::function::FnOnce::call_once{{vtable.shim}}::h36dcf3de8b056f17
[INFO] [stdout]                                at /rustc/bf16ca353c82d9051dbd1a4cfc5a01a1800578e9/library/core/src/ops/function.rs:227:5
[INFO] [stdout]   41:     0x563a00947af7 - <alloc::boxed::Box<F,A> as core::ops::function::FnOnce<Args>>::call_once::h65c29e4642be2358
[INFO] [stdout]                                at /rustc/bf16ca353c82d9051dbd1a4cfc5a01a1800578e9/library/alloc/src/boxed.rs:1572:9
[INFO] [stdout]   42:     0x563a00947af7 - <alloc::boxed::Box<F,A> as core::ops::function::FnOnce<Args>>::call_once::hd0f8f7fbbd9fffbf
[INFO] [stdout]                                at /rustc/bf16ca353c82d9051dbd1a4cfc5a01a1800578e9/library/alloc/src/boxed.rs:1572:9
[INFO] [stdout]   43:     0x563a00947af7 - std::sys::unix::thread::Thread::new::thread_start::h2fd22fee3ca77b65
[INFO] [stdout]                                at /rustc/bf16ca353c82d9051dbd1a4cfc5a01a1800578e9/library/std/src/sys/unix/thread.rs:74:17
[INFO] [stdout]   44:     0x7febf6d03609 - start_thread
[INFO] [stdout]   45:     0x7febf6adb293 - clone
[INFO] [stdout]   46:                0x0 - <unknown>
[INFO] [stdout] 
[INFO] [stdout] ---- version_no_args stdout ----
[INFO] [stdout] thread 'version_no_args' panicked at 'regex \A\w+ [\d\.\-]+\z did not match line: "      Config Build Hashmaps\n"', /opt/rustwide/cargo-home/registry/src/github.com-1ecc6299db9ec823/abscissa_core-0.5.2/src/testing/process/streams.rs:47:9
[INFO] [stdout] stack backtrace:
[INFO] [stdout]    0:     0x563a009402f0 - std::backtrace_rs::backtrace::libunwind::trace::hff4d1766e93f64f1
[INFO] [stdout]                                at /rustc/bf16ca353c82d9051dbd1a4cfc5a01a1800578e9/library/std/src/../../backtrace/src/backtrace/libunwind.rs:90:5
[INFO] [stdout]    1:     0x563a009402f0 - std::backtrace_rs::backtrace::trace_unsynchronized::h56bbc8eb78770bcb
[INFO] [stdout]                                at /rustc/bf16ca353c82d9051dbd1a4cfc5a01a1800578e9/library/std/src/../../backtrace/src/backtrace/mod.rs:66:5
[INFO] [stdout]    2:     0x563a009402f0 - std::sys_common::backtrace::_print_fmt::h5c8e75464faca780
[INFO] [stdout]                                at /rustc/bf16ca353c82d9051dbd1a4cfc5a01a1800578e9/library/std/src/sys_common/backtrace.rs:67:5
[INFO] [stdout]    3:     0x563a009402f0 - <std::sys_common::backtrace::_print::DisplayBacktrace as core::fmt::Display>::fmt::h48b88277def8b362
[INFO] [stdout]                                at /rustc/bf16ca353c82d9051dbd1a4cfc5a01a1800578e9/library/std/src/sys_common/backtrace.rs:46:22
[INFO] [stdout]    4:     0x563a009630bc - core::fmt::write::h3381b3176fe2b3d3
[INFO] [stdout]                                at /rustc/bf16ca353c82d9051dbd1a4cfc5a01a1800578e9/library/core/src/fmt/mod.rs:1115:17
[INFO] [stdout]    5:     0x563a0093d025 - std::io::Write::write_fmt::h5f34a676f60246b5
[INFO] [stdout]                                at /rustc/bf16ca353c82d9051dbd1a4cfc5a01a1800578e9/library/std/src/io/mod.rs:1665:15
[INFO] [stdout]    6:     0x563a0094247b - std::sys_common::backtrace::_print::ha537687d6c17dd0d
[INFO] [stdout]                                at /rustc/bf16ca353c82d9051dbd1a4cfc5a01a1800578e9/library/std/src/sys_common/backtrace.rs:49:5
[INFO] [stdout]    7:     0x563a0094247b - std::sys_common::backtrace::print::h61376ae57d131d72
[INFO] [stdout]                                at /rustc/bf16ca353c82d9051dbd1a4cfc5a01a1800578e9/library/std/src/sys_common/backtrace.rs:36:9
[INFO] [stdout]    8:     0x563a0094247b - std::panicking::default_hook::{{closure}}::h0f7208c0b9644a54
[INFO] [stdout]                                at /rustc/bf16ca353c82d9051dbd1a4cfc5a01a1800578e9/library/std/src/panicking.rs:208:50
[INFO] [stdout]    9:     0x563a00941f8c - std::panicking::default_hook::hdac7fc06578c14ce
[INFO] [stdout]                                at /rustc/bf16ca353c82d9051dbd1a4cfc5a01a1800578e9/library/std/src/panicking.rs:222:9
[INFO] [stdout]   10:     0x563a00942b44 - std::panicking::rust_panic_with_hook::h72b21c283da3d1ef
[INFO] [stdout]                                at /rustc/bf16ca353c82d9051dbd1a4cfc5a01a1800578e9/library/std/src/panicking.rs:622:17
[INFO] [stdout]   11:     0x563a00942627 - std::panicking::begin_panic_handler::{{closure}}::he5778f1729cff84a
[INFO] [stdout]                                at /rustc/bf16ca353c82d9051dbd1a4cfc5a01a1800578e9/library/std/src/panicking.rs:519:13
[INFO] [stdout]   12:     0x563a009407cc - std::sys_common::backtrace::__rust_end_short_backtrace::h2d11ca8b453b4b1d
[INFO] [stdout]                                at /rustc/bf16ca353c82d9051dbd1a4cfc5a01a1800578e9/library/std/src/sys_common/backtrace.rs:141:18
[INFO] [stdout]   13:     0x563a00942589 - rust_begin_unwind
[INFO] [stdout]                                at /rustc/bf16ca353c82d9051dbd1a4cfc5a01a1800578e9/library/std/src/panicking.rs:515:5
[INFO] [stdout]   14:     0x563a006fdc8b - std::panicking::begin_panic_fmt::h746518bde832d259
[INFO] [stdout]                                at /rustc/bf16ca353c82d9051dbd1a4cfc5a01a1800578e9/library/std/src/panicking.rs:457:5
[INFO] [stdout]   15:     0x563a00700638 - abscissa_core::testing::process::streams::OutputStream::expect_regex::h26cf1188ce5370ff
[INFO] [stdout]                                at /opt/rustwide/cargo-home/registry/src/github.com-1ecc6299db9ec823/abscissa_core-0.5.2/src/testing/process/streams.rs:47:9
[INFO] [stdout]   16:     0x563a00700010 - acceptance::version_no_args::h56c2a132b3efd170
[INFO] [stdout]                                at /opt/rustwide/workdir/tests/acceptance.rs:90:5
[INFO] [stdout]   17:     0x563a006ffeea - acceptance::version_no_args::{{closure}}::h750a677c6428a67f
[INFO] [stdout]                                at /opt/rustwide/workdir/tests/acceptance.rs:87:1
[INFO] [stdout]   18:     0x563a007036be - core::ops::function::FnOnce::call_once::h87f29a5c933aad8e
[INFO] [stdout]                                at /rustc/bf16ca353c82d9051dbd1a4cfc5a01a1800578e9/library/core/src/ops/function.rs:227:5
[INFO] [stdout]   19:     0x563a00737373 - core::ops::function::FnOnce::call_once::hbb52c4519d3137b0
[INFO] [stdout]                                at /rustc/bf16ca353c82d9051dbd1a4cfc5a01a1800578e9/library/core/src/ops/function.rs:227:5
[INFO] [stdout]   20:     0x563a00737373 - test::__rust_begin_short_backtrace::h86fe3a2a5a5121af
[INFO] [stdout]                                at /rustc/bf16ca353c82d9051dbd1a4cfc5a01a1800578e9/library/test/src/lib.rs:578:5
[INFO] [stdout]   21:     0x563a00735e28 - <alloc::boxed::Box<F,A> as core::ops::function::FnOnce<Args>>::call_once::hfd956bc3d57399be
[INFO] [stdout]                                at /rustc/bf16ca353c82d9051dbd1a4cfc5a01a1800578e9/library/alloc/src/boxed.rs:1572:9
[INFO] [stdout]   22:     0x563a00735e28 - <std::panic::AssertUnwindSafe<F> as core::ops::function::FnOnce<()>>::call_once::h40dc93e0ddb5938a
[INFO] [stdout]                                at /rustc/bf16ca353c82d9051dbd1a4cfc5a01a1800578e9/library/std/src/panic.rs:347:9
[INFO] [stdout]   23:     0x563a00735e28 - std::panicking::try::do_call::h90d07750cb47c562
[INFO] [stdout]                                at /rustc/bf16ca353c82d9051dbd1a4cfc5a01a1800578e9/library/std/src/panicking.rs:401:40
[INFO] [stdout]   24:     0x563a00735e28 - std::panicking::try::h063c84733ad2a629
[INFO] [stdout]                                at /rustc/bf16ca353c82d9051dbd1a4cfc5a01a1800578e9/library/std/src/panicking.rs:365:19
[INFO] [stdout]   25:     0x563a00735e28 - std::panic::catch_unwind::h0c464836a84e7c08
[INFO] [stdout]                                at /rustc/bf16ca353c82d9051dbd1a4cfc5a01a1800578e9/library/std/src/panic.rs:434:14
[INFO] [stdout]   26:     0x563a00735e28 - test::run_test_in_process::h5cb06ef620b157fc
[INFO] [stdout]                                at /rustc/bf16ca353c82d9051dbd1a4cfc5a01a1800578e9/library/test/src/lib.rs:601:18
[INFO] [stdout]   27:     0x563a00735e28 - test::run_test::run_test_inner::{{closure}}::h76f677f4b93f9828
[INFO] [stdout]                                at /rustc/bf16ca353c82d9051dbd1a4cfc5a01a1800578e9/library/test/src/lib.rs:493:39
[INFO] [stdout]   28:     0x563a007045bd - test::run_test::run_test_inner::{{closure}}::h366d01fe04f4d67a
[INFO] [stdout]                                at /rustc/bf16ca353c82d9051dbd1a4cfc5a01a1800578e9/library/test/src/lib.rs:520:37
[INFO] [stdout]   29:     0x563a007045bd - std::sys_common::backtrace::__rust_begin_short_backtrace::h7dfa0de4eb395af2
[INFO] [stdout]                                at /rustc/bf16ca353c82d9051dbd1a4cfc5a01a1800578e9/library/std/src/sys_common/backtrace.rs:125:18
[INFO] [stdout]   30:     0x563a00708d88 - std::thread::Builder::spawn_unchecked::{{closure}}::{{closure}}::hf0a74bb58798037f
[INFO] [stdout]                                at /rustc/bf16ca353c82d9051dbd1a4cfc5a01a1800578e9/library/std/src/thread/mod.rs:476:17
[INFO] [stdout]   31:     0x563a00708d88 - <std::panic::AssertUnwindSafe<F> as core::ops::function::FnOnce<()>>::call_once::hb024e854818586ac
[INFO] [stdout]                                at /rustc/bf16ca353c82d9051dbd1a4cfc5a01a1800578e9/library/std/src/panic.rs:347:9
[INFO] [stdout]   32:     0x563a00708d88 - std::panicking::try::do_call::hb2dd9f1d0d48e41d
[INFO] [stdout]                                at /rustc/bf16ca353c82d9051dbd1a4cfc5a01a1800578e9/library/std/src/panicking.rs:401:40
[INFO] [stdout]   33:     0x563a00708d88 - std::panicking::try::h4717ae7bac8b2bf3
[INFO] [stdout]                                at /rustc/bf16ca353c82d9051dbd1a4cfc5a01a1800578e9/library/std/src/panicking.rs:365:19
[INFO] [stdout]   34:     0x563a00708d88 - std::panic::catch_unwind::h0dc8a061326ce8d8
[INFO] [stdout]                                at /rustc/bf16ca353c82d9051dbd1a4cfc5a01a1800578e9/library/std/src/panic.rs:434:14
[INFO] [stdout]   35:     0x563a00708d88 - std::thread::Builder::spawn_unchecked::{{closure}}::haa369e2d6fd00aa1
[INFO] [stdout]                                at /rustc/bf16ca353c82d9051dbd1a4cfc5a01a1800578e9/library/std/src/thread/mod.rs:475:30
[INFO] [stdout]   36:     0x563a00708d88 - core::ops::function::FnOnce::call_once{{vtable.shim}}::h36dcf3de8b056f17
[INFO] [stdout]                                at /rustc/bf16ca353c82d9051dbd1a4cfc5a01a1800578e9/library/core/src/ops/function.rs:227:5
[INFO] [stdout]   37:     0x563a00947af7 - <alloc::boxed::Box<F,A> as core::ops::function::FnOnce<Args>>::call_once::h65c29e4642be2358
[INFO] [stdout]                                at /rustc/bf16ca353c82d9051dbd1a4cfc5a01a1800578e9/library/alloc/src/boxed.rs:1572:9
[INFO] [stdout]   38:     0x563a00947af7 - <alloc::boxed::Box<F,A> as core::ops::function::FnOnce<Args>>::call_once::hd0f8f7fbbd9fffbf
[INFO] [stdout]                                at /rustc/bf16ca353c82d9051dbd1a4cfc5a01a1800578e9/library/alloc/src/boxed.rs:1572:9
[INFO] [stdout]   39:     0x563a00947af7 - std::sys::unix::thread::Thread::new::thread_start::h2fd22fee3ca77b65
[INFO] [stdout]                                at /rustc/bf16ca353c82d9051dbd1a4cfc5a01a1800578e9/library/std/src/sys/unix/thread.rs:74:17
[INFO] [stdout]   40:     0x7febf6d03609 - start_thread
[INFO] [stdout]   41:     0x7febf6adb293 - clone
[INFO] [stdout]   42:                0x0 - <unknown>
[INFO] [stdout] 
[INFO] [stdout] ---- start_with_args stdout ----
[INFO] [stdout] thread 'start_with_args' panicked at 'poisoned cmd mutex!: PoisonError { .. }', /opt/rustwide/cargo-home/registry/src/github.com-1ecc6299db9ec823/abscissa_core-0.5.2/src/testing/runner.rs:195:39
[INFO] [stdout] stack backtrace:
[INFO] [stdout]    0:     0x563a009402f0 - std::backtrace_rs::backtrace::libunwind::trace::hff4d1766e93f64f1
[INFO] [stdout]                                at /rustc/bf16ca353c82d9051dbd1a4cfc5a01a1800578e9/library/std/src/../../backtrace/src/backtrace/libunwind.rs:90:5
[INFO] [stdout]    1:     0x563a009402f0 - std::backtrace_rs::backtrace::trace_unsynchronized::h56bbc8eb78770bcb
[INFO] [stdout]                                at /rustc/bf16ca353c82d9051dbd1a4cfc5a01a1800578e9/library/std/src/../../backtrace/src/backtrace/mod.rs:66:5
[INFO] [stdout]    2:     0x563a009402f0 - std::sys_common::backtrace::_print_fmt::h5c8e75464faca780
[INFO] [stdout]                                at /rustc/bf16ca353c82d9051dbd1a4cfc5a01a1800578e9/library/std/src/sys_common/backtrace.rs:67:5
[INFO] [stdout]    3:     0x563a009402f0 - <std::sys_common::backtrace::_print::DisplayBacktrace as core::fmt::Display>::fmt::h48b88277def8b362
[INFO] [stdout]                                at /rustc/bf16ca353c82d9051dbd1a4cfc5a01a1800578e9/library/std/src/sys_common/backtrace.rs:46:22
[INFO] [stdout]    4:     0x563a009630bc - core::fmt::write::h3381b3176fe2b3d3
[INFO] [stdout]                                at /rustc/bf16ca353c82d9051dbd1a4cfc5a01a1800578e9/library/core/src/fmt/mod.rs:1115:17
[INFO] [stdout]    5:     0x563a0093d025 - std::io::Write::write_fmt::h5f34a676f60246b5
[INFO] [stdout]                                at /rustc/bf16ca353c82d9051dbd1a4cfc5a01a1800578e9/library/std/src/io/mod.rs:1665:15
[INFO] [stdout]    6:     0x563a0094247b - std::sys_common::backtrace::_print::ha537687d6c17dd0d
[INFO] [stdout]                                at /rustc/bf16ca353c82d9051dbd1a4cfc5a01a1800578e9/library/std/src/sys_common/backtrace.rs:49:5
[INFO] [stdout]    7:     0x563a0094247b - std::sys_common::backtrace::print::h61376ae57d131d72
[INFO] [stdout]                                at /rustc/bf16ca353c82d9051dbd1a4cfc5a01a1800578e9/library/std/src/sys_common/backtrace.rs:36:9
[INFO] [stdout]    8:     0x563a0094247b - std::panicking::default_hook::{{closure}}::h0f7208c0b9644a54
[INFO] [stdout]                                at /rustc/bf16ca353c82d9051dbd1a4cfc5a01a1800578e9/library/std/src/panicking.rs:208:50
[INFO] [stdout]    9:     0x563a00941f8c - std::panicking::default_hook::hdac7fc06578c14ce
[INFO] [stdout]                                at /rustc/bf16ca353c82d9051dbd1a4cfc5a01a1800578e9/library/std/src/panicking.rs:222:9
[INFO] [stdout]   10:     0x563a00942b44 - std::panicking::rust_panic_with_hook::h72b21c283da3d1ef
[INFO] [stdout]                                at /rustc/bf16ca353c82d9051dbd1a4cfc5a01a1800578e9/library/std/src/panicking.rs:622:17
[INFO] [stdout]   11:     0x563a00942627 - std::panicking::begin_panic_handler::{{closure}}::he5778f1729cff84a
[INFO] [stdout]                                at /rustc/bf16ca353c82d9051dbd1a4cfc5a01a1800578e9/library/std/src/panicking.rs:519:13
[INFO] [stdout]   12:     0x563a009407cc - std::sys_common::backtrace::__rust_end_short_backtrace::h2d11ca8b453b4b1d
[INFO] [stdout]                                at /rustc/bf16ca353c82d9051dbd1a4cfc5a01a1800578e9/library/std/src/sys_common/backtrace.rs:141:18
[INFO] [stdout]   13:     0x563a00942589 - rust_begin_unwind
[INFO] [stdout]                                at /rustc/bf16ca353c82d9051dbd1a4cfc5a01a1800578e9/library/std/src/panicking.rs:515:5
[INFO] [stdout]   14:     0x563a006fe8c1 - core::panicking::panic_fmt::hf9de31d4acbce4db
[INFO] [stdout]                                at /rustc/bf16ca353c82d9051dbd1a4cfc5a01a1800578e9/library/core/src/panicking.rs:92:14
[INFO] [stdout]   15:     0x563a006fe9b3 - core::result::unwrap_failed::ha0c84e81219e5878
[INFO] [stdout]                                at /rustc/bf16ca353c82d9051dbd1a4cfc5a01a1800578e9/library/core/src/result.rs:1599:5
[INFO] [stdout]   16:     0x563a0074f834 - core::result::Result<T,E>::expect::hd4e9511dbcb543dd
[INFO] [stdout]                                at /rustc/bf16ca353c82d9051dbd1a4cfc5a01a1800578e9/library/core/src/result.rs:1241:23
[INFO] [stdout]   17:     0x563a0074bec2 - abscissa_core::testing::runner::CmdRunner::run::{{closure}}::h24b0c30dc5ad2ae3
[INFO] [stdout]                                at /opt/rustwide/cargo-home/registry/src/github.com-1ecc6299db9ec823/abscissa_core-0.5.2/src/testing/runner.rs:195:26
[INFO] [stdout]   18:     0x563a0074d2ce - core::option::Option<T>::map::h839bc1f3e0404607
[INFO] [stdout]                                at /rustc/bf16ca353c82d9051dbd1a4cfc5a01a1800578e9/library/core/src/option.rs:823:29
[INFO] [stdout]   19:     0x563a0074b99c - abscissa_core::testing::runner::CmdRunner::run::h1b827f880195e4e2
[INFO] [stdout]                                at /opt/rustwide/cargo-home/registry/src/github.com-1ecc6299db9ec823/abscissa_core-0.5.2/src/testing/runner.rs:192:21
[INFO] [stdout]   20:     0x563a006ffd8e - acceptance::start_with_args::h0be41cf56fb89979
[INFO] [stdout]                                at /opt/rustwide/workdir/tests/acceptance.rs:46:19
[INFO] [stdout]   21:     0x563a006ffcda - acceptance::start_with_args::{{closure}}::hf845c37b68f39ea4
[INFO] [stdout]                                at /opt/rustwide/workdir/tests/acceptance.rs:44:1
[INFO] [stdout]   22:     0x563a0070355e - core::ops::function::FnOnce::call_once::h246de61b129274c4
[INFO] [stdout]                                at /rustc/bf16ca353c82d9051dbd1a4cfc5a01a1800578e9/library/core/src/ops/function.rs:227:5
[INFO] [stdout]   23:     0x563a00737373 - core::ops::function::FnOnce::call_once::hbb52c4519d3137b0
[INFO] [stdout]                                at /rustc/bf16ca353c82d9051dbd1a4cfc5a01a1800578e9/library/core/src/ops/function.rs:227:5
[INFO] [stdout]   24:     0x563a00737373 - test::__rust_begin_short_backtrace::h86fe3a2a5a5121af
[INFO] [stdout]                                at /rustc/bf16ca353c82d9051dbd1a4cfc5a01a1800578e9/library/test/src/lib.rs:578:5
[INFO] [stdout]   25:     0x563a00735e28 - <alloc::boxed::Box<F,A> as core::ops::function::FnOnce<Args>>::call_once::hfd956bc3d57399be
[INFO] [stdout]                                at /rustc/bf16ca353c82d9051dbd1a4cfc5a01a1800578e9/library/alloc/src/boxed.rs:1572:9
[INFO] [stdout]   26:     0x563a00735e28 - <std::panic::AssertUnwindSafe<F> as core::ops::function::FnOnce<()>>::call_once::h40dc93e0ddb5938a
[INFO] [stdout]                                at /rustc/bf16ca353c82d9051dbd1a4cfc5a01a1800578e9/library/std/src/panic.rs:347:9
[INFO] [stdout]   27:     0x563a00735e28 - std::panicking::try::do_call::h90d07750cb47c562
[INFO] [stdout]                                at /rustc/bf16ca353c82d9051dbd1a4cfc5a01a1800578e9/library/std/src/panicking.rs:401:40
[INFO] [stdout]   28:     0x563a00735e28 - std::panicking::try::h063c84733ad2a629
[INFO] [stdout]                                at /rustc/bf16ca353c82d9051dbd1a4cfc5a01a1800578e9/library/std/src/panicking.rs:365:19
[INFO] [stdout]   29:     0x563a00735e28 - std::panic::catch_unwind::h0c464836a84e7c08
[INFO] [stdout]                                at /rustc/bf16ca353c82d9051dbd1a4cfc5a01a1800578e9/library/std/src/panic.rs:434:14
[INFO] [stdout]   30:     0x563a00735e28 - test::run_test_in_process::h5cb06ef620b157fc
[INFO] [stdout]                                at /rustc/bf16ca353c82d9051dbd1a4cfc5a01a1800578e9/library/test/src/lib.rs:601:18
[INFO] [stdout]   31:     0x563a00735e28 - test::run_test::run_test_inner::{{closure}}::h76f677f4b93f9828
[INFO] [stdout]                                at /rustc/bf16ca353c82d9051dbd1a4cfc5a01a1800578e9/library/test/src/lib.rs:493:39
[INFO] [stdout]   32:     0x563a007045bd - test::run_test::run_test_inner::{{closure}}::h366d01fe04f4d67a
[INFO] [stdout]                                at /rustc/bf16ca353c82d9051dbd1a4cfc5a01a1800578e9/library/test/src/lib.rs:520:37
[INFO] [stdout]   33:     0x563a007045bd - std::sys_common::backtrace::__rust_begin_short_backtrace::h7dfa0de4eb395af2
[INFO] [stdout]                                at /rustc/bf16ca353c82d9051dbd1a4cfc5a01a1800578e9/library/std/src/sys_common/backtrace.rs:125:18
[INFO] [stdout]   34:     0x563a00708d88 - std::thread::Builder::spawn_unchecked::{{closure}}::{{closure}}::hf0a74bb58798037f
[INFO] [stdout]                                at /rustc/bf16ca353c82d9051dbd1a4cfc5a01a1800578e9/library/std/src/thread/mod.rs:476:17
[INFO] [stdout]   35:     0x563a00708d88 - <std::panic::AssertUnwindSafe<F> as core::ops::function::FnOnce<()>>::call_once::hb024e854818586ac
[INFO] [stdout]                                at /rustc/bf16ca353c82d9051dbd1a4cfc5a01a1800578e9/library/std/src/panic.rs:347:9
[INFO] [stdout]   36:     0x563a00708d88 - std::panicking::try::do_call::hb2dd9f1d0d48e41d
[INFO] [stdout]                                at /rustc/bf16ca353c82d9051dbd1a4cfc5a01a1800578e9/library/std/src/panicking.rs:401:40
[INFO] [stdout]   37:     0x563a00708d88 - std::panicking::try::h4717ae7bac8b2bf3
[INFO] [stdout]                                at /rustc/bf16ca353c82d9051dbd1a4cfc5a01a1800578e9/library/std/src/panicking.rs:365:19
[INFO] [stdout]   38:     0x563a00708d88 - std::panic::catch_unwind::h0dc8a061326ce8d8
[INFO] [stdout]                                at /rustc/bf16ca353c82d9051dbd1a4cfc5a01a1800578e9/library/std/src/panic.rs:434:14
[INFO] [stdout]   39:     0x563a00708d88 - std::thread::Builder::spawn_unchecked::{{closure}}::haa369e2d6fd00aa1
[INFO] [stdout]                                at /rustc/bf16ca353c82d9051dbd1a4cfc5a01a1800578e9/library/std/src/thread/mod.rs:475:30
[INFO] [stdout]   40:     0x563a00708d88 - core::ops::function::FnOnce::call_once{{vtable.shim}}::h36dcf3de8b056f17
[INFO] [stdout]                                at /rustc/bf16ca353c82d9051dbd1a4cfc5a01a1800578e9/library/core/src/ops/function.rs:227:5
[INFO] [stdout]   41:     0x563a00947af7 - <alloc::boxed::Box<F,A> as core::ops::function::FnOnce<Args>>::call_once::h65c29e4642be2358
[INFO] [stdout]                                at /rustc/bf16ca353c82d9051dbd1a4cfc5a01a1800578e9/library/alloc/src/boxed.rs:1572:9
[INFO] [stdout]   42:     0x563a00947af7 - <alloc::boxed::Box<F,A> as core::ops::function::FnOnce<Args>>::call_once::hd0f8f7fbbd9fffbf
[INFO] [stdout]                                at /rustc/bf16ca353c82d9051dbd1a4cfc5a01a1800578e9/library/alloc/src/boxed.rs:1572:9
[INFO] [stdout]   43:     0x563a00947af7 - std::sys::unix::thread::Thread::new::thread_start::h2fd22fee3ca77b65
[INFO] [stdout]                                at /rustc/bf16ca353c82d9051dbd1a4cfc5a01a1800578e9/library/std/src/sys/unix/thread.rs:74:17
[INFO] [stdout]   44:     0x7febf6d03609 - start_thread
[INFO] [stdout]   45:     0x7febf6adb293 - clone
[INFO] [stdout]   46:                0x0 - <unknown>
[INFO] [stdout] 
[INFO] [stdout] 
[INFO] [stdout] failures:
[INFO] [stdout]     start_no_args
[INFO] [stdout]     start_with_args
[INFO] [stdout]     version_no_args
[INFO] [stdout]     version_no_args
[INFO] [stdout]     version_no_args
[INFO] [stdout] 
[INFO] [stdout] test result: FAILED. 0 passed; 5 failed; 0 ignored; 0 measured; 0 filtered out; finished in 1.33s
[INFO] [stdout] 
[INFO] [stderr] error: test failed, to rerun pass '--test acceptance'
[INFO] running `Command { std: "docker" "inspect" "e249c86b7066412d07dd49f23e2b05aea0178f6781e59f947c72bcd07f28f7ef", kill_on_drop: false }`
[INFO] running `Command { std: "docker" "rm" "-f" "e249c86b7066412d07dd49f23e2b05aea0178f6781e59f947c72bcd07f28f7ef", kill_on_drop: false }`
[INFO] [stdout] e249c86b7066412d07dd49f23e2b05aea0178f6781e59f947c72bcd07f28f7ef
