[INFO] fetching crate gluon_repl 0.17.2...
[INFO] testing gluon_repl-0.17.2 against beta-2021-08-22 for beta-1.55-2
[INFO] extracting crate gluon_repl 0.17.2 into /workspace/builds/worker-5/source
[INFO] validating manifest of crates.io crate gluon_repl 0.17.2 on toolchain beta-2021-08-22
[INFO] running `Command { std: "/workspace/cargo-home/bin/cargo" "+beta-2021-08-22" "metadata" "--manifest-path" "Cargo.toml" "--no-deps", kill_on_drop: false }`
[INFO] started tweaking crates.io crate gluon_repl 0.17.2
[INFO] finished tweaking crates.io crate gluon_repl 0.17.2
[INFO] tweaked toml for crates.io crate gluon_repl 0.17.2 written to /workspace/builds/worker-5/source/Cargo.toml
[INFO] crate crates.io crate gluon_repl 0.17.2 already has a lockfile, it will not be regenerated
[INFO] running `Command { std: "/workspace/cargo-home/bin/cargo" "+beta-2021-08-22" "fetch" "--manifest-path" "Cargo.toml", kill_on_drop: false }`
[INFO] [stderr]     Blocking waiting for file lock on package cache
[INFO] running `Command { std: "docker" "create" "-v" "/var/lib/crater-agent-workspace/builds/worker-5/target:/opt/rustwide/target:rw,Z" "-v" "/var/lib/crater-agent-workspace/builds/worker-5/source:/opt/rustwide/workdir:ro,Z" "-v" "/var/lib/crater-agent-workspace/cargo-home:/opt/rustwide/cargo-home:ro,Z" "-v" "/var/lib/crater-agent-workspace/rustup-home:/opt/rustwide/rustup-home:ro,Z" "-e" "SOURCE_DIR=/opt/rustwide/workdir" "-e" "CARGO_TARGET_DIR=/opt/rustwide/target" "-e" "CARGO_HOME=/opt/rustwide/cargo-home" "-e" "RUSTUP_HOME=/opt/rustwide/rustup-home" "-w" "/opt/rustwide/workdir" "-m" "1610612736" "--user" "0:0" "--network" "none" "ghcr.io/rust-lang/crates-build-env/linux@sha256:34b6a614d2c27851fe6cbf88fbd1137609cefab8b10d0615aaeb6fd47975d74e" "/opt/rustwide/cargo-home/bin/cargo" "+beta-2021-08-22" "metadata" "--no-deps" "--format-version=1", kill_on_drop: false }`
[INFO] [stdout] 8547dc97bb3cd5d9dd5758bf4bc9695296b431989c37155507ea2208c9094bf6
[INFO] [stderr] WARNING: Your kernel does not support swap limit capabilities or the cgroup is not mounted. Memory limited without swap.
[INFO] running `Command { std: "docker" "start" "-a" "8547dc97bb3cd5d9dd5758bf4bc9695296b431989c37155507ea2208c9094bf6", kill_on_drop: false }`
[INFO] running `Command { std: "docker" "inspect" "8547dc97bb3cd5d9dd5758bf4bc9695296b431989c37155507ea2208c9094bf6", kill_on_drop: false }`
[INFO] running `Command { std: "docker" "rm" "-f" "8547dc97bb3cd5d9dd5758bf4bc9695296b431989c37155507ea2208c9094bf6", kill_on_drop: false }`
[INFO] [stdout] 8547dc97bb3cd5d9dd5758bf4bc9695296b431989c37155507ea2208c9094bf6
[INFO] running `Command { std: "docker" "create" "-v" "/var/lib/crater-agent-workspace/builds/worker-5/target:/opt/rustwide/target:rw,Z" "-v" "/var/lib/crater-agent-workspace/builds/worker-5/source:/opt/rustwide/workdir:ro,Z" "-v" "/var/lib/crater-agent-workspace/cargo-home:/opt/rustwide/cargo-home:ro,Z" "-v" "/var/lib/crater-agent-workspace/rustup-home:/opt/rustwide/rustup-home:ro,Z" "-e" "SOURCE_DIR=/opt/rustwide/workdir" "-e" "CARGO_TARGET_DIR=/opt/rustwide/target" "-e" "CARGO_INCREMENTAL=0" "-e" "RUST_BACKTRACE=full" "-e" "RUSTFLAGS=--cap-lints=warn" "-e" "CARGO_HOME=/opt/rustwide/cargo-home" "-e" "RUSTUP_HOME=/opt/rustwide/rustup-home" "-w" "/opt/rustwide/workdir" "-m" "1610612736" "--user" "0:0" "--network" "none" "ghcr.io/rust-lang/crates-build-env/linux@sha256:34b6a614d2c27851fe6cbf88fbd1137609cefab8b10d0615aaeb6fd47975d74e" "/opt/rustwide/cargo-home/bin/cargo" "+beta-2021-08-22" "build" "--frozen" "--message-format=json", kill_on_drop: false }`
[INFO] [stderr] WARNING: Your kernel does not support swap limit capabilities or the cgroup is not mounted. Memory limited without swap.
[INFO] [stdout] 89bf9257c1baa6a53079c47ea70751ddbb242e42b168e5542d66eaf4de47d2b3
[INFO] running `Command { std: "docker" "start" "-a" "89bf9257c1baa6a53079c47ea70751ddbb242e42b168e5542d66eaf4de47d2b3", kill_on_drop: false }`
[INFO] [stderr]    Compiling syn v1.0.48
[INFO] [stderr]    Compiling serde v1.0.117
[INFO] [stderr]    Compiling ahash v0.3.8
[INFO] [stderr]    Compiling typed-arena v2.0.1
[INFO] [stderr]    Compiling arrayvec v0.5.2
[INFO] [stderr]    Compiling anymap v0.12.1
[INFO] [stderr]    Compiling collect-mac v0.1.0
[INFO] [stderr]    Compiling regex-syntax v0.6.20
[INFO] [stderr]    Compiling const_fn v0.4.2
[INFO] [stderr]    Compiling futures-core v0.3.7
[INFO] [stderr]    Compiling futures-sink v0.3.7
[INFO] [stderr]    Compiling futures-io v0.3.7
[INFO] [stderr]    Compiling diff v0.1.12
[INFO] [stderr]    Compiling static_assertions v0.3.4
[INFO] [stderr]    Compiling lalrpop-util v0.19.1
[INFO] [stderr]    Compiling itoa v0.4.6
[INFO] [stderr]    Compiling gluon_vm v0.17.2
[INFO] [stderr]    Compiling downcast-rs v1.2.0
[INFO] [stderr]    Compiling nix v0.14.1
[INFO] [stderr]    Compiling anyhow v1.0.33
[INFO] [stderr]    Compiling frunk_core v0.3.1
[INFO] [stderr]    Compiling oorandom v11.1.2
[INFO] [stderr]    Compiling gluon_doc v0.17.2
[INFO] [stderr]    Compiling utf8parse v0.1.1
[INFO] [stderr]    Compiling gluon_repl v0.17.2 (/opt/rustwide/workdir)
[INFO] [stderr]    Compiling xdg v2.2.0
[INFO] [stderr]    Compiling opener v0.4.1
[INFO] [stderr]    Compiling num-traits v0.2.12
[INFO] [stderr]    Compiling itertools v0.9.0
[INFO] [stderr]    Compiling hashbrown v0.8.2
[INFO] [stderr]    Compiling crossbeam-utils v0.8.0
[INFO] [stderr]    Compiling instant v0.1.8
[INFO] [stderr]    Compiling futures-task v0.3.7
[INFO] [stderr]    Compiling archery v0.3.0
[INFO] [stderr]    Compiling futures-channel v0.3.7
[INFO] [stderr]    Compiling pretty v0.10.0
[INFO] [stderr]    Compiling atty v0.2.14
[INFO] [stderr]    Compiling dirs v1.0.5
[INFO] [stderr]    Compiling dirs-sys v0.3.5
[INFO] [stderr]    Compiling ena v0.14.0
[INFO] [stderr]    Compiling aho-corasick v0.7.14
[INFO] [stderr]    Compiling app_dirs v1.2.1
[INFO] [stderr]    Compiling parking_lot_core v0.8.0
[INFO] [stderr]    Compiling mio v0.6.22
[INFO] [stderr]    Compiling rpds v0.7.0
[INFO] [stderr]    Compiling petgraph v0.5.1
[INFO] [stderr]    Compiling clap v2.33.3
[INFO] [stderr]    Compiling rand_xorshift v0.2.0
[INFO] [stderr]    Compiling term v0.5.2
[INFO] [stderr]    Compiling dirs v2.0.2
[INFO] [stderr]    Compiling parking_lot v0.11.0
[INFO] [stderr]    Compiling mio-uds v0.6.8
[INFO] [stderr]    Compiling ascii-canvas v2.0.0
[INFO] [stderr]    Compiling crossbeam-epoch v0.9.0
[INFO] [stderr]    Compiling crossbeam-channel v0.5.0
[INFO] [stderr]    Compiling ordered-float v2.0.0
[INFO] [stderr]    Compiling regex v1.4.1
[INFO] [stderr]    Compiling crossbeam-deque v0.8.0
[INFO] [stderr]    Compiling rayon-core v1.9.0
[INFO] [stderr]    Compiling rayon v1.5.0
[INFO] [stderr]    Compiling rustyline v6.0.0
[INFO] [stderr]    Compiling env_logger v0.7.1
[INFO] [stderr]    Compiling pest_generator v2.1.3
[INFO] [stderr]    Compiling proc-macro-error v1.0.4
[INFO] [stderr]    Compiling serde_derive v1.0.117
[INFO] [stderr]    Compiling gluon_codegen v0.17.2
[INFO] [stderr]    Compiling serde_derive_state v0.4.9
[INFO] [stderr]    Compiling pin-project-internal v1.0.1
[INFO] [stderr]    Compiling futures-macro v0.3.7
[INFO] [stderr]    Compiling gluon-salsa-macros v0.15.2
[INFO] [stderr]    Compiling async-trait v0.1.41
[INFO] [stderr]    Compiling tokio-macros v0.2.5
[INFO] [stderr]    Compiling pest_derive v2.1.0
[INFO] [stderr]    Compiling structopt-derive v0.4.13
[INFO] [stderr]    Compiling tokio v0.2.22
[INFO] [stderr]    Compiling pin-project v1.0.1
[INFO] [stderr]    Compiling futures-util v0.3.7
[INFO] [stderr]    Compiling structopt v0.3.20
[INFO] [stderr]    Compiling futures-executor v0.3.7
[INFO] [stderr]    Compiling gluon-salsa v0.15.2
[INFO] [stderr]    Compiling futures v0.3.7
[INFO] [stderr]    Compiling codespan-reporting v0.9.5
[INFO] [stderr]    Compiling serde_state v0.4.7
[INFO] [stderr]    Compiling docopt v1.1.0
[INFO] [stderr]    Compiling string_cache v0.8.0
[INFO] [stderr]    Compiling serde_json v1.0.59
[INFO] [stderr]    Compiling hashbrown v0.5.0
[INFO] [stderr]    Compiling codespan v0.9.5
[INFO] [stderr]    Compiling lalrpop v0.19.1
[INFO] [stderr]    Compiling handlebars v2.0.4
[INFO] [stderr]    Compiling gluon_base v0.17.2
[INFO] [stderr]    Compiling gluon_check v0.17.2
[INFO] [stderr]    Compiling gluon_format v0.17.2
[INFO] [stderr]    Compiling gluon_completion v0.17.2
[INFO] [stderr]    Compiling gluon v0.17.2
[INFO] [stderr]    Compiling gluon_parser v0.17.2
[INFO] [stderr]     Finished dev [unoptimized + debuginfo] target(s) in 6m 13s
[INFO] running `Command { std: "docker" "inspect" "89bf9257c1baa6a53079c47ea70751ddbb242e42b168e5542d66eaf4de47d2b3", kill_on_drop: false }`
[INFO] running `Command { std: "docker" "rm" "-f" "89bf9257c1baa6a53079c47ea70751ddbb242e42b168e5542d66eaf4de47d2b3", kill_on_drop: false }`
[INFO] [stdout] 89bf9257c1baa6a53079c47ea70751ddbb242e42b168e5542d66eaf4de47d2b3
[INFO] running `Command { std: "docker" "create" "-v" "/var/lib/crater-agent-workspace/builds/worker-5/target:/opt/rustwide/target:rw,Z" "-v" "/var/lib/crater-agent-workspace/builds/worker-5/source:/opt/rustwide/workdir:ro,Z" "-v" "/var/lib/crater-agent-workspace/cargo-home:/opt/rustwide/cargo-home:ro,Z" "-v" "/var/lib/crater-agent-workspace/rustup-home:/opt/rustwide/rustup-home:ro,Z" "-e" "SOURCE_DIR=/opt/rustwide/workdir" "-e" "CARGO_TARGET_DIR=/opt/rustwide/target" "-e" "CARGO_INCREMENTAL=0" "-e" "RUST_BACKTRACE=full" "-e" "RUSTFLAGS=--cap-lints=warn" "-e" "CARGO_HOME=/opt/rustwide/cargo-home" "-e" "RUSTUP_HOME=/opt/rustwide/rustup-home" "-w" "/opt/rustwide/workdir" "-m" "1610612736" "--user" "0:0" "--network" "none" "ghcr.io/rust-lang/crates-build-env/linux@sha256:34b6a614d2c27851fe6cbf88fbd1137609cefab8b10d0615aaeb6fd47975d74e" "/opt/rustwide/cargo-home/bin/cargo" "+beta-2021-08-22" "test" "--frozen" "--no-run" "--message-format=json", kill_on_drop: false }`
[INFO] [stderr] WARNING: Your kernel does not support swap limit capabilities or the cgroup is not mounted. Memory limited without swap.
[INFO] [stdout] bbebd2af26c248097b33516545a1a8318e02f252b36ab8851817cc1a70fdc90c
[INFO] running `Command { std: "docker" "start" "-a" "bbebd2af26c248097b33516545a1a8318e02f252b36ab8851817cc1a70fdc90c", kill_on_drop: false }`
[INFO] [stderr]    Compiling gimli v0.22.0
[INFO] [stderr]    Compiling object v0.21.1
[INFO] [stderr]    Compiling ucd-util v0.1.8
[INFO] [stderr]    Compiling regex v0.2.11
[INFO] [stderr]    Compiling bitflags v0.9.1
[INFO] [stderr]    Compiling thread_local v0.3.6
[INFO] [stderr]    Compiling pretty_assertions v0.6.1
[INFO] [stderr]    Compiling rand v0.4.6
[INFO] [stderr]    Compiling aho-corasick v0.6.10
[INFO] [stderr]    Compiling nix v0.9.0
[INFO] [stderr]    Compiling regex-syntax v0.5.6
[INFO] [stderr]    Compiling rand v0.3.23
[INFO] [stderr]    Compiling tempfile v2.2.0
[INFO] [stderr]    Compiling addr2line v0.13.0
[INFO] [stderr]    Compiling backtrace v0.3.53
[INFO] [stderr]    Compiling error-chain v0.11.0
[INFO] [stderr]    Compiling rexpect v0.3.0
[INFO] [stderr]    Compiling gluon_repl v0.17.2 (/opt/rustwide/workdir)
[INFO] [stdout] warning: unused import: `std::fs::File`
[INFO] [stdout]  --> tests/basic.rs:5:5
[INFO] [stdout]   |
[INFO] [stdout] 5 | use std::fs::File;
[INFO] [stdout]   |     ^^^^^^^^^^^^^
[INFO] [stdout]   |
[INFO] [stdout]   = note: `#[warn(unused_imports)]` on by default
[INFO] [stdout] 
[INFO] [stdout] 
[INFO] [stdout] warning: unused import: `std::io::Read`
[INFO] [stdout]  --> tests/basic.rs:6:5
[INFO] [stdout]   |
[INFO] [stdout] 6 | use std::io::Read;
[INFO] [stdout]   |     ^^^^^^^^^^^^^
[INFO] [stdout] 
[INFO] [stdout] 
[INFO] [stdout] warning: 2 warnings emitted
[INFO] [stdout] 
[INFO] [stdout] 
[INFO] [stderr]     Finished test [unoptimized + debuginfo] target(s) in 1m 01s
[INFO] running `Command { std: "docker" "inspect" "bbebd2af26c248097b33516545a1a8318e02f252b36ab8851817cc1a70fdc90c", kill_on_drop: false }`
[INFO] running `Command { std: "docker" "rm" "-f" "bbebd2af26c248097b33516545a1a8318e02f252b36ab8851817cc1a70fdc90c", kill_on_drop: false }`
[INFO] [stdout] bbebd2af26c248097b33516545a1a8318e02f252b36ab8851817cc1a70fdc90c
[INFO] running `Command { std: "docker" "create" "-v" "/var/lib/crater-agent-workspace/builds/worker-5/target:/opt/rustwide/target:rw,Z" "-v" "/var/lib/crater-agent-workspace/builds/worker-5/source:/opt/rustwide/workdir:ro,Z" "-v" "/var/lib/crater-agent-workspace/cargo-home:/opt/rustwide/cargo-home:ro,Z" "-v" "/var/lib/crater-agent-workspace/rustup-home:/opt/rustwide/rustup-home:ro,Z" "-e" "SOURCE_DIR=/opt/rustwide/workdir" "-e" "CARGO_TARGET_DIR=/opt/rustwide/target" "-e" "CARGO_INCREMENTAL=0" "-e" "RUST_BACKTRACE=full" "-e" "RUSTFLAGS=--cap-lints=warn" "-e" "CARGO_HOME=/opt/rustwide/cargo-home" "-e" "RUSTUP_HOME=/opt/rustwide/rustup-home" "-w" "/opt/rustwide/workdir" "-m" "1610612736" "--user" "0:0" "--network" "none" "ghcr.io/rust-lang/crates-build-env/linux@sha256:34b6a614d2c27851fe6cbf88fbd1137609cefab8b10d0615aaeb6fd47975d74e" "/opt/rustwide/cargo-home/bin/cargo" "+beta-2021-08-22" "test" "--frozen", kill_on_drop: false }`
[INFO] [stdout] db7d941f491fbf22a9d6cc26498ef675580c831e69199615521e6dd39757598a
[INFO] [stderr] WARNING: Your kernel does not support swap limit capabilities or the cgroup is not mounted. Memory limited without swap.
[INFO] running `Command { std: "docker" "start" "-a" "db7d941f491fbf22a9d6cc26498ef675580c831e69199615521e6dd39757598a", kill_on_drop: false }`
[INFO] [stderr] warning: unused import: `std::fs::File`
[INFO] [stderr]  --> tests/basic.rs:5:5
[INFO] [stderr]   |
[INFO] [stderr] 5 | use std::fs::File;
[INFO] [stderr]   |     ^^^^^^^^^^^^^
[INFO] [stderr]   |
[INFO] [stderr]   = note: `#[warn(unused_imports)]` on by default
[INFO] [stderr] 
[INFO] [stderr] warning: unused import: `std::io::Read`
[INFO] [stderr]  --> tests/basic.rs:6:5
[INFO] [stderr]   |
[INFO] [stderr] 6 | use std::io::Read;
[INFO] [stderr]   |     ^^^^^^^^^^^^^
[INFO] [stderr] 
[INFO] [stderr] warning: `gluon_repl` (test "basic") generated 2 warnings
[INFO] [stderr]     Finished test [unoptimized + debuginfo] target(s) in 0.30s
[INFO] [stdout] 
[INFO] [stderr]      Running unittests (/opt/rustwide/target/debug/deps/gluon-8f9ac31dc56efd24)
[INFO] [stdout] running 7 tests
[INFO] [stderr] USAGE:
[INFO] [stderr]     gluon-8f9ac31dc56efd24 [FLAGS] [OPTIONS] [FILE]... [-- <ARGS>...] [SUBCOMMAND]
[INFO] [stdout] test tests::execute_repl_help ... ok
[INFO] [stdout] test repl::tests::compile_repl_test ... ok
[INFO] [stdout] test repl::tests::find_kind ... ok
[INFO] [stdout] test repl::tests::complete_repl_empty ... ok
[INFO] [stdout] test repl::tests::type_of_expr ... ok
[INFO] [stdout] test repl::tests::find_info ... ok
[INFO] [stdout] test repl::tests::record_patterns ... ok
[INFO] [stdout] 
[INFO] [stdout] test result: ok. 7 passed; 0 failed; 0 ignored; 0 measured; 0 filtered out; finished in 11.54s
[INFO] [stdout] 
[INFO] [stderr]      Running tests/basic.rs (/opt/rustwide/target/debug/deps/basic-760f7df9f808222a)
[INFO] [stdout] 
[INFO] [stdout] running 1 test
[INFO] [stdout] test issue_365_run_io_from_command_line ... ok
[INFO] [stdout] 
[INFO] [stdout] test result: ok. 1 passed; 0 failed; 0 ignored; 0 measured; 0 filtered out; finished in 1.01s
[INFO] [stdout] 
[INFO] [stderr]      Running tests/rexpect.rs (/opt/rustwide/target/debug/deps/rexpect-15f0aeee45511865)
[INFO] [stdout] 
[INFO] [stdout] running 13 tests
[INFO] [stdout] test if_expressions ... ok
[INFO] [stdout] test comments ... ok
[INFO] [stdout] test comment ... ok
[INFO] [stdout] test names ... ok
[INFO] [stdout] test error_reports_correct_line ... ok
[INFO] [stdout] test prompt ... ok
[INFO] [stdout] test import ... ok
[INFO] [stdout] test hello_world ... ok
[INFO] [stdout] test arrays ... ok
[INFO] [stdout] test assert ... ok
[INFO] [stdout] test records ... ok
[INFO] [stdout] test expression_types ... ok
[INFO] [stderr] error: test failed, to rerun pass '--test rexpect'
[INFO] [stdout] test quit ... FAILED
[INFO] [stdout] 
[INFO] [stdout] failures:
[INFO] [stdout] 
[INFO] [stdout] ---- quit stdout ----
[INFO] [stdout] thread 'quit' panicked at 'Timeout Error: Expected EOF (End of File) but got "
[1C[?2004l
[INFO] [stdout] " (after waiting 30000 ms)', tests/rexpect.rs:59:43
[INFO] [stdout] stack backtrace:
[INFO] [stdout]    0:     0x563f28b12df0 - std::backtrace_rs::backtrace::libunwind::trace::hff4d1766e93f64f1
[INFO] [stdout]                                at /rustc/bf16ca353c82d9051dbd1a4cfc5a01a1800578e9/library/std/src/../../backtrace/src/backtrace/libunwind.rs:90:5
[INFO] [stdout]    1:     0x563f28b12df0 - std::backtrace_rs::backtrace::trace_unsynchronized::h56bbc8eb78770bcb
[INFO] [stdout]                                at /rustc/bf16ca353c82d9051dbd1a4cfc5a01a1800578e9/library/std/src/../../backtrace/src/backtrace/mod.rs:66:5
[INFO] [stdout]    2:     0x563f28b12df0 - std::sys_common::backtrace::_print_fmt::h5c8e75464faca780
[INFO] [stdout]                                at /rustc/bf16ca353c82d9051dbd1a4cfc5a01a1800578e9/library/std/src/sys_common/backtrace.rs:67:5
[INFO] [stdout]    3:     0x563f28b12df0 - <std::sys_common::backtrace::_print::DisplayBacktrace as core::fmt::Display>::fmt::h48b88277def8b362
[INFO] [stdout]                                at /rustc/bf16ca353c82d9051dbd1a4cfc5a01a1800578e9/library/std/src/sys_common/backtrace.rs:46:22
[INFO] [stdout]    4:     0x563f28b35b3c - core::fmt::write::h3381b3176fe2b3d3
[INFO] [stdout]                                at /rustc/bf16ca353c82d9051dbd1a4cfc5a01a1800578e9/library/core/src/fmt/mod.rs:1115:17
[INFO] [stdout]    5:     0x563f28b0f925 - std::io::Write::write_fmt::h5f34a676f60246b5
[INFO] [stdout]                                at /rustc/bf16ca353c82d9051dbd1a4cfc5a01a1800578e9/library/std/src/io/mod.rs:1665:15
[INFO] [stdout]    6:     0x563f28b14f8b - std::sys_common::backtrace::_print::ha537687d6c17dd0d
[INFO] [stdout]                                at /rustc/bf16ca353c82d9051dbd1a4cfc5a01a1800578e9/library/std/src/sys_common/backtrace.rs:49:5
[INFO] [stdout]    7:     0x563f28b14f8b - std::sys_common::backtrace::print::h61376ae57d131d72
[INFO] [stdout]                                at /rustc/bf16ca353c82d9051dbd1a4cfc5a01a1800578e9/library/std/src/sys_common/backtrace.rs:36:9
[INFO] [stdout]    8:     0x563f28b14f8b - std::panicking::default_hook::{{closure}}::h0f7208c0b9644a54
[INFO] [stdout]                                at /rustc/bf16ca353c82d9051dbd1a4cfc5a01a1800578e9/library/std/src/panicking.rs:208:50
[INFO] [stdout]    9:     0x563f28b14a9c - std::panicking::default_hook::hdac7fc06578c14ce
[INFO] [stdout]                                at /rustc/bf16ca353c82d9051dbd1a4cfc5a01a1800578e9/library/std/src/panicking.rs:222:9
[INFO] [stdout]   10:     0x563f28b15654 - std::panicking::rust_panic_with_hook::h72b21c283da3d1ef
[INFO] [stdout]                                at /rustc/bf16ca353c82d9051dbd1a4cfc5a01a1800578e9/library/std/src/panicking.rs:622:17
[INFO] [stdout]   11:     0x563f28b15137 - std::panicking::begin_panic_handler::{{closure}}::he5778f1729cff84a
[INFO] [stdout]                                at /rustc/bf16ca353c82d9051dbd1a4cfc5a01a1800578e9/library/std/src/panicking.rs:519:13
[INFO] [stdout]   12:     0x563f28b132cc - std::sys_common::backtrace::__rust_end_short_backtrace::h2d11ca8b453b4b1d
[INFO] [stdout]                                at /rustc/bf16ca353c82d9051dbd1a4cfc5a01a1800578e9/library/std/src/sys_common/backtrace.rs:141:18
[INFO] [stdout]   13:     0x563f28b15099 - rust_begin_unwind
[INFO] [stdout]                                at /rustc/bf16ca353c82d9051dbd1a4cfc5a01a1800578e9/library/std/src/panicking.rs:515:5
[INFO] [stdout]   14:     0x563f2896ac8b - std::panicking::begin_panic_fmt::h746518bde832d259
[INFO] [stdout]                                at /rustc/bf16ca353c82d9051dbd1a4cfc5a01a1800578e9/library/std/src/panicking.rs:457:5
[INFO] [stdout]   15:     0x563f2896d5e3 - rexpect::REPL::quit::{{closure}}::h88a8f6138777d489
[INFO] [stdout]                                at /opt/rustwide/workdir/tests/rexpect.rs:59:43
[INFO] [stdout]   16:     0x563f2896c6e5 - core::result::Result<T,E>::unwrap_or_else::h8ab4365e26e7bdb1
[INFO] [stdout]                                at /rustc/bf16ca353c82d9051dbd1a4cfc5a01a1800578e9/library/core/src/result.rs:1065:23
[INFO] [stdout]   17:     0x563f2896d52c - rexpect::REPL::quit::h2e64eed0e7425d93
[INFO] [stdout]                                at /opt/rustwide/workdir/tests/rexpect.rs:59:9
[INFO] [stdout]   18:     0x563f2896d97b - rexpect::quit::h15051400115cdafb
[INFO] [stdout]                                at /opt/rustwide/workdir/tests/rexpect.rs:79:5
[INFO] [stdout]   19:     0x563f2896d94a - rexpect::quit::{{closure}}::h64c13eee7ee72def
[INFO] [stdout]                                at /opt/rustwide/workdir/tests/rexpect.rs:77:1
[INFO] [stdout]   20:     0x563f2896e82e - core::ops::function::FnOnce::call_once::hfc0f7c11b6d15b53
[INFO] [stdout]                                at /rustc/bf16ca353c82d9051dbd1a4cfc5a01a1800578e9/library/core/src/ops/function.rs:227:5
[INFO] [stdout]   21:     0x563f289a1ba3 - core::ops::function::FnOnce::call_once::hbb52c4519d3137b0
[INFO] [stdout]                                at /rustc/bf16ca353c82d9051dbd1a4cfc5a01a1800578e9/library/core/src/ops/function.rs:227:5
[INFO] [stdout]   22:     0x563f289a1ba3 - test::__rust_begin_short_backtrace::h86fe3a2a5a5121af
[INFO] [stdout]                                at /rustc/bf16ca353c82d9051dbd1a4cfc5a01a1800578e9/library/test/src/lib.rs:578:5
[INFO] [stdout]   23:     0x563f289a0658 - <alloc::boxed::Box<F,A> as core::ops::function::FnOnce<Args>>::call_once::hfd956bc3d57399be
[INFO] [stdout]                                at /rustc/bf16ca353c82d9051dbd1a4cfc5a01a1800578e9/library/alloc/src/boxed.rs:1572:9
[INFO] [stdout]   24:     0x563f289a0658 - <std::panic::AssertUnwindSafe<F> as core::ops::function::FnOnce<()>>::call_once::h40dc93e0ddb5938a
[INFO] [stdout]                                at /rustc/bf16ca353c82d9051dbd1a4cfc5a01a1800578e9/library/std/src/panic.rs:347:9
[INFO] [stdout]   25:     0x563f289a0658 - std::panicking::try::do_call::h90d07750cb47c562
[INFO] [stdout]                                at /rustc/bf16ca353c82d9051dbd1a4cfc5a01a1800578e9/library/std/src/panicking.rs:401:40
[INFO] [stdout]   26:     0x563f289a0658 - std::panicking::try::h063c84733ad2a629
[INFO] [stdout]                                at /rustc/bf16ca353c82d9051dbd1a4cfc5a01a1800578e9/library/std/src/panicking.rs:365:19
[INFO] [stdout]   27:     0x563f289a0658 - std::panic::catch_unwind::h0c464836a84e7c08
[INFO] [stdout]                                at /rustc/bf16ca353c82d9051dbd1a4cfc5a01a1800578e9/library/std/src/panic.rs:434:14
[INFO] [stdout]   28:     0x563f289a0658 - test::run_test_in_process::h5cb06ef620b157fc
[INFO] [stdout]                                at /rustc/bf16ca353c82d9051dbd1a4cfc5a01a1800578e9/library/test/src/lib.rs:601:18
[INFO] [stdout]   29:     0x563f289a0658 - test::run_test::run_test_inner::{{closure}}::h76f677f4b93f9828
[INFO] [stdout]                                at /rustc/bf16ca353c82d9051dbd1a4cfc5a01a1800578e9/library/test/src/lib.rs:493:39
[INFO] [stdout]   30:     0x563f2896eded - test::run_test::run_test_inner::{{closure}}::h366d01fe04f4d67a
[INFO] [stdout]                                at /rustc/bf16ca353c82d9051dbd1a4cfc5a01a1800578e9/library/test/src/lib.rs:520:37
[INFO] [stdout]   31:     0x563f2896eded - std::sys_common::backtrace::__rust_begin_short_backtrace::h7dfa0de4eb395af2
[INFO] [stdout]                                at /rustc/bf16ca353c82d9051dbd1a4cfc5a01a1800578e9/library/std/src/sys_common/backtrace.rs:125:18
[INFO] [stdout]   32:     0x563f289735b8 - std::thread::Builder::spawn_unchecked::{{closure}}::{{closure}}::hf0a74bb58798037f
[INFO] [stdout]                                at /rustc/bf16ca353c82d9051dbd1a4cfc5a01a1800578e9/library/std/src/thread/mod.rs:476:17
[INFO] [stdout]   33:     0x563f289735b8 - <std::panic::AssertUnwindSafe<F> as core::ops::function::FnOnce<()>>::call_once::hb024e854818586ac
[INFO] [stdout]                                at /rustc/bf16ca353c82d9051dbd1a4cfc5a01a1800578e9/library/std/src/panic.rs:347:9
[INFO] [stdout]   34:     0x563f289735b8 - std::panicking::try::do_call::hb2dd9f1d0d48e41d
[INFO] [stdout]                                at /rustc/bf16ca353c82d9051dbd1a4cfc5a01a1800578e9/library/std/src/panicking.rs:401:40
[INFO] [stdout]   35:     0x563f289735b8 - std::panicking::try::h4717ae7bac8b2bf3
[INFO] [stdout]                                at /rustc/bf16ca353c82d9051dbd1a4cfc5a01a1800578e9/library/std/src/panicking.rs:365:19
[INFO] [stdout]   36:     0x563f289735b8 - std::panic::catch_unwind::h0dc8a061326ce8d8
[INFO] [stdout]                                at /rustc/bf16ca353c82d9051dbd1a4cfc5a01a1800578e9/library/std/src/panic.rs:434:14
[INFO] [stdout]   37:     0x563f289735b8 - std::thread::Builder::spawn_unchecked::{{closure}}::haa369e2d6fd00aa1
[INFO] [stdout]                                at /rustc/bf16ca353c82d9051dbd1a4cfc5a01a1800578e9/library/std/src/thread/mod.rs:475:30
[INFO] [stdout]   38:     0x563f289735b8 - core::ops::function::FnOnce::call_once{{vtable.shim}}::h36dcf3de8b056f17
[INFO] [stdout]                                at /rustc/bf16ca353c82d9051dbd1a4cfc5a01a1800578e9/library/core/src/ops/function.rs:227:5
[INFO] [stdout]   39:     0x563f28b1a527 - <alloc::boxed::Box<F,A> as core::ops::function::FnOnce<Args>>::call_once::h65c29e4642be2358
[INFO] [stdout]                                at /rustc/bf16ca353c82d9051dbd1a4cfc5a01a1800578e9/library/alloc/src/boxed.rs:1572:9
[INFO] [stdout]   40:     0x563f28b1a527 - <alloc::boxed::Box<F,A> as core::ops::function::FnOnce<Args>>::call_once::hd0f8f7fbbd9fffbf
[INFO] [stdout]                                at /rustc/bf16ca353c82d9051dbd1a4cfc5a01a1800578e9/library/alloc/src/boxed.rs:1572:9
[INFO] [stdout]   41:     0x563f28b1a527 - std::sys::unix::thread::Thread::new::thread_start::h2fd22fee3ca77b65
[INFO] [stdout]                                at /rustc/bf16ca353c82d9051dbd1a4cfc5a01a1800578e9/library/std/src/sys/unix/thread.rs:74:17
[INFO] [stdout]   42:     0x7fd58a254609 - start_thread
[INFO] [stdout]   43:     0x7fd58a024293 - clone
[INFO] [stdout]   44:                0x0 - <unknown>
[INFO] [stdout] 
[INFO] [stdout] 
[INFO] [stdout] failures:
[INFO] [stdout]     quit
[INFO] [stdout] 
[INFO] [stdout] test result: FAILED. 12 passed; 1 failed; 0 ignored; 0 measured; 0 filtered out; finished in 54.94s
[INFO] [stdout] 
[INFO] running `Command { std: "docker" "inspect" "db7d941f491fbf22a9d6cc26498ef675580c831e69199615521e6dd39757598a", kill_on_drop: false }`
[INFO] running `Command { std: "docker" "rm" "-f" "db7d941f491fbf22a9d6cc26498ef675580c831e69199615521e6dd39757598a", kill_on_drop: false }`
[INFO] [stdout] db7d941f491fbf22a9d6cc26498ef675580c831e69199615521e6dd39757598a
