[INFO] cloning repository https://github.com/andrcmdr/zcash-zebra
[INFO] running `Command { std: "git" "-c" "credential.helper=" "-c" "credential.helper=/workspace/cargo-home/bin/git-credential-null" "clone" "--bare" "https://github.com/andrcmdr/zcash-zebra" "/workspace/cache/git-repos/https%3A%2F%2Fgithub.com%2Fandrcmdr%2Fzcash-zebra", kill_on_drop: false }`
[INFO] [stderr] Cloning into bare repository '/workspace/cache/git-repos/https%3A%2F%2Fgithub.com%2Fandrcmdr%2Fzcash-zebra'...
[INFO] running `Command { std: "git" "rev-parse" "HEAD", kill_on_drop: false }`
[INFO] [stdout] f4cd81b2823d9a9caaa3b14ff3ce38d9ecc2147a
[INFO] testing andrcmdr/zcash-zebra against 1.54.0 for beta-1.55-2
[INFO] running `Command { std: "git" "clone" "/workspace/cache/git-repos/https%3A%2F%2Fgithub.com%2Fandrcmdr%2Fzcash-zebra" "/workspace/builds/worker-10/source", kill_on_drop: false }`
[INFO] [stderr] Cloning into '/workspace/builds/worker-10/source'...
[INFO] [stderr] done.
[INFO] validating manifest of git repo https://github.com/andrcmdr/zcash-zebra on toolchain 1.54.0
[INFO] running `Command { std: "/workspace/cargo-home/bin/cargo" "+1.54.0" "metadata" "--manifest-path" "Cargo.toml" "--no-deps", kill_on_drop: false }`
[INFO] started tweaking git repo https://github.com/andrcmdr/zcash-zebra
[INFO] finished tweaking git repo https://github.com/andrcmdr/zcash-zebra
[INFO] tweaked toml for git repo https://github.com/andrcmdr/zcash-zebra written to /workspace/builds/worker-10/source/Cargo.toml
[INFO] crate git repo https://github.com/andrcmdr/zcash-zebra already has a lockfile, it will not be regenerated
[INFO] running `Command { std: "/workspace/cargo-home/bin/cargo" "+1.54.0" "fetch" "--manifest-path" "Cargo.toml", kill_on_drop: false }`
[INFO] [stderr]     Blocking waiting for file lock on package cache
[INFO] running `Command { std: "docker" "create" "-v" "/var/lib/crater-agent-workspace/builds/worker-10/target:/opt/rustwide/target:rw,Z" "-v" "/var/lib/crater-agent-workspace/builds/worker-10/source:/opt/rustwide/workdir:ro,Z" "-v" "/var/lib/crater-agent-workspace/cargo-home:/opt/rustwide/cargo-home:ro,Z" "-v" "/var/lib/crater-agent-workspace/rustup-home:/opt/rustwide/rustup-home:ro,Z" "-e" "SOURCE_DIR=/opt/rustwide/workdir" "-e" "CARGO_TARGET_DIR=/opt/rustwide/target" "-e" "CARGO_HOME=/opt/rustwide/cargo-home" "-e" "RUSTUP_HOME=/opt/rustwide/rustup-home" "-w" "/opt/rustwide/workdir" "-m" "1610612736" "--user" "0:0" "--network" "none" "ghcr.io/rust-lang/crates-build-env/linux@sha256:34b6a614d2c27851fe6cbf88fbd1137609cefab8b10d0615aaeb6fd47975d74e" "/opt/rustwide/cargo-home/bin/cargo" "+1.54.0" "metadata" "--no-deps" "--format-version=1", kill_on_drop: false }`
[INFO] [stderr] WARNING: Your kernel does not support swap limit capabilities or the cgroup is not mounted. Memory limited without swap.
[INFO] [stdout] 36f2796f5d36ce05a9a998fa5b003b20f065d30795b425158909bbed0bd14d27
[INFO] running `Command { std: "docker" "start" "-a" "36f2796f5d36ce05a9a998fa5b003b20f065d30795b425158909bbed0bd14d27", kill_on_drop: false }`
[INFO] running `Command { std: "docker" "inspect" "36f2796f5d36ce05a9a998fa5b003b20f065d30795b425158909bbed0bd14d27", kill_on_drop: false }`
[INFO] running `Command { std: "docker" "rm" "-f" "36f2796f5d36ce05a9a998fa5b003b20f065d30795b425158909bbed0bd14d27", kill_on_drop: false }`
[INFO] [stdout] 36f2796f5d36ce05a9a998fa5b003b20f065d30795b425158909bbed0bd14d27
[INFO] running `Command { std: "docker" "create" "-v" "/var/lib/crater-agent-workspace/builds/worker-10/target:/opt/rustwide/target:rw,Z" "-v" "/var/lib/crater-agent-workspace/builds/worker-10/source:/opt/rustwide/workdir:ro,Z" "-v" "/var/lib/crater-agent-workspace/cargo-home:/opt/rustwide/cargo-home:ro,Z" "-v" "/var/lib/crater-agent-workspace/rustup-home:/opt/rustwide/rustup-home:ro,Z" "-e" "SOURCE_DIR=/opt/rustwide/workdir" "-e" "CARGO_TARGET_DIR=/opt/rustwide/target" "-e" "CARGO_INCREMENTAL=0" "-e" "RUST_BACKTRACE=full" "-e" "RUSTFLAGS=--cap-lints=warn" "-e" "CARGO_HOME=/opt/rustwide/cargo-home" "-e" "RUSTUP_HOME=/opt/rustwide/rustup-home" "-w" "/opt/rustwide/workdir" "-m" "1610612736" "--user" "0:0" "--network" "none" "ghcr.io/rust-lang/crates-build-env/linux@sha256:34b6a614d2c27851fe6cbf88fbd1137609cefab8b10d0615aaeb6fd47975d74e" "/opt/rustwide/cargo-home/bin/cargo" "+1.54.0" "build" "--frozen" "--message-format=json", kill_on_drop: false }`
[INFO] [stdout] 413cbf1bf9c2ab7d64fbe034320fdcc73358bf1e1d36ee86c7e677cc21e191a8
[INFO] [stderr] WARNING: Your kernel does not support swap limit capabilities or the cgroup is not mounted. Memory limited without swap.
[INFO] running `Command { std: "docker" "start" "-a" "413cbf1bf9c2ab7d64fbe034320fdcc73358bf1e1d36ee86c7e677cc21e191a8", kill_on_drop: false }`
[INFO] [stderr]    Compiling proc-macro2 v1.0.18
[INFO] [stderr]    Compiling syn v1.0.33
[INFO] [stderr]    Compiling cfg-if v0.1.10
[INFO] [stderr]    Compiling libc v0.2.72
[INFO] [stderr]    Compiling lazy_static v1.4.0
[INFO] [stderr]    Compiling byteorder v1.3.4
[INFO] [stderr]    Compiling serde v1.0.114
[INFO] [stderr]    Compiling futures-core v0.3.5
[INFO] [stderr]    Compiling slab v0.4.2
[INFO] [stderr]    Compiling fnv v1.0.7
[INFO] [stderr]    Compiling arc-swap v0.4.7
[INFO] [stderr]    Compiling bytes v0.5.5
[INFO] [stderr]    Compiling pin-project-lite v0.1.7
[INFO] [stderr]    Compiling once_cell v1.4.0
[INFO] [stderr]    Compiling futures-sink v0.3.5
[INFO] [stderr]    Compiling tower-service v0.3.0
[INFO] [stderr]    Compiling proc-macro-hack v0.5.16
[INFO] [stderr]    Compiling futures-io v0.3.5
[INFO] [stderr]    Compiling pin-utils v0.1.0
[INFO] [stderr]    Compiling itoa v0.4.6
[INFO] [stderr]    Compiling maybe-uninit v2.0.0
[INFO] [stderr]    Compiling smallvec v1.4.1
[INFO] [stderr]    Compiling scopeguard v1.1.0
[INFO] [stderr]    Compiling tower-layer v0.3.0
[INFO] [stderr]    Compiling regex-syntax v0.6.18
[INFO] [stderr]    Compiling subtle v2.2.3
[INFO] [stderr]    Compiling byte-tools v0.3.1
[INFO] [stderr]    Compiling adler v0.2.2
[INFO] [stderr]    Compiling gimli v0.22.0
[INFO] [stderr]    Compiling constant_time_eq v0.1.5
[INFO] [stderr]    Compiling object v0.20.0
[INFO] [stderr]    Compiling arrayvec v0.5.1
[INFO] [stderr]    Compiling rustc-demangle v0.1.16
[INFO] [stderr]    Compiling opaque-debug v0.2.3
[INFO] [stderr]    Compiling cc v1.0.41
[INFO] [stderr]    Compiling arrayref v0.3.6
[INFO] [stderr]    Compiling fake-simd v0.1.2
[INFO] [stderr]    Compiling metrics-core v0.5.2
[INFO] [stderr]    Compiling ppv-lite86 v0.2.8
[INFO] [stderr]    Compiling hex v0.4.2
[INFO] [stderr]    Compiling ansi_term v0.11.0
[INFO] [stderr]    Compiling proc-macro2 v0.4.30
[INFO] [stderr]    Compiling crc32fast v1.2.0
[INFO] [stderr]    Compiling ident_case v1.0.1
[INFO] [stderr]    Compiling bech32 v0.7.2
[INFO] [stderr]    Compiling strsim v0.9.3
[INFO] [stderr]    Compiling syn v0.15.44
[INFO] [stderr]    Compiling remove_dir_all v0.5.3
[INFO] [stderr]    Compiling metrics v0.12.1
[INFO] [stderr]    Compiling linked-hash-map v0.5.3
[INFO] [stderr]    Compiling try-lock v0.2.2
[INFO] [stderr]    Compiling eyre v0.6.0
[INFO] [stderr]    Compiling dtoa v0.4.6
[INFO] [stderr]    Compiling quick-error v1.2.3
[INFO] [stderr]    Compiling indenter v0.3.0
[INFO] [stderr]    Compiling bit-vec v0.6.2
[INFO] [stderr]    Compiling semver-parser v0.7.0
[INFO] [stderr]    Compiling termcolor v1.1.0
[INFO] [stderr]    Compiling arc-swap v0.3.11
[INFO] [stderr]    Compiling canonical-path v2.0.2
[INFO] [stderr]    Compiling zebra-client v0.1.0 (/opt/rustwide/workdir/zebra-client)
[INFO] [stderr]    Compiling zebra-script v0.1.0 (/opt/rustwide/workdir/zebra-script)
[INFO] [stderr]    Compiling zebra-rpc v0.1.0 (/opt/rustwide/workdir/zebra-rpc)
[INFO] [stderr]    Compiling num-traits v0.2.12
[INFO] [stderr]    Compiling num-integer v0.1.43
[INFO] [stderr]    Compiling crossbeam-utils v0.7.2
[INFO] [stderr]    Compiling memoffset v0.5.5
[INFO] [stderr]    Compiling crossbeam-epoch v0.8.2
[INFO] [stderr]    Compiling indexmap v1.4.0
[INFO] [stderr]    Compiling generational-arena v0.2.8
[INFO] [stderr]    Compiling tracing-core v0.1.11
[INFO] [stderr]    Compiling thread_local v1.0.1
[INFO] [stderr]    Compiling sharded-slab v0.0.9
[INFO] [stderr]    Compiling crossbeam-utils v0.6.6
[INFO] [stderr]    Compiling futures-channel v0.3.5
[INFO] [stderr]    Compiling futures-task v0.3.5
[INFO] [stderr]    Compiling generic-array v0.14.2
[INFO] [stderr]    Compiling lock_api v0.3.4
[INFO] [stderr]    Compiling http v0.2.1
[INFO] [stderr]    Compiling block-padding v0.1.5
[INFO] [stderr]    Compiling miniz_oxide v0.4.0
[INFO] [stderr]    Compiling bls12_381 v0.1.1
[INFO] [stderr]    Compiling blake2b_simd v0.5.10
[INFO] [stderr]    Compiling blake2s_simd v0.5.10
[INFO] [stderr]    Compiling yaml-rust v0.4.4
[INFO] [stderr]    Compiling log v0.4.8
[INFO] [stderr]    Compiling memchr v2.3.3
[INFO] [stderr]    Compiling bit-set v0.5.2
[INFO] [stderr]    Compiling typenum v1.12.0
[INFO] [stderr]    Compiling proc-macro-nested v0.1.6
[INFO] [stderr]    Compiling ryu v1.0.5
[INFO] [stderr]    Compiling httparse v1.3.4
[INFO] [stderr]    Compiling bitflags v1.2.1
[INFO] [stderr]    Compiling jubjub v0.3.0
[INFO] [stderr]    Compiling aho-corasick v0.7.13
[INFO] [stderr]    Compiling tracing-log v0.1.1
[INFO] [stderr]    Compiling want v0.3.0
[INFO] [stderr]    Compiling parking_lot_core v0.6.2
[INFO] [stderr]    Compiling im v12.3.4
[INFO] [stderr]    Compiling parking_lot v0.9.0
[INFO] [stderr]    Compiling secp256k1-sys v0.1.2
[INFO] [stderr]    Compiling smallvec v0.6.13
[INFO] [stderr]    Compiling generic-array v0.12.3
[INFO] [stderr]    Compiling sized-chunks v0.1.3
[INFO] [stderr]    Compiling equihash v0.0.0 (https://github.com/ZcashFoundation/librustzcash.git?branch=equihash-crate#ae2a2481)
[INFO] [stderr]    Compiling fxhash v0.2.1
[INFO] [stderr]    Compiling quote v1.0.7
[INFO] [stderr]    Compiling regex-automata v0.1.9
[INFO] [stderr]    Compiling addr2line v0.13.0
[INFO] [stderr]    Compiling iovec v0.1.4
[INFO] [stderr]    Compiling signal-hook-registry v1.2.0
[INFO] [stderr]    Compiling net2 v0.2.34
[INFO] [stderr]    Compiling num_cpus v1.13.0
[INFO] [stderr]    Compiling getrandom v0.1.14
[INFO] [stderr]    Compiling time v0.1.43
[INFO] [stderr]    Compiling parking_lot_core v0.7.2
[INFO] [stderr]    Compiling wait-timeout v0.2.0
[INFO] [stderr]    Compiling fs2 v0.4.3
[INFO] [stderr]    Compiling socket2 v0.3.12
[INFO] [stderr]    Compiling atty v0.2.14
[INFO] [stderr]    Compiling quanta v0.3.1
[INFO] [stderr]    Compiling quote v0.6.13
[INFO] [stderr]    Compiling http-body v0.3.1
[INFO] [stderr]    Compiling digest v0.8.1
[INFO] [stderr]    Compiling block-buffer v0.7.3
[INFO] [stderr]    Compiling regex v1.3.9
[INFO] [stderr]    Compiling backtrace v0.3.50
[INFO] [stderr]    Compiling digest v0.9.0
[INFO] [stderr]    Compiling signal-hook v0.1.16
[INFO] [stderr]    Compiling rand_core v0.5.1
[INFO] [stderr]    Compiling mio v0.6.22
[INFO] [stderr]    Compiling hdrhistogram v6.3.4
[INFO] [stderr]    Compiling parking_lot v0.10.2
[INFO] [stderr]    Compiling sha2 v0.8.2
[INFO] [stderr]    Compiling ripemd160 v0.8.0
[INFO] [stderr]    Compiling matchers v0.0.1
[INFO] [stderr]    Compiling rand_chacha v0.2.2
[INFO] [stderr]    Compiling rand_xorshift v0.2.0
[INFO] [stderr]    Compiling color-backtrace v0.4.2
[INFO] [stderr]    Compiling sled v0.32.0
[INFO] [stderr]    Compiling bs58 v0.3.1
[INFO] [stderr]    Compiling rand v0.7.3
[INFO] [stderr]    Compiling mio-uds v0.6.8
[INFO] [stderr]    Compiling tempfile v3.1.0
[INFO] [stderr]    Compiling rusty-fork v0.3.0
[INFO] [stderr]    Compiling proptest v0.10.0
[INFO] [stderr]    Compiling synstructure v0.12.4
[INFO] [stderr]    Compiling darling_core v0.10.2
[INFO] [stderr]    Compiling serde_derive v1.0.114
[INFO] [stderr]    Compiling pin-project-internal v0.4.22
[INFO] [stderr]    Compiling tokio-macros v0.2.5
[INFO] [stderr]    Compiling futures-macro v0.3.5
[INFO] [stderr]    Compiling tracing-attributes v0.1.9
[INFO] [stderr]    Compiling zeroize_derive v1.0.0
[INFO] [stderr]    Compiling thiserror-impl v1.0.20
[INFO] [stderr]    Compiling displaydoc v0.1.6
[INFO] [stderr]    Compiling gumdrop_derive v0.7.0
[INFO] [stderr]    Compiling proptest-derive v0.2.0
[INFO] [stderr]    Compiling darling_macro v0.10.2
[INFO] [stderr]    Compiling tokio v0.2.21
[INFO] [stderr]    Compiling zeroize v1.1.0
[INFO] [stderr]    Compiling thiserror v1.0.20
[INFO] [stderr]    Compiling darling v0.10.2
[INFO] [stderr]    Compiling abscissa_derive v0.5.0 (https://github.com/yaahc/abscissa.git?rev=41d342a9344e38442b2211b07f28a89505892a21#41d342a9)
[INFO] [stderr]    Compiling gumdrop v0.7.0
[INFO] [stderr]    Compiling tracing v0.1.16
[INFO] [stderr]    Compiling pin-project v0.4.22
[INFO] [stderr]    Compiling futures-util v0.3.5
[INFO] [stderr]    Compiling tower-discover v0.3.0
[INFO] [stderr]    Compiling tower-load-shed v0.3.0
[INFO] [stderr]    Compiling tracing-futures v0.2.4
[INFO] [stderr]    Compiling tower-load v0.3.0
[INFO] [stderr]    Compiling tower-retry v0.3.0
[INFO] [stderr]    Compiling tower-buffer v0.3.0
[INFO] [stderr]    Compiling tower-timeout v0.3.0
[INFO] [stderr]    Compiling tokio-util v0.3.1
[INFO] [stderr]    Compiling tokio-util v0.2.0
[INFO] [stderr]    Compiling metrics-exporter-log v0.4.0
[INFO] [stderr]    Compiling tower-limit v0.3.1
[INFO] [stderr]    Compiling futures-executor v0.3.5
[INFO] [stderr]    Compiling tower-util v0.3.1
[INFO] [stderr]    Compiling h2 v0.2.5
[INFO] [stderr]    Compiling futures v0.3.5
[INFO] [stderr]    Compiling tower v0.3.1
[INFO] [stderr]    Compiling tower-batch v0.1.0 (/opt/rustwide/workdir/tower-batch)
[INFO] [stderr]    Compiling chrono v0.4.13
[INFO] [stderr]    Compiling serde_json v1.0.56
[INFO] [stderr]    Compiling curve25519-dalek v2.1.0
[INFO] [stderr]    Compiling tracing-serde v0.1.1
[INFO] [stderr]    Compiling secp256k1 v0.17.2
[INFO] [stderr]    Compiling serde-big-array v0.3.0
[INFO] [stderr]    Compiling redjubjub v0.2.1
[INFO] [stderr]    Compiling metrics-util v0.3.1
[INFO] [stderr]    Compiling serde_yaml v0.8.13
[INFO] [stderr]    Compiling toml v0.5.6
[INFO] [stderr]    Compiling secrecy v0.6.0
[INFO] [stderr]    Compiling semver v0.10.0
[INFO] [stderr]    Compiling metrics-observer-prometheus v0.1.4
[INFO] [stderr]    Compiling hyper v0.13.6
[INFO] [stderr]    Compiling ed25519-zebra v1.0.0
[INFO] [stderr]    Compiling x25519-dalek v0.6.0
[INFO] [stderr]    Compiling metrics-observer-yaml v0.1.1
[INFO] [stderr]    Compiling zebra-chain v0.1.0 (/opt/rustwide/workdir/zebra-chain)
[INFO] [stderr]    Compiling tracing-subscriber v0.2.7
[INFO] [stderr]    Compiling metrics-observer-json v0.1.1
[INFO] [stderr]    Compiling tracing-error v0.1.2
[INFO] [stderr]    Compiling abscissa_core v0.5.2 (https://github.com/yaahc/abscissa.git?rev=41d342a9344e38442b2211b07f28a89505892a21#41d342a9)
[INFO] [stderr]    Compiling metrics-exporter-http v0.3.0
[INFO] [stderr]    Compiling color-spantrace v0.1.4
[INFO] [stderr]    Compiling color-eyre v0.5.0
[INFO] [stderr]    Compiling metrics-runtime v0.13.0
[INFO] [stdout] warning: panic message is not a string literal
[INFO] [stdout]   --> zebra-chain/src/addresses/sprout.rs:76:25
[INFO] [stdout]    |
[INFO] [stdout] 76 |               _ => panic!(SerializationError::Parse(
[INFO] [stdout]    |  _________________________^
[INFO] [stdout] 77 | |                 "bad sprout shielded addr version/type",
[INFO] [stdout] 78 | |             )),
[INFO] [stdout]    | |_____________^
[INFO] [stdout]    |
[INFO] [stdout]    = note: `#[warn(non_fmt_panic)]` on by default
[INFO] [stdout]    = note: this is no longer accepted in Rust 2021
[INFO] [stdout] help: add a "{}" format string to Display the message
[INFO] [stdout]    |
[INFO] [stdout] 76 |             _ => panic!("{}", SerializationError::Parse(
[INFO] [stdout]    |                         ^^^^^
[INFO] [stdout] help: or use std::panic::panic_any instead
[INFO] [stdout]    |
[INFO] [stdout] 76 |             _ => std::panic::panic_any(SerializationError::Parse(
[INFO] [stdout]    |                  ^^^^^^^^^^^^^^^^^^^^^
[INFO] [stdout] 
[INFO] [stdout] 
[INFO] [stdout] warning: panic message is not a string literal
[INFO] [stdout]   --> zebra-chain/src/keys/sprout.rs:88:25
[INFO] [stdout]    |
[INFO] [stdout] 88 |               _ => panic!(SerializationError::Parse(
[INFO] [stdout]    |  _________________________^
[INFO] [stdout] 89 | |                 "bad sprout spending key version/type",
[INFO] [stdout] 90 | |             )),
[INFO] [stdout]    | |_____________^
[INFO] [stdout]    |
[INFO] [stdout]    = note: this is no longer accepted in Rust 2021
[INFO] [stdout] help: add a "{}" format string to Display the message
[INFO] [stdout]    |
[INFO] [stdout] 88 |             _ => panic!("{}", SerializationError::Parse(
[INFO] [stdout]    |                         ^^^^^
[INFO] [stdout] help: or use std::panic::panic_any instead
[INFO] [stdout]    |
[INFO] [stdout] 88 |             _ => std::panic::panic_any(SerializationError::Parse(
[INFO] [stdout]    |                  ^^^^^^^^^^^^^^^^^^^^^
[INFO] [stdout] 
[INFO] [stdout] 
[INFO] [stdout] warning: panic message is not a string literal
[INFO] [stdout]    --> zebra-chain/src/keys/sprout.rs:254:25
[INFO] [stdout]     |
[INFO] [stdout] 254 |               _ => panic!(SerializationError::Parse(
[INFO] [stdout]     |  _________________________^
[INFO] [stdout] 255 | |                 "bad sprout incoming viewing key network",
[INFO] [stdout] 256 | |             )),
[INFO] [stdout]     | |_____________^
[INFO] [stdout]     |
[INFO] [stdout]     = note: this is no longer accepted in Rust 2021
[INFO] [stdout] help: add a "{}" format string to Display the message
[INFO] [stdout]     |
[INFO] [stdout] 254 |             _ => panic!("{}", SerializationError::Parse(
[INFO] [stdout]     |                         ^^^^^
[INFO] [stdout] help: or use std::panic::panic_any instead
[INFO] [stdout]     |
[INFO] [stdout] 254 |             _ => std::panic::panic_any(SerializationError::Parse(
[INFO] [stdout]     |                  ^^^^^^^^^^^^^^^^^^^^^
[INFO] [stdout] 
[INFO] [stdout] 
[INFO] [stderr]    Compiling zebra-test v0.1.0 (/opt/rustwide/workdir/zebra-test)
[INFO] [stderr]    Compiling zebra-state v0.1.0 (/opt/rustwide/workdir/zebra-state)
[INFO] [stderr]    Compiling zebra-network v0.1.0 (/opt/rustwide/workdir/zebra-network)
[INFO] [stdout] warning: 3 warnings emitted
[INFO] [stdout] 
[INFO] [stdout] 
[INFO] [stderr]    Compiling ibclib v1.0.0 (/opt/rustwide/workdir/ibclib)
[INFO] [stderr]    Compiling zebra-consensus v0.1.0 (/opt/rustwide/workdir/zebra-consensus)
[INFO] [stderr]    Compiling zebrad v0.1.0 (/opt/rustwide/workdir/zebrad)
[INFO] [stderr]    Compiling ibcrun v1.0.0 (/opt/rustwide/workdir/ibcrun)
[INFO] [stderr]     Finished dev [unoptimized + debuginfo] target(s) in 6m 20s
[INFO] running `Command { std: "docker" "inspect" "413cbf1bf9c2ab7d64fbe034320fdcc73358bf1e1d36ee86c7e677cc21e191a8", kill_on_drop: false }`
[INFO] running `Command { std: "docker" "rm" "-f" "413cbf1bf9c2ab7d64fbe034320fdcc73358bf1e1d36ee86c7e677cc21e191a8", kill_on_drop: false }`
[INFO] [stdout] 413cbf1bf9c2ab7d64fbe034320fdcc73358bf1e1d36ee86c7e677cc21e191a8
[INFO] running `Command { std: "docker" "create" "-v" "/var/lib/crater-agent-workspace/builds/worker-10/target:/opt/rustwide/target:rw,Z" "-v" "/var/lib/crater-agent-workspace/builds/worker-10/source:/opt/rustwide/workdir:ro,Z" "-v" "/var/lib/crater-agent-workspace/cargo-home:/opt/rustwide/cargo-home:ro,Z" "-v" "/var/lib/crater-agent-workspace/rustup-home:/opt/rustwide/rustup-home:ro,Z" "-e" "SOURCE_DIR=/opt/rustwide/workdir" "-e" "CARGO_TARGET_DIR=/opt/rustwide/target" "-e" "CARGO_INCREMENTAL=0" "-e" "RUST_BACKTRACE=full" "-e" "RUSTFLAGS=--cap-lints=warn" "-e" "CARGO_HOME=/opt/rustwide/cargo-home" "-e" "RUSTUP_HOME=/opt/rustwide/rustup-home" "-w" "/opt/rustwide/workdir" "-m" "1610612736" "--user" "0:0" "--network" "none" "ghcr.io/rust-lang/crates-build-env/linux@sha256:34b6a614d2c27851fe6cbf88fbd1137609cefab8b10d0615aaeb6fd47975d74e" "/opt/rustwide/cargo-home/bin/cargo" "+1.54.0" "test" "--frozen" "--no-run" "--message-format=json", kill_on_drop: false }`
[INFO] [stdout] 22609e73d8617684fea203438305a4e65ffc02f0a4c530f95a22de8f4243a563
[INFO] [stderr] WARNING: Your kernel does not support swap limit capabilities or the cgroup is not mounted. Memory limited without swap.
[INFO] running `Command { std: "docker" "start" "-a" "22609e73d8617684fea203438305a4e65ffc02f0a4c530f95a22de8f4243a563", kill_on_drop: false }`
[INFO] [stderr]    Compiling bytes v0.5.5
[INFO] [stderr]    Compiling once_cell v1.4.0
[INFO] [stderr]    Compiling smallvec v1.4.1
[INFO] [stderr]    Compiling tower-layer v0.3.0
[INFO] [stderr]    Compiling subtle v2.2.3
[INFO] [stderr]    Compiling gimli v0.22.0
[INFO] [stderr]    Compiling adler v0.2.2
[INFO] [stderr]    Compiling rustc-demangle v0.1.16
[INFO] [stderr]    Compiling hex v0.4.2
[INFO] [stderr]    Compiling object v0.20.0
[INFO] [stderr]    Compiling constant_time_eq v0.1.5
[INFO] [stderr]    Compiling arrayvec v0.5.1
[INFO] [stderr]    Compiling arrayref v0.3.6
[INFO] [stderr]    Compiling indenter v0.3.0
[INFO] [stderr]    Compiling bech32 v0.7.2
[INFO] [stderr]    Compiling metrics-core v0.5.2
[INFO] [stderr]    Compiling bit-vec v0.6.2
[INFO] [stderr]    Compiling canonical-path v2.0.2
[INFO] [stderr]    Compiling arc-swap v0.3.11
[INFO] [stderr]    Compiling zebra-script v0.1.0 (/opt/rustwide/workdir/zebra-script)
[INFO] [stderr]    Compiling zebra-rpc v0.1.0 (/opt/rustwide/workdir/zebra-rpc)
[INFO] [stderr]    Compiling zebra-client v0.1.0 (/opt/rustwide/workdir/zebra-client)
[INFO] [stderr]    Compiling tracing-core v0.1.11
[INFO] [stderr]    Compiling crossbeam-utils v0.6.6
[INFO] [stderr]    Compiling generational-arena v0.2.8
[INFO] [stderr]    Compiling miniz_oxide v0.4.0
[INFO] [stderr]    Compiling yaml-rust v0.4.4
[INFO] [stderr]    Compiling futures-task v0.3.5
[INFO] [stderr]    Compiling bls12_381 v0.1.1
[INFO] [stderr]    Compiling blake2b_simd v0.5.10
[INFO] [stderr]    Compiling blake2s_simd v0.5.10
[INFO] [stderr]    Compiling libc v0.2.72
[INFO] [stderr]    Compiling byteorder v1.3.4
[INFO] [stderr]    Compiling maybe-uninit v2.0.0
[INFO] [stderr]    Compiling eyre v0.6.0
[INFO] [stderr]    Compiling crc32fast v1.2.0
[INFO] [stderr]    Compiling metrics v0.12.1
[INFO] [stderr]    Compiling bit-set v0.5.2
[INFO] [stderr]    Compiling http v0.2.1
[INFO] [stderr]    Compiling num-traits v0.2.12
[INFO] [stderr]    Compiling sized-chunks v0.1.3
[INFO] [stderr]    Compiling memoffset v0.5.5
[INFO] [stderr]    Compiling crossbeam-utils v0.7.2
[INFO] [stderr]    Compiling indexmap v1.4.0
[INFO] [stderr]    Compiling generic-array v0.14.2
[INFO] [stderr]    Compiling secp256k1-sys v0.1.2
[INFO] [stderr]    Compiling tracing-log v0.1.1
[INFO] [stderr]    Compiling jubjub v0.3.0
[INFO] [stderr]    Compiling smallvec v0.6.13
[INFO] [stderr]    Compiling block-buffer v0.7.3
[INFO] [stderr]    Compiling regex-automata v0.1.9
[INFO] [stderr]    Compiling fxhash v0.2.1
[INFO] [stderr]    Compiling equihash v0.0.0 (https://github.com/ZcashFoundation/librustzcash.git?branch=equihash-crate#ae2a2481)
[INFO] [stderr]    Compiling net2 v0.2.34
[INFO] [stderr]    Compiling iovec v0.1.4
[INFO] [stderr]    Compiling signal-hook-registry v1.2.0
[INFO] [stderr]    Compiling num_cpus v1.13.0
[INFO] [stderr]    Compiling time v0.1.43
[INFO] [stderr]    Compiling getrandom v0.1.14
[INFO] [stderr]    Compiling parking_lot_core v0.7.2
[INFO] [stderr]    Compiling fs2 v0.4.3
[INFO] [stderr]    Compiling wait-timeout v0.2.0
[INFO] [stderr]    Compiling socket2 v0.3.12
[INFO] [stderr]    Compiling atty v0.2.14
[INFO] [stderr]    Compiling quanta v0.3.1
[INFO] [stderr]    Compiling rand v0.4.6
[INFO] [stderr]    Compiling crossbeam-epoch v0.8.2
[INFO] [stderr]    Compiling spandoc-attribute v0.1.0
[INFO] [stderr]    Compiling digest v0.9.0
[INFO] [stderr]    Compiling sha2 v0.8.2
[INFO] [stderr]    Compiling ripemd160 v0.8.0
[INFO] [stderr]    Compiling mio v0.6.22
[INFO] [stderr]    Compiling signal-hook v0.1.16
[INFO] [stderr]    Compiling num-integer v0.1.43
[INFO] [stderr]    Compiling hdrhistogram v6.3.4
[INFO] [stderr]    Compiling rand_core v0.5.1
[INFO] [stderr]    Compiling parking_lot v0.10.2
[INFO] [stderr]    Compiling parking_lot_core v0.6.2
[INFO] [stderr]    Compiling im v12.3.4
[INFO] [stderr]    Compiling serde v1.0.114
[INFO] [stderr]    Compiling pin-project v0.4.22
[INFO] [stderr]    Compiling tracing v0.1.16
[INFO] [stderr]    Compiling thiserror v1.0.20
[INFO] [stderr]    Compiling gumdrop v0.7.0
[INFO] [stderr]    Compiling matchers v0.0.1
[INFO] [stderr]    Compiling addr2line v0.13.0
[INFO] [stderr]    Compiling bs58 v0.3.1
[INFO] [stderr]    Compiling rand_chacha v0.2.2
[INFO] [stderr]    Compiling rand_xorshift v0.2.0
[INFO] [stderr]    Compiling tempdir v0.3.7
[INFO] [stderr]    Compiling futures-util v0.3.5
[INFO] [stderr]    Compiling tower-discover v0.3.0
[INFO] [stderr]    Compiling tower-load-shed v0.3.0
[INFO] [stderr]    Compiling zeroize v1.1.0
[INFO] [stderr]    Compiling parking_lot v0.9.0
[INFO] [stderr]    Compiling http-body v0.3.1
[INFO] [stderr]    Compiling tracing-futures v0.2.4
[INFO] [stderr]    Compiling mio-uds v0.6.8
[INFO] [stderr]    Compiling backtrace v0.3.50
[INFO] [stderr]    Compiling rand v0.7.3
[INFO] [stdout] warning: panic message is not a string literal
[INFO] [stdout]   --> zebra-chain/src/addresses/sprout.rs:76:25
[INFO] [stdout]    |
[INFO] [stdout] 76 |               _ => panic!(SerializationError::Parse(
[INFO] [stdout]    |  _________________________^
[INFO] [stdout] 77 | |                 "bad sprout shielded addr version/type",
[INFO] [stdout] 78 | |             )),
[INFO] [stdout]    | |_____________^
[INFO] [stdout]    |
[INFO] [stdout]    = note: `#[warn(non_fmt_panic)]` on by default
[INFO] [stdout]    = note: this is no longer accepted in Rust 2021
[INFO] [stdout] help: add a "{}" format string to Display the message
[INFO] [stdout]    |
[INFO] [stdout] 76 |             _ => panic!("{}", SerializationError::Parse(
[INFO] [stdout]    |                         ^^^^^
[INFO] [stdout] help: or use std::panic::panic_any instead
[INFO] [stdout]    |
[INFO] [stdout] 76 |             _ => std::panic::panic_any(SerializationError::Parse(
[INFO] [stdout]    |                  ^^^^^^^^^^^^^^^^^^^^^
[INFO] [stdout] 
[INFO] [stdout] 
[INFO] [stdout] warning: panic message is not a string literal
[INFO] [stdout]   --> zebra-chain/src/keys/sprout.rs:88:25
[INFO] [stdout]    |
[INFO] [stdout] 88 |               _ => panic!(SerializationError::Parse(
[INFO] [stdout]    |  _________________________^
[INFO] [stdout] 89 | |                 "bad sprout spending key version/type",
[INFO] [stdout] 90 | |             )),
[INFO] [stdout]    | |_____________^
[INFO] [stdout]    |
[INFO] [stdout]    = note: this is no longer accepted in Rust 2021
[INFO] [stdout] help: add a "{}" format string to Display the message
[INFO] [stdout]    |
[INFO] [stdout] 88 |             _ => panic!("{}", SerializationError::Parse(
[INFO] [stdout]    |                         ^^^^^
[INFO] [stdout] help: or use std::panic::panic_any instead
[INFO] [stdout]    |
[INFO] [stdout] 88 |             _ => std::panic::panic_any(SerializationError::Parse(
[INFO] [stdout]    |                  ^^^^^^^^^^^^^^^^^^^^^
[INFO] [stdout] 
[INFO] [stdout] 
[INFO] [stdout] warning: panic message is not a string literal
[INFO] [stdout]    --> zebra-chain/src/keys/sprout.rs:254:25
[INFO] [stdout]     |
[INFO] [stdout] 254 |               _ => panic!(SerializationError::Parse(
[INFO] [stdout]     |  _________________________^
[INFO] [stdout] 255 | |                 "bad sprout incoming viewing key network",
[INFO] [stdout] 256 | |             )),
[INFO] [stdout]     | |_____________^
[INFO] [stdout]     |
[INFO] [stdout]     = note: this is no longer accepted in Rust 2021
[INFO] [stdout] help: add a "{}" format string to Display the message
[INFO] [stdout]     |
[INFO] [stdout] 254 |             _ => panic!("{}", SerializationError::Parse(
[INFO] [stdout]     |                         ^^^^^
[INFO] [stdout] help: or use std::panic::panic_any instead
[INFO] [stdout]     |
[INFO] [stdout] 254 |             _ => std::panic::panic_any(SerializationError::Parse(
[INFO] [stdout]     |                  ^^^^^^^^^^^^^^^^^^^^^
[INFO] [stdout] 
[INFO] [stdout] 
[INFO] [stdout] warning: 3 warnings emitted
[INFO] [stdout] 
[INFO] [stdout] 
[INFO] [stderr]    Compiling tokio v0.2.21
[INFO] [stderr]    Compiling sled v0.32.0
[INFO] [stderr]    Compiling color-backtrace v0.4.2
[INFO] [stderr]    Compiling tempfile v3.1.0
[INFO] [stderr]    Compiling rusty-fork v0.3.0
[INFO] [stderr]    Compiling proptest v0.10.0
[INFO] [stderr]    Compiling futures-executor v0.3.5
[INFO] [stderr]    Compiling tower-util v0.3.1
[INFO] [stderr]    Compiling spandoc v0.2.0
[INFO] [stderr]    Compiling chrono v0.4.13
[INFO] [stderr]    Compiling serde_json v1.0.56
[INFO] [stderr]    Compiling tracing-serde v0.1.1
[INFO] [stderr]    Compiling curve25519-dalek v2.1.0
[INFO] [stderr]    Compiling redjubjub v0.2.1
[INFO] [stderr]    Compiling serde-big-array v0.3.0
[INFO] [stderr]    Compiling secp256k1 v0.17.2
[INFO] [stderr]    Compiling metrics-util v0.3.1
[INFO] [stderr]    Compiling serde_yaml v0.8.13
[INFO] [stderr]    Compiling secrecy v0.6.0
[INFO] [stderr]    Compiling toml v0.5.6
[INFO] [stderr]    Compiling semver v0.10.0
[INFO] [stderr]    Compiling futures v0.3.5
[INFO] [stderr]    Compiling metrics-observer-prometheus v0.1.4
[INFO] [stderr]    Compiling tower-load v0.3.0
[INFO] [stderr]    Compiling tower-timeout v0.3.0
[INFO] [stderr]    Compiling tower-buffer v0.3.0
[INFO] [stderr]    Compiling tower-retry v0.3.0
[INFO] [stderr]    Compiling tokio-util v0.3.1
[INFO] [stderr]    Compiling tokio-util v0.2.0
[INFO] [stderr]    Compiling metrics-exporter-log v0.4.0
[INFO] [stderr]    Compiling metrics-observer-yaml v0.1.1
[INFO] [stderr]    Compiling h2 v0.2.5
[INFO] [stderr]    Compiling ed25519-zebra v1.0.0
[INFO] [stderr]    Compiling x25519-dalek v0.6.0
[INFO] [stderr]    Compiling tower-limit v0.3.1
[INFO] [stderr]    Compiling tower v0.3.1
[INFO] [stderr]    Compiling zebra-chain v0.1.0 (/opt/rustwide/workdir/zebra-chain)
[INFO] [stderr]    Compiling tracing-subscriber v0.2.7
[INFO] [stderr]    Compiling metrics-observer-json v0.1.1
[INFO] [stderr]    Compiling tower-batch v0.1.0 (/opt/rustwide/workdir/tower-batch)
[INFO] [stderr]    Compiling tracing-error v0.1.2
[INFO] [stderr]    Compiling abscissa_core v0.5.2 (https://github.com/yaahc/abscissa.git?rev=41d342a9344e38442b2211b07f28a89505892a21#41d342a9)
[INFO] [stderr]    Compiling color-spantrace v0.1.4
[INFO] [stdout] warning: panic message is not a string literal
[INFO] [stdout]   --> zebra-chain/src/addresses/sprout.rs:76:25
[INFO] [stdout]    |
[INFO] [stdout] 76 |               _ => panic!(SerializationError::Parse(
[INFO] [stdout]    |  _________________________^
[INFO] [stdout] 77 | |                 "bad sprout shielded addr version/type",
[INFO] [stdout] 78 | |             )),
[INFO] [stdout]    | |_____________^
[INFO] [stdout]    |
[INFO] [stdout]    = note: `#[warn(non_fmt_panic)]` on by default
[INFO] [stdout]    = note: this is no longer accepted in Rust 2021
[INFO] [stdout] help: add a "{}" format string to Display the message
[INFO] [stdout]    |
[INFO] [stdout] 76 |             _ => panic!("{}", SerializationError::Parse(
[INFO] [stdout]    |                         ^^^^^
[INFO] [stdout] help: or use std::panic::panic_any instead
[INFO] [stdout]    |
[INFO] [stdout] 76 |             _ => std::panic::panic_any(SerializationError::Parse(
[INFO] [stdout]    |                  ^^^^^^^^^^^^^^^^^^^^^
[INFO] [stdout] 
[INFO] [stdout] 
[INFO] [stdout] warning: panic message is not a string literal
[INFO] [stdout]   --> zebra-chain/src/keys/sprout.rs:88:25
[INFO] [stdout]    |
[INFO] [stdout] 88 |               _ => panic!(SerializationError::Parse(
[INFO] [stdout]    |  _________________________^
[INFO] [stdout] 89 | |                 "bad sprout spending key version/type",
[INFO] [stdout] 90 | |             )),
[INFO] [stdout]    | |_____________^
[INFO] [stdout]    |
[INFO] [stdout]    = note: this is no longer accepted in Rust 2021
[INFO] [stdout] help: add a "{}" format string to Display the message
[INFO] [stdout]    |
[INFO] [stdout] 88 |             _ => panic!("{}", SerializationError::Parse(
[INFO] [stdout]    |                         ^^^^^
[INFO] [stdout] help: or use std::panic::panic_any instead
[INFO] [stdout]    |
[INFO] [stdout] 88 |             _ => std::panic::panic_any(SerializationError::Parse(
[INFO] [stdout]    |                  ^^^^^^^^^^^^^^^^^^^^^
[INFO] [stdout] 
[INFO] [stdout] 
[INFO] [stdout] warning: panic message is not a string literal
[INFO] [stdout]    --> zebra-chain/src/keys/sprout.rs:254:25
[INFO] [stdout]     |
[INFO] [stdout] 254 |               _ => panic!(SerializationError::Parse(
[INFO] [stdout]     |  _________________________^
[INFO] [stdout] 255 | |                 "bad sprout incoming viewing key network",
[INFO] [stdout] 256 | |             )),
[INFO] [stdout]     | |_____________^
[INFO] [stdout]     |
[INFO] [stdout]     = note: this is no longer accepted in Rust 2021
[INFO] [stdout] help: add a "{}" format string to Display the message
[INFO] [stdout]     |
[INFO] [stdout] 254 |             _ => panic!("{}", SerializationError::Parse(
[INFO] [stdout]     |                         ^^^^^
[INFO] [stdout] help: or use std::panic::panic_any instead
[INFO] [stdout]     |
[INFO] [stdout] 254 |             _ => std::panic::panic_any(SerializationError::Parse(
[INFO] [stdout]     |                  ^^^^^^^^^^^^^^^^^^^^^
[INFO] [stdout] 
[INFO] [stdout] 
[INFO] [stderr]    Compiling color-eyre v0.5.0
[INFO] [stderr]    Compiling hyper v0.13.6
[INFO] [stderr]    Compiling zebra-state v0.1.0 (/opt/rustwide/workdir/zebra-state)
[INFO] [stderr]    Compiling zebra-network v0.1.0 (/opt/rustwide/workdir/zebra-network)
[INFO] [stdout] warning: 3 warnings emitted
[INFO] [stdout] 
[INFO] [stdout] 
[INFO] [stderr]    Compiling zebra-test v0.1.0 (/opt/rustwide/workdir/zebra-test)
[INFO] [stderr]    Compiling zebra-consensus v0.1.0 (/opt/rustwide/workdir/zebra-consensus)
[INFO] [stderr]    Compiling ibclib v1.0.0 (/opt/rustwide/workdir/ibclib)
[INFO] [stderr]    Compiling metrics-exporter-http v0.3.0
[INFO] [stderr]    Compiling metrics-runtime v0.13.0
[INFO] [stdout] warning: panic message is not a string literal
[INFO] [stdout]   --> zebra-chain/src/addresses/sprout.rs:76:25
[INFO] [stdout]    |
[INFO] [stdout] 76 |               _ => panic!(SerializationError::Parse(
[INFO] [stdout]    |  _________________________^
[INFO] [stdout] 77 | |                 "bad sprout shielded addr version/type",
[INFO] [stdout] 78 | |             )),
[INFO] [stdout]    | |_____________^
[INFO] [stdout]    |
[INFO] [stdout]    = note: `#[warn(non_fmt_panic)]` on by default
[INFO] [stdout]    = note: this is no longer accepted in Rust 2021
[INFO] [stdout] help: add a "{}" format string to Display the message
[INFO] [stdout]    |
[INFO] [stdout] 76 |             _ => panic!("{}", SerializationError::Parse(
[INFO] [stdout]    |                         ^^^^^
[INFO] [stdout] help: or use std::panic::panic_any instead
[INFO] [stdout]    |
[INFO] [stdout] 76 |             _ => std::panic::panic_any(SerializationError::Parse(
[INFO] [stdout]    |                  ^^^^^^^^^^^^^^^^^^^^^
[INFO] [stdout] 
[INFO] [stdout] 
[INFO] [stdout] warning: panic message is not a string literal
[INFO] [stdout]   --> zebra-chain/src/keys/sprout.rs:88:25
[INFO] [stdout]    |
[INFO] [stdout] 88 |               _ => panic!(SerializationError::Parse(
[INFO] [stdout]    |  _________________________^
[INFO] [stdout] 89 | |                 "bad sprout spending key version/type",
[INFO] [stdout] 90 | |             )),
[INFO] [stdout]    | |_____________^
[INFO] [stdout]    |
[INFO] [stdout]    = note: this is no longer accepted in Rust 2021
[INFO] [stdout] help: add a "{}" format string to Display the message
[INFO] [stdout]    |
[INFO] [stdout] 88 |             _ => panic!("{}", SerializationError::Parse(
[INFO] [stdout]    |                         ^^^^^
[INFO] [stdout] help: or use std::panic::panic_any instead
[INFO] [stdout]    |
[INFO] [stdout] 88 |             _ => std::panic::panic_any(SerializationError::Parse(
[INFO] [stdout]    |                  ^^^^^^^^^^^^^^^^^^^^^
[INFO] [stdout] 
[INFO] [stdout] 
[INFO] [stdout] warning: panic message is not a string literal
[INFO] [stdout]    --> zebra-chain/src/keys/sprout.rs:254:25
[INFO] [stdout]     |
[INFO] [stdout] 254 |               _ => panic!(SerializationError::Parse(
[INFO] [stdout]     |  _________________________^
[INFO] [stdout] 255 | |                 "bad sprout incoming viewing key network",
[INFO] [stdout] 256 | |             )),
[INFO] [stdout]     | |_____________^
[INFO] [stdout]     |
[INFO] [stdout]     = note: this is no longer accepted in Rust 2021
[INFO] [stdout] help: add a "{}" format string to Display the message
[INFO] [stdout]     |
[INFO] [stdout] 254 |             _ => panic!("{}", SerializationError::Parse(
[INFO] [stdout]     |                         ^^^^^
[INFO] [stdout] help: or use std::panic::panic_any instead
[INFO] [stdout]     |
[INFO] [stdout] 254 |             _ => std::panic::panic_any(SerializationError::Parse(
[INFO] [stdout]     |                  ^^^^^^^^^^^^^^^^^^^^^
[INFO] [stdout] 
[INFO] [stdout] 
[INFO] [stderr]    Compiling zebrad v0.1.0 (/opt/rustwide/workdir/zebrad)
[INFO] [stdout] error[E0308]: mismatched types
[INFO] [stdout]    --> zebra-consensus/src/verify/block.rs:349:9
[INFO] [stdout]     |
[INFO] [stdout] 349 |         assert_eq!(verify_response, hash);
[INFO] [stdout]     |         ^^^^^^^^^^^^^^^^^^^^^^^^^^^^^^^^^^ expected tuple, found struct `zebra_chain::block::BlockHeaderHash`
[INFO] [stdout]     |
[INFO] [stdout]     = note: expected tuple `(zebra_chain::block::BlockHeaderHash, zebra_chain::types::BlockHeight)`
[INFO] [stdout]               found struct `zebra_chain::block::BlockHeaderHash`
[INFO] [stdout] note: return type inferred to be `(zebra_chain::block::BlockHeaderHash, zebra_chain::types::BlockHeight)` here
[INFO] [stdout]    --> zebra-consensus/src/verify/block.rs:335:13
[INFO] [stdout]     |
[INFO] [stdout] 335 |             Arc::<Block>::zcash_deserialize(&zebra_test::vectors::BLOCK_MAINNET_415000_BYTES[..])?;
[INFO] [stdout]     |             ^^^^^^^^^^^^^^^^^^^^^^^^^^^^^^^^^^^^^^^^^^^^^^^^^^^^^^^^^^^^^^^^^^^^^^^^^^^^^^^^^^^^^^
[INFO] [stdout]     = note: this error originates in the macro `assert_eq` (in Nightly builds, run with -Z macro-backtrace for more info)
[INFO] [stdout] 
[INFO] [stdout] 
[INFO] [stdout] error: linking with `cc` failed: exit status: 1
[INFO] [stdout]   |
[INFO] [stdout]   = note: "cc" "-m64" "/opt/rustwide/target/debug/deps/basic-2cc483b259500665.basic.brl0whp4-cgu.0.rcgu.o" "/opt/rustwide/target/debug/deps/basic-2cc483b259500665.basic.brl0whp4-cgu.1.rcgu.o" "/opt/rustwide/target/debug/deps/basic-2cc483b259500665.basic.brl0whp4-cgu.10.rcgu.o" "/opt/rustwide/target/debug/deps/basic-2cc483b259500665.basic.brl0whp4-cgu.11.rcgu.o" "/opt/rustwide/target/debug/deps/basic-2cc483b259500665.basic.brl0whp4-cgu.12.rcgu.o" "/opt/rustwide/target/debug/deps/basic-2cc483b259500665.basic.brl0whp4-cgu.13.rcgu.o" "/opt/rustwide/target/debug/deps/basic-2cc483b259500665.basic.brl0whp4-cgu.14.rcgu.o" "/opt/rustwide/target/debug/deps/basic-2cc483b259500665.basic.brl0whp4-cgu.15.rcgu.o" "/opt/rustwide/target/debug/deps/basic-2cc483b259500665.basic.brl0whp4-cgu.2.rcgu.o" "/opt/rustwide/target/debug/deps/basic-2cc483b259500665.basic.brl0whp4-cgu.3.rcgu.o" "/opt/rustwide/target/debug/deps/basic-2cc483b259500665.basic.brl0whp4-cgu.4.rcgu.o" "/opt/rustwide/target/debug/deps/basic-2cc483b259500665.basic.brl0whp4-cgu.5.rcgu.o" "/opt/rustwide/target/debug/deps/basic-2cc483b259500665.basic.brl0whp4-cgu.6.rcgu.o" "/opt/rustwide/target/debug/deps/basic-2cc483b259500665.basic.brl0whp4-cgu.7.rcgu.o" "/opt/rustwide/target/debug/deps/basic-2cc483b259500665.basic.brl0whp4-cgu.8.rcgu.o" "/opt/rustwide/target/debug/deps/basic-2cc483b259500665.basic.brl0whp4-cgu.9.rcgu.o" "/opt/rustwide/target/debug/deps/basic-2cc483b259500665.2mpxyf0otp652vyu.rcgu.o" "-Wl,--as-needed" "-L" "/opt/rustwide/target/debug/deps" "-L" "/opt/rustwide/target/debug/build/secp256k1-sys-927f5a4bfa6a3ded/out" "-L" "/opt/rustwide/rustup-home/toolchains/1.54.0-x86_64-unknown-linux-gnu/lib/rustlib/x86_64-unknown-linux-gnu/lib" "-Wl,-Bstatic" "/opt/rustwide/rustup-home/toolchains/1.54.0-x86_64-unknown-linux-gnu/lib/rustlib/x86_64-unknown-linux-gnu/lib/libtest-3599c5491d44663f.rlib" "/opt/rustwide/rustup-home/toolchains/1.54.0-x86_64-unknown-linux-gnu/lib/rustlib/x86_64-unknown-linux-gnu/lib/libterm-1d56ea45a67842c8.rlib" "/opt/rustwide/rustup-home/toolchains/1.54.0-x86_64-unknown-linux-gnu/lib/rustlib/x86_64-unknown-linux-gnu/lib/libgetopts-9749f7c936ebf9a7.rlib" "/opt/rustwide/rustup-home/toolchains/1.54.0-x86_64-unknown-linux-gnu/lib/rustlib/x86_64-unknown-linux-gnu/lib/libunicode_width-627a220173eefff1.rlib" "/opt/rustwide/rustup-home/toolchains/1.54.0-x86_64-unknown-linux-gnu/lib/rustlib/x86_64-unknown-linux-gnu/lib/librustc_std_workspace_std-16ed15e5bfe21b9b.rlib" "/opt/rustwide/target/debug/deps/libzebra_state-55dc92bfe787d272.rlib" "/opt/rustwide/target/debug/deps/libsled-9ecf2872c1a33028.rlib" "/opt/rustwide/target/debug/deps/libfxhash-4e3957d7462db180.rlib" "/opt/rustwide/target/debug/deps/libcrc32fast-e2919975640cb346.rlib" "/opt/rustwide/target/debug/deps/libcrossbeam_epoch-6e7c509b0868b7c6.rlib" "/opt/rustwide/target/debug/deps/libmemoffset-66f3e33f868e2172.rlib" "/opt/rustwide/target/debug/deps/libcrossbeam_utils-79c2bd225d0d7f75.rlib" "/opt/rustwide/target/debug/deps/libmaybe_uninit-17ac005437abed86.rlib" "/opt/rustwide/target/debug/deps/libfs2-34f3459969300f2f.rlib" "/opt/rustwide/target/debug/deps/libparking_lot-1a8908934493af63.rlib" "/opt/rustwide/target/debug/deps/libparking_lot_core-79fdfdc355f9c1ec.rlib" "/opt/rustwide/target/debug/deps/liblock_api-dc263642307a5f06.rlib" "/opt/rustwide/target/debug/deps/libscopeguard-7a1710762e6687e9.rlib" "/opt/rustwide/target/debug/deps/libzebra_test-74d0266970f7ce41.rlib" "/opt/rustwide/target/debug/deps/libtower-a27d75f0bb692a02.rlib" "/opt/rustwide/target/debug/deps/libtower_util-d6ecd395c09dc97c.rlib" "/opt/rustwide/target/debug/deps/libtower_timeout-1454f799663e9b79.rlib" "/opt/rustwide/target/debug/deps/libtower_retry-ef80c6f377056d8e.rlib" "/opt/rustwide/target/debug/deps/libtower_load_shed-15257133223857b2.rlib" "/opt/rustwide/target/debug/deps/libtower_limit-525954ace6860515.rlib" "/opt/rustwide/target/debug/deps/libtower_load-ee8545b0b9fc877d.rlib" "/opt/rustwide/target/debug/deps/libtower_discover-7c34a2ea9ffcca38.rlib" "/opt/rustwide/target/debug/deps/libtower_buffer-017df4b5c7ad48f0.rlib" "/opt/rustwide/target/debug/deps/libtokio-6d7424bbecae410a.rlib" "/opt/rustwide/target/debug/deps/libsignal_hook_registry-91fc6a51a2e9e4bd.rlib" "/opt/rustwide/target/debug/deps/libarc_swap-a1abc17cde199669.rlib" "/opt/rustwide/target/debug/deps/libnum_cpus-ba944f067071ab67.rlib" "/opt/rustwide/target/debug/deps/libfnv-56e05e18a5751d51.rlib" "/opt/rustwide/target/debug/deps/libmio_uds-d30070b83971f499.rlib" "/opt/rustwide/target/debug/deps/libmio-487a278ef5d1e1a9.rlib" "/opt/rustwide/target/debug/deps/libiovec-59799a01c163bbcf.rlib" "/opt/rustwide/target/debug/deps/libnet2-83003a3282ee26e0.rlib" "/opt/rustwide/target/debug/deps/libbytes-638dd75c73fd1a85.rlib" "/opt/rustwide/target/debug/deps/libpin_project_lite-625a936507bb9349.rlib" "/opt/rustwide/target/debug/deps/libtower_service-f2293a18d860c644.rlib" "/opt/rustwide/target/debug/deps/libtower_layer-2da97337da06c883.rlib" "/opt/rustwide/target/debug/deps/libzebra_chain-1497ab0d1e0fee86.rlib" "/opt/rustwide/target/debug/deps/libx25519_dalek-646d005a460b377b.rlib" "/opt/rustwide/target/debug/deps/libblake2s_simd-5389442ab3c27a21.rlib" "/opt/rustwide/target/debug/deps/libequihash-00282b16bc08d683.rlib" "/opt/rustwide/target/debug/deps/libbs58-4766861d1ad7d039.rlib" "/opt/rustwide/target/debug/deps/libredjubjub-b7685381f24c0cdb.rlib" "/opt/rustwide/target/debug/deps/libblake2b_simd-8dce0a9e0a8dc942.rlib" "/opt/rustwide/target/debug/deps/libconstant_time_eq-78f4a297fca459c9.rlib" "/opt/rustwide/target/debug/deps/libarrayvec-c80887302e011e00.rlib" "/opt/rustwide/target/debug/deps/libarrayref-00e9c9d11fbfe2a9.rlib" "/opt/rustwide/target/debug/deps/libjubjub-e835de83aa0736ba.rlib" "/opt/rustwide/target/debug/deps/libbls12_381-d6f93360410659f9.rlib" "/opt/rustwide/target/debug/deps/libed25519_zebra-b8e728e85deadc9a.rlib" "/opt/rustwide/target/debug/deps/libhex-4d02e2a3e313017d.rlib" "/opt/rustwide/target/debug/deps/libcurve25519_dalek-c823b5c888f7880c.rlib" "/opt/rustwide/target/debug/deps/libsubtle-5a3b7b01d438c984.rlib" "/opt/rustwide/target/debug/deps/libzeroize-6b34c4663d88f6c0.rlib" "/opt/rustwide/target/debug/deps/libfutures-07fdbc36344640a8.rlib" "/opt/rustwide/target/debug/deps/libfutures_executor-2826fb84f7dbea49.rlib" "/opt/rustwide/target/debug/deps/libfutures_util-f757b9793043bde0.rlib" "/opt/rustwide/target/debug/deps/libproc_macro_nested-33934ecbf1745751.rlib" "/opt/rustwide/target/debug/deps/libfutures_io-24c9dd06fc912cd3.rlib" "/opt/rustwide/target/debug/deps/libslab-a95947d689540fa4.rlib" "/opt/rustwide/target/debug/deps/libfutures_channel-96e34d0804755ec9.rlib" "/opt/rustwide/target/debug/deps/libpin_project-281e913597f0ff39.rlib" "/opt/rustwide/target/debug/deps/libfutures_sink-3e4546f22328c093.rlib" "/opt/rustwide/target/debug/deps/libfutures_task-c022f7ef19b1d2b1.rlib" "/opt/rustwide/target/debug/deps/libpin_utils-576e633f12357c97.rlib" "/opt/rustwide/target/debug/deps/libfutures_core-26f162cbd9691799.rlib" "/opt/rustwide/target/debug/deps/libthiserror-f5d68a555f3fec37.rlib" "/opt/rustwide/target/debug/deps/librand_core-3b8ba80fef9f67d7.rlib" "/opt/rustwide/target/debug/deps/libgetrandom-be0419982b075dbe.rlib" "/opt/rustwide/target/debug/deps/libsecp256k1-40745b964cd35867.rlib" "/opt/rustwide/target/debug/deps/libsecp256k1_sys-e2f3d61962b96e70.rlib" "/opt/rustwide/target/debug/deps/libripemd160-3eab4451123342c9.rlib" "/opt/rustwide/target/debug/deps/libbech32-ae51f65968d9c965.rlib" "/opt/rustwide/target/debug/deps/libsha2-0233d610f479989b.rlib" "/opt/rustwide/target/debug/deps/libdigest-8eb0f00a25be5de8.rlib" "/opt/rustwide/target/debug/deps/libopaque_debug-abc732d989c9d05a.rlib" "/opt/rustwide/target/debug/deps/libfake_simd-5cac25f66b22e18a.rlib" "/opt/rustwide/target/debug/deps/libblock_buffer-e91c1479ba2ae22a.rlib" "/opt/rustwide/target/debug/deps/libgeneric_array-4e5a80a149b11b12.rlib" "/opt/rustwide/target/debug/deps/libtypenum-65efd23b6c1d4655.rlib" "/opt/rustwide/target/debug/deps/libblock_padding-24376a58a4f53824.rlib" "/opt/rustwide/target/debug/deps/libbyte_tools-a0454fdb8e320603.rlib" "/opt/rustwide/target/debug/deps/libserde_big_array-9f4cd82b42c52f73.rlib" "/opt/rustwide/target/debug/deps/libtempdir-a2f284c7633490a1.rlib" "/opt/rustwide/target/debug/deps/libremove_dir_all-80ef6726c25ad48c.rlib" "/opt/rustwide/target/debug/deps/librand-1eeb97fcb9962e48.rlib" "/opt/rustwide/target/debug/deps/libcolor_eyre-9683aaf5733acee2.rlib" "/opt/rustwide/target/debug/deps/libcolor_spantrace-22da333c79773d78.rlib" "/opt/rustwide/target/debug/deps/libtracing_error-34d20c70f3f9f7e7.rlib" "/opt/rustwide/target/debug/deps/libtracing_subscriber-e9e67c2967b24c5c.rlib" "/opt/rustwide/target/debug/deps/libchrono-27db308f38a5e726.rlib" "/opt/rustwide/target/debug/deps/libnum_integer-2d0ad3fa0905f1ba.rlib" "/opt/rustwide/target/debug/deps/libnum_traits-ade1b93fa105b2d5.rlib" "/opt/rustwide/target/debug/deps/libtime-f5cb34a9712219aa.rlib" "/opt/rustwide/target/debug/deps/libsmallvec-f1f2d90fa3f8b102.rlib" "/opt/rustwide/target/debug/deps/libsharded_slab-c5954f2bf73b2f91.rlib" "/opt/rustwide/target/debug/deps/libtracing_serde-2601c4325e6bd292.rlib" "/opt/rustwide/target/debug/deps/libserde_json-044406600465738e.rlib" "/opt/rustwide/target/debug/deps/libryu-059aa1fbb24cd15e.rlib" "/opt/rustwide/target/debug/deps/libitoa-2cab92f94c2667a9.rlib" "/opt/rustwide/target/debug/deps/libserde-f5466b259a7f321b.rlib" "/opt/rustwide/target/debug/deps/libansi_term-e2a35aae900e64a8.rlib" "/opt/rustwide/target/debug/deps/libtracing_log-f29260fa5466b06a.rlib" "/opt/rustwide/target/debug/deps/libmatchers-70c593ce5bd243e8.rlib" "/opt/rustwide/target/debug/deps/libregex_automata-86d16d5c57888320.rlib" "/opt/rustwide/target/debug/deps/libbyteorder-21057972c7e0a6aa.rlib" "/opt/rustwide/target/debug/deps/libregex-d0a3115775288d5a.rlib" "/opt/rustwide/target/debug/deps/libthread_local-79a746b2b8f7bdad.rlib" "/opt/rustwide/target/debug/deps/libregex_syntax-cc6f85808d425969.rlib" "/opt/rustwide/target/debug/deps/libaho_corasick-9a096c29062a9151.rlib" "/opt/rustwide/target/debug/deps/libmemchr-d7dcdb754b97af01.rlib" "/opt/rustwide/target/debug/deps/libtracing-b82e8e0b9aeac087.rlib" "/opt/rustwide/target/debug/deps/libtracing_core-efdf502fc018d724.rlib" "/opt/rustwide/target/debug/deps/liblazy_static-5c53d641eb010a81.rlib" "/opt/rustwide/target/debug/deps/liblog-1acff040ad67833f.rlib" "/opt/rustwide/target/debug/deps/libeyre-194accff49ae1740.rlib" "/opt/rustwide/target/debug/deps/libindenter-5ed211bc7c9ccafb.rlib" "/opt/rustwide/target/debug/deps/libonce_cell-ea49002e9c3c9a8a.rlib" "/opt/rustwide/target/debug/deps/libbacktrace-9d741f65bb65cff1.rlib" "/opt/rustwide/target/debug/deps/libminiz_oxide-e8684f22e22e1c23.rlib" "/opt/rustwide/target/debug/deps/libadler-ab165bf127b74b85.rlib" "/opt/rustwide/target/debug/deps/libobject-a3ed55bacdebc95c.rlib" "/opt/rustwide/target/debug/deps/liblibc-f13efd38f92056fa.rlib" "/opt/rustwide/target/debug/deps/libaddr2line-8988b48ccfdceb2a.rlib" "/opt/rustwide/target/debug/deps/libgimli-fd00db9ebee5a702.rlib" "/opt/rustwide/target/debug/deps/libcfg_if-e7a28af79b261e75.rlib" "/opt/rustwide/target/debug/deps/librustc_demangle-42fe64f6e8239dbf.rlib" "-Wl,--start-group" "/opt/rustwide/rustup-home/toolchains/1.54.0-x86_64-unknown-linux-gnu/lib/rustlib/x86_64-unknown-linux-gnu/lib/libstd-2420485b9e5ef5e1.rlib" "/opt/rustwide/rustup-home/toolchains/1.54.0-x86_64-unknown-linux-gnu/lib/rustlib/x86_64-unknown-linux-gnu/lib/libpanic_unwind-785e3cb61c4b1960.rlib" "/opt/rustwide/rustup-home/toolchains/1.54.0-x86_64-unknown-linux-gnu/lib/rustlib/x86_64-unknown-linux-gnu/lib/libminiz_oxide-087191a88bdaa22d.rlib" "/opt/rustwide/rustup-home/toolchains/1.54.0-x86_64-unknown-linux-gnu/lib/rustlib/x86_64-unknown-linux-gnu/lib/libadler-9981842c02975178.rlib" "/opt/rustwide/rustup-home/toolchains/1.54.0-x86_64-unknown-linux-gnu/lib/rustlib/x86_64-unknown-linux-gnu/lib/libobject-6fb405869b015fde.rlib" "/opt/rustwide/rustup-home/toolchains/1.54.0-x86_64-unknown-linux-gnu/lib/rustlib/x86_64-unknown-linux-gnu/lib/libaddr2line-d05c5c3c56004b7b.rlib" "/opt/rustwide/rustup-home/toolchains/1.54.0-x86_64-unknown-linux-gnu/lib/rustlib/x86_64-unknown-linux-gnu/lib/libgimli-42d74d2097528b38.rlib" "/opt/rustwide/rustup-home/toolchains/1.54.0-x86_64-unknown-linux-gnu/lib/rustlib/x86_64-unknown-linux-gnu/lib/libstd_detect-fb36534c113d2209.rlib" "/opt/rustwide/rustup-home/toolchains/1.54.0-x86_64-unknown-linux-gnu/lib/rustlib/x86_64-unknown-linux-gnu/lib/librustc_demangle-b56b9042c12b6535.rlib" "/opt/rustwide/rustup-home/toolchains/1.54.0-x86_64-unknown-linux-gnu/lib/rustlib/x86_64-unknown-linux-gnu/lib/libhashbrown-491902d6cb3e76df.rlib" "/opt/rustwide/rustup-home/toolchains/1.54.0-x86_64-unknown-linux-gnu/lib/rustlib/x86_64-unknown-linux-gnu/lib/librustc_std_workspace_alloc-61834e0981b8c367.rlib" "/opt/rustwide/rustup-home/toolchains/1.54.0-x86_64-unknown-linux-gnu/lib/rustlib/x86_64-unknown-linux-gnu/lib/libunwind-f78aa99d613a55bc.rlib" "/opt/rustwide/rustup-home/toolchains/1.54.0-x86_64-unknown-linux-gnu/lib/rustlib/x86_64-unknown-linux-gnu/lib/libcfg_if-53ee54cd7fed2c57.rlib" "/opt/rustwide/rustup-home/toolchains/1.54.0-x86_64-unknown-linux-gnu/lib/rustlib/x86_64-unknown-linux-gnu/lib/liblibc-544ecdbd6cda3c58.rlib" "/opt/rustwide/rustup-home/toolchains/1.54.0-x86_64-unknown-linux-gnu/lib/rustlib/x86_64-unknown-linux-gnu/lib/liballoc-379cc252b6943a79.rlib" "/opt/rustwide/rustup-home/toolchains/1.54.0-x86_64-unknown-linux-gnu/lib/rustlib/x86_64-unknown-linux-gnu/lib/librustc_std_workspace_core-8063eea38dcc5e62.rlib" "/opt/rustwide/rustup-home/toolchains/1.54.0-x86_64-unknown-linux-gnu/lib/rustlib/x86_64-unknown-linux-gnu/lib/libcore-5b228734afae15ee.rlib" "-Wl,--end-group" "/opt/rustwide/rustup-home/toolchains/1.54.0-x86_64-unknown-linux-gnu/lib/rustlib/x86_64-unknown-linux-gnu/lib/libcompiler_builtins-d6c7a399d95d173f.rlib" "-Wl,-Bdynamic" "-lutil" "-ldl" "-lutil" "-lgcc_s" "-lutil" "-lrt" "-lpthread" "-lm" "-ldl" "-lc" "-Wl,--eh-frame-hdr" "-Wl,-znoexecstack" "-L" "/opt/rustwide/rustup-home/toolchains/1.54.0-x86_64-unknown-linux-gnu/lib/rustlib/x86_64-unknown-linux-gnu/lib" "-o" "/opt/rustwide/target/debug/deps/basic-2cc483b259500665" "-Wl,--gc-sections" "-pie" "-Wl,-zrelro" "-Wl,-znow" "-nodefaultlibs"
[INFO] [stdout]   = note: collect2: fatal error: ld terminated with signal 9 [Killed]
[INFO] [stdout]           compilation terminated.
[INFO] [stdout]           
[INFO] [stdout] 
[INFO] [stdout] 
[INFO] [stdout] error: aborting due to previous error
[INFO] [stdout] 
[INFO] [stdout] 
[INFO] [stderr] error: could not compile `zebra-state`
[INFO] [stderr] 
[INFO] [stderr] To learn more, run the command again with --verbose.
[INFO] [stderr] warning: build failed, waiting for other jobs to finish...
[INFO] [stdout] error[E0308]: mismatched types
[INFO] [stdout]    --> zebra-consensus/src/verify/block.rs:378:9
[INFO] [stdout]     |
[INFO] [stdout] 378 |         assert_eq!(verify_response, hash);
[INFO] [stdout]     |         ^^^^^^^^^^^^^^^^^^^^^^^^^^^^^^^^^^ expected tuple, found struct `zebra_chain::block::BlockHeaderHash`
[INFO] [stdout]     |
[INFO] [stdout]     = note: expected tuple `(zebra_chain::block::BlockHeaderHash, zebra_chain::types::BlockHeight)`
[INFO] [stdout]               found struct `zebra_chain::block::BlockHeaderHash`
[INFO] [stdout] note: return type inferred to be `(zebra_chain::block::BlockHeaderHash, zebra_chain::types::BlockHeight)` here
[INFO] [stdout]    --> zebra-consensus/src/verify/block.rs:364:13
[INFO] [stdout]     |
[INFO] [stdout] 364 |             Arc::<Block>::zcash_deserialize(&zebra_test::vectors::BLOCK_MAINNET_415000_BYTES[..])?;
[INFO] [stdout]     |             ^^^^^^^^^^^^^^^^^^^^^^^^^^^^^^^^^^^^^^^^^^^^^^^^^^^^^^^^^^^^^^^^^^^^^^^^^^^^^^^^^^^^^^
[INFO] [stdout]     = note: this error originates in the macro `assert_eq` (in Nightly builds, run with -Z macro-backtrace for more info)
[INFO] [stdout] 
[INFO] [stdout] 
[INFO] [stdout] error[E0308]: mismatched types
[INFO] [stdout]    --> zebra-consensus/src/verify/block.rs:424:9
[INFO] [stdout]     |
[INFO] [stdout] 424 |         assert_eq!(verify_response, hash);
[INFO] [stdout]     |         ^^^^^^^^^^^^^^^^^^^^^^^^^^^^^^^^^^ expected tuple, found struct `zebra_chain::block::BlockHeaderHash`
[INFO] [stdout]     |
[INFO] [stdout]     = note: expected tuple `(zebra_chain::block::BlockHeaderHash, zebra_chain::types::BlockHeight)`
[INFO] [stdout]               found struct `zebra_chain::block::BlockHeaderHash`
[INFO] [stdout] note: return type inferred to be `(zebra_chain::block::BlockHeaderHash, zebra_chain::types::BlockHeight)` here
[INFO] [stdout]    --> zebra-consensus/src/verify/block.rs:410:13
[INFO] [stdout]     |
[INFO] [stdout] 410 |             Arc::<Block>::zcash_deserialize(&zebra_test::vectors::BLOCK_MAINNET_415000_BYTES[..])?;
[INFO] [stdout]     |             ^^^^^^^^^^^^^^^^^^^^^^^^^^^^^^^^^^^^^^^^^^^^^^^^^^^^^^^^^^^^^^^^^^^^^^^^^^^^^^^^^^^^^^
[INFO] [stdout]     = note: this error originates in the macro `assert_eq` (in Nightly builds, run with -Z macro-backtrace for more info)
[INFO] [stdout] 
[INFO] [stdout] 
[INFO] [stdout] error: aborting due to 3 previous errors
[INFO] [stdout] 
[INFO] [stdout] 
[INFO] [stdout] For more information about this error, try `rustc --explain E0308`.
[INFO] [stdout] 
[INFO] [stdout] warning: 3 warnings emitted
[INFO] [stdout] 
[INFO] [stdout] 
[INFO] [stderr] error: build failed
[INFO] running `Command { std: "docker" "inspect" "22609e73d8617684fea203438305a4e65ffc02f0a4c530f95a22de8f4243a563", kill_on_drop: false }`
[INFO] running `Command { std: "docker" "rm" "-f" "22609e73d8617684fea203438305a4e65ffc02f0a4c530f95a22de8f4243a563", kill_on_drop: false }`
[INFO] [stdout] 22609e73d8617684fea203438305a4e65ffc02f0a4c530f95a22de8f4243a563
