[INFO] cloning repository https://github.com/thallada/warp-caching [INFO] running `Command { std: "git" "-c" "credential.helper=" "-c" "credential.helper=/workspace/cargo-home/bin/git-credential-null" "clone" "--bare" "https://github.com/thallada/warp-caching" "/workspace/cache/git-repos/https%3A%2F%2Fgithub.com%2Fthallada%2Fwarp-caching", kill_on_drop: false }` [INFO] [stderr] Cloning into bare repository '/workspace/cache/git-repos/https%3A%2F%2Fgithub.com%2Fthallada%2Fwarp-caching'... [INFO] running `Command { std: "git" "rev-parse" "HEAD", kill_on_drop: false }` [INFO] [stdout] c4dffd593504f29bc60d40e21cf29685eee90cff [INFO] testing thallada/warp-caching against 1.54.0 for beta-1.55-2 [INFO] running `Command { std: "git" "clone" "/workspace/cache/git-repos/https%3A%2F%2Fgithub.com%2Fthallada%2Fwarp-caching" "/workspace/builds/worker-10/source", kill_on_drop: false }` [INFO] [stderr] Cloning into '/workspace/builds/worker-10/source'... [INFO] [stderr] done. [INFO] validating manifest of git repo https://github.com/thallada/warp-caching on toolchain 1.54.0 [INFO] running `Command { std: "/workspace/cargo-home/bin/cargo" "+1.54.0" "metadata" "--manifest-path" "Cargo.toml" "--no-deps", kill_on_drop: false }` [INFO] started tweaking git repo https://github.com/thallada/warp-caching [INFO] finished tweaking git repo https://github.com/thallada/warp-caching [INFO] tweaked toml for git repo https://github.com/thallada/warp-caching written to /workspace/builds/worker-10/source/Cargo.toml [INFO] crate git repo https://github.com/thallada/warp-caching already has a lockfile, it will not be regenerated [INFO] running `Command { std: "/workspace/cargo-home/bin/cargo" "+1.54.0" "fetch" "--manifest-path" "Cargo.toml", kill_on_drop: false }` [INFO] running `Command { std: "docker" "create" "-v" "/var/lib/crater-agent-workspace/builds/worker-10/target:/opt/rustwide/target:rw,Z" "-v" "/var/lib/crater-agent-workspace/builds/worker-10/source:/opt/rustwide/workdir:ro,Z" "-v" "/var/lib/crater-agent-workspace/cargo-home:/opt/rustwide/cargo-home:ro,Z" "-v" "/var/lib/crater-agent-workspace/rustup-home:/opt/rustwide/rustup-home:ro,Z" "-e" "SOURCE_DIR=/opt/rustwide/workdir" "-e" "CARGO_TARGET_DIR=/opt/rustwide/target" "-e" "CARGO_HOME=/opt/rustwide/cargo-home" "-e" "RUSTUP_HOME=/opt/rustwide/rustup-home" "-w" "/opt/rustwide/workdir" "-m" "1610612736" "--user" "0:0" "--network" "none" "ghcr.io/rust-lang/crates-build-env/linux@sha256:34b6a614d2c27851fe6cbf88fbd1137609cefab8b10d0615aaeb6fd47975d74e" "/opt/rustwide/cargo-home/bin/cargo" "+1.54.0" "metadata" "--no-deps" "--format-version=1", kill_on_drop: false }` [INFO] [stderr] WARNING: Your kernel does not support swap limit capabilities or the cgroup is not mounted. Memory limited without swap. [INFO] [stdout] 0f94169be53ee1bd6af23a08e7a3acf4c4a1c48d8fdd332aeb2b8643c0f03fa0 [INFO] running `Command { std: "docker" "start" "-a" "0f94169be53ee1bd6af23a08e7a3acf4c4a1c48d8fdd332aeb2b8643c0f03fa0", kill_on_drop: false }` [INFO] running `Command { std: "docker" "inspect" "0f94169be53ee1bd6af23a08e7a3acf4c4a1c48d8fdd332aeb2b8643c0f03fa0", kill_on_drop: false }` [INFO] running `Command { std: "docker" "rm" "-f" "0f94169be53ee1bd6af23a08e7a3acf4c4a1c48d8fdd332aeb2b8643c0f03fa0", kill_on_drop: false }` [INFO] [stdout] 0f94169be53ee1bd6af23a08e7a3acf4c4a1c48d8fdd332aeb2b8643c0f03fa0 [INFO] running `Command { std: "docker" "create" "-v" "/var/lib/crater-agent-workspace/builds/worker-10/target:/opt/rustwide/target:rw,Z" "-v" "/var/lib/crater-agent-workspace/builds/worker-10/source:/opt/rustwide/workdir:ro,Z" "-v" "/var/lib/crater-agent-workspace/cargo-home:/opt/rustwide/cargo-home:ro,Z" "-v" "/var/lib/crater-agent-workspace/rustup-home:/opt/rustwide/rustup-home:ro,Z" "-e" "SOURCE_DIR=/opt/rustwide/workdir" "-e" "CARGO_TARGET_DIR=/opt/rustwide/target" "-e" "CARGO_INCREMENTAL=0" "-e" "RUST_BACKTRACE=full" "-e" "RUSTFLAGS=--cap-lints=warn" "-e" "CARGO_HOME=/opt/rustwide/cargo-home" "-e" "RUSTUP_HOME=/opt/rustwide/rustup-home" "-w" "/opt/rustwide/workdir" "-m" "1610612736" "--user" "0:0" "--network" "none" "ghcr.io/rust-lang/crates-build-env/linux@sha256:34b6a614d2c27851fe6cbf88fbd1137609cefab8b10d0615aaeb6fd47975d74e" "/opt/rustwide/cargo-home/bin/cargo" "+1.54.0" "build" "--frozen" "--message-format=json", kill_on_drop: false }` [INFO] [stdout] 3eaa59e2fe8aa36bcd7f6d74cb23f3062e75f617ede0ecf209e0936b7d1a5fd5 [INFO] [stderr] WARNING: Your kernel does not support swap limit capabilities or the cgroup is not mounted. Memory limited without swap. [INFO] running `Command { std: "docker" "start" "-a" "3eaa59e2fe8aa36bcd7f6d74cb23f3062e75f617ede0ecf209e0936b7d1a5fd5", kill_on_drop: false }` [INFO] [stderr] Compiling libc v0.2.76 [INFO] [stderr] Compiling proc-macro2 v1.0.20 [INFO] [stderr] Compiling syn v1.0.40 [INFO] [stderr] Compiling getrandom v0.1.14 [INFO] [stderr] Compiling memchr v2.3.3 [INFO] [stderr] Compiling pin-project-internal v0.4.23 [INFO] [stderr] Compiling futures-core v0.3.5 [INFO] [stderr] Compiling serde_derive v1.0.115 [INFO] [stderr] Compiling futures-sink v0.3.5 [INFO] [stderr] Compiling ppv-lite86 v0.2.9 [INFO] [stderr] Compiling once_cell v1.4.1 [INFO] [stderr] Compiling serde v1.0.115 [INFO] [stderr] Compiling tinyvec v0.3.4 [INFO] [stderr] Compiling pin-project-lite v0.1.7 [INFO] [stderr] Compiling hashbrown v0.9.0 [INFO] [stderr] Compiling serde_json v1.0.57 [INFO] [stderr] Compiling proc-macro-hack v0.5.18 [INFO] [stderr] Compiling regex-syntax v0.6.18 [INFO] [stderr] Compiling futures-io v0.3.5 [INFO] [stderr] Compiling anyhow v1.0.32 [INFO] [stderr] Compiling ansi_term v0.12.1 [INFO] [stderr] Compiling smallvec v1.4.2 [INFO] [stderr] Compiling tracing-core v0.1.15 [INFO] [stderr] Compiling num-traits v0.2.12 [INFO] [stderr] Compiling num-integer v0.1.43 [INFO] [stderr] Compiling hashbrown v0.6.3 [INFO] [stderr] Compiling sharded-slab v0.0.9 [INFO] [stderr] Compiling futures-channel v0.3.5 [INFO] [stderr] Compiling futures-task v0.3.5 [INFO] [stderr] Compiling unicode-normalization v0.1.13 [INFO] [stderr] Compiling indexmap v1.6.0 [INFO] [stderr] Compiling sha-1 v0.9.1 [INFO] [stderr] Compiling tracing-log v0.1.1 [INFO] [stderr] Compiling buf_redux v0.8.4 [INFO] [stderr] Compiling twoway v0.1.8 [INFO] [stderr] Compiling quote v1.0.7 [INFO] [stderr] Compiling net2 v0.2.35 [INFO] [stderr] Compiling iovec v0.1.4 [INFO] [stderr] Compiling num_cpus v1.13.0 [INFO] [stderr] Compiling time v0.1.44 [INFO] [stderr] Compiling rand_os v0.1.3 [INFO] [stderr] Compiling socket2 v0.3.12 [INFO] [stderr] Compiling idna v0.2.0 [INFO] [stderr] Compiling rand v0.6.5 [INFO] [stderr] Compiling rand_core v0.5.1 [INFO] [stderr] Compiling const-random-macro v0.1.8 [INFO] [stderr] Compiling mio v0.6.22 [INFO] [stderr] Compiling headers v0.3.2 [INFO] [stderr] Compiling rand_chacha v0.2.2 [INFO] [stderr] Compiling rand v0.7.3 [INFO] [stderr] Compiling url v2.1.1 [INFO] [stderr] Compiling const-random v0.1.8 [INFO] [stderr] Compiling chrono v0.4.15 [INFO] [stderr] Compiling ahash v0.2.18 [INFO] [stderr] Compiling regex-automata v0.1.9 [INFO] [stderr] Compiling regex v1.3.9 [INFO] [stderr] Compiling tempfile v3.1.0 [INFO] [stderr] Compiling tungstenite v0.11.1 [INFO] [stderr] Compiling lru v0.5.3 [INFO] [stderr] Compiling multipart v0.17.0 [INFO] [stderr] Compiling matchers v0.0.1 [INFO] [stderr] Compiling tokio-macros v0.2.5 [INFO] [stderr] Compiling tracing-attributes v0.1.11 [INFO] [stderr] Compiling tokio v0.2.22 [INFO] [stderr] Compiling tracing v0.1.19 [INFO] [stderr] Compiling pin-project v0.4.23 [INFO] [stderr] Compiling futures-util v0.3.5 [INFO] [stderr] Compiling tracing-futures v0.2.4 [INFO] [stderr] Compiling tokio-util v0.3.1 [INFO] [stderr] Compiling h2 v0.2.6 [INFO] [stderr] Compiling tokio-tungstenite v0.11.0 [INFO] [stderr] Compiling futures v0.3.5 [INFO] [stderr] Compiling serde_urlencoded v0.6.1 [INFO] [stderr] Compiling tracing-serde v0.1.1 [INFO] [stderr] Compiling hyper v0.13.7 [INFO] [stderr] Compiling tracing-subscriber v0.2.11 [INFO] [stderr] Compiling warp v0.2.5 [INFO] [stderr] Compiling http-api-problem v0.17.0 [INFO] [stderr] Compiling warp-caching v0.1.0 (/opt/rustwide/workdir) [INFO] [stdout] warning: unused import: `warp::http::StatusCode` [INFO] [stdout] --> src/caches/cache.rs:9:5 [INFO] [stdout] | [INFO] [stdout] 9 | use warp::http::StatusCode; [INFO] [stdout] | ^^^^^^^^^^^^^^^^^^^^^^ [INFO] [stdout] | [INFO] [stdout] = note: `#[warn(unused_imports)]` on by default [INFO] [stdout] [INFO] [stdout] [INFO] [stdout] warning: unused import: `reject` [INFO] [stdout] --> src/caches/cache.rs:10:12 [INFO] [stdout] | [INFO] [stdout] 10 | use warp::{reject, Rejection, Reply}; [INFO] [stdout] | ^^^^^^ [INFO] [stdout] [INFO] [stdout] [INFO] [stdout] warning: associated function is never used: `log_keys` [INFO] [stdout] --> src/caches/cache.rs:40:12 [INFO] [stdout] | [INFO] [stdout] 40 | pub fn log_keys(mut self, value: bool) -> Self { [INFO] [stdout] | ^^^^^^^^ [INFO] [stdout] | [INFO] [stdout] = note: `#[warn(dead_code)]` on by default [INFO] [stdout] [INFO] [stdout] [INFO] [stdout] warning: associated function is never used: `get` [INFO] [stdout] --> src/caches/cache.rs:53:18 [INFO] [stdout] | [INFO] [stdout] 53 | pub async fn get(&self, key: K, getter: G) -> Result [INFO] [stdout] | ^^^ [INFO] [stdout] [INFO] [stdout] [INFO] [stdout] warning: associated function is never used: `delete` [INFO] [stdout] --> src/caches/cache.rs:73:18 [INFO] [stdout] | [INFO] [stdout] 73 | pub async fn delete(&self, key: K) -> Result> { [INFO] [stdout] | ^^^^^^ [INFO] [stdout] [INFO] [stdout] [INFO] [stdout] warning: 5 warnings emitted [INFO] [stdout] [INFO] [stdout] [INFO] [stderr] Finished dev [unoptimized + debuginfo] target(s) in 3m 15s [INFO] running `Command { std: "docker" "inspect" "3eaa59e2fe8aa36bcd7f6d74cb23f3062e75f617ede0ecf209e0936b7d1a5fd5", kill_on_drop: false }` [INFO] running `Command { std: "docker" "rm" "-f" "3eaa59e2fe8aa36bcd7f6d74cb23f3062e75f617ede0ecf209e0936b7d1a5fd5", kill_on_drop: false }` [INFO] [stdout] 3eaa59e2fe8aa36bcd7f6d74cb23f3062e75f617ede0ecf209e0936b7d1a5fd5 [INFO] running `Command { std: "docker" "create" "-v" "/var/lib/crater-agent-workspace/builds/worker-10/target:/opt/rustwide/target:rw,Z" "-v" "/var/lib/crater-agent-workspace/builds/worker-10/source:/opt/rustwide/workdir:ro,Z" "-v" "/var/lib/crater-agent-workspace/cargo-home:/opt/rustwide/cargo-home:ro,Z" "-v" "/var/lib/crater-agent-workspace/rustup-home:/opt/rustwide/rustup-home:ro,Z" "-e" "SOURCE_DIR=/opt/rustwide/workdir" "-e" "CARGO_TARGET_DIR=/opt/rustwide/target" "-e" "CARGO_INCREMENTAL=0" "-e" "RUST_BACKTRACE=full" "-e" "RUSTFLAGS=--cap-lints=warn" "-e" "CARGO_HOME=/opt/rustwide/cargo-home" "-e" "RUSTUP_HOME=/opt/rustwide/rustup-home" "-w" "/opt/rustwide/workdir" "-m" "1610612736" "--user" "0:0" "--network" "none" "ghcr.io/rust-lang/crates-build-env/linux@sha256:34b6a614d2c27851fe6cbf88fbd1137609cefab8b10d0615aaeb6fd47975d74e" "/opt/rustwide/cargo-home/bin/cargo" "+1.54.0" "test" "--frozen" "--no-run" "--message-format=json", kill_on_drop: false }` [INFO] [stderr] WARNING: Your kernel does not support swap limit capabilities or the cgroup is not mounted. Memory limited without swap. [INFO] [stdout] 1e37408b14ecffb5a42581db8682f81ddd45aadf80022deecb469817c64a2dd6 [INFO] running `Command { std: "docker" "start" "-a" "1e37408b14ecffb5a42581db8682f81ddd45aadf80022deecb469817c64a2dd6", kill_on_drop: false }` [INFO] [stderr] Compiling warp-caching v0.1.0 (/opt/rustwide/workdir) [INFO] [stdout] warning: unused import: `warp::http::StatusCode` [INFO] [stdout] --> src/caches/cache.rs:9:5 [INFO] [stdout] | [INFO] [stdout] 9 | use warp::http::StatusCode; [INFO] [stdout] | ^^^^^^^^^^^^^^^^^^^^^^ [INFO] [stdout] | [INFO] [stdout] = note: `#[warn(unused_imports)]` on by default [INFO] [stdout] [INFO] [stdout] [INFO] [stdout] warning: unused import: `reject` [INFO] [stdout] --> src/caches/cache.rs:10:12 [INFO] [stdout] | [INFO] [stdout] 10 | use warp::{reject, Rejection, Reply}; [INFO] [stdout] | ^^^^^^ [INFO] [stdout] [INFO] [stdout] [INFO] [stdout] warning: associated function is never used: `log_keys` [INFO] [stdout] --> src/caches/cache.rs:40:12 [INFO] [stdout] | [INFO] [stdout] 40 | pub fn log_keys(mut self, value: bool) -> Self { [INFO] [stdout] | ^^^^^^^^ [INFO] [stdout] | [INFO] [stdout] = note: `#[warn(dead_code)]` on by default [INFO] [stdout] [INFO] [stdout] [INFO] [stdout] warning: associated function is never used: `get` [INFO] [stdout] --> src/caches/cache.rs:53:18 [INFO] [stdout] | [INFO] [stdout] 53 | pub async fn get(&self, key: K, getter: G) -> Result [INFO] [stdout] | ^^^ [INFO] [stdout] [INFO] [stdout] [INFO] [stdout] warning: associated function is never used: `delete` [INFO] [stdout] --> src/caches/cache.rs:73:18 [INFO] [stdout] | [INFO] [stdout] 73 | pub async fn delete(&self, key: K) -> Result> { [INFO] [stdout] | ^^^^^^ [INFO] [stdout] [INFO] [stdout] [INFO] [stdout] warning: 5 warnings emitted [INFO] [stdout] [INFO] [stdout] [INFO] [stderr] Finished test [unoptimized + debuginfo] target(s) in 11.77s [INFO] running `Command { std: "docker" "inspect" "1e37408b14ecffb5a42581db8682f81ddd45aadf80022deecb469817c64a2dd6", kill_on_drop: false }` [INFO] running `Command { std: "docker" "rm" "-f" "1e37408b14ecffb5a42581db8682f81ddd45aadf80022deecb469817c64a2dd6", kill_on_drop: false }` [INFO] [stdout] 1e37408b14ecffb5a42581db8682f81ddd45aadf80022deecb469817c64a2dd6 [INFO] running `Command { std: "docker" "create" "-v" "/var/lib/crater-agent-workspace/builds/worker-10/target:/opt/rustwide/target:rw,Z" "-v" "/var/lib/crater-agent-workspace/builds/worker-10/source:/opt/rustwide/workdir:ro,Z" "-v" "/var/lib/crater-agent-workspace/cargo-home:/opt/rustwide/cargo-home:ro,Z" "-v" "/var/lib/crater-agent-workspace/rustup-home:/opt/rustwide/rustup-home:ro,Z" "-e" "SOURCE_DIR=/opt/rustwide/workdir" "-e" "CARGO_TARGET_DIR=/opt/rustwide/target" "-e" "CARGO_INCREMENTAL=0" "-e" "RUST_BACKTRACE=full" "-e" "RUSTFLAGS=--cap-lints=warn" "-e" "CARGO_HOME=/opt/rustwide/cargo-home" "-e" "RUSTUP_HOME=/opt/rustwide/rustup-home" "-w" "/opt/rustwide/workdir" "-m" "1610612736" "--user" "0:0" "--network" "none" "ghcr.io/rust-lang/crates-build-env/linux@sha256:34b6a614d2c27851fe6cbf88fbd1137609cefab8b10d0615aaeb6fd47975d74e" "/opt/rustwide/cargo-home/bin/cargo" "+1.54.0" "test" "--frozen", kill_on_drop: false }` [INFO] [stderr] WARNING: Your kernel does not support swap limit capabilities or the cgroup is not mounted. Memory limited without swap. [INFO] [stdout] 54aef52572c63c3340edcabe3ec7ee03bb1dd5868bc6e06e99479ed19a58a3e0 [INFO] running `Command { std: "docker" "start" "-a" "54aef52572c63c3340edcabe3ec7ee03bb1dd5868bc6e06e99479ed19a58a3e0", kill_on_drop: false }` [INFO] [stderr] warning: unused import: `warp::http::StatusCode` [INFO] [stderr] --> src/caches/cache.rs:9:5 [INFO] [stderr] | [INFO] [stderr] 9 | use warp::http::StatusCode; [INFO] [stderr] | ^^^^^^^^^^^^^^^^^^^^^^ [INFO] [stderr] | [INFO] [stderr] = note: `#[warn(unused_imports)]` on by default [INFO] [stderr] [INFO] [stderr] warning: unused import: `reject` [INFO] [stderr] --> src/caches/cache.rs:10:12 [INFO] [stderr] | [INFO] [stderr] 10 | use warp::{reject, Rejection, Reply}; [INFO] [stderr] | ^^^^^^ [INFO] [stderr] [INFO] [stderr] warning: associated function is never used: `log_keys` [INFO] [stderr] --> src/caches/cache.rs:40:12 [INFO] [stderr] | [INFO] [stderr] 40 | pub fn log_keys(mut self, value: bool) -> Self { [INFO] [stderr] | ^^^^^^^^ [INFO] [stderr] | [INFO] [stderr] = note: `#[warn(dead_code)]` on by default [INFO] [stderr] [INFO] [stderr] warning: associated function is never used: `get` [INFO] [stderr] --> src/caches/cache.rs:53:18 [INFO] [stderr] | [INFO] [stderr] 53 | pub async fn get(&self, key: K, getter: G) -> Result [INFO] [stderr] | ^^^ [INFO] [stderr] [INFO] [stderr] warning: associated function is never used: `delete` [INFO] [stderr] --> src/caches/cache.rs:73:18 [INFO] [stderr] | [INFO] [stderr] 73 | pub async fn delete(&self, key: K) -> Result> { [INFO] [stderr] | ^^^^^^ [INFO] [stderr] [INFO] [stderr] warning: 5 warnings emitted [INFO] [stderr] [INFO] [stderr] Finished test [unoptimized + debuginfo] target(s) in 0.19s [INFO] [stderr] Running unittests (/opt/rustwide/target/debug/deps/warp_caching-20dfbdde21dcc050) [INFO] [stdout] [INFO] [stdout] running 3 tests [INFO] [stdout] test tests::test_put_unknown ... ok [INFO] [stdout] test tests::test_post_conflict ... FAILED [INFO] [stdout] test tests::test_post ... FAILED [INFO] [stdout] [INFO] [stdout] failures: [INFO] [stdout] [INFO] [stdout] ---- tests::test_post_conflict stdout ---- [INFO] [stdout] thread 'tests::test_post_conflict' panicked at 'assertion failed: `(left == right)` [INFO] [stdout] left: `404`, [INFO] [stdout] right: `400`', src/main.rs:87:9 [INFO] [stdout] stack backtrace: [INFO] [stdout] 0: 0x55662501a510 - std::backtrace_rs::backtrace::libunwind::trace::h34055254b57d8e79 [INFO] [stdout] at /rustc/a178d0322ce20e33eac124758e837cbd80a6f633/library/std/src/../../backtrace/src/backtrace/libunwind.rs:90:5 [INFO] [stdout] 1: 0x55662501a510 - std::backtrace_rs::backtrace::trace_unsynchronized::h8f1e3fbd9afff6ec [INFO] [stdout] at /rustc/a178d0322ce20e33eac124758e837cbd80a6f633/library/std/src/../../backtrace/src/backtrace/mod.rs:66:5 [INFO] [stdout] 2: 0x55662501a510 - std::sys_common::backtrace::_print_fmt::h3a99a796b770c360 [INFO] [stdout] at /rustc/a178d0322ce20e33eac124758e837cbd80a6f633/library/std/src/sys_common/backtrace.rs:67:5 [INFO] [stdout] 3: 0x55662501a510 - ::fmt::h32d1f94a80615d18 [INFO] [stdout] at /rustc/a178d0322ce20e33eac124758e837cbd80a6f633/library/std/src/sys_common/backtrace.rs:46:22 [INFO] [stdout] 4: 0x55662503cf6c - core::fmt::write::h306731c068f7162c [INFO] [stdout] at /rustc/a178d0322ce20e33eac124758e837cbd80a6f633/library/core/src/fmt/mod.rs:1110:17 [INFO] [stdout] 5: 0x5566250170b5 - std::io::Write::write_fmt::h87f19b0a2cd190bc [INFO] [stdout] at /rustc/a178d0322ce20e33eac124758e837cbd80a6f633/library/std/src/io/mod.rs:1588:15 [INFO] [stdout] 6: 0x55662501c6eb - std::sys_common::backtrace::_print::h5abaa2601a852287 [INFO] [stdout] at /rustc/a178d0322ce20e33eac124758e837cbd80a6f633/library/std/src/sys_common/backtrace.rs:49:5 [INFO] [stdout] 7: 0x55662501c6eb - std::sys_common::backtrace::print::h8d81445442bb638f [INFO] [stdout] at /rustc/a178d0322ce20e33eac124758e837cbd80a6f633/library/std/src/sys_common/backtrace.rs:36:9 [INFO] [stdout] 8: 0x55662501c6eb - std::panicking::default_hook::{{closure}}::hcfe804496a9fa747 [INFO] [stdout] at /rustc/a178d0322ce20e33eac124758e837cbd80a6f633/library/std/src/panicking.rs:208:50 [INFO] [stdout] 9: 0x55662501c1fc - std::panicking::default_hook::hbea8e3ccf2ba8901 [INFO] [stdout] at /rustc/a178d0322ce20e33eac124758e837cbd80a6f633/library/std/src/panicking.rs:222:9 [INFO] [stdout] 10: 0x55662501cdb4 - std::panicking::rust_panic_with_hook::h7ee9e1a2d0f8975a [INFO] [stdout] at /rustc/a178d0322ce20e33eac124758e837cbd80a6f633/library/std/src/panicking.rs:622:17 [INFO] [stdout] 11: 0x55662501c897 - std::panicking::begin_panic_handler::{{closure}}::h8ab3b4491718b2c7 [INFO] [stdout] at /rustc/a178d0322ce20e33eac124758e837cbd80a6f633/library/std/src/panicking.rs:519:13 [INFO] [stdout] 12: 0x55662501aa0c - std::sys_common::backtrace::__rust_end_short_backtrace::hd489062ffa586a9f [INFO] [stdout] at /rustc/a178d0322ce20e33eac124758e837cbd80a6f633/library/std/src/sys_common/backtrace.rs:141:18 [INFO] [stdout] 13: 0x55662501c7f9 - rust_begin_unwind [INFO] [stdout] at /rustc/a178d0322ce20e33eac124758e837cbd80a6f633/library/std/src/panicking.rs:515:5 [INFO] [stdout] 14: 0x556624de3751 - core::panicking::panic_fmt::hca6330e3e14086b4 [INFO] [stdout] at /rustc/a178d0322ce20e33eac124758e837cbd80a6f633/library/core/src/panicking.rs:92:14 [INFO] [stdout] 15: 0x55662503b848 - core::panicking::assert_failed_inner::h33b45280069a80ed [INFO] [stdout] 16: 0x556624dfea5a - core::panicking::assert_failed::h1b6104a767f703ad [INFO] [stdout] at /rustc/a178d0322ce20e33eac124758e837cbd80a6f633/library/core/src/panicking.rs:117:5 [INFO] [stdout] 17: 0x556624e0d633 - warp_caching::tests::test_post_conflict::{{closure}}::h7471d6a6faafbcc0 [INFO] [stdout] at /opt/rustwide/workdir/src/main.rs:87:9 [INFO] [stdout] 18: 0x556624e337ab - as core::future::future::Future>::poll::h9360246f80b35f15 [INFO] [stdout] at /rustc/a178d0322ce20e33eac124758e837cbd80a6f633/library/core/src/future/mod.rs:80:19 [INFO] [stdout] 19: 0x556624e3ef70 - tokio::runtime::basic_scheduler::BasicScheduler

::block_on::{{closure}}::{{closure}}::h5b8d0c2aa64e9105 [INFO] [stdout] at /opt/rustwide/cargo-home/registry/src/github.com-1ecc6299db9ec823/tokio-0.2.22/src/runtime/basic_scheduler.rs:131:58 [INFO] [stdout] 20: 0x556624e3c7ec - tokio::coop::with_budget::{{closure}}::h6234f58201ac01e6 [INFO] [stdout] at /opt/rustwide/cargo-home/registry/src/github.com-1ecc6299db9ec823/tokio-0.2.22/src/coop.rs:127:9 [INFO] [stdout] 21: 0x556624e37991 - std::thread::local::LocalKey::try_with::hf5f14df0eb743353 [INFO] [stdout] at /rustc/a178d0322ce20e33eac124758e837cbd80a6f633/library/std/src/thread/local.rs:400:16 [INFO] [stdout] 22: 0x556624e345ad - std::thread::local::LocalKey::with::h98f91644c12beb9a [INFO] [stdout] at /rustc/a178d0322ce20e33eac124758e837cbd80a6f633/library/std/src/thread/local.rs:376:9 [INFO] [stdout] 23: 0x556624e3e7b7 - tokio::coop::with_budget::h27d205a21e567da4 [INFO] [stdout] at /opt/rustwide/cargo-home/registry/src/github.com-1ecc6299db9ec823/tokio-0.2.22/src/coop.rs:120:5 [INFO] [stdout] 24: 0x556624e3e7b7 - tokio::coop::budget::hacb0b4e3baebdf04 [INFO] [stdout] at /opt/rustwide/cargo-home/registry/src/github.com-1ecc6299db9ec823/tokio-0.2.22/src/coop.rs:96:5 [INFO] [stdout] 25: 0x556624e3e7b7 - tokio::runtime::basic_scheduler::BasicScheduler

::block_on::{{closure}}::hded2ad68c514ae48 [INFO] [stdout] at /opt/rustwide/cargo-home/registry/src/github.com-1ecc6299db9ec823/tokio-0.2.22/src/runtime/basic_scheduler.rs:131:35 [INFO] [stdout] 26: 0x556624e3fcc1 - tokio::runtime::basic_scheduler::enter::{{closure}}::hfcfd362e547c8bfa [INFO] [stdout] at /opt/rustwide/cargo-home/registry/src/github.com-1ecc6299db9ec823/tokio-0.2.22/src/runtime/basic_scheduler.rs:213:29 [INFO] [stdout] 27: 0x556624e08920 - tokio::macros::scoped_tls::ScopedKey::set::h486278a227bb173a [INFO] [stdout] at /opt/rustwide/cargo-home/registry/src/github.com-1ecc6299db9ec823/tokio-0.2.22/src/macros/scoped_tls.rs:63:9 [INFO] [stdout] 28: 0x556624e3f7ae - tokio::runtime::basic_scheduler::enter::ha8c6b4da1f7af386 [INFO] [stdout] at /opt/rustwide/cargo-home/registry/src/github.com-1ecc6299db9ec823/tokio-0.2.22/src/runtime/basic_scheduler.rs:213:5 [INFO] [stdout] 29: 0x556624e3d3c0 - tokio::runtime::basic_scheduler::BasicScheduler

::block_on::h60839eb14b9f42f9 [INFO] [stdout] at /opt/rustwide/cargo-home/registry/src/github.com-1ecc6299db9ec823/tokio-0.2.22/src/runtime/basic_scheduler.rs:123:9 [INFO] [stdout] 30: 0x556624e11f42 - tokio::runtime::Runtime::block_on::{{closure}}::he4d4da7f7eab91ad [INFO] [stdout] at /opt/rustwide/cargo-home/registry/src/github.com-1ecc6299db9ec823/tokio-0.2.22/src/runtime/mod.rs:444:34 [INFO] [stdout] 31: 0x556624e0911d - tokio::runtime::context::enter::h647f4388c7bd4c9a [INFO] [stdout] at /opt/rustwide/cargo-home/registry/src/github.com-1ecc6299db9ec823/tokio-0.2.22/src/runtime/context.rs:72:5 [INFO] [stdout] 32: 0x556624e00228 - tokio::runtime::handle::Handle::enter::hda7b86f690712ca6 [INFO] [stdout] at /opt/rustwide/cargo-home/registry/src/github.com-1ecc6299db9ec823/tokio-0.2.22/src/runtime/handle.rs:76:9 [INFO] [stdout] 33: 0x556624e11d5d - tokio::runtime::Runtime::block_on::h98ffac4333e480db [INFO] [stdout] at /opt/rustwide/cargo-home/registry/src/github.com-1ecc6299db9ec823/tokio-0.2.22/src/runtime/mod.rs:441:9 [INFO] [stdout] 34: 0x556624e0ce7b - warp_caching::tests::test_post_conflict::h6be996e51dc550c1 [INFO] [stdout] at /opt/rustwide/workdir/src/main.rs:71:5 [INFO] [stdout] 35: 0x556624e0cd8a - warp_caching::tests::test_post_conflict::{{closure}}::h59cac6df06d7dfc5 [INFO] [stdout] at /opt/rustwide/workdir/src/main.rs:71:5 [INFO] [stdout] 36: 0x556624e411ae - core::ops::function::FnOnce::call_once::h116456da8c7dfe9a [INFO] [stdout] at /rustc/a178d0322ce20e33eac124758e837cbd80a6f633/library/core/src/ops/function.rs:227:5 [INFO] [stdout] 37: 0x556624e8d2e3 - core::ops::function::FnOnce::call_once::h152e7e439ff59e19 [INFO] [stdout] at /rustc/a178d0322ce20e33eac124758e837cbd80a6f633/library/core/src/ops/function.rs:227:5 [INFO] [stdout] 38: 0x556624e8d2e3 - test::__rust_begin_short_backtrace::h0908f3b1fdbb72ab [INFO] [stdout] at /rustc/a178d0322ce20e33eac124758e837cbd80a6f633/library/test/src/lib.rs:577:5 [INFO] [stdout] 39: 0x556624e8bda0 - as core::ops::function::FnOnce>::call_once::hf6d2a51e5587546c [INFO] [stdout] at /rustc/a178d0322ce20e33eac124758e837cbd80a6f633/library/alloc/src/boxed.rs:1575:9 [INFO] [stdout] 40: 0x556624e8bda0 - as core::ops::function::FnOnce<()>>::call_once::h8af660f3a89ef593 [INFO] [stdout] at /rustc/a178d0322ce20e33eac124758e837cbd80a6f633/library/std/src/panic.rs:347:9 [INFO] [stdout] 41: 0x556624e8bda0 - std::panicking::try::do_call::hd36aef60f84b6d36 [INFO] [stdout] at /rustc/a178d0322ce20e33eac124758e837cbd80a6f633/library/std/src/panicking.rs:401:40 [INFO] [stdout] 42: 0x556624e8bda0 - std::panicking::try::h9932b4480e69817c [INFO] [stdout] at /rustc/a178d0322ce20e33eac124758e837cbd80a6f633/library/std/src/panicking.rs:365:19 [INFO] [stdout] 43: 0x556624e8bda0 - std::panic::catch_unwind::h6aa177099cfff5f8 [INFO] [stdout] at /rustc/a178d0322ce20e33eac124758e837cbd80a6f633/library/std/src/panic.rs:434:14 [INFO] [stdout] 44: 0x556624e8bda0 - test::run_test_in_process::h5884d6f2d99e20c3 [INFO] [stdout] at /rustc/a178d0322ce20e33eac124758e837cbd80a6f633/library/test/src/lib.rs:600:18 [INFO] [stdout] 45: 0x556624e8bda0 - test::run_test::run_test_inner::{{closure}}::h6fdc58c6d5f5b6e3 [INFO] [stdout] at /rustc/a178d0322ce20e33eac124758e837cbd80a6f633/library/test/src/lib.rs:492:39 [INFO] [stdout] 46: 0x556624e65452 - test::run_test::run_test_inner::{{closure}}::h408365d67a78ade8 [INFO] [stdout] at /rustc/a178d0322ce20e33eac124758e837cbd80a6f633/library/test/src/lib.rs:519:37 [INFO] [stdout] 47: 0x556624e65452 - std::sys_common::backtrace::__rust_begin_short_backtrace::hb560b77c4f701523 [INFO] [stdout] at /rustc/a178d0322ce20e33eac124758e837cbd80a6f633/library/std/src/sys_common/backtrace.rs:125:18 [INFO] [stdout] 48: 0x556624e69008 - std::thread::Builder::spawn_unchecked::{{closure}}::{{closure}}::hf2e7831dad93c597 [INFO] [stdout] at /rustc/a178d0322ce20e33eac124758e837cbd80a6f633/library/std/src/thread/mod.rs:481:17 [INFO] [stdout] 49: 0x556624e69008 - as core::ops::function::FnOnce<()>>::call_once::hd2e08783d8be4d02 [INFO] [stdout] at /rustc/a178d0322ce20e33eac124758e837cbd80a6f633/library/std/src/panic.rs:347:9 [INFO] [stdout] 50: 0x556624e69008 - std::panicking::try::do_call::h062597b7acfd6b82 [INFO] [stdout] at /rustc/a178d0322ce20e33eac124758e837cbd80a6f633/library/std/src/panicking.rs:401:40 [INFO] [stdout] 51: 0x556624e69008 - std::panicking::try::h0d7b79db04c14552 [INFO] [stdout] at /rustc/a178d0322ce20e33eac124758e837cbd80a6f633/library/std/src/panicking.rs:365:19 [INFO] [stdout] 52: 0x556624e69008 - std::panic::catch_unwind::hb01a0b5e7c8cd43b [INFO] [stdout] at /rustc/a178d0322ce20e33eac124758e837cbd80a6f633/library/std/src/panic.rs:434:14 [INFO] [stdout] 53: 0x556624e69008 - std::thread::Builder::spawn_unchecked::{{closure}}::h5bde48cc887e0d1e [INFO] [stdout] at /rustc/a178d0322ce20e33eac124758e837cbd80a6f633/library/std/src/thread/mod.rs:480:30 [INFO] [stdout] 54: 0x556624e69008 - core::ops::function::FnOnce::call_once{{vtable.shim}}::h745ea30807a29e55 [INFO] [stdout] at /rustc/a178d0322ce20e33eac124758e837cbd80a6f633/library/core/src/ops/function.rs:227:5 [INFO] [stdout] 55: 0x556625021a27 - as core::ops::function::FnOnce>::call_once::h7ece6cfefaff1005 [INFO] [stdout] at /rustc/a178d0322ce20e33eac124758e837cbd80a6f633/library/alloc/src/boxed.rs:1575:9 [INFO] [stdout] 56: 0x556625021a27 - as core::ops::function::FnOnce>::call_once::hb8b48e55c21f193e [INFO] [stdout] at /rustc/a178d0322ce20e33eac124758e837cbd80a6f633/library/alloc/src/boxed.rs:1575:9 [INFO] [stdout] 57: 0x556625021a27 - std::sys::unix::thread::Thread::new::thread_start::h8c7c4450dba62914 [INFO] [stdout] at /rustc/a178d0322ce20e33eac124758e837cbd80a6f633/library/std/src/sys/unix/thread.rs:71:17 [INFO] [stdout] 58: 0x7ff33f820609 - start_thread [INFO] [stdout] 59: 0x7ff33f5f8293 - clone [INFO] [stdout] 60: 0x0 - [INFO] [stdout] [INFO] [stdout] ---- tests::test_post stdout ---- [INFO] [stdout] thread 'tests::test_post' panicked at 'assertion failed: `(left == right)` [INFO] [stdout] left: `404`, [INFO] [stdout] right: `201`', src/main.rs:68:9 [INFO] [stdout] stack backtrace: [INFO] [stdout] 0: 0x55662501a510 - std::backtrace_rs::backtrace::libunwind::trace::h34055254b57d8e79 [INFO] [stdout] at /rustc/a178d0322ce20e33eac124758e837cbd80a6f633/library/std/src/../../backtrace/src/backtrace/libunwind.rs:90:5 [INFO] [stdout] 1: 0x55662501a510 - std::backtrace_rs::backtrace::trace_unsynchronized::h8f1e3fbd9afff6ec [INFO] [stdout] at /rustc/a178d0322ce20e33eac124758e837cbd80a6f633/library/std/src/../../backtrace/src/backtrace/mod.rs:66:5 [INFO] [stdout] 2: 0x55662501a510 - std::sys_common::backtrace::_print_fmt::h3a99a796b770c360 [INFO] [stdout] at /rustc/a178d0322ce20e33eac124758e837cbd80a6f633/library/std/src/sys_common/backtrace.rs:67:5 [INFO] [stdout] 3: 0x55662501a510 - ::fmt::h32d1f94a80615d18 [INFO] [stdout] at /rustc/a178d0322ce20e33eac124758e837cbd80a6f633/library/std/src/sys_common/backtrace.rs:46:22 [INFO] [stdout] 4: 0x55662503cf6c - core::fmt::write::h306731c068f7162c [INFO] [stdout] at /rustc/a178d0322ce20e33eac124758e837cbd80a6f633/library/core/src/fmt/mod.rs:1110:17 [INFO] [stdout] 5: 0x5566250170b5 - std::io::Write::write_fmt::h87f19b0a2cd190bc [INFO] [stdout] at /rustc/a178d0322ce20e33eac124758e837cbd80a6f633/library/std/src/io/mod.rs:1588:15 [INFO] [stdout] 6: 0x55662501c6eb - std::sys_common::backtrace::_print::h5abaa2601a852287 [INFO] [stdout] at /rustc/a178d0322ce20e33eac124758e837cbd80a6f633/library/std/src/sys_common/backtrace.rs:49:5 [INFO] [stdout] 7: 0x55662501c6eb - std::sys_common::backtrace::print::h8d81445442bb638f [INFO] [stdout] at /rustc/a178d0322ce20e33eac124758e837cbd80a6f633/library/std/src/sys_common/backtrace.rs:36:9 [INFO] [stdout] 8: 0x55662501c6eb - std::panicking::default_hook::{{closure}}::hcfe804496a9fa747 [INFO] [stdout] at /rustc/a178d0322ce20e33eac124758e837cbd80a6f633/library/std/src/panicking.rs:208:50 [INFO] [stdout] 9: 0x55662501c1fc - std::panicking::default_hook::hbea8e3ccf2ba8901 [INFO] [stdout] at /rustc/a178d0322ce20e33eac124758e837cbd80a6f633/library/std/src/panicking.rs:222:9 [INFO] [stdout] 10: 0x55662501cdb4 - std::panicking::rust_panic_with_hook::h7ee9e1a2d0f8975a [INFO] [stdout] at /rustc/a178d0322ce20e33eac124758e837cbd80a6f633/library/std/src/panicking.rs:622:17 [INFO] [stdout] 11: 0x55662501c897 - std::panicking::begin_panic_handler::{{closure}}::h8ab3b4491718b2c7 [INFO] [stdout] at /rustc/a178d0322ce20e33eac124758e837cbd80a6f633/library/std/src/panicking.rs:519:13 [INFO] [stdout] 12: 0x55662501aa0c - std::sys_common::backtrace::__rust_end_short_backtrace::hd489062ffa586a9f [INFO] [stdout] at /rustc/a178d0322ce20e33eac124758e837cbd80a6f633/library/std/src/sys_common/backtrace.rs:141:18 [INFO] [stdout] 13: 0x55662501c7f9 - rust_begin_unwind [INFO] [stdout] at /rustc/a178d0322ce20e33eac124758e837cbd80a6f633/library/std/src/panicking.rs:515:5 [INFO] [stdout] 14: 0x556624de3751 - core::panicking::panic_fmt::hca6330e3e14086b4 [INFO] [stdout] at /rustc/a178d0322ce20e33eac124758e837cbd80a6f633/library/core/src/panicking.rs:92:14 [INFO] [stdout] 15: 0x55662503b848 - core::panicking::assert_failed_inner::h33b45280069a80ed [INFO] [stdout] 16: 0x556624dfea5a - core::panicking::assert_failed::h1b6104a767f703ad [INFO] [stdout] at /rustc/a178d0322ce20e33eac124758e837cbd80a6f633/library/core/src/panicking.rs:117:5 [INFO] [stdout] 17: 0x556624e0cd40 - warp_caching::tests::test_post::{{closure}}::h2fcaec82b2a36a9a [INFO] [stdout] at /opt/rustwide/workdir/src/main.rs:68:9 [INFO] [stdout] 18: 0x556624e33a8b - as core::future::future::Future>::poll::hfbfcafae437caf75 [INFO] [stdout] at /rustc/a178d0322ce20e33eac124758e837cbd80a6f633/library/core/src/future/mod.rs:80:19 [INFO] [stdout] 19: 0x556624e3ee70 - tokio::runtime::basic_scheduler::BasicScheduler

::block_on::{{closure}}::{{closure}}::h25ab8f64c94c6932 [INFO] [stdout] at /opt/rustwide/cargo-home/registry/src/github.com-1ecc6299db9ec823/tokio-0.2.22/src/runtime/basic_scheduler.rs:131:58 [INFO] [stdout] 20: 0x556624e3be6c - tokio::coop::with_budget::{{closure}}::h00a916d702097223 [INFO] [stdout] at /opt/rustwide/cargo-home/registry/src/github.com-1ecc6299db9ec823/tokio-0.2.22/src/coop.rs:127:9 [INFO] [stdout] 21: 0x556624e364b1 - std::thread::local::LocalKey::try_with::h984fc0cedc2c2aeb [INFO] [stdout] at /rustc/a178d0322ce20e33eac124758e837cbd80a6f633/library/std/src/thread/local.rs:400:16 [INFO] [stdout] 22: 0x556624e33f1d - std::thread::local::LocalKey::with::h2dbb43ac4ae413a7 [INFO] [stdout] at /rustc/a178d0322ce20e33eac124758e837cbd80a6f633/library/std/src/thread/local.rs:376:9 [INFO] [stdout] 23: 0x556624e3df67 - tokio::coop::with_budget::hca4d993a06e02847 [INFO] [stdout] at /opt/rustwide/cargo-home/registry/src/github.com-1ecc6299db9ec823/tokio-0.2.22/src/coop.rs:120:5 [INFO] [stdout] 24: 0x556624e3df67 - tokio::coop::budget::h52636dfb600763fe [INFO] [stdout] at /opt/rustwide/cargo-home/registry/src/github.com-1ecc6299db9ec823/tokio-0.2.22/src/coop.rs:96:5 [INFO] [stdout] 25: 0x556624e3df67 - tokio::runtime::basic_scheduler::BasicScheduler

::block_on::{{closure}}::h7efc006d7d95769d [INFO] [stdout] at /opt/rustwide/cargo-home/registry/src/github.com-1ecc6299db9ec823/tokio-0.2.22/src/runtime/basic_scheduler.rs:131:35 [INFO] [stdout] 26: 0x556624e3fbdf - tokio::runtime::basic_scheduler::enter::{{closure}}::h3adcc9c0f462eae0 [INFO] [stdout] at /opt/rustwide/cargo-home/registry/src/github.com-1ecc6299db9ec823/tokio-0.2.22/src/runtime/basic_scheduler.rs:213:29 [INFO] [stdout] 27: 0x556624e08a3e - tokio::macros::scoped_tls::ScopedKey::set::h925da95ad5da65b8 [INFO] [stdout] at /opt/rustwide/cargo-home/registry/src/github.com-1ecc6299db9ec823/tokio-0.2.22/src/macros/scoped_tls.rs:63:9 [INFO] [stdout] 28: 0x556624e3fb2e - tokio::runtime::basic_scheduler::enter::hcee73c3693e2c280 [INFO] [stdout] at /opt/rustwide/cargo-home/registry/src/github.com-1ecc6299db9ec823/tokio-0.2.22/src/runtime/basic_scheduler.rs:213:5 [INFO] [stdout] 29: 0x556624e3d402 - tokio::runtime::basic_scheduler::BasicScheduler

::block_on::h8894e334d34c3915 [INFO] [stdout] at /opt/rustwide/cargo-home/registry/src/github.com-1ecc6299db9ec823/tokio-0.2.22/src/runtime/basic_scheduler.rs:123:9 [INFO] [stdout] 30: 0x556624e11e32 - tokio::runtime::Runtime::block_on::{{closure}}::hb3a28f4ce5f4f469 [INFO] [stdout] at /opt/rustwide/cargo-home/registry/src/github.com-1ecc6299db9ec823/tokio-0.2.22/src/runtime/mod.rs:444:34 [INFO] [stdout] 31: 0x556624e0931d - tokio::runtime::context::enter::ha8b294c44f165ebd [INFO] [stdout] at /opt/rustwide/cargo-home/registry/src/github.com-1ecc6299db9ec823/tokio-0.2.22/src/runtime/context.rs:72:5 [INFO] [stdout] 32: 0x556624e002da - tokio::runtime::handle::Handle::enter::hefa8c44186a3c2dc [INFO] [stdout] at /opt/rustwide/cargo-home/registry/src/github.com-1ecc6299db9ec823/tokio-0.2.22/src/runtime/handle.rs:76:9 [INFO] [stdout] 33: 0x556624e11c9f - tokio::runtime::Runtime::block_on::h687863369dcc3655 [INFO] [stdout] at /opt/rustwide/cargo-home/registry/src/github.com-1ecc6299db9ec823/tokio-0.2.22/src/runtime/mod.rs:441:9 [INFO] [stdout] 34: 0x556624e0c72b - warp_caching::tests::test_post::h5951060fea33d069 [INFO] [stdout] at /opt/rustwide/workdir/src/main.rs:49:5 [INFO] [stdout] 35: 0x556624e0c63a - warp_caching::tests::test_post::{{closure}}::hb4fed0c3b61639af [INFO] [stdout] at /opt/rustwide/workdir/src/main.rs:49:5 [INFO] [stdout] 36: 0x556624e4130e - core::ops::function::FnOnce::call_once::h73ad2826eb4182a0 [INFO] [stdout] at /rustc/a178d0322ce20e33eac124758e837cbd80a6f633/library/core/src/ops/function.rs:227:5 [INFO] [stdout] 37: 0x556624e8d2e3 - core::ops::function::FnOnce::call_once::h152e7e439ff59e19 [INFO] [stdout] at /rustc/a178d0322ce20e33eac124758e837cbd80a6f633/library/core/src/ops/function.rs:227:5 [INFO] [stdout] 38: 0x556624e8d2e3 - test::__rust_begin_short_backtrace::h0908f3b1fdbb72ab [INFO] [stdout] at /rustc/a178d0322ce20e33eac124758e837cbd80a6f633/library/test/src/lib.rs:577:5 [INFO] [stdout] 39: 0x556624e8bda0 - as core::ops::function::FnOnce>::call_once::hf6d2a51e5587546c [INFO] [stdout] at /rustc/a178d0322ce20e33eac124758e837cbd80a6f633/library/alloc/src/boxed.rs:1575:9 [INFO] [stdout] 40: 0x556624e8bda0 - as core::ops::function::FnOnce<()>>::call_once::h8af660f3a89ef593 [INFO] [stdout] at /rustc/a178d0322ce20e33eac124758e837cbd80a6f633/library/std/src/panic.rs:347:9 [INFO] [stdout] 41: 0x556624e8bda0 - std::panicking::try::do_call::hd36aef60f84b6d36 [INFO] [stdout] at /rustc/a178d0322ce20e33eac124758e837cbd80a6f633/library/std/src/panicking.rs:401:40 [INFO] [stdout] 42: 0x556624e8bda0 - std::panicking::try::h9932b4480e69817c [INFO] [stdout] at /rustc/a178d0322ce20e33eac124758e837cbd80a6f633/library/std/src/panicking.rs:365:19 [INFO] [stdout] 43: 0x556624e8bda0 - std::panic::catch_unwind::h6aa177099cfff5f8 [INFO] [stdout] at /rustc/a178d0322ce20e33eac124758e837cbd80a6f633/library/std/src/panic.rs:434:14 [INFO] [stdout] 44: 0x556624e8bda0 - test::run_test_in_process::h5884d6f2d99e20c3 [INFO] [stdout] at /rustc/a178d0322ce20e33eac124758e837cbd80a6f633/library/test/src/lib.rs:600:18 [INFO] [stdout] 45: 0x556624e8bda0 - test::run_test::run_test_inner::{{closure}}::h6fdc58c6d5f5b6e3 [INFO] [stdout] at /rustc/a178d0322ce20e33eac124758e837cbd80a6f633/library/test/src/lib.rs:492:39 [INFO] [stdout] 46: 0x556624e65452 - test::run_test::run_test_inner::{{closure}}::h408365d67a78ade8 [INFO] [stdout] at /rustc/a178d0322ce20e33eac124758e837cbd80a6f633/library/test/src/lib.rs:519:37 [INFO] [stdout] 47: 0x556624e65452 - std::sys_common::backtrace::__rust_begin_short_backtrace::hb560b77c4f701523 [INFO] [stdout] at /rustc/a178d0322ce20e33eac124758e837cbd80a6f633/library/std/src/sys_common/backtrace.rs:125:18 [INFO] [stdout] 48: 0x556624e69008 - std::thread::Builder::spawn_unchecked::{{closure}}::{{closure}}::hf2e7831dad93c597 [INFO] [stdout] at /rustc/a178d0322ce20e33eac124758e837cbd80a6f633/library/std/src/thread/mod.rs:481:17 [INFO] [stdout] 49: 0x556624e69008 - as core::ops::function::FnOnce<()>>::call_once::hd2e08783d8be4d02 [INFO] [stdout] at /rustc/a178d0322ce20e33eac124758e837cbd80a6f633/library/std/src/panic.rs:347:9 [INFO] [stdout] 50: 0x556624e69008 - std::panicking::try::do_call::h062597b7acfd6b82 [INFO] [stdout] at /rustc/a178d0322ce20e33eac124758e837cbd80a6f633/library/std/src/panicking.rs:401:40 [INFO] [stdout] 51: 0x556624e69008 - std::panicking::try::h0d7b79db04c14552 [INFO] [stdout] at /rustc/a178d0322ce20e33eac124758e837cbd80a6f633/library/std/src/panicking.rs:365:19 [INFO] [stdout] 52: 0x556624e69008 - std::panic::catch_unwind::hb01a0b5e7c8cd43b [INFO] [stdout] at /rustc/a178d0322ce20e33eac124758e837cbd80a6f633/library/std/src/panic.rs:434:14 [INFO] [stdout] 53: 0x556624e69008 - std::thread::Builder::spawn_unchecked::{{closure}}::h5bde48cc887e0d1e [INFO] [stdout] at /rustc/a178d0322ce20e33eac124758e837cbd80a6f633/library/std/src/thread/mod.rs:480:30 [INFO] [stdout] 54: 0x556624e69008 - core::ops::function::FnOnce::call_once{{vtable.shim}}::h745ea30807a29e55 [INFO] [stdout] at /rustc/a178d0322ce20e33eac124758e837cbd80a6f633/library/core/src/ops/function.rs:227:5 [INFO] [stdout] 55: 0x556625021a27 - as core::ops::function::FnOnce>::call_once::h7ece6cfefaff1005 [INFO] [stdout] at /rustc/a178d0322ce20e33eac124758e837cbd80a6f633/library/alloc/src/boxed.rs:1575:9 [INFO] [stdout] 56: 0x556625021a27 - as core::ops::function::FnOnce>::call_once::hb8b48e55c21f193e [INFO] [stdout] at /rustc/a178d0322ce20e33eac124758e837cbd80a6f633/library/alloc/src/boxed.rs:1575:9 [INFO] [stdout] 57: 0x556625021a27 - std::sys::unix::thread::Thread::new::thread_start::h8c7c4450dba62914 [INFO] [stdout] at /rustc/a178d0322ce20e33eac124758e837cbd80a6f633/library/std/src/sys/unix/thread.rs:71:17 [INFO] [stdout] 58: 0x7ff33f820609 - start_thread [INFO] [stdout] 59: 0x7ff33f5f8293 - clone [INFO] [stdout] 60: 0x0 - [INFO] [stdout] [INFO] [stdout] [INFO] [stdout] failures: [INFO] [stdout] tests::test_post [INFO] [stdout] tests::test_post_conflict [INFO] [stdout] [INFO] [stdout] test result: FAILED. 1 passed; 2 failed; 0 ignored; 0 measured; 0 filtered out; finished in 0.17s [INFO] [stdout] [INFO] [stderr] error: test failed, to rerun pass '--bin warp-caching' [INFO] running `Command { std: "docker" "inspect" "54aef52572c63c3340edcabe3ec7ee03bb1dd5868bc6e06e99479ed19a58a3e0", kill_on_drop: false }` [INFO] running `Command { std: "docker" "rm" "-f" "54aef52572c63c3340edcabe3ec7ee03bb1dd5868bc6e06e99479ed19a58a3e0", kill_on_drop: false }` [INFO] [stdout] 54aef52572c63c3340edcabe3ec7ee03bb1dd5868bc6e06e99479ed19a58a3e0