[INFO] fetching crate rust_release_artefact 0.1.3...
[INFO] testing rust_release_artefact-0.1.3 against beta-2021-08-01 for beta-1.55-1
[INFO] extracting crate rust_release_artefact 0.1.3 into /workspace/builds/worker-2/source
[INFO] validating manifest of crates.io crate rust_release_artefact 0.1.3 on toolchain beta-2021-08-01
[INFO] running `Command { std: "/workspace/cargo-home/bin/cargo" "+beta-2021-08-01" "metadata" "--manifest-path" "Cargo.toml" "--no-deps", kill_on_drop: false }`
[INFO] started tweaking crates.io crate rust_release_artefact 0.1.3
[INFO] finished tweaking crates.io crate rust_release_artefact 0.1.3
[INFO] tweaked toml for crates.io crate rust_release_artefact 0.1.3 written to /workspace/builds/worker-2/source/Cargo.toml
[INFO] running `Command { std: "/workspace/cargo-home/bin/cargo" "+beta-2021-08-01" "generate-lockfile" "--manifest-path" "Cargo.toml" "-Zno-index-update", kill_on_drop: false }`
[INFO] running `Command { std: "/workspace/cargo-home/bin/cargo" "+beta-2021-08-01" "fetch" "--manifest-path" "Cargo.toml", kill_on_drop: false }`
[INFO] [stderr]  Downloading crates ...
[INFO] [stderr]   Downloaded itertools v0.7.11
[INFO] [stderr]   Downloaded pulldown-cmark v0.1.2
[INFO] [stderr]   Downloaded version-sync v0.5.0
[INFO] running `Command { std: "docker" "create" "-v" "/var/lib/crater-agent-workspace/builds/worker-2/target:/opt/rustwide/target:rw,Z" "-v" "/var/lib/crater-agent-workspace/builds/worker-2/source:/opt/rustwide/workdir:ro,Z" "-v" "/var/lib/crater-agent-workspace/cargo-home:/opt/rustwide/cargo-home:ro,Z" "-v" "/var/lib/crater-agent-workspace/rustup-home:/opt/rustwide/rustup-home:ro,Z" "-e" "SOURCE_DIR=/opt/rustwide/workdir" "-e" "CARGO_TARGET_DIR=/opt/rustwide/target" "-e" "CARGO_HOME=/opt/rustwide/cargo-home" "-e" "RUSTUP_HOME=/opt/rustwide/rustup-home" "-w" "/opt/rustwide/workdir" "-m" "1610612736" "--user" "0:0" "--network" "none" "ghcr.io/rust-lang/crates-build-env/linux@sha256:34b6a614d2c27851fe6cbf88fbd1137609cefab8b10d0615aaeb6fd47975d74e" "/opt/rustwide/cargo-home/bin/cargo" "+beta-2021-08-01" "metadata" "--no-deps" "--format-version=1", kill_on_drop: false }`
[INFO] [stdout] 9a06af64c74e8726c5267eae807ca93a25a80216e846183128de4fb02fda5187
[INFO] running `Command { std: "docker" "start" "-a" "9a06af64c74e8726c5267eae807ca93a25a80216e846183128de4fb02fda5187", kill_on_drop: false }`
[INFO] running `Command { std: "docker" "inspect" "9a06af64c74e8726c5267eae807ca93a25a80216e846183128de4fb02fda5187", kill_on_drop: false }`
[INFO] running `Command { std: "docker" "rm" "-f" "9a06af64c74e8726c5267eae807ca93a25a80216e846183128de4fb02fda5187", kill_on_drop: false }`
[INFO] [stdout] 9a06af64c74e8726c5267eae807ca93a25a80216e846183128de4fb02fda5187
[INFO] running `Command { std: "docker" "create" "-v" "/var/lib/crater-agent-workspace/builds/worker-2/target:/opt/rustwide/target:rw,Z" "-v" "/var/lib/crater-agent-workspace/builds/worker-2/source:/opt/rustwide/workdir:ro,Z" "-v" "/var/lib/crater-agent-workspace/cargo-home:/opt/rustwide/cargo-home:ro,Z" "-v" "/var/lib/crater-agent-workspace/rustup-home:/opt/rustwide/rustup-home:ro,Z" "-e" "SOURCE_DIR=/opt/rustwide/workdir" "-e" "CARGO_TARGET_DIR=/opt/rustwide/target" "-e" "CARGO_INCREMENTAL=0" "-e" "RUST_BACKTRACE=full" "-e" "RUSTFLAGS=--cap-lints=warn" "-e" "CARGO_HOME=/opt/rustwide/cargo-home" "-e" "RUSTUP_HOME=/opt/rustwide/rustup-home" "-w" "/opt/rustwide/workdir" "-m" "1610612736" "--user" "0:0" "--network" "none" "ghcr.io/rust-lang/crates-build-env/linux@sha256:34b6a614d2c27851fe6cbf88fbd1137609cefab8b10d0615aaeb6fd47975d74e" "/opt/rustwide/cargo-home/bin/cargo" "+beta-2021-08-01" "build" "--frozen" "--message-format=json", kill_on_drop: false }`
[INFO] [stdout] ca38664b2e74cdf5ff1c9a4e04b302d9f423aaa4035815a0d672ae608a6122af
[INFO] running `Command { std: "docker" "start" "-a" "ca38664b2e74cdf5ff1c9a4e04b302d9f423aaa4035815a0d672ae608a6122af", kill_on_drop: false }`
[INFO] [stderr]    Compiling lzma-sys v0.1.17
[INFO] [stderr]    Compiling xz2 v0.1.6
[INFO] [stderr]    Compiling rust_release_artefact v0.1.3 (/opt/rustwide/workdir)
[INFO] [stdout] warning: use of deprecated associated function `std::error::Error::description`: use the Display impl or to_string()
[INFO] [stdout]    --> src/lib.rs:952:38
[INFO] [stdout]     |
[INFO] [stdout] 952 |                 <_ as error::Error>::description(inner)
[INFO] [stdout]     |                                      ^^^^^^^^^^^
[INFO] [stdout]     |
[INFO] [stdout]     = note: `#[warn(deprecated)]` on by default
[INFO] [stdout] 
[INFO] [stdout] 
[INFO] [stdout] warning: use of deprecated associated function `std::error::Error::description`: use the Display impl or to_string()
[INFO] [stdout]    --> src/lib.rs:955:38
[INFO] [stdout]     |
[INFO] [stdout] 955 |                 <_ as error::Error>::description(inner)
[INFO] [stdout]     |                                      ^^^^^^^^^^^
[INFO] [stdout] 
[INFO] [stdout] 
[INFO] [stdout] warning: 2 warnings emitted
[INFO] [stdout] 
[INFO] [stdout] 
[INFO] [stderr]     Finished dev [unoptimized + debuginfo] target(s) in 2.57s
[INFO] running `Command { std: "docker" "inspect" "ca38664b2e74cdf5ff1c9a4e04b302d9f423aaa4035815a0d672ae608a6122af", kill_on_drop: false }`
[INFO] running `Command { std: "docker" "rm" "-f" "ca38664b2e74cdf5ff1c9a4e04b302d9f423aaa4035815a0d672ae608a6122af", kill_on_drop: false }`
[INFO] [stdout] ca38664b2e74cdf5ff1c9a4e04b302d9f423aaa4035815a0d672ae608a6122af
[INFO] running `Command { std: "docker" "create" "-v" "/var/lib/crater-agent-workspace/builds/worker-2/target:/opt/rustwide/target:rw,Z" "-v" "/var/lib/crater-agent-workspace/builds/worker-2/source:/opt/rustwide/workdir:ro,Z" "-v" "/var/lib/crater-agent-workspace/cargo-home:/opt/rustwide/cargo-home:ro,Z" "-v" "/var/lib/crater-agent-workspace/rustup-home:/opt/rustwide/rustup-home:ro,Z" "-e" "SOURCE_DIR=/opt/rustwide/workdir" "-e" "CARGO_TARGET_DIR=/opt/rustwide/target" "-e" "CARGO_INCREMENTAL=0" "-e" "RUST_BACKTRACE=full" "-e" "RUSTFLAGS=--cap-lints=warn" "-e" "CARGO_HOME=/opt/rustwide/cargo-home" "-e" "RUSTUP_HOME=/opt/rustwide/rustup-home" "-w" "/opt/rustwide/workdir" "-m" "1610612736" "--user" "0:0" "--network" "none" "ghcr.io/rust-lang/crates-build-env/linux@sha256:34b6a614d2c27851fe6cbf88fbd1137609cefab8b10d0615aaeb6fd47975d74e" "/opt/rustwide/cargo-home/bin/cargo" "+beta-2021-08-01" "test" "--frozen" "--no-run" "--message-format=json", kill_on_drop: false }`
[INFO] [stdout] 568e6eb5c8695e7f020b6ed66319c208d80722da438a375b08059b483ee17f7d
[INFO] running `Command { std: "docker" "start" "-a" "568e6eb5c8695e7f020b6ed66319c208d80722da438a375b08059b483ee17f7d", kill_on_drop: false }`
[INFO] [stderr]    Compiling pulldown-cmark v0.1.2
[INFO] [stderr]    Compiling synom v0.11.3
[INFO] [stderr]    Compiling itertools v0.7.11
[INFO] [stdout] warning: use of deprecated associated function `std::error::Error::description`: use the Display impl or to_string()
[INFO] [stdout]    --> src/lib.rs:952:38
[INFO] [stdout]     |
[INFO] [stdout] 952 |                 <_ as error::Error>::description(inner)
[INFO] [stdout]     |                                      ^^^^^^^^^^^
[INFO] [stdout]     |
[INFO] [stdout]     = note: `#[warn(deprecated)]` on by default
[INFO] [stdout] 
[INFO] [stdout] 
[INFO] [stdout] warning: use of deprecated associated function `std::error::Error::description`: use the Display impl or to_string()
[INFO] [stdout]    --> src/lib.rs:955:38
[INFO] [stdout]     |
[INFO] [stdout] 955 |                 <_ as error::Error>::description(inner)
[INFO] [stdout]     |                                      ^^^^^^^^^^^
[INFO] [stdout] 
[INFO] [stdout] 
[INFO] [stdout] warning: 2 warnings emitted
[INFO] [stdout] 
[INFO] [stdout] 
[INFO] [stderr]    Compiling syn v0.11.11
[INFO] [stderr]    Compiling version-sync v0.5.0
[INFO] [stderr]    Compiling rust_release_artefact v0.1.3 (/opt/rustwide/workdir)
[INFO] [stdout] warning: panic message is not a string literal
[INFO] [stdout]  --> tests/version-numbers.rs:6:9
[INFO] [stdout]   |
[INFO] [stdout] 6 |         assert_markdown_deps_updated!("README.md");
[INFO] [stdout]   |         ^^^^^^^^^^^^^^^^^^^^^^^^^^^^^^^^^^^^^^^^^^^
[INFO] [stdout]   |
[INFO] [stdout]   = note: `#[warn(non_fmt_panics)]` on by default
[INFO] [stdout]   = note: this usage of panic!() is deprecated; it will be a hard error in Rust 2021
[INFO] [stdout]   = note: for more information, see <https://doc.rust-lang.org/nightly/edition-guide/rust-2021/panic-macro-consistency.html>
[INFO] [stdout]   = note: this warning originates in the macro `assert_markdown_deps_updated` (in Nightly builds, run with -Z macro-backtrace for more info)
[INFO] [stdout] 
[INFO] [stdout] 
[INFO] [stdout] warning: panic message is not a string literal
[INFO] [stdout]   --> tests/version-numbers.rs:11:9
[INFO] [stdout]    |
[INFO] [stdout] 11 |         assert_html_root_url_updated!("src/lib.rs");
[INFO] [stdout]    |         ^^^^^^^^^^^^^^^^^^^^^^^^^^^^^^^^^^^^^^^^^^^^
[INFO] [stdout]    |
[INFO] [stdout]    = note: this usage of panic!() is deprecated; it will be a hard error in Rust 2021
[INFO] [stdout]    = note: for more information, see <https://doc.rust-lang.org/nightly/edition-guide/rust-2021/panic-macro-consistency.html>
[INFO] [stdout]    = note: this warning originates in the macro `assert_html_root_url_updated` (in Nightly builds, run with -Z macro-backtrace for more info)
[INFO] [stdout] 
[INFO] [stdout] 
[INFO] [stdout] warning: trait objects without an explicit `dyn` are deprecated
[INFO] [stdout]   --> examples/extract-artefact.rs:25:41
[INFO] [stdout]    |
[INFO] [stdout] 25 | ) -> Result<rra::ExtractedArtefact, Box<error::Error>> {
[INFO] [stdout]    |                                         ^^^^^^^^^^^^ help: use `dyn`: `dyn error::Error`
[INFO] [stdout]    |
[INFO] [stdout]    = note: `#[warn(bare_trait_objects)]` on by default
[INFO] [stdout]    = warning: this is accepted in the current edition (Rust 2015) but is a hard error in Rust 2021!
[INFO] [stdout]    = note: for more information, see issue #80165 <https://github.com/rust-lang/rust/issues/80165>
[INFO] [stdout] 
[INFO] [stdout] 
[INFO] [stdout] warning: trait objects without an explicit `dyn` are deprecated
[INFO] [stdout]   --> examples/install-component.rs:25:41
[INFO] [stdout]    |
[INFO] [stdout] 25 | ) -> Result<rra::ExtractedArtefact, Box<error::Error>> {
[INFO] [stdout]    |                                         ^^^^^^^^^^^^ help: use `dyn`: `dyn error::Error`
[INFO] [stdout]    |
[INFO] [stdout]    = note: `#[warn(bare_trait_objects)]` on by default
[INFO] [stdout]    = warning: this is accepted in the current edition (Rust 2015) but is a hard error in Rust 2021!
[INFO] [stdout]    = note: for more information, see issue #80165 <https://github.com/rust-lang/rust/issues/80165>
[INFO] [stdout] 
[INFO] [stdout] 
[INFO] [stdout] warning: use of deprecated associated function `std::error::Error::description`: use the Display impl or to_string()
[INFO] [stdout]    --> src/lib.rs:952:38
[INFO] [stdout]     |
[INFO] [stdout] 952 |                 <_ as error::Error>::description(inner)
[INFO] [stdout]     |                                      ^^^^^^^^^^^
[INFO] [stdout]     |
[INFO] [stdout]     = note: `#[warn(deprecated)]` on by default
[INFO] [stdout] 
[INFO] [stdout] 
[INFO] [stdout] warning: use of deprecated associated function `std::error::Error::description`: use the Display impl or to_string()
[INFO] [stdout]    --> src/lib.rs:955:38
[INFO] [stdout]     |
[INFO] [stdout] 955 |                 <_ as error::Error>::description(inner)
[INFO] [stdout]     |                                      ^^^^^^^^^^^
[INFO] [stdout] 
[INFO] [stdout] 
[INFO] [stdout] warning: 2 warnings emitted
[INFO] [stdout] 
[INFO] [stdout] 
[INFO] [stdout] warning: 1 warning emitted
[INFO] [stdout] 
[INFO] [stdout] 
[INFO] [stdout] warning: 2 warnings emitted
[INFO] [stdout] 
[INFO] [stdout] 
[INFO] [stdout] warning: 1 warning emitted
[INFO] [stdout] 
[INFO] [stdout] 
[INFO] [stderr]     Finished test [unoptimized + debuginfo] target(s) in 8.22s
[INFO] running `Command { std: "docker" "inspect" "568e6eb5c8695e7f020b6ed66319c208d80722da438a375b08059b483ee17f7d", kill_on_drop: false }`
[INFO] running `Command { std: "docker" "rm" "-f" "568e6eb5c8695e7f020b6ed66319c208d80722da438a375b08059b483ee17f7d", kill_on_drop: false }`
[INFO] [stdout] 568e6eb5c8695e7f020b6ed66319c208d80722da438a375b08059b483ee17f7d
[INFO] running `Command { std: "docker" "create" "-v" "/var/lib/crater-agent-workspace/builds/worker-2/target:/opt/rustwide/target:rw,Z" "-v" "/var/lib/crater-agent-workspace/builds/worker-2/source:/opt/rustwide/workdir:ro,Z" "-v" "/var/lib/crater-agent-workspace/cargo-home:/opt/rustwide/cargo-home:ro,Z" "-v" "/var/lib/crater-agent-workspace/rustup-home:/opt/rustwide/rustup-home:ro,Z" "-e" "SOURCE_DIR=/opt/rustwide/workdir" "-e" "CARGO_TARGET_DIR=/opt/rustwide/target" "-e" "CARGO_INCREMENTAL=0" "-e" "RUST_BACKTRACE=full" "-e" "RUSTFLAGS=--cap-lints=warn" "-e" "CARGO_HOME=/opt/rustwide/cargo-home" "-e" "RUSTUP_HOME=/opt/rustwide/rustup-home" "-w" "/opt/rustwide/workdir" "-m" "1610612736" "--user" "0:0" "--network" "none" "ghcr.io/rust-lang/crates-build-env/linux@sha256:34b6a614d2c27851fe6cbf88fbd1137609cefab8b10d0615aaeb6fd47975d74e" "/opt/rustwide/cargo-home/bin/cargo" "+beta-2021-08-01" "test" "--frozen", kill_on_drop: false }`
[INFO] [stdout] b4b912b0470d0da731d71e39a30493779d372966e84733e189dc2ff8f2a7450e
[INFO] running `Command { std: "docker" "start" "-a" "b4b912b0470d0da731d71e39a30493779d372966e84733e189dc2ff8f2a7450e", kill_on_drop: false }`
[INFO] [stderr] warning: use of deprecated associated function `std::error::Error::description`: use the Display impl or to_string()
[INFO] [stderr]    --> src/lib.rs:952:38
[INFO] [stderr]     |
[INFO] [stderr] 952 |                 <_ as error::Error>::description(inner)
[INFO] [stderr]     |                                      ^^^^^^^^^^^
[INFO] [stderr]     |
[INFO] [stderr]     = note: `#[warn(deprecated)]` on by default
[INFO] [stderr] 
[INFO] [stderr] warning: use of deprecated associated function `std::error::Error::description`: use the Display impl or to_string()
[INFO] [stderr]    --> src/lib.rs:955:38
[INFO] [stderr]     |
[INFO] [stderr] 955 |                 <_ as error::Error>::description(inner)
[INFO] [stderr]     |                                      ^^^^^^^^^^^
[INFO] [stderr] 
[INFO] [stderr] warning: `rust_release_artefact` (lib) generated 2 warnings
[INFO] [stderr] warning: trait objects without an explicit `dyn` are deprecated
[INFO] [stderr]   --> examples/install-component.rs:25:41
[INFO] [stderr]    |
[INFO] [stderr] 25 | ) -> Result<rra::ExtractedArtefact, Box<error::Error>> {
[INFO] [stderr]    |                                         ^^^^^^^^^^^^ help: use `dyn`: `dyn error::Error`
[INFO] [stderr]    |
[INFO] [stderr]    = note: `#[warn(bare_trait_objects)]` on by default
[INFO] [stderr]    = warning: this is accepted in the current edition (Rust 2015) but is a hard error in Rust 2021!
[INFO] [stderr]    = note: for more information, see issue #80165 <https://github.com/rust-lang/rust/issues/80165>
[INFO] [stderr] 
[INFO] [stderr] warning: panic message is not a string literal
[INFO] [stderr]  --> tests/version-numbers.rs:6:9
[INFO] [stderr]   |
[INFO] [stderr] 6 |         assert_markdown_deps_updated!("README.md");
[INFO] [stderr]   |         ^^^^^^^^^^^^^^^^^^^^^^^^^^^^^^^^^^^^^^^^^^^
[INFO] [stderr]   |
[INFO] [stderr]   = note: `#[warn(non_fmt_panics)]` on by default
[INFO] [stderr]   = note: this usage of panic!() is deprecated; it will be a hard error in Rust 2021
[INFO] [stderr]   = note: for more information, see <https://doc.rust-lang.org/nightly/edition-guide/rust-2021/panic-macro-consistency.html>
[INFO] [stderr]   = note: this warning originates in the macro `assert_markdown_deps_updated` (in Nightly builds, run with -Z macro-backtrace for more info)
[INFO] [stderr] 
[INFO] [stderr] warning: panic message is not a string literal
[INFO] [stderr]   --> tests/version-numbers.rs:11:9
[INFO] [stderr]    |
[INFO] [stderr] 11 |         assert_html_root_url_updated!("src/lib.rs");
[INFO] [stderr]    |         ^^^^^^^^^^^^^^^^^^^^^^^^^^^^^^^^^^^^^^^^^^^^
[INFO] [stderr]    |
[INFO] [stderr]    = note: this usage of panic!() is deprecated; it will be a hard error in Rust 2021
[INFO] [stderr]    = note: for more information, see <https://doc.rust-lang.org/nightly/edition-guide/rust-2021/panic-macro-consistency.html>
[INFO] [stderr]    = note: this warning originates in the macro `assert_html_root_url_updated` (in Nightly builds, run with -Z macro-backtrace for more info)
[INFO] [stderr] 
[INFO] [stderr] warning: trait objects without an explicit `dyn` are deprecated
[INFO] [stderr]   --> examples/extract-artefact.rs:25:41
[INFO] [stderr]    |
[INFO] [stderr] 25 | ) -> Result<rra::ExtractedArtefact, Box<error::Error>> {
[INFO] [stderr]    |                                         ^^^^^^^^^^^^ help: use `dyn`: `dyn error::Error`
[INFO] [stderr]    |
[INFO] [stderr]    = note: `#[warn(bare_trait_objects)]` on by default
[INFO] [stderr]    = warning: this is accepted in the current edition (Rust 2015) but is a hard error in Rust 2021!
[INFO] [stderr]    = note: for more information, see issue #80165 <https://github.com/rust-lang/rust/issues/80165>
[INFO] [stderr] 
[INFO] [stderr] warning: `rust_release_artefact` (example "install-component") generated 1 warning
[INFO] [stderr] warning: `rust_release_artefact` (test "version-numbers") generated 2 warnings
[INFO] [stderr] warning: `rust_release_artefact` (lib test) generated 2 warnings (2 duplicates)
[INFO] [stderr] warning: `rust_release_artefact` (example "extract-artefact") generated 1 warning
[INFO] [stderr]     Finished test [unoptimized + debuginfo] target(s) in 0.04s
[INFO] [stderr]      Running unittests (/opt/rustwide/target/debug/deps/rust_release_artefact-1215fd4337571a46)
[INFO] [stdout] 
[INFO] [stdout] running 15 tests
[INFO] [stdout] test tests::errors_are_send_and_sync ... ok
[INFO] [stdout] test tests::test_artefact_with_no_git_commit_hash ... ok
[INFO] [stdout] test tests::test_artefact_with_no_version ... ok
[INFO] [stdout] test tests::open_extracted_artefact ... ok
[INFO] [stdout] test tests::test_wrong_artefact_format ... ok
[INFO] [stdout] test tests::test_artefact_with_missing_components ... ok
[INFO] [stderr]      Running tests/read_official_artefacts.rs (/opt/rustwide/target/debug/deps/read_official_artefacts-03cc231db33f76bf)
[INFO] [stdout] test tests::test_artefact_with_empty_component_list ... ok
[INFO] [stdout] test tests::test_no_artefacts_found ... ok
[INFO] [stdout] test tests::test_component_with_invalid_manifest_line ... ok
[INFO] [stdout] test tests::test_multiple_artefacts_found ... ok
[INFO] [stdout] test tests::test_artefact_with_invalid_utf8_component_name ... ok
[INFO] [stdout] test tests::test_artefact_with_nul_in_component_name ... ok
[INFO] [stdout] test tests::test_artefact_with_no_component_list ... ok
[INFO] [stdout] test tests::test_component_install ... ok
[INFO] [stdout] test tests::double_installation_does_not_corrupt_source ... ok
[INFO] [stdout] 
[INFO] [stdout] test result: ok. 15 passed; 0 failed; 0 ignored; 0 measured; 0 filtered out; finished in 0.05s
[INFO] [stdout] 
[INFO] [stdout] 
[INFO] [stdout] running 2 tests
[INFO] [stdout] test open_tar_xz ... ok
[INFO] [stderr]      Running tests/version-numbers.rs (/opt/rustwide/target/debug/deps/version_numbers-0f6639c9d96da067)
[INFO] [stdout] test open_tar_gz ... ok
[INFO] [stdout] 
[INFO] [stdout] test result: ok. 2 passed; 0 failed; 0 ignored; 0 measured; 0 filtered out; finished in 2.13s
[INFO] [stdout] 
[INFO] [stdout] 
[INFO] [stdout] running 2 tests
[INFO] [stdout] test test_readme_deps ... ok
[INFO] [stderr]    Doc-tests rust_release_artefact
[INFO] [stdout] test test_html_root_url ... ok
[INFO] [stdout] 
[INFO] [stdout] test result: ok. 2 passed; 0 failed; 0 ignored; 0 measured; 0 filtered out; finished in 0.21s
[INFO] [stdout] 
[INFO] [stdout] 
[INFO] [stdout] running 8 tests
[INFO] [stdout] test src/lib.rs - (line 160) ... ok
[INFO] [stdout] test src/lib.rs - (line 98) ... ok
[INFO] [stdout] test src/lib.rs - ExtractedArtefact::new (line 345) ... ok
[INFO] [stdout] test src/lib.rs - ExtractedArtefact::from_tar_gz (line 514) ... ok
[INFO] [stdout] test src/lib.rs - ExtractedArtefact::from_tar_xz (line 600) ... ok
[INFO] [stdout] test src/lib.rs - (line 41) ... ok
[INFO] [stdout] test src/lib.rs - (line 131) ... ok
[INFO] [stdout] test src/lib.rs - Component (line 661) ... ok
[INFO] [stdout] 
[INFO] [stdout] test result: ok. 8 passed; 0 failed; 0 ignored; 0 measured; 0 filtered out; finished in 1.12s
[INFO] [stdout] 
[INFO] running `Command { std: "docker" "inspect" "b4b912b0470d0da731d71e39a30493779d372966e84733e189dc2ff8f2a7450e", kill_on_drop: false }`
[INFO] running `Command { std: "docker" "rm" "-f" "b4b912b0470d0da731d71e39a30493779d372966e84733e189dc2ff8f2a7450e", kill_on_drop: false }`
[INFO] [stdout] b4b912b0470d0da731d71e39a30493779d372966e84733e189dc2ff8f2a7450e
