[INFO] fetching crate rcat 2.0.4...
[INFO] testing rcat-2.0.4 against beta-2021-08-01 for beta-1.55-1
[INFO] extracting crate rcat 2.0.4 into /workspace/builds/worker-8/source
[INFO] validating manifest of crates.io crate rcat 2.0.4 on toolchain beta-2021-08-01
[INFO] running `Command { std: "/workspace/cargo-home/bin/cargo" "+beta-2021-08-01" "metadata" "--manifest-path" "Cargo.toml" "--no-deps", kill_on_drop: false }`
[INFO] started tweaking crates.io crate rcat 2.0.4
[INFO] finished tweaking crates.io crate rcat 2.0.4
[INFO] tweaked toml for crates.io crate rcat 2.0.4 written to /workspace/builds/worker-8/source/Cargo.toml
[INFO] running `Command { std: "/workspace/cargo-home/bin/cargo" "+beta-2021-08-01" "generate-lockfile" "--manifest-path" "Cargo.toml" "-Zno-index-update", kill_on_drop: false }`
[INFO] running `Command { std: "/workspace/cargo-home/bin/cargo" "+beta-2021-08-01" "fetch" "--manifest-path" "Cargo.toml", kill_on_drop: false }`
[INFO] [stderr]     Blocking waiting for file lock on package cache
[INFO] running `Command { std: "docker" "create" "-v" "/var/lib/crater-agent-workspace/builds/worker-8/target:/opt/rustwide/target:rw,Z" "-v" "/var/lib/crater-agent-workspace/builds/worker-8/source:/opt/rustwide/workdir:ro,Z" "-v" "/var/lib/crater-agent-workspace/cargo-home:/opt/rustwide/cargo-home:ro,Z" "-v" "/var/lib/crater-agent-workspace/rustup-home:/opt/rustwide/rustup-home:ro,Z" "-e" "SOURCE_DIR=/opt/rustwide/workdir" "-e" "CARGO_TARGET_DIR=/opt/rustwide/target" "-e" "CARGO_HOME=/opt/rustwide/cargo-home" "-e" "RUSTUP_HOME=/opt/rustwide/rustup-home" "-w" "/opt/rustwide/workdir" "-m" "1610612736" "--user" "0:0" "--network" "none" "ghcr.io/rust-lang/crates-build-env/linux@sha256:34b6a614d2c27851fe6cbf88fbd1137609cefab8b10d0615aaeb6fd47975d74e" "/opt/rustwide/cargo-home/bin/cargo" "+beta-2021-08-01" "metadata" "--no-deps" "--format-version=1", kill_on_drop: false }`
[INFO] [stdout] 3c0b04789e6f49c06baf151700c8419572e352b1dcb29aac5680b1e688727899
[INFO] running `Command { std: "docker" "start" "-a" "3c0b04789e6f49c06baf151700c8419572e352b1dcb29aac5680b1e688727899", kill_on_drop: false }`
[INFO] running `Command { std: "docker" "inspect" "3c0b04789e6f49c06baf151700c8419572e352b1dcb29aac5680b1e688727899", kill_on_drop: false }`
[INFO] running `Command { std: "docker" "rm" "-f" "3c0b04789e6f49c06baf151700c8419572e352b1dcb29aac5680b1e688727899", kill_on_drop: false }`
[INFO] [stdout] 3c0b04789e6f49c06baf151700c8419572e352b1dcb29aac5680b1e688727899
[INFO] running `Command { std: "docker" "create" "-v" "/var/lib/crater-agent-workspace/builds/worker-8/target:/opt/rustwide/target:rw,Z" "-v" "/var/lib/crater-agent-workspace/builds/worker-8/source:/opt/rustwide/workdir:ro,Z" "-v" "/var/lib/crater-agent-workspace/cargo-home:/opt/rustwide/cargo-home:ro,Z" "-v" "/var/lib/crater-agent-workspace/rustup-home:/opt/rustwide/rustup-home:ro,Z" "-e" "SOURCE_DIR=/opt/rustwide/workdir" "-e" "CARGO_TARGET_DIR=/opt/rustwide/target" "-e" "CARGO_INCREMENTAL=0" "-e" "RUST_BACKTRACE=full" "-e" "RUSTFLAGS=--cap-lints=warn" "-e" "CARGO_HOME=/opt/rustwide/cargo-home" "-e" "RUSTUP_HOME=/opt/rustwide/rustup-home" "-w" "/opt/rustwide/workdir" "-m" "1610612736" "--user" "0:0" "--network" "none" "ghcr.io/rust-lang/crates-build-env/linux@sha256:34b6a614d2c27851fe6cbf88fbd1137609cefab8b10d0615aaeb6fd47975d74e" "/opt/rustwide/cargo-home/bin/cargo" "+beta-2021-08-01" "build" "--frozen" "--message-format=json", kill_on_drop: false }`
[INFO] [stdout] 7b9ba1a507cc8e4e55153debd70e441ad10ece4e084e9a50873ee623c492fd5f
[INFO] running `Command { std: "docker" "start" "-a" "7b9ba1a507cc8e4e55153debd70e441ad10ece4e084e9a50873ee623c492fd5f", kill_on_drop: false }`
[INFO] [stderr]    Compiling atty v0.2.14
[INFO] [stderr]    Compiling clap v2.33.3
[INFO] [stderr]    Compiling rcat v2.0.4 (/opt/rustwide/workdir)
[INFO] [stdout] warning: trait objects without an explicit `dyn` are deprecated
[INFO] [stdout]   --> main.rs:10:57
[INFO] [stdout]    |
[INFO] [stdout] 10 | fn open_file(path: &path::Path) -> Result<fs::File, Box<error::Error>> {
[INFO] [stdout]    |                                                         ^^^^^^^^^^^^ help: use `dyn`: `dyn error::Error`
[INFO] [stdout]    |
[INFO] [stdout]    = note: `#[warn(bare_trait_objects)]` on by default
[INFO] [stdout]    = warning: this is accepted in the current edition (Rust 2015) but is a hard error in Rust 2021!
[INFO] [stdout]    = note: for more information, see issue #80165 <https://github.com/rust-lang/rust/issues/80165>
[INFO] [stdout] 
[INFO] [stdout] 
[INFO] [stdout] warning: trait objects without an explicit `dyn` are deprecated
[INFO] [stdout]   --> main.rs:20:27
[INFO] [stdout]    |
[INFO] [stdout] 20 | fn print_error(error: Box<error::Error>) {
[INFO] [stdout]    |                           ^^^^^^^^^^^^ help: use `dyn`: `dyn error::Error`
[INFO] [stdout]    |
[INFO] [stdout]    = warning: this is accepted in the current edition (Rust 2015) but is a hard error in Rust 2021!
[INFO] [stdout]    = note: for more information, see issue #80165 <https://github.com/rust-lang/rust/issues/80165>
[INFO] [stdout] 
[INFO] [stdout] 
[INFO] [stdout] warning: use of deprecated associated function `std::error::Error::description`: use the Display impl or to_string()
[INFO] [stdout]   --> main.rs:21:58
[INFO] [stdout]    |
[INFO] [stdout] 21 |     writeln!(io::stderr(), "{}: {}", PROGRAM_NAME, error.description())
[INFO] [stdout]    |                                                          ^^^^^^^^^^^
[INFO] [stdout]    |
[INFO] [stdout]    = note: `#[warn(deprecated)]` on by default
[INFO] [stdout] 
[INFO] [stdout] 
[INFO] [stdout] warning: 3 warnings emitted
[INFO] [stdout] 
[INFO] [stdout] 
[INFO] [stderr]     Finished dev [unoptimized + debuginfo] target(s) in 5.65s
[INFO] running `Command { std: "docker" "inspect" "7b9ba1a507cc8e4e55153debd70e441ad10ece4e084e9a50873ee623c492fd5f", kill_on_drop: false }`
[INFO] running `Command { std: "docker" "rm" "-f" "7b9ba1a507cc8e4e55153debd70e441ad10ece4e084e9a50873ee623c492fd5f", kill_on_drop: false }`
[INFO] [stdout] 7b9ba1a507cc8e4e55153debd70e441ad10ece4e084e9a50873ee623c492fd5f
[INFO] running `Command { std: "docker" "create" "-v" "/var/lib/crater-agent-workspace/builds/worker-8/target:/opt/rustwide/target:rw,Z" "-v" "/var/lib/crater-agent-workspace/builds/worker-8/source:/opt/rustwide/workdir:ro,Z" "-v" "/var/lib/crater-agent-workspace/cargo-home:/opt/rustwide/cargo-home:ro,Z" "-v" "/var/lib/crater-agent-workspace/rustup-home:/opt/rustwide/rustup-home:ro,Z" "-e" "SOURCE_DIR=/opt/rustwide/workdir" "-e" "CARGO_TARGET_DIR=/opt/rustwide/target" "-e" "CARGO_INCREMENTAL=0" "-e" "RUST_BACKTRACE=full" "-e" "RUSTFLAGS=--cap-lints=warn" "-e" "CARGO_HOME=/opt/rustwide/cargo-home" "-e" "RUSTUP_HOME=/opt/rustwide/rustup-home" "-w" "/opt/rustwide/workdir" "-m" "1610612736" "--user" "0:0" "--network" "none" "ghcr.io/rust-lang/crates-build-env/linux@sha256:34b6a614d2c27851fe6cbf88fbd1137609cefab8b10d0615aaeb6fd47975d74e" "/opt/rustwide/cargo-home/bin/cargo" "+beta-2021-08-01" "test" "--frozen" "--no-run" "--message-format=json", kill_on_drop: false }`
[INFO] [stdout] d1d81fdf6d3a0cb0ec03bed6c7953af4fe3d10966d1a207915cb2db8c07385d3
[INFO] running `Command { std: "docker" "start" "-a" "d1d81fdf6d3a0cb0ec03bed6c7953af4fe3d10966d1a207915cb2db8c07385d3", kill_on_drop: false }`
[INFO] [stderr]    Compiling rcat v2.0.4 (/opt/rustwide/workdir)
[INFO] [stdout] warning: trait objects without an explicit `dyn` are deprecated
[INFO] [stdout]   --> main.rs:10:57
[INFO] [stdout]    |
[INFO] [stdout] 10 | fn open_file(path: &path::Path) -> Result<fs::File, Box<error::Error>> {
[INFO] [stdout]    |                                                         ^^^^^^^^^^^^ help: use `dyn`: `dyn error::Error`
[INFO] [stdout]    |
[INFO] [stdout]    = note: `#[warn(bare_trait_objects)]` on by default
[INFO] [stdout]    = warning: this is accepted in the current edition (Rust 2015) but is a hard error in Rust 2021!
[INFO] [stdout]    = note: for more information, see issue #80165 <https://github.com/rust-lang/rust/issues/80165>
[INFO] [stdout] 
[INFO] [stdout] 
[INFO] [stdout] warning: trait objects without an explicit `dyn` are deprecated
[INFO] [stdout]   --> main.rs:20:27
[INFO] [stdout]    |
[INFO] [stdout] 20 | fn print_error(error: Box<error::Error>) {
[INFO] [stdout]    |                           ^^^^^^^^^^^^ help: use `dyn`: `dyn error::Error`
[INFO] [stdout]    |
[INFO] [stdout]    = warning: this is accepted in the current edition (Rust 2015) but is a hard error in Rust 2021!
[INFO] [stdout]    = note: for more information, see issue #80165 <https://github.com/rust-lang/rust/issues/80165>
[INFO] [stdout] 
[INFO] [stdout] 
[INFO] [stdout] warning: use of deprecated associated function `std::error::Error::description`: use the Display impl or to_string()
[INFO] [stdout]   --> main.rs:21:58
[INFO] [stdout]    |
[INFO] [stdout] 21 |     writeln!(io::stderr(), "{}: {}", PROGRAM_NAME, error.description())
[INFO] [stdout]    |                                                          ^^^^^^^^^^^
[INFO] [stdout]    |
[INFO] [stdout]    = note: `#[warn(deprecated)]` on by default
[INFO] [stdout] 
[INFO] [stdout] 
[INFO] [stdout] warning: 3 warnings emitted
[INFO] [stdout] 
[INFO] [stdout] 
[INFO] [stderr]     Finished test [unoptimized + debuginfo] target(s) in 0.73s
[INFO] running `Command { std: "docker" "inspect" "d1d81fdf6d3a0cb0ec03bed6c7953af4fe3d10966d1a207915cb2db8c07385d3", kill_on_drop: false }`
[INFO] running `Command { std: "docker" "rm" "-f" "d1d81fdf6d3a0cb0ec03bed6c7953af4fe3d10966d1a207915cb2db8c07385d3", kill_on_drop: false }`
[INFO] [stdout] d1d81fdf6d3a0cb0ec03bed6c7953af4fe3d10966d1a207915cb2db8c07385d3
[INFO] running `Command { std: "docker" "create" "-v" "/var/lib/crater-agent-workspace/builds/worker-8/target:/opt/rustwide/target:rw,Z" "-v" "/var/lib/crater-agent-workspace/builds/worker-8/source:/opt/rustwide/workdir:ro,Z" "-v" "/var/lib/crater-agent-workspace/cargo-home:/opt/rustwide/cargo-home:ro,Z" "-v" "/var/lib/crater-agent-workspace/rustup-home:/opt/rustwide/rustup-home:ro,Z" "-e" "SOURCE_DIR=/opt/rustwide/workdir" "-e" "CARGO_TARGET_DIR=/opt/rustwide/target" "-e" "CARGO_INCREMENTAL=0" "-e" "RUST_BACKTRACE=full" "-e" "RUSTFLAGS=--cap-lints=warn" "-e" "CARGO_HOME=/opt/rustwide/cargo-home" "-e" "RUSTUP_HOME=/opt/rustwide/rustup-home" "-w" "/opt/rustwide/workdir" "-m" "1610612736" "--user" "0:0" "--network" "none" "ghcr.io/rust-lang/crates-build-env/linux@sha256:34b6a614d2c27851fe6cbf88fbd1137609cefab8b10d0615aaeb6fd47975d74e" "/opt/rustwide/cargo-home/bin/cargo" "+beta-2021-08-01" "test" "--frozen", kill_on_drop: false }`
[INFO] [stdout] ecfc6167e0c88f82b590815477dd7395c3de7ed36095ca3f0716ae729d3cd3d0
[INFO] running `Command { std: "docker" "start" "-a" "ecfc6167e0c88f82b590815477dd7395c3de7ed36095ca3f0716ae729d3cd3d0", kill_on_drop: false }`
[INFO] [stderr] warning: trait objects without an explicit `dyn` are deprecated
[INFO] [stderr]   --> main.rs:10:57
[INFO] [stderr]    |
[INFO] [stderr] 10 | fn open_file(path: &path::Path) -> Result<fs::File, Box<error::Error>> {
[INFO] [stderr]    |                                                         ^^^^^^^^^^^^ help: use `dyn`: `dyn error::Error`
[INFO] [stderr]    |
[INFO] [stderr]    = note: `#[warn(bare_trait_objects)]` on by default
[INFO] [stderr]    = warning: this is accepted in the current edition (Rust 2015) but is a hard error in Rust 2021!
[INFO] [stderr]    = note: for more information, see issue #80165 <https://github.com/rust-lang/rust/issues/80165>
[INFO] [stderr] 
[INFO] [stderr] warning: trait objects without an explicit `dyn` are deprecated
[INFO] [stderr]   --> main.rs:20:27
[INFO] [stderr]    |
[INFO] [stderr] 20 | fn print_error(error: Box<error::Error>) {
[INFO] [stderr]    |                           ^^^^^^^^^^^^ help: use `dyn`: `dyn error::Error`
[INFO] [stderr]    |
[INFO] [stderr]    = warning: this is accepted in the current edition (Rust 2015) but is a hard error in Rust 2021!
[INFO] [stderr]    = note: for more information, see issue #80165 <https://github.com/rust-lang/rust/issues/80165>
[INFO] [stderr] 
[INFO] [stderr] warning: use of deprecated associated function `std::error::Error::description`: use the Display impl or to_string()
[INFO] [stderr]   --> main.rs:21:58
[INFO] [stderr]    |
[INFO] [stderr] 21 |     writeln!(io::stderr(), "{}: {}", PROGRAM_NAME, error.description())
[INFO] [stderr]    |                                                          ^^^^^^^^^^^
[INFO] [stderr]    |
[INFO] [stderr]    = note: `#[warn(deprecated)]` on by default
[INFO] [stderr] 
[INFO] [stderr] warning: `rcat` (bin "rcat" test) generated 3 warnings
[INFO] [stderr]     Finished test [unoptimized + debuginfo] target(s) in 0.01s
[INFO] [stderr]      Running unittests (/opt/rustwide/target/debug/deps/rcat-2bb9886290a8bbe5)
[INFO] [stdout] 
[INFO] [stdout] running 0 tests
[INFO] [stdout] 
[INFO] [stdout] test result: ok. 0 passed; 0 failed; 0 ignored; 0 measured; 0 filtered out; finished in 0.00s
[INFO] [stdout] 
[INFO] running `Command { std: "docker" "inspect" "ecfc6167e0c88f82b590815477dd7395c3de7ed36095ca3f0716ae729d3cd3d0", kill_on_drop: false }`
[INFO] running `Command { std: "docker" "rm" "-f" "ecfc6167e0c88f82b590815477dd7395c3de7ed36095ca3f0716ae729d3cd3d0", kill_on_drop: false }`
[INFO] [stdout] ecfc6167e0c88f82b590815477dd7395c3de7ed36095ca3f0716ae729d3cd3d0
