[INFO] fetching crate psort 0.2.2...
[INFO] testing psort-0.2.2 against beta-2021-08-01 for beta-1.55-1
[INFO] extracting crate psort 0.2.2 into /workspace/builds/worker-30/source
[INFO] validating manifest of crates.io crate psort 0.2.2 on toolchain beta-2021-08-01
[INFO] running `Command { std: "/workspace/cargo-home/bin/cargo" "+beta-2021-08-01" "metadata" "--manifest-path" "Cargo.toml" "--no-deps", kill_on_drop: false }`
[INFO] started tweaking crates.io crate psort 0.2.2
[INFO] finished tweaking crates.io crate psort 0.2.2
[INFO] tweaked toml for crates.io crate psort 0.2.2 written to /workspace/builds/worker-30/source/Cargo.toml
[INFO] running `Command { std: "/workspace/cargo-home/bin/cargo" "+beta-2021-08-01" "generate-lockfile" "--manifest-path" "Cargo.toml" "-Zno-index-update", kill_on_drop: false }`
[INFO] [stderr]     Blocking waiting for file lock on package cache
[INFO] running `Command { std: "/workspace/cargo-home/bin/cargo" "+beta-2021-08-01" "fetch" "--manifest-path" "Cargo.toml", kill_on_drop: false }`
[INFO] [stderr]     Blocking waiting for file lock on package cache
[INFO] [stderr]     Blocking waiting for file lock on package cache
[INFO] running `Command { std: "docker" "create" "-v" "/var/lib/crater-agent-workspace/builds/worker-30/target:/opt/rustwide/target:rw,Z" "-v" "/var/lib/crater-agent-workspace/builds/worker-30/source:/opt/rustwide/workdir:ro,Z" "-v" "/var/lib/crater-agent-workspace/cargo-home:/opt/rustwide/cargo-home:ro,Z" "-v" "/var/lib/crater-agent-workspace/rustup-home:/opt/rustwide/rustup-home:ro,Z" "-e" "SOURCE_DIR=/opt/rustwide/workdir" "-e" "CARGO_TARGET_DIR=/opt/rustwide/target" "-e" "CARGO_HOME=/opt/rustwide/cargo-home" "-e" "RUSTUP_HOME=/opt/rustwide/rustup-home" "-w" "/opt/rustwide/workdir" "-m" "1610612736" "--user" "0:0" "--network" "none" "ghcr.io/rust-lang/crates-build-env/linux@sha256:34b6a614d2c27851fe6cbf88fbd1137609cefab8b10d0615aaeb6fd47975d74e" "/opt/rustwide/cargo-home/bin/cargo" "+beta-2021-08-01" "metadata" "--no-deps" "--format-version=1", kill_on_drop: false }`
[INFO] [stdout] 0a94444a9f62aecc1ef8cb64c19ac758601f32993d2eec6dbee2a2ab3d96d600
[INFO] running `Command { std: "docker" "start" "-a" "0a94444a9f62aecc1ef8cb64c19ac758601f32993d2eec6dbee2a2ab3d96d600", kill_on_drop: false }`
[INFO] running `Command { std: "docker" "inspect" "0a94444a9f62aecc1ef8cb64c19ac758601f32993d2eec6dbee2a2ab3d96d600", kill_on_drop: false }`
[INFO] running `Command { std: "docker" "rm" "-f" "0a94444a9f62aecc1ef8cb64c19ac758601f32993d2eec6dbee2a2ab3d96d600", kill_on_drop: false }`
[INFO] [stdout] 0a94444a9f62aecc1ef8cb64c19ac758601f32993d2eec6dbee2a2ab3d96d600
[INFO] running `Command { std: "docker" "create" "-v" "/var/lib/crater-agent-workspace/builds/worker-30/target:/opt/rustwide/target:rw,Z" "-v" "/var/lib/crater-agent-workspace/builds/worker-30/source:/opt/rustwide/workdir:ro,Z" "-v" "/var/lib/crater-agent-workspace/cargo-home:/opt/rustwide/cargo-home:ro,Z" "-v" "/var/lib/crater-agent-workspace/rustup-home:/opt/rustwide/rustup-home:ro,Z" "-e" "SOURCE_DIR=/opt/rustwide/workdir" "-e" "CARGO_TARGET_DIR=/opt/rustwide/target" "-e" "CARGO_INCREMENTAL=0" "-e" "RUST_BACKTRACE=full" "-e" "RUSTFLAGS=--cap-lints=warn" "-e" "CARGO_HOME=/opt/rustwide/cargo-home" "-e" "RUSTUP_HOME=/opt/rustwide/rustup-home" "-w" "/opt/rustwide/workdir" "-m" "1610612736" "--user" "0:0" "--network" "none" "ghcr.io/rust-lang/crates-build-env/linux@sha256:34b6a614d2c27851fe6cbf88fbd1137609cefab8b10d0615aaeb6fd47975d74e" "/opt/rustwide/cargo-home/bin/cargo" "+beta-2021-08-01" "build" "--frozen" "--message-format=json", kill_on_drop: false }`
[INFO] [stdout] e1c7020333d362b9c7098c439b4b0bcc5d383ae7827169cc9df3e4cc938d6b7f
[INFO] running `Command { std: "docker" "start" "-a" "e1c7020333d362b9c7098c439b4b0bcc5d383ae7827169cc9df3e4cc938d6b7f", kill_on_drop: false }`
[INFO] [stderr]     Blocking waiting for file lock on package cache
[INFO] [stderr]    Compiling unicode-width v0.1.8
[INFO] [stderr]    Compiling vec_map v0.8.2
[INFO] [stderr]    Compiling strsim v0.8.0
[INFO] [stderr]    Compiling ansi_term v0.11.0
[INFO] [stderr]    Compiling kamadak-exif v0.3.1
[INFO] [stderr]    Compiling num-traits v0.2.14
[INFO] [stderr]    Compiling num-integer v0.1.44
[INFO] [stderr]    Compiling atty v0.2.14
[INFO] [stderr]    Compiling time v0.1.44
[INFO] [stderr]    Compiling textwrap v0.11.0
[INFO] [stderr]    Compiling clap v2.33.3
[INFO] [stderr]    Compiling chrono v0.4.19
[INFO] [stderr]    Compiling psort v0.2.2 (/opt/rustwide/workdir)
[INFO] [stdout] warning: trait objects without an explicit `dyn` are deprecated
[INFO] [stdout]   --> src/lib.rs:95:41
[INFO] [stdout]    |
[INFO] [stdout] 95 |     overwrite: &bool) -> Result<(), Box<error::Error>> {
[INFO] [stdout]    |                                         ^^^^^^^^^^^^ help: use `dyn`: `dyn error::Error`
[INFO] [stdout]    |
[INFO] [stdout]    = note: `#[warn(bare_trait_objects)]` on by default
[INFO] [stdout]    = warning: this is accepted in the current edition (Rust 2015) but is a hard error in Rust 2021!
[INFO] [stdout]    = note: for more information, see issue #80165 <https://github.com/rust-lang/rust/issues/80165>
[INFO] [stdout] 
[INFO] [stdout] 
[INFO] [stdout] warning: 1 warning emitted
[INFO] [stdout] 
[INFO] [stdout] 
[INFO] [stdout] warning: trait objects without an explicit `dyn` are deprecated
[INFO] [stdout]   --> src/main.rs:47:48
[INFO] [stdout]    |
[INFO] [stdout] 47 | pub fn run(args: ArgMatches) -> Result<(), Box<error::Error>> {
[INFO] [stdout]    |                                                ^^^^^^^^^^^^ help: use `dyn`: `dyn error::Error`
[INFO] [stdout]    |
[INFO] [stdout]    = note: `#[warn(bare_trait_objects)]` on by default
[INFO] [stdout]    = warning: this is accepted in the current edition (Rust 2015) but is a hard error in Rust 2021!
[INFO] [stdout]    = note: for more information, see issue #80165 <https://github.com/rust-lang/rust/issues/80165>
[INFO] [stdout] 
[INFO] [stdout] 
[INFO] [stdout] warning: trait objects without an explicit `dyn` are deprecated
[INFO] [stdout]   --> src/main.rs:14:33
[INFO] [stdout]    |
[INFO] [stdout] 14 |     ($($tt:tt)*) => { Err(Box::<error::Error>::from(format!($($tt)*))) }
[INFO] [stdout]    |                                 ^^^^^^^^^^^^ help: use `dyn`: `dyn error::Error`
[INFO] [stdout] ...
[INFO] [stdout] 59 |         return err!("source argument cannot be a file: {:?}", src);
[INFO] [stdout]    |                --------------------------------------------------- in this macro invocation
[INFO] [stdout]    |
[INFO] [stdout]    = warning: this is accepted in the current edition (Rust 2015) but is a hard error in Rust 2021!
[INFO] [stdout]    = note: for more information, see issue #80165 <https://github.com/rust-lang/rust/issues/80165>
[INFO] [stdout]    = note: this warning originates in the macro `err` (in Nightly builds, run with -Z macro-backtrace for more info)
[INFO] [stdout] 
[INFO] [stdout] 
[INFO] [stdout] warning: 2 warnings emitted
[INFO] [stdout] 
[INFO] [stdout] 
[INFO] [stderr]     Finished dev [unoptimized + debuginfo] target(s) in 9.34s
[INFO] running `Command { std: "docker" "inspect" "e1c7020333d362b9c7098c439b4b0bcc5d383ae7827169cc9df3e4cc938d6b7f", kill_on_drop: false }`
[INFO] running `Command { std: "docker" "rm" "-f" "e1c7020333d362b9c7098c439b4b0bcc5d383ae7827169cc9df3e4cc938d6b7f", kill_on_drop: false }`
[INFO] [stdout] e1c7020333d362b9c7098c439b4b0bcc5d383ae7827169cc9df3e4cc938d6b7f
[INFO] running `Command { std: "docker" "create" "-v" "/var/lib/crater-agent-workspace/builds/worker-30/target:/opt/rustwide/target:rw,Z" "-v" "/var/lib/crater-agent-workspace/builds/worker-30/source:/opt/rustwide/workdir:ro,Z" "-v" "/var/lib/crater-agent-workspace/cargo-home:/opt/rustwide/cargo-home:ro,Z" "-v" "/var/lib/crater-agent-workspace/rustup-home:/opt/rustwide/rustup-home:ro,Z" "-e" "SOURCE_DIR=/opt/rustwide/workdir" "-e" "CARGO_TARGET_DIR=/opt/rustwide/target" "-e" "CARGO_INCREMENTAL=0" "-e" "RUST_BACKTRACE=full" "-e" "RUSTFLAGS=--cap-lints=warn" "-e" "CARGO_HOME=/opt/rustwide/cargo-home" "-e" "RUSTUP_HOME=/opt/rustwide/rustup-home" "-w" "/opt/rustwide/workdir" "-m" "1610612736" "--user" "0:0" "--network" "none" "ghcr.io/rust-lang/crates-build-env/linux@sha256:34b6a614d2c27851fe6cbf88fbd1137609cefab8b10d0615aaeb6fd47975d74e" "/opt/rustwide/cargo-home/bin/cargo" "+beta-2021-08-01" "test" "--frozen" "--no-run" "--message-format=json", kill_on_drop: false }`
[INFO] [stdout] 1f61a34318b065ec24bf33539cbc174c3d564ec1e6f0cf83d333ed0ea6bd11e3
[INFO] running `Command { std: "docker" "start" "-a" "1f61a34318b065ec24bf33539cbc174c3d564ec1e6f0cf83d333ed0ea6bd11e3", kill_on_drop: false }`
[INFO] [stderr]    Compiling psort v0.2.2 (/opt/rustwide/workdir)
[INFO] [stdout] warning: trait objects without an explicit `dyn` are deprecated
[INFO] [stdout]   --> src/lib.rs:95:41
[INFO] [stdout]    |
[INFO] [stdout] 95 |     overwrite: &bool) -> Result<(), Box<error::Error>> {
[INFO] [stdout]    |                                         ^^^^^^^^^^^^ help: use `dyn`: `dyn error::Error`
[INFO] [stdout]    |
[INFO] [stdout]    = note: `#[warn(bare_trait_objects)]` on by default
[INFO] [stdout]    = warning: this is accepted in the current edition (Rust 2015) but is a hard error in Rust 2021!
[INFO] [stdout]    = note: for more information, see issue #80165 <https://github.com/rust-lang/rust/issues/80165>
[INFO] [stdout] 
[INFO] [stdout] 
[INFO] [stdout] warning: 1 warning emitted
[INFO] [stdout] 
[INFO] [stdout] 
[INFO] [stdout] warning: trait objects without an explicit `dyn` are deprecated
[INFO] [stdout]   --> src/lib.rs:95:41
[INFO] [stdout]    |
[INFO] [stdout] 95 |     overwrite: &bool) -> Result<(), Box<error::Error>> {
[INFO] [stdout]    |                                         ^^^^^^^^^^^^ help: use `dyn`: `dyn error::Error`
[INFO] [stdout]    |
[INFO] [stdout]    = note: `#[warn(bare_trait_objects)]` on by default
[INFO] [stdout]    = warning: this is accepted in the current edition (Rust 2015) but is a hard error in Rust 2021!
[INFO] [stdout]    = note: for more information, see issue #80165 <https://github.com/rust-lang/rust/issues/80165>
[INFO] [stdout] 
[INFO] [stdout] 
[INFO] [stdout] warning: trait objects without an explicit `dyn` are deprecated
[INFO] [stdout]   --> src/main.rs:47:48
[INFO] [stdout]    |
[INFO] [stdout] 47 | pub fn run(args: ArgMatches) -> Result<(), Box<error::Error>> {
[INFO] [stdout]    |                                                ^^^^^^^^^^^^ help: use `dyn`: `dyn error::Error`
[INFO] [stdout]    |
[INFO] [stdout]    = note: `#[warn(bare_trait_objects)]` on by default
[INFO] [stdout]    = warning: this is accepted in the current edition (Rust 2015) but is a hard error in Rust 2021!
[INFO] [stdout]    = note: for more information, see issue #80165 <https://github.com/rust-lang/rust/issues/80165>
[INFO] [stdout] 
[INFO] [stdout] 
[INFO] [stdout] warning: trait objects without an explicit `dyn` are deprecated
[INFO] [stdout]   --> src/main.rs:14:33
[INFO] [stdout]    |
[INFO] [stdout] 14 |     ($($tt:tt)*) => { Err(Box::<error::Error>::from(format!($($tt)*))) }
[INFO] [stdout]    |                                 ^^^^^^^^^^^^ help: use `dyn`: `dyn error::Error`
[INFO] [stdout] ...
[INFO] [stdout] 59 |         return err!("source argument cannot be a file: {:?}", src);
[INFO] [stdout]    |                --------------------------------------------------- in this macro invocation
[INFO] [stdout]    |
[INFO] [stdout]    = warning: this is accepted in the current edition (Rust 2015) but is a hard error in Rust 2021!
[INFO] [stdout]    = note: for more information, see issue #80165 <https://github.com/rust-lang/rust/issues/80165>
[INFO] [stdout]    = note: this warning originates in the macro `err` (in Nightly builds, run with -Z macro-backtrace for more info)
[INFO] [stdout] 
[INFO] [stdout] 
[INFO] [stdout] warning: 1 warning emitted
[INFO] [stdout] 
[INFO] [stdout] 
[INFO] [stdout] warning: 2 warnings emitted
[INFO] [stdout] 
[INFO] [stdout] 
[INFO] [stderr]     Finished test [unoptimized + debuginfo] target(s) in 1.35s
[INFO] running `Command { std: "docker" "inspect" "1f61a34318b065ec24bf33539cbc174c3d564ec1e6f0cf83d333ed0ea6bd11e3", kill_on_drop: false }`
[INFO] running `Command { std: "docker" "rm" "-f" "1f61a34318b065ec24bf33539cbc174c3d564ec1e6f0cf83d333ed0ea6bd11e3", kill_on_drop: false }`
[INFO] [stdout] 1f61a34318b065ec24bf33539cbc174c3d564ec1e6f0cf83d333ed0ea6bd11e3
[INFO] running `Command { std: "docker" "create" "-v" "/var/lib/crater-agent-workspace/builds/worker-30/target:/opt/rustwide/target:rw,Z" "-v" "/var/lib/crater-agent-workspace/builds/worker-30/source:/opt/rustwide/workdir:ro,Z" "-v" "/var/lib/crater-agent-workspace/cargo-home:/opt/rustwide/cargo-home:ro,Z" "-v" "/var/lib/crater-agent-workspace/rustup-home:/opt/rustwide/rustup-home:ro,Z" "-e" "SOURCE_DIR=/opt/rustwide/workdir" "-e" "CARGO_TARGET_DIR=/opt/rustwide/target" "-e" "CARGO_INCREMENTAL=0" "-e" "RUST_BACKTRACE=full" "-e" "RUSTFLAGS=--cap-lints=warn" "-e" "CARGO_HOME=/opt/rustwide/cargo-home" "-e" "RUSTUP_HOME=/opt/rustwide/rustup-home" "-w" "/opt/rustwide/workdir" "-m" "1610612736" "--user" "0:0" "--network" "none" "ghcr.io/rust-lang/crates-build-env/linux@sha256:34b6a614d2c27851fe6cbf88fbd1137609cefab8b10d0615aaeb6fd47975d74e" "/opt/rustwide/cargo-home/bin/cargo" "+beta-2021-08-01" "test" "--frozen", kill_on_drop: false }`
[INFO] [stdout] c5f5de4c7d580982c360e68b765240dc76b19a06877868859fc54d3f9a089249
[INFO] running `Command { std: "docker" "start" "-a" "c5f5de4c7d580982c360e68b765240dc76b19a06877868859fc54d3f9a089249", kill_on_drop: false }`
[INFO] [stderr]     Blocking waiting for file lock on package cache
[INFO] [stderr] warning: trait objects without an explicit `dyn` are deprecated
[INFO] [stderr]   --> src/lib.rs:95:41
[INFO] [stderr]    |
[INFO] [stderr] 95 |     overwrite: &bool) -> Result<(), Box<error::Error>> {
[INFO] [stderr]    |                                         ^^^^^^^^^^^^ help: use `dyn`: `dyn error::Error`
[INFO] [stderr]    |
[INFO] [stderr]    = note: `#[warn(bare_trait_objects)]` on by default
[INFO] [stderr]    = warning: this is accepted in the current edition (Rust 2015) but is a hard error in Rust 2021!
[INFO] [stderr]    = note: for more information, see issue #80165 <https://github.com/rust-lang/rust/issues/80165>
[INFO] [stderr] 
[INFO] [stderr] warning: `psort` (lib) generated 1 warning
[INFO] [stderr] warning: `psort` (lib test) generated 1 warning (1 duplicate)
[INFO] [stderr] warning: trait objects without an explicit `dyn` are deprecated
[INFO] [stderr]   --> src/main.rs:47:48
[INFO] [stderr]    |
[INFO] [stderr] 47 | pub fn run(args: ArgMatches) -> Result<(), Box<error::Error>> {
[INFO] [stderr]    |                                                ^^^^^^^^^^^^ help: use `dyn`: `dyn error::Error`
[INFO] [stderr]    |
[INFO] [stderr]    = note: `#[warn(bare_trait_objects)]` on by default
[INFO] [stderr]    = warning: this is accepted in the current edition (Rust 2015) but is a hard error in Rust 2021!
[INFO] [stderr]    = note: for more information, see issue #80165 <https://github.com/rust-lang/rust/issues/80165>
[INFO] [stderr] 
[INFO] [stderr] warning: trait objects without an explicit `dyn` are deprecated
[INFO] [stderr]   --> src/main.rs:14:33
[INFO] [stderr]    |
[INFO] [stderr] 14 |     ($($tt:tt)*) => { Err(Box::<error::Error>::from(format!($($tt)*))) }
[INFO] [stderr]    |                                 ^^^^^^^^^^^^ help: use `dyn`: `dyn error::Error`
[INFO] [stderr] ...
[INFO] [stderr] 59 |         return err!("source argument cannot be a file: {:?}", src);
[INFO] [stderr]    |                --------------------------------------------------- in this macro invocation
[INFO] [stderr]    |
[INFO] [stderr]    = warning: this is accepted in the current edition (Rust 2015) but is a hard error in Rust 2021!
[INFO] [stderr]    = note: for more information, see issue #80165 <https://github.com/rust-lang/rust/issues/80165>
[INFO] [stderr]    = note: this warning originates in the macro `err` (in Nightly builds, run with -Z macro-backtrace for more info)
[INFO] [stderr] 
[INFO] [stderr] warning: `psort` (bin "psort" test) generated 2 warnings
[INFO] [stderr]     Finished test [unoptimized + debuginfo] target(s) in 0.18s
[INFO] [stderr]      Running unittests (/opt/rustwide/target/debug/deps/psort-4d787337bf2e59f8)
[INFO] [stdout] 
[INFO] [stderr]      Running unittests (/opt/rustwide/target/debug/deps/psort-bab070e5556ebf89)
[INFO] [stdout] running 0 tests
[INFO] [stdout] 
[INFO] [stdout] test result: ok. 0 passed; 0 failed; 0 ignored; 0 measured; 0 filtered out; finished in 0.00s
[INFO] [stdout] 
[INFO] [stdout] 
[INFO] [stdout] running 2 tests
[INFO] [stderr]    Doc-tests psort
[INFO] [stdout] test tests::get_target_dir_with_destination ... ok
[INFO] [stdout] test tests::get_target_dir_without_destination ... ok
[INFO] [stdout] 
[INFO] [stdout] test result: ok. 2 passed; 0 failed; 0 ignored; 0 measured; 0 filtered out; finished in 0.01s
[INFO] [stdout] 
[INFO] [stdout] 
[INFO] [stdout] running 1 test
[INFO] [stdout] test src/lib.rs - get_target_dir (line 62) ... ok
[INFO] [stdout] 
[INFO] [stdout] test result: ok. 1 passed; 0 failed; 0 ignored; 0 measured; 0 filtered out; finished in 0.93s
[INFO] [stdout] 
[INFO] running `Command { std: "docker" "inspect" "c5f5de4c7d580982c360e68b765240dc76b19a06877868859fc54d3f9a089249", kill_on_drop: false }`
[INFO] running `Command { std: "docker" "rm" "-f" "c5f5de4c7d580982c360e68b765240dc76b19a06877868859fc54d3f9a089249", kill_on_drop: false }`
[INFO] [stdout] c5f5de4c7d580982c360e68b765240dc76b19a06877868859fc54d3f9a089249
