[INFO] fetching crate nestools 1.3.1...
[INFO] testing nestools-1.3.1 against beta-2021-08-01 for beta-1.55-1
[INFO] extracting crate nestools 1.3.1 into /workspace/builds/worker-117/source
[INFO] validating manifest of crates.io crate nestools 1.3.1 on toolchain beta-2021-08-01
[INFO] running `Command { std: "/workspace/cargo-home/bin/cargo" "+beta-2021-08-01" "metadata" "--manifest-path" "Cargo.toml" "--no-deps", kill_on_drop: false }`
[INFO] started tweaking crates.io crate nestools 1.3.1
[INFO] finished tweaking crates.io crate nestools 1.3.1
[INFO] tweaked toml for crates.io crate nestools 1.3.1 written to /workspace/builds/worker-117/source/Cargo.toml
[INFO] running `Command { std: "/workspace/cargo-home/bin/cargo" "+beta-2021-08-01" "generate-lockfile" "--manifest-path" "Cargo.toml" "-Zno-index-update", kill_on_drop: false }`
[INFO] [stderr]     Blocking waiting for file lock on package cache
[INFO] running `Command { std: "/workspace/cargo-home/bin/cargo" "+beta-2021-08-01" "fetch" "--manifest-path" "Cargo.toml", kill_on_drop: false }`
[INFO] [stderr]     Blocking waiting for file lock on package cache
[INFO] [stderr]     Blocking waiting for file lock on package cache
[INFO] running `Command { std: "docker" "create" "-v" "/var/lib/crater-agent-workspace/builds/worker-117/target:/opt/rustwide/target:rw,Z" "-v" "/var/lib/crater-agent-workspace/builds/worker-117/source:/opt/rustwide/workdir:ro,Z" "-v" "/var/lib/crater-agent-workspace/cargo-home:/opt/rustwide/cargo-home:ro,Z" "-v" "/var/lib/crater-agent-workspace/rustup-home:/opt/rustwide/rustup-home:ro,Z" "-e" "SOURCE_DIR=/opt/rustwide/workdir" "-e" "CARGO_TARGET_DIR=/opt/rustwide/target" "-e" "CARGO_HOME=/opt/rustwide/cargo-home" "-e" "RUSTUP_HOME=/opt/rustwide/rustup-home" "-w" "/opt/rustwide/workdir" "-m" "1610612736" "--user" "0:0" "--network" "none" "ghcr.io/rust-lang/crates-build-env/linux@sha256:34b6a614d2c27851fe6cbf88fbd1137609cefab8b10d0615aaeb6fd47975d74e" "/opt/rustwide/cargo-home/bin/cargo" "+beta-2021-08-01" "metadata" "--no-deps" "--format-version=1", kill_on_drop: false }`
[INFO] [stdout] ce8bffb4d4c38dcdd249f93339b9ffab4fea2f2019fcffdc9513b34af23cfa86
[INFO] running `Command { std: "docker" "start" "-a" "ce8bffb4d4c38dcdd249f93339b9ffab4fea2f2019fcffdc9513b34af23cfa86", kill_on_drop: false }`
[INFO] running `Command { std: "docker" "inspect" "ce8bffb4d4c38dcdd249f93339b9ffab4fea2f2019fcffdc9513b34af23cfa86", kill_on_drop: false }`
[INFO] running `Command { std: "docker" "rm" "-f" "ce8bffb4d4c38dcdd249f93339b9ffab4fea2f2019fcffdc9513b34af23cfa86", kill_on_drop: false }`
[INFO] [stdout] ce8bffb4d4c38dcdd249f93339b9ffab4fea2f2019fcffdc9513b34af23cfa86
[INFO] running `Command { std: "docker" "create" "-v" "/var/lib/crater-agent-workspace/builds/worker-117/target:/opt/rustwide/target:rw,Z" "-v" "/var/lib/crater-agent-workspace/builds/worker-117/source:/opt/rustwide/workdir:ro,Z" "-v" "/var/lib/crater-agent-workspace/cargo-home:/opt/rustwide/cargo-home:ro,Z" "-v" "/var/lib/crater-agent-workspace/rustup-home:/opt/rustwide/rustup-home:ro,Z" "-e" "SOURCE_DIR=/opt/rustwide/workdir" "-e" "CARGO_TARGET_DIR=/opt/rustwide/target" "-e" "CARGO_INCREMENTAL=0" "-e" "RUST_BACKTRACE=full" "-e" "RUSTFLAGS=--cap-lints=warn" "-e" "CARGO_HOME=/opt/rustwide/cargo-home" "-e" "RUSTUP_HOME=/opt/rustwide/rustup-home" "-w" "/opt/rustwide/workdir" "-m" "1610612736" "--user" "0:0" "--network" "none" "ghcr.io/rust-lang/crates-build-env/linux@sha256:34b6a614d2c27851fe6cbf88fbd1137609cefab8b10d0615aaeb6fd47975d74e" "/opt/rustwide/cargo-home/bin/cargo" "+beta-2021-08-01" "build" "--frozen" "--message-format=json", kill_on_drop: false }`
[INFO] [stdout] ab4e7ef2276e4b428555d330cbc28c299f714884d6b2813aafd508102b0fa3e6
[INFO] running `Command { std: "docker" "start" "-a" "ab4e7ef2276e4b428555d330cbc28c299f714884d6b2813aafd508102b0fa3e6", kill_on_drop: false }`
[INFO] [stderr]     Blocking waiting for file lock on package cache
[INFO] [stderr]    Compiling serde v1.0.127
[INFO] [stderr]    Compiling syn v1.0.74
[INFO] [stderr]    Compiling bytemuck v1.7.2
[INFO] [stderr]    Compiling serde_derive v1.0.127
[INFO] [stderr]    Compiling linked-hash-map v0.5.4
[INFO] [stderr]    Compiling dtoa v0.4.8
[INFO] [stderr]    Compiling rgb v0.8.27
[INFO] [stderr]    Compiling yaml-rust v0.4.5
[INFO] [stderr]    Compiling lodepng v2.7.3
[INFO] [stderr]    Compiling serde_yaml v0.7.5
[INFO] [stderr]    Compiling nestools v1.3.1 (/opt/rustwide/workdir)
[INFO] [stdout] warning: trait objects without an explicit `dyn` are deprecated
[INFO] [stdout]    --> src/binaries/spritesheetc.rs:282:46
[INFO] [stdout]     |
[INFO] [stdout] 282 | pub fn run(config: Config) -> Result<(), Box<error::Error>> {
[INFO] [stdout]     |                                              ^^^^^^^^^^^^ help: use `dyn`: `dyn error::Error`
[INFO] [stdout]     |
[INFO] [stdout]     = note: `#[warn(bare_trait_objects)]` on by default
[INFO] [stdout]     = warning: this is accepted in the current edition (Rust 2015) but is a hard error in Rust 2021!
[INFO] [stdout]     = note: for more information, see issue #80165 <https://github.com/rust-lang/rust/issues/80165>
[INFO] [stdout] 
[INFO] [stdout] 
[INFO] [stdout] warning: trait objects without an explicit `dyn` are deprecated
[INFO] [stdout]    --> src/binaries/spritesheetc.rs:283:20
[INFO] [stdout]     |
[INFO] [stdout] 283 |     let input: Box<Read> = match config.input {
[INFO] [stdout]     |                    ^^^^ help: use `dyn`: `dyn Read`
[INFO] [stdout]     |
[INFO] [stdout]     = warning: this is accepted in the current edition (Rust 2015) but is a hard error in Rust 2021!
[INFO] [stdout]     = note: for more information, see issue #80165 <https://github.com/rust-lang/rust/issues/80165>
[INFO] [stdout] 
[INFO] [stdout] 
[INFO] [stdout] warning: trait objects without an explicit `dyn` are deprecated
[INFO] [stdout]    --> src/binaries/spritesheetc.rs:291:22
[INFO] [stdout]     |
[INFO] [stdout] 291 |     let mut chr: Box<Write> = match config.chr {
[INFO] [stdout]     |                      ^^^^^ help: use `dyn`: `dyn Write`
[INFO] [stdout]     |
[INFO] [stdout]     = warning: this is accepted in the current edition (Rust 2015) but is a hard error in Rust 2021!
[INFO] [stdout]     = note: for more information, see issue #80165 <https://github.com/rust-lang/rust/issues/80165>
[INFO] [stdout] 
[INFO] [stdout] 
[INFO] [stdout] warning: variable does not need to be mutable
[INFO] [stdout]   --> src/sprites/sheet.rs:78:21
[INFO] [stdout]    |
[INFO] [stdout] 78 |                 let mut tile_number = (y * width) + x;
[INFO] [stdout]    |                     ----^^^^^^^^^^^
[INFO] [stdout]    |                     |
[INFO] [stdout]    |                     help: remove this `mut`
[INFO] [stdout]    |
[INFO] [stdout]    = note: `#[warn(unused_mut)]` on by default
[INFO] [stdout] 
[INFO] [stdout] 
[INFO] [stdout] warning: variable does not need to be mutable
[INFO] [stdout]    --> src/sprites/sheet.rs:132:25
[INFO] [stdout]     |
[INFO] [stdout] 132 |                     let mut tile_number = frame_offset + y_offset + x;
[INFO] [stdout]     |                         ----^^^^^^^^^^^
[INFO] [stdout]     |                         |
[INFO] [stdout]     |                         help: remove this `mut`
[INFO] [stdout] 
[INFO] [stdout] 
[INFO] [stdout] warning: 5 warnings emitted
[INFO] [stdout] 
[INFO] [stdout] 
[INFO] [stderr]     Finished dev [unoptimized + debuginfo] target(s) in 16.62s
[INFO] running `Command { std: "docker" "inspect" "ab4e7ef2276e4b428555d330cbc28c299f714884d6b2813aafd508102b0fa3e6", kill_on_drop: false }`
[INFO] running `Command { std: "docker" "rm" "-f" "ab4e7ef2276e4b428555d330cbc28c299f714884d6b2813aafd508102b0fa3e6", kill_on_drop: false }`
[INFO] [stdout] ab4e7ef2276e4b428555d330cbc28c299f714884d6b2813aafd508102b0fa3e6
[INFO] running `Command { std: "docker" "create" "-v" "/var/lib/crater-agent-workspace/builds/worker-117/target:/opt/rustwide/target:rw,Z" "-v" "/var/lib/crater-agent-workspace/builds/worker-117/source:/opt/rustwide/workdir:ro,Z" "-v" "/var/lib/crater-agent-workspace/cargo-home:/opt/rustwide/cargo-home:ro,Z" "-v" "/var/lib/crater-agent-workspace/rustup-home:/opt/rustwide/rustup-home:ro,Z" "-e" "SOURCE_DIR=/opt/rustwide/workdir" "-e" "CARGO_TARGET_DIR=/opt/rustwide/target" "-e" "CARGO_INCREMENTAL=0" "-e" "RUST_BACKTRACE=full" "-e" "RUSTFLAGS=--cap-lints=warn" "-e" "CARGO_HOME=/opt/rustwide/cargo-home" "-e" "RUSTUP_HOME=/opt/rustwide/rustup-home" "-w" "/opt/rustwide/workdir" "-m" "1610612736" "--user" "0:0" "--network" "none" "ghcr.io/rust-lang/crates-build-env/linux@sha256:34b6a614d2c27851fe6cbf88fbd1137609cefab8b10d0615aaeb6fd47975d74e" "/opt/rustwide/cargo-home/bin/cargo" "+beta-2021-08-01" "test" "--frozen" "--no-run" "--message-format=json", kill_on_drop: false }`
[INFO] [stdout] 48f7cd596a37ea233d8bebe5b3b8629d0e68295ab61ebe120df1e1718619e93c
[INFO] running `Command { std: "docker" "start" "-a" "48f7cd596a37ea233d8bebe5b3b8629d0e68295ab61ebe120df1e1718619e93c", kill_on_drop: false }`
[INFO] [stderr]     Blocking waiting for file lock on package cache
[INFO] [stderr]    Compiling nestools v1.3.1 (/opt/rustwide/workdir)
[INFO] [stdout] warning: trait objects without an explicit `dyn` are deprecated
[INFO] [stdout]    --> src/binaries/spritesheetc.rs:282:46
[INFO] [stdout]     |
[INFO] [stdout] 282 | pub fn run(config: Config) -> Result<(), Box<error::Error>> {
[INFO] [stdout]     |                                              ^^^^^^^^^^^^ help: use `dyn`: `dyn error::Error`
[INFO] [stdout]     |
[INFO] [stdout]     = note: `#[warn(bare_trait_objects)]` on by default
[INFO] [stdout]     = warning: this is accepted in the current edition (Rust 2015) but is a hard error in Rust 2021!
[INFO] [stdout]     = note: for more information, see issue #80165 <https://github.com/rust-lang/rust/issues/80165>
[INFO] [stdout] 
[INFO] [stdout] 
[INFO] [stdout] warning: trait objects without an explicit `dyn` are deprecated
[INFO] [stdout]    --> src/binaries/spritesheetc.rs:283:20
[INFO] [stdout]     |
[INFO] [stdout] 283 |     let input: Box<Read> = match config.input {
[INFO] [stdout]     |                    ^^^^ help: use `dyn`: `dyn Read`
[INFO] [stdout]     |
[INFO] [stdout]     = warning: this is accepted in the current edition (Rust 2015) but is a hard error in Rust 2021!
[INFO] [stdout]     = note: for more information, see issue #80165 <https://github.com/rust-lang/rust/issues/80165>
[INFO] [stdout] 
[INFO] [stdout] 
[INFO] [stdout] warning: trait objects without an explicit `dyn` are deprecated
[INFO] [stdout]    --> src/binaries/spritesheetc.rs:291:22
[INFO] [stdout]     |
[INFO] [stdout] 291 |     let mut chr: Box<Write> = match config.chr {
[INFO] [stdout]     |                      ^^^^^ help: use `dyn`: `dyn Write`
[INFO] [stdout]     |
[INFO] [stdout]     = warning: this is accepted in the current edition (Rust 2015) but is a hard error in Rust 2021!
[INFO] [stdout]     = note: for more information, see issue #80165 <https://github.com/rust-lang/rust/issues/80165>
[INFO] [stdout] 
[INFO] [stdout] 
[INFO] [stdout] warning: variable does not need to be mutable
[INFO] [stdout]   --> src/sprites/sheet.rs:78:21
[INFO] [stdout]    |
[INFO] [stdout] 78 |                 let mut tile_number = (y * width) + x;
[INFO] [stdout]    |                     ----^^^^^^^^^^^
[INFO] [stdout]    |                     |
[INFO] [stdout]    |                     help: remove this `mut`
[INFO] [stdout]    |
[INFO] [stdout]    = note: `#[warn(unused_mut)]` on by default
[INFO] [stdout] 
[INFO] [stdout] 
[INFO] [stdout] warning: variable does not need to be mutable
[INFO] [stdout]    --> src/sprites/sheet.rs:132:25
[INFO] [stdout]     |
[INFO] [stdout] 132 |                     let mut tile_number = frame_offset + y_offset + x;
[INFO] [stdout]     |                         ----^^^^^^^^^^^
[INFO] [stdout]     |                         |
[INFO] [stdout]     |                         help: remove this `mut`
[INFO] [stdout] 
[INFO] [stdout] 
[INFO] [stdout] warning: 5 warnings emitted
[INFO] [stdout] 
[INFO] [stdout] 
[INFO] [stdout] warning: trait objects without an explicit `dyn` are deprecated
[INFO] [stdout]    --> src/binaries/spritesheetc.rs:282:46
[INFO] [stdout]     |
[INFO] [stdout] 282 | pub fn run(config: Config) -> Result<(), Box<error::Error>> {
[INFO] [stdout]     |                                              ^^^^^^^^^^^^ help: use `dyn`: `dyn error::Error`
[INFO] [stdout]     |
[INFO] [stdout]     = note: `#[warn(bare_trait_objects)]` on by default
[INFO] [stdout]     = warning: this is accepted in the current edition (Rust 2015) but is a hard error in Rust 2021!
[INFO] [stdout]     = note: for more information, see issue #80165 <https://github.com/rust-lang/rust/issues/80165>
[INFO] [stdout] 
[INFO] [stdout] 
[INFO] [stdout] warning: trait objects without an explicit `dyn` are deprecated
[INFO] [stdout]    --> src/binaries/spritesheetc.rs:283:20
[INFO] [stdout]     |
[INFO] [stdout] 283 |     let input: Box<Read> = match config.input {
[INFO] [stdout]     |                    ^^^^ help: use `dyn`: `dyn Read`
[INFO] [stdout]     |
[INFO] [stdout]     = warning: this is accepted in the current edition (Rust 2015) but is a hard error in Rust 2021!
[INFO] [stdout]     = note: for more information, see issue #80165 <https://github.com/rust-lang/rust/issues/80165>
[INFO] [stdout] 
[INFO] [stdout] 
[INFO] [stdout] warning: trait objects without an explicit `dyn` are deprecated
[INFO] [stdout]    --> src/binaries/spritesheetc.rs:291:22
[INFO] [stdout]     |
[INFO] [stdout] 291 |     let mut chr: Box<Write> = match config.chr {
[INFO] [stdout]     |                      ^^^^^ help: use `dyn`: `dyn Write`
[INFO] [stdout]     |
[INFO] [stdout]     = warning: this is accepted in the current edition (Rust 2015) but is a hard error in Rust 2021!
[INFO] [stdout]     = note: for more information, see issue #80165 <https://github.com/rust-lang/rust/issues/80165>
[INFO] [stdout] 
[INFO] [stdout] 
[INFO] [stdout] warning: variable does not need to be mutable
[INFO] [stdout]   --> src/sprites/sheet.rs:78:21
[INFO] [stdout]    |
[INFO] [stdout] 78 |                 let mut tile_number = (y * width) + x;
[INFO] [stdout]    |                     ----^^^^^^^^^^^
[INFO] [stdout]    |                     |
[INFO] [stdout]    |                     help: remove this `mut`
[INFO] [stdout]    |
[INFO] [stdout]    = note: `#[warn(unused_mut)]` on by default
[INFO] [stdout] 
[INFO] [stdout] 
[INFO] [stdout] warning: variable does not need to be mutable
[INFO] [stdout]    --> src/sprites/sheet.rs:132:25
[INFO] [stdout]     |
[INFO] [stdout] 132 |                     let mut tile_number = frame_offset + y_offset + x;
[INFO] [stdout]     |                         ----^^^^^^^^^^^
[INFO] [stdout]     |                         |
[INFO] [stdout]     |                         help: remove this `mut`
[INFO] [stdout] 
[INFO] [stdout] 
[INFO] [stdout] warning: 5 warnings emitted
[INFO] [stdout] 
[INFO] [stdout] 
[INFO] [stderr]     Finished test [unoptimized + debuginfo] target(s) in 2.17s
[INFO] running `Command { std: "docker" "inspect" "48f7cd596a37ea233d8bebe5b3b8629d0e68295ab61ebe120df1e1718619e93c", kill_on_drop: false }`
[INFO] running `Command { std: "docker" "rm" "-f" "48f7cd596a37ea233d8bebe5b3b8629d0e68295ab61ebe120df1e1718619e93c", kill_on_drop: false }`
[INFO] [stdout] 48f7cd596a37ea233d8bebe5b3b8629d0e68295ab61ebe120df1e1718619e93c
[INFO] running `Command { std: "docker" "create" "-v" "/var/lib/crater-agent-workspace/builds/worker-117/target:/opt/rustwide/target:rw,Z" "-v" "/var/lib/crater-agent-workspace/builds/worker-117/source:/opt/rustwide/workdir:ro,Z" "-v" "/var/lib/crater-agent-workspace/cargo-home:/opt/rustwide/cargo-home:ro,Z" "-v" "/var/lib/crater-agent-workspace/rustup-home:/opt/rustwide/rustup-home:ro,Z" "-e" "SOURCE_DIR=/opt/rustwide/workdir" "-e" "CARGO_TARGET_DIR=/opt/rustwide/target" "-e" "CARGO_INCREMENTAL=0" "-e" "RUST_BACKTRACE=full" "-e" "RUSTFLAGS=--cap-lints=warn" "-e" "CARGO_HOME=/opt/rustwide/cargo-home" "-e" "RUSTUP_HOME=/opt/rustwide/rustup-home" "-w" "/opt/rustwide/workdir" "-m" "1610612736" "--user" "0:0" "--network" "none" "ghcr.io/rust-lang/crates-build-env/linux@sha256:34b6a614d2c27851fe6cbf88fbd1137609cefab8b10d0615aaeb6fd47975d74e" "/opt/rustwide/cargo-home/bin/cargo" "+beta-2021-08-01" "test" "--frozen", kill_on_drop: false }`
[INFO] [stdout] e70a09149897a38079f6d59714ddc66f8b3f6dcf5243084b20bdde3b2c83e966
[INFO] running `Command { std: "docker" "start" "-a" "e70a09149897a38079f6d59714ddc66f8b3f6dcf5243084b20bdde3b2c83e966", kill_on_drop: false }`
[INFO] [stderr]     Blocking waiting for file lock on package cache
[INFO] [stderr] warning: trait objects without an explicit `dyn` are deprecated
[INFO] [stderr]    --> src/binaries/spritesheetc.rs:282:46
[INFO] [stderr]     |
[INFO] [stderr] 282 | pub fn run(config: Config) -> Result<(), Box<error::Error>> {
[INFO] [stderr]     |                                              ^^^^^^^^^^^^ help: use `dyn`: `dyn error::Error`
[INFO] [stderr]     |
[INFO] [stderr]     = note: `#[warn(bare_trait_objects)]` on by default
[INFO] [stderr]     = warning: this is accepted in the current edition (Rust 2015) but is a hard error in Rust 2021!
[INFO] [stderr]     = note: for more information, see issue #80165 <https://github.com/rust-lang/rust/issues/80165>
[INFO] [stderr] 
[INFO] [stderr] warning: trait objects without an explicit `dyn` are deprecated
[INFO] [stderr]    --> src/binaries/spritesheetc.rs:283:20
[INFO] [stderr]     |
[INFO] [stderr] 283 |     let input: Box<Read> = match config.input {
[INFO] [stderr]     |                    ^^^^ help: use `dyn`: `dyn Read`
[INFO] [stderr]     |
[INFO] [stderr]     = warning: this is accepted in the current edition (Rust 2015) but is a hard error in Rust 2021!
[INFO] [stderr]     = note: for more information, see issue #80165 <https://github.com/rust-lang/rust/issues/80165>
[INFO] [stderr] 
[INFO] [stderr] warning: trait objects without an explicit `dyn` are deprecated
[INFO] [stderr]    --> src/binaries/spritesheetc.rs:291:22
[INFO] [stderr]     |
[INFO] [stderr] 291 |     let mut chr: Box<Write> = match config.chr {
[INFO] [stderr]     |                      ^^^^^ help: use `dyn`: `dyn Write`
[INFO] [stderr]     |
[INFO] [stderr]     = warning: this is accepted in the current edition (Rust 2015) but is a hard error in Rust 2021!
[INFO] [stderr]     = note: for more information, see issue #80165 <https://github.com/rust-lang/rust/issues/80165>
[INFO] [stderr] 
[INFO] [stderr] warning: variable does not need to be mutable
[INFO] [stderr]   --> src/sprites/sheet.rs:78:21
[INFO] [stderr]    |
[INFO] [stderr] 78 |                 let mut tile_number = (y * width) + x;
[INFO] [stderr]    |                     ----^^^^^^^^^^^
[INFO] [stderr]    |                     |
[INFO] [stderr]    |                     help: remove this `mut`
[INFO] [stderr]    |
[INFO] [stderr]    = note: `#[warn(unused_mut)]` on by default
[INFO] [stderr] 
[INFO] [stderr] warning: variable does not need to be mutable
[INFO] [stderr]    --> src/sprites/sheet.rs:132:25
[INFO] [stderr]     |
[INFO] [stderr] 132 |                     let mut tile_number = frame_offset + y_offset + x;
[INFO] [stderr]     |                         ----^^^^^^^^^^^
[INFO] [stderr]     |                         |
[INFO] [stderr]     |                         help: remove this `mut`
[INFO] [stderr] 
[INFO] [stderr] warning: `nestools` (lib) generated 5 warnings
[INFO] [stderr] warning: `nestools` (lib test) generated 5 warnings (5 duplicates)
[INFO] [stderr]     Finished test [unoptimized + debuginfo] target(s) in 0.43s
[INFO] [stderr]      Running unittests (/opt/rustwide/target/debug/deps/nestools-63aee3b03c839e17)
[INFO] [stdout] 
[INFO] [stdout] running 0 tests
[INFO] [stdout] 
[INFO] [stdout] test result: ok. 0 passed; 0 failed; 0 ignored; 0 measured; 0 filtered out; finished in 0.00s
[INFO] [stdout] 
[INFO] [stderr]      Running unittests (/opt/rustwide/target/debug/deps/spritesheetc-2fb8aa2cbe219e9f)
[INFO] [stdout] 
[INFO] [stderr]    Doc-tests nestools
[INFO] [stdout] running 0 tests
[INFO] [stdout] 
[INFO] [stdout] test result: ok. 0 passed; 0 failed; 0 ignored; 0 measured; 0 filtered out; finished in 0.00s
[INFO] [stdout] 
[INFO] [stdout] 
[INFO] [stdout] running 2 tests
[INFO] [stdout] test src/sprites/mod.rs - sprites::Tile::from_bytes (line 117) ... ok
[INFO] [stdout] test src/sprites/mod.rs - sprites::Tile::iter (line 70) ... ok
[INFO] [stdout] 
[INFO] [stdout] test result: ok. 2 passed; 0 failed; 0 ignored; 0 measured; 0 filtered out; finished in 1.22s
[INFO] [stdout] 
[INFO] running `Command { std: "docker" "inspect" "e70a09149897a38079f6d59714ddc66f8b3f6dcf5243084b20bdde3b2c83e966", kill_on_drop: false }`
[INFO] running `Command { std: "docker" "rm" "-f" "e70a09149897a38079f6d59714ddc66f8b3f6dcf5243084b20bdde3b2c83e966", kill_on_drop: false }`
[INFO] [stdout] e70a09149897a38079f6d59714ddc66f8b3f6dcf5243084b20bdde3b2c83e966
