[INFO] fetching crate fatr 0.2.0...
[INFO] testing fatr-0.2.0 against 1.54.0 for beta-1.55-1
[INFO] extracting crate fatr 0.2.0 into /workspace/builds/worker-97/source
[INFO] validating manifest of crates.io crate fatr 0.2.0 on toolchain 1.54.0
[INFO] running `Command { std: "/workspace/cargo-home/bin/cargo" "+1.54.0" "metadata" "--manifest-path" "Cargo.toml" "--no-deps", kill_on_drop: false }`
[INFO] started tweaking crates.io crate fatr 0.2.0
[INFO] finished tweaking crates.io crate fatr 0.2.0
[INFO] tweaked toml for crates.io crate fatr 0.2.0 written to /workspace/builds/worker-97/source/Cargo.toml
[INFO] running `Command { std: "/workspace/cargo-home/bin/cargo" "+1.54.0" "generate-lockfile" "--manifest-path" "Cargo.toml" "-Zno-index-update", kill_on_drop: false }`
[INFO] running `Command { std: "/workspace/cargo-home/bin/cargo" "+1.54.0" "fetch" "--manifest-path" "Cargo.toml", kill_on_drop: false }`
[INFO] running `Command { std: "docker" "create" "-v" "/var/lib/crater-agent-workspace/builds/worker-97/target:/opt/rustwide/target:rw,Z" "-v" "/var/lib/crater-agent-workspace/builds/worker-97/source:/opt/rustwide/workdir:ro,Z" "-v" "/var/lib/crater-agent-workspace/cargo-home:/opt/rustwide/cargo-home:ro,Z" "-v" "/var/lib/crater-agent-workspace/rustup-home:/opt/rustwide/rustup-home:ro,Z" "-e" "SOURCE_DIR=/opt/rustwide/workdir" "-e" "CARGO_TARGET_DIR=/opt/rustwide/target" "-e" "CARGO_HOME=/opt/rustwide/cargo-home" "-e" "RUSTUP_HOME=/opt/rustwide/rustup-home" "-w" "/opt/rustwide/workdir" "-m" "1610612736" "--user" "0:0" "--network" "none" "ghcr.io/rust-lang/crates-build-env/linux@sha256:34b6a614d2c27851fe6cbf88fbd1137609cefab8b10d0615aaeb6fd47975d74e" "/opt/rustwide/cargo-home/bin/cargo" "+1.54.0" "metadata" "--no-deps" "--format-version=1", kill_on_drop: false }`
[INFO] [stdout] 4df7358242cc2f63da8eb0ae19473d36425dfb33a6180a42e4553251ff8d7341
[INFO] running `Command { std: "docker" "start" "-a" "4df7358242cc2f63da8eb0ae19473d36425dfb33a6180a42e4553251ff8d7341", kill_on_drop: false }`
[INFO] running `Command { std: "docker" "inspect" "4df7358242cc2f63da8eb0ae19473d36425dfb33a6180a42e4553251ff8d7341", kill_on_drop: false }`
[INFO] running `Command { std: "docker" "rm" "-f" "4df7358242cc2f63da8eb0ae19473d36425dfb33a6180a42e4553251ff8d7341", kill_on_drop: false }`
[INFO] [stdout] 4df7358242cc2f63da8eb0ae19473d36425dfb33a6180a42e4553251ff8d7341
[INFO] running `Command { std: "docker" "create" "-v" "/var/lib/crater-agent-workspace/builds/worker-97/target:/opt/rustwide/target:rw,Z" "-v" "/var/lib/crater-agent-workspace/builds/worker-97/source:/opt/rustwide/workdir:ro,Z" "-v" "/var/lib/crater-agent-workspace/cargo-home:/opt/rustwide/cargo-home:ro,Z" "-v" "/var/lib/crater-agent-workspace/rustup-home:/opt/rustwide/rustup-home:ro,Z" "-e" "SOURCE_DIR=/opt/rustwide/workdir" "-e" "CARGO_TARGET_DIR=/opt/rustwide/target" "-e" "CARGO_INCREMENTAL=0" "-e" "RUST_BACKTRACE=full" "-e" "RUSTFLAGS=--cap-lints=warn" "-e" "CARGO_HOME=/opt/rustwide/cargo-home" "-e" "RUSTUP_HOME=/opt/rustwide/rustup-home" "-w" "/opt/rustwide/workdir" "-m" "1610612736" "--user" "0:0" "--network" "none" "ghcr.io/rust-lang/crates-build-env/linux@sha256:34b6a614d2c27851fe6cbf88fbd1137609cefab8b10d0615aaeb6fd47975d74e" "/opt/rustwide/cargo-home/bin/cargo" "+1.54.0" "build" "--frozen" "--message-format=json", kill_on_drop: false }`
[INFO] [stdout] fbdbbd137a16df3161dc5de0fe4190eee12a95803b28a4c9e2db49c2d65a2470
[INFO] running `Command { std: "docker" "start" "-a" "fbdbbd137a16df3161dc5de0fe4190eee12a95803b28a4c9e2db49c2d65a2470", kill_on_drop: false }`
[INFO] [stderr]    Compiling either v1.6.1
[INFO] [stderr]    Compiling itertools v0.5.10
[INFO] [stderr]    Compiling fatr v0.2.0 (/opt/rustwide/workdir)
[INFO] [stdout] warning: use of deprecated macro `try`: use the `?` operator instead
[INFO] [stdout]   --> src/commands/add.rs:52:9
[INFO] [stdout]    |
[INFO] [stdout] 52 |         try!(image.write_data_sector(entry_index, &chunk));
[INFO] [stdout]    |         ^^^
[INFO] [stdout]    |
[INFO] [stdout]    = note: `#[warn(deprecated)]` on by default
[INFO] [stdout] 
[INFO] [stdout] 
[INFO] [stdout] warning: trait objects without an explicit `dyn` are deprecated
[INFO] [stdout]   --> src/commands/add.rs:10:23
[INFO] [stdout]    |
[INFO] [stdout] 10 |     -> Result<(), Box<error::Error>>
[INFO] [stdout]    |                       ^^^^^^^^^^^^ help: use `dyn`: `dyn error::Error`
[INFO] [stdout]    |
[INFO] [stdout]    = note: `#[warn(bare_trait_objects)]` on by default
[INFO] [stdout]    = warning: this was previously accepted by the compiler but is being phased out; it will become a hard error in the 2021 edition!
[INFO] [stdout]    = note: for more information, see issue #80165 <https://github.com/rust-lang/rust/issues/80165>
[INFO] [stdout] 
[INFO] [stdout] 
[INFO] [stdout] warning: trait objects without an explicit `dyn` are deprecated
[INFO] [stdout]  --> src/commands/detail.rs:6:23
[INFO] [stdout]   |
[INFO] [stdout] 6 |     -> Result<(), Box<error::Error>>
[INFO] [stdout]   |                       ^^^^^^^^^^^^ help: use `dyn`: `dyn error::Error`
[INFO] [stdout]   |
[INFO] [stdout]   = warning: this was previously accepted by the compiler but is being phased out; it will become a hard error in the 2021 edition!
[INFO] [stdout]   = note: for more information, see issue #80165 <https://github.com/rust-lang/rust/issues/80165>
[INFO] [stdout] 
[INFO] [stdout] 
[INFO] [stdout] warning: trait objects without an explicit `dyn` are deprecated
[INFO] [stdout]  --> src/commands/list.rs:6:23
[INFO] [stdout]   |
[INFO] [stdout] 6 |     -> Result<(), Box<error::Error>>
[INFO] [stdout]   |                       ^^^^^^^^^^^^ help: use `dyn`: `dyn error::Error`
[INFO] [stdout]   |
[INFO] [stdout]   = warning: this was previously accepted by the compiler but is being phased out; it will become a hard error in the 2021 edition!
[INFO] [stdout]   = note: for more information, see issue #80165 <https://github.com/rust-lang/rust/issues/80165>
[INFO] [stdout] 
[INFO] [stdout] 
[INFO] [stdout] warning: trait objects without an explicit `dyn` are deprecated
[INFO] [stdout]   --> src/commands/mod.rs:11:49
[INFO] [stdout]    |
[INFO] [stdout] 11 | type Command = fn (&[String]) -> Result<(), Box<error::Error>>;
[INFO] [stdout]    |                                                 ^^^^^^^^^^^^ help: use `dyn`: `dyn error::Error`
[INFO] [stdout]    |
[INFO] [stdout]    = warning: this was previously accepted by the compiler but is being phased out; it will become a hard error in the 2021 edition!
[INFO] [stdout]    = note: for more information, see issue #80165 <https://github.com/rust-lang/rust/issues/80165>
[INFO] [stdout] 
[INFO] [stdout] 
[INFO] [stdout] warning: use of deprecated macro `try`: use the `?` operator instead
[INFO] [stdout]   --> src/fat/image.rs:53:9
[INFO] [stdout]    |
[INFO] [stdout] 53 |         try!(file.read_exact(&mut image.boot_sector));
[INFO] [stdout]    |         ^^^
[INFO] [stdout] 
[INFO] [stdout] 
[INFO] [stdout] warning: use of deprecated macro `try`: use the `?` operator instead
[INFO] [stdout]   --> src/fat/image.rs:54:9
[INFO] [stdout]    |
[INFO] [stdout] 54 |         try!(file.read_exact(&mut image.fat_1));
[INFO] [stdout]    |         ^^^
[INFO] [stdout] 
[INFO] [stdout] 
[INFO] [stdout] warning: use of deprecated macro `try`: use the `?` operator instead
[INFO] [stdout]   --> src/fat/image.rs:55:9
[INFO] [stdout]    |
[INFO] [stdout] 55 |         try!(file.read_exact(&mut image.fat_2));
[INFO] [stdout]    |         ^^^
[INFO] [stdout] 
[INFO] [stdout] 
[INFO] [stdout] warning: use of deprecated macro `try`: use the `?` operator instead
[INFO] [stdout]   --> src/fat/image.rs:56:9
[INFO] [stdout]    |
[INFO] [stdout] 56 |         try!(file.read_exact(&mut image.root_dir));
[INFO] [stdout]    |         ^^^
[INFO] [stdout] 
[INFO] [stdout] 
[INFO] [stdout] warning: use of deprecated macro `try`: use the `?` operator instead
[INFO] [stdout]   --> src/fat/image.rs:57:9
[INFO] [stdout]    |
[INFO] [stdout] 57 |         try!(file.read_exact(&mut image.data_area));
[INFO] [stdout]    |         ^^^
[INFO] [stdout] 
[INFO] [stdout] 
[INFO] [stdout] warning: trait objects without an explicit `dyn` are deprecated
[INFO] [stdout]   --> src/fat/image.rs:48:30
[INFO] [stdout]    |
[INFO] [stdout] 48 |         -> Result<Image, Box<error::Error>>
[INFO] [stdout]    |                              ^^^^^^^^^^^^ help: use `dyn`: `dyn error::Error`
[INFO] [stdout]    |
[INFO] [stdout]    = warning: this was previously accepted by the compiler but is being phased out; it will become a hard error in the 2021 edition!
[INFO] [stdout]    = note: for more information, see issue #80165 <https://github.com/rust-lang/rust/issues/80165>
[INFO] [stdout] 
[INFO] [stdout] 
[INFO] [stdout] warning: use of deprecated macro `try`: use the `?` operator instead
[INFO] [stdout]   --> src/fat/image.rs:67:9
[INFO] [stdout]    |
[INFO] [stdout] 67 |         try!(file.write_all(&self.boot_sector));
[INFO] [stdout]    |         ^^^
[INFO] [stdout] 
[INFO] [stdout] 
[INFO] [stdout] warning: use of deprecated macro `try`: use the `?` operator instead
[INFO] [stdout]   --> src/fat/image.rs:68:9
[INFO] [stdout]    |
[INFO] [stdout] 68 |         try!(file.write_all(&self.fat_1));
[INFO] [stdout]    |         ^^^
[INFO] [stdout] 
[INFO] [stdout] 
[INFO] [stdout] warning: use of deprecated macro `try`: use the `?` operator instead
[INFO] [stdout]   --> src/fat/image.rs:69:9
[INFO] [stdout]    |
[INFO] [stdout] 69 |         try!(file.write_all(&self.fat_2));
[INFO] [stdout]    |         ^^^
[INFO] [stdout] 
[INFO] [stdout] 
[INFO] [stdout] warning: use of deprecated macro `try`: use the `?` operator instead
[INFO] [stdout]   --> src/fat/image.rs:70:9
[INFO] [stdout]    |
[INFO] [stdout] 70 |         try!(file.write_all(&self.root_dir));
[INFO] [stdout]    |         ^^^
[INFO] [stdout] 
[INFO] [stdout] 
[INFO] [stdout] warning: use of deprecated macro `try`: use the `?` operator instead
[INFO] [stdout]   --> src/fat/image.rs:71:9
[INFO] [stdout]    |
[INFO] [stdout] 71 |         try!(file.write_all(&self.data_area));
[INFO] [stdout]    |         ^^^
[INFO] [stdout] 
[INFO] [stdout] 
[INFO] [stdout] warning: trait objects without an explicit `dyn` are deprecated
[INFO] [stdout]   --> src/fat/image.rs:94:34
[INFO] [stdout]    |
[INFO] [stdout] 94 |         -> Result<RootEntry, Box<error::Error>>
[INFO] [stdout]    |                                  ^^^^^^^^^^^^ help: use `dyn`: `dyn error::Error`
[INFO] [stdout]    |
[INFO] [stdout]    = warning: this was previously accepted by the compiler but is being phased out; it will become a hard error in the 2021 edition!
[INFO] [stdout]    = note: for more information, see issue #80165 <https://github.com/rust-lang/rust/issues/80165>
[INFO] [stdout] 
[INFO] [stdout] 
[INFO] [stdout] warning: use of deprecated macro `try`: use the `?` operator instead
[INFO] [stdout]    --> src/fat/image.rs:119:13
[INFO] [stdout]     |
[INFO] [stdout] 119 |             try!(entry.set_filename(filename));
[INFO] [stdout]     |             ^^^
[INFO] [stdout] 
[INFO] [stdout] 
[INFO] [stdout] warning: trait objects without an explicit `dyn` are deprecated
[INFO] [stdout]    --> src/fat/image.rs:113:41
[INFO] [stdout]     |
[INFO] [stdout] 113 |         -> Result<(RootEntry, u16), Box<error::Error>>
[INFO] [stdout]     |                                         ^^^^^^^^^^^^ help: use `dyn`: `dyn error::Error`
[INFO] [stdout]     |
[INFO] [stdout]     = warning: this was previously accepted by the compiler but is being phased out; it will become a hard error in the 2021 edition!
[INFO] [stdout]     = note: for more information, see issue #80165 <https://github.com/rust-lang/rust/issues/80165>
[INFO] [stdout] 
[INFO] [stdout] 
[INFO] [stdout] warning: trait objects without an explicit `dyn` are deprecated
[INFO] [stdout]    --> src/fat/image.rs:127:27
[INFO] [stdout]     |
[INFO] [stdout] 127 |         -> Result<(), Box<error::Error>>
[INFO] [stdout]     |                           ^^^^^^^^^^^^ help: use `dyn`: `dyn error::Error`
[INFO] [stdout]     |
[INFO] [stdout]     = warning: this was previously accepted by the compiler but is being phased out; it will become a hard error in the 2021 edition!
[INFO] [stdout]     = note: for more information, see issue #80165 <https://github.com/rust-lang/rust/issues/80165>
[INFO] [stdout] 
[INFO] [stdout] 
[INFO] [stdout] warning: trait objects without an explicit `dyn` are deprecated
[INFO] [stdout]    --> src/fat/image.rs:140:16
[INFO] [stdout]     |
[INFO] [stdout] 140 |         -> Box<Iterator<Item=(usize, u16)> + 'a>
[INFO] [stdout]     |                ^^^^^^^^^^^^^^^^^^^^^^^^^^^^^^^^ help: use `dyn`: `dyn Iterator<Item=(usize, u16)> + 'a`
[INFO] [stdout]     |
[INFO] [stdout]     = warning: this was previously accepted by the compiler but is being phased out; it will become a hard error in the 2021 edition!
[INFO] [stdout]     = note: for more information, see issue #80165 <https://github.com/rust-lang/rust/issues/80165>
[INFO] [stdout] 
[INFO] [stdout] 
[INFO] [stdout] warning: trait objects without an explicit `dyn` are deprecated
[INFO] [stdout]    --> src/fat/image.rs:178:27
[INFO] [stdout]     |
[INFO] [stdout] 178 |         -> Result<(), Box<error::Error>>
[INFO] [stdout]     |                           ^^^^^^^^^^^^ help: use `dyn`: `dyn error::Error`
[INFO] [stdout]     |
[INFO] [stdout]     = warning: this was previously accepted by the compiler but is being phased out; it will become a hard error in the 2021 edition!
[INFO] [stdout]     = note: for more information, see issue #80165 <https://github.com/rust-lang/rust/issues/80165>
[INFO] [stdout] 
[INFO] [stdout] 
[INFO] [stdout] warning: trait objects without an explicit `dyn` are deprecated
[INFO] [stdout]   --> src/fat/root_entry.rs:40:50
[INFO] [stdout]    |
[INFO] [stdout] 40 |     pub fn filename(&self) -> Result<String, Box<error::Error>> {
[INFO] [stdout]    |                                                  ^^^^^^^^^^^^ help: use `dyn`: `dyn error::Error`
[INFO] [stdout]    |
[INFO] [stdout]    = warning: this was previously accepted by the compiler but is being phased out; it will become a hard error in the 2021 edition!
[INFO] [stdout]    = note: for more information, see issue #80165 <https://github.com/rust-lang/rust/issues/80165>
[INFO] [stdout] 
[INFO] [stdout] 
[INFO] [stdout] warning: trait objects without an explicit `dyn` are deprecated
[INFO] [stdout]   --> src/fat/root_entry.rs:56:27
[INFO] [stdout]    |
[INFO] [stdout] 56 |         -> Result<(), Box<error::Error>>
[INFO] [stdout]    |                           ^^^^^^^^^^^^ help: use `dyn`: `dyn error::Error`
[INFO] [stdout]    |
[INFO] [stdout]    = warning: this was previously accepted by the compiler but is being phased out; it will become a hard error in the 2021 edition!
[INFO] [stdout]    = note: for more information, see issue #80165 <https://github.com/rust-lang/rust/issues/80165>
[INFO] [stdout] 
[INFO] [stdout] 
[INFO] [stdout] warning: trait objects without an explicit `dyn` are deprecated
[INFO] [stdout]   --> src/main.rs:42:19
[INFO] [stdout]    |
[INFO] [stdout] 42 | fn error(err: Box<error::Error>) {
[INFO] [stdout]    |                   ^^^^^^^^^^^^ help: use `dyn`: `dyn error::Error`
[INFO] [stdout]    |
[INFO] [stdout]    = warning: this was previously accepted by the compiler but is being phased out; it will become a hard error in the 2021 edition!
[INFO] [stdout]    = note: for more information, see issue #80165 <https://github.com/rust-lang/rust/issues/80165>
[INFO] [stdout] 
[INFO] [stdout] 
[INFO] [stdout] warning: variable does not need to be mutable
[INFO] [stdout]    --> src/fat/image.rs:185:13
[INFO] [stdout]     |
[INFO] [stdout] 185 |         let mut target_slice = &mut self.data_area[
[INFO] [stdout]     |             ----^^^^^^^^^^^^
[INFO] [stdout]     |             |
[INFO] [stdout]     |             help: remove this `mut`
[INFO] [stdout]     |
[INFO] [stdout]     = note: `#[warn(unused_mut)]` on by default
[INFO] [stdout] 
[INFO] [stdout] 
[INFO] [stdout] warning: 26 warnings emitted
[INFO] [stdout] 
[INFO] [stdout] 
[INFO] [stderr]     Finished dev [unoptimized + debuginfo] target(s) in 3.79s
[INFO] running `Command { std: "docker" "inspect" "fbdbbd137a16df3161dc5de0fe4190eee12a95803b28a4c9e2db49c2d65a2470", kill_on_drop: false }`
[INFO] running `Command { std: "docker" "rm" "-f" "fbdbbd137a16df3161dc5de0fe4190eee12a95803b28a4c9e2db49c2d65a2470", kill_on_drop: false }`
[INFO] [stdout] fbdbbd137a16df3161dc5de0fe4190eee12a95803b28a4c9e2db49c2d65a2470
[INFO] running `Command { std: "docker" "create" "-v" "/var/lib/crater-agent-workspace/builds/worker-97/target:/opt/rustwide/target:rw,Z" "-v" "/var/lib/crater-agent-workspace/builds/worker-97/source:/opt/rustwide/workdir:ro,Z" "-v" "/var/lib/crater-agent-workspace/cargo-home:/opt/rustwide/cargo-home:ro,Z" "-v" "/var/lib/crater-agent-workspace/rustup-home:/opt/rustwide/rustup-home:ro,Z" "-e" "SOURCE_DIR=/opt/rustwide/workdir" "-e" "CARGO_TARGET_DIR=/opt/rustwide/target" "-e" "CARGO_INCREMENTAL=0" "-e" "RUST_BACKTRACE=full" "-e" "RUSTFLAGS=--cap-lints=warn" "-e" "CARGO_HOME=/opt/rustwide/cargo-home" "-e" "RUSTUP_HOME=/opt/rustwide/rustup-home" "-w" "/opt/rustwide/workdir" "-m" "1610612736" "--user" "0:0" "--network" "none" "ghcr.io/rust-lang/crates-build-env/linux@sha256:34b6a614d2c27851fe6cbf88fbd1137609cefab8b10d0615aaeb6fd47975d74e" "/opt/rustwide/cargo-home/bin/cargo" "+1.54.0" "test" "--frozen" "--no-run" "--message-format=json", kill_on_drop: false }`
[INFO] [stdout] a766e060da7a9efbc1a1fa6404eb8d71abaaec2c8718aec1556bc6752bc804f1
[INFO] running `Command { std: "docker" "start" "-a" "a766e060da7a9efbc1a1fa6404eb8d71abaaec2c8718aec1556bc6752bc804f1", kill_on_drop: false }`
[INFO] [stderr]     Blocking waiting for file lock on package cache
[INFO] [stderr]    Compiling fatr v0.2.0 (/opt/rustwide/workdir)
[INFO] [stdout] warning: use of deprecated macro `try`: use the `?` operator instead
[INFO] [stdout]   --> src/commands/add.rs:52:9
[INFO] [stdout]    |
[INFO] [stdout] 52 |         try!(image.write_data_sector(entry_index, &chunk));
[INFO] [stdout]    |         ^^^
[INFO] [stdout]    |
[INFO] [stdout]    = note: `#[warn(deprecated)]` on by default
[INFO] [stdout] 
[INFO] [stdout] 
[INFO] [stdout] warning: trait objects without an explicit `dyn` are deprecated
[INFO] [stdout]   --> src/commands/add.rs:10:23
[INFO] [stdout]    |
[INFO] [stdout] 10 |     -> Result<(), Box<error::Error>>
[INFO] [stdout]    |                       ^^^^^^^^^^^^ help: use `dyn`: `dyn error::Error`
[INFO] [stdout]    |
[INFO] [stdout]    = note: `#[warn(bare_trait_objects)]` on by default
[INFO] [stdout]    = warning: this was previously accepted by the compiler but is being phased out; it will become a hard error in the 2021 edition!
[INFO] [stdout]    = note: for more information, see issue #80165 <https://github.com/rust-lang/rust/issues/80165>
[INFO] [stdout] 
[INFO] [stdout] 
[INFO] [stdout] warning: trait objects without an explicit `dyn` are deprecated
[INFO] [stdout]  --> src/commands/detail.rs:6:23
[INFO] [stdout]   |
[INFO] [stdout] 6 |     -> Result<(), Box<error::Error>>
[INFO] [stdout]   |                       ^^^^^^^^^^^^ help: use `dyn`: `dyn error::Error`
[INFO] [stdout]   |
[INFO] [stdout]   = warning: this was previously accepted by the compiler but is being phased out; it will become a hard error in the 2021 edition!
[INFO] [stdout]   = note: for more information, see issue #80165 <https://github.com/rust-lang/rust/issues/80165>
[INFO] [stdout] 
[INFO] [stdout] 
[INFO] [stdout] warning: trait objects without an explicit `dyn` are deprecated
[INFO] [stdout]  --> src/commands/list.rs:6:23
[INFO] [stdout]   |
[INFO] [stdout] 6 |     -> Result<(), Box<error::Error>>
[INFO] [stdout]   |                       ^^^^^^^^^^^^ help: use `dyn`: `dyn error::Error`
[INFO] [stdout]   |
[INFO] [stdout]   = warning: this was previously accepted by the compiler but is being phased out; it will become a hard error in the 2021 edition!
[INFO] [stdout]   = note: for more information, see issue #80165 <https://github.com/rust-lang/rust/issues/80165>
[INFO] [stdout] 
[INFO] [stdout] 
[INFO] [stdout] warning: trait objects without an explicit `dyn` are deprecated
[INFO] [stdout]   --> src/commands/mod.rs:11:49
[INFO] [stdout]    |
[INFO] [stdout] 11 | type Command = fn (&[String]) -> Result<(), Box<error::Error>>;
[INFO] [stdout]    |                                                 ^^^^^^^^^^^^ help: use `dyn`: `dyn error::Error`
[INFO] [stdout]    |
[INFO] [stdout]    = warning: this was previously accepted by the compiler but is being phased out; it will become a hard error in the 2021 edition!
[INFO] [stdout]    = note: for more information, see issue #80165 <https://github.com/rust-lang/rust/issues/80165>
[INFO] [stdout] 
[INFO] [stdout] 
[INFO] [stdout] warning: use of deprecated macro `try`: use the `?` operator instead
[INFO] [stdout]   --> src/fat/image.rs:53:9
[INFO] [stdout]    |
[INFO] [stdout] 53 |         try!(file.read_exact(&mut image.boot_sector));
[INFO] [stdout]    |         ^^^
[INFO] [stdout] 
[INFO] [stdout] 
[INFO] [stdout] warning: use of deprecated macro `try`: use the `?` operator instead
[INFO] [stdout]   --> src/fat/image.rs:54:9
[INFO] [stdout]    |
[INFO] [stdout] 54 |         try!(file.read_exact(&mut image.fat_1));
[INFO] [stdout]    |         ^^^
[INFO] [stdout] 
[INFO] [stdout] 
[INFO] [stdout] warning: use of deprecated macro `try`: use the `?` operator instead
[INFO] [stdout]   --> src/fat/image.rs:55:9
[INFO] [stdout]    |
[INFO] [stdout] 55 |         try!(file.read_exact(&mut image.fat_2));
[INFO] [stdout]    |         ^^^
[INFO] [stdout] 
[INFO] [stdout] 
[INFO] [stdout] warning: use of deprecated macro `try`: use the `?` operator instead
[INFO] [stdout]   --> src/fat/image.rs:56:9
[INFO] [stdout]    |
[INFO] [stdout] 56 |         try!(file.read_exact(&mut image.root_dir));
[INFO] [stdout]    |         ^^^
[INFO] [stdout] 
[INFO] [stdout] 
[INFO] [stdout] warning: use of deprecated macro `try`: use the `?` operator instead
[INFO] [stdout]   --> src/fat/image.rs:57:9
[INFO] [stdout]    |
[INFO] [stdout] 57 |         try!(file.read_exact(&mut image.data_area));
[INFO] [stdout]    |         ^^^
[INFO] [stdout] 
[INFO] [stdout] 
[INFO] [stdout] warning: trait objects without an explicit `dyn` are deprecated
[INFO] [stdout]   --> src/fat/image.rs:48:30
[INFO] [stdout]    |
[INFO] [stdout] 48 |         -> Result<Image, Box<error::Error>>
[INFO] [stdout]    |                              ^^^^^^^^^^^^ help: use `dyn`: `dyn error::Error`
[INFO] [stdout]    |
[INFO] [stdout]    = warning: this was previously accepted by the compiler but is being phased out; it will become a hard error in the 2021 edition!
[INFO] [stdout]    = note: for more information, see issue #80165 <https://github.com/rust-lang/rust/issues/80165>
[INFO] [stdout] 
[INFO] [stdout] 
[INFO] [stdout] warning: use of deprecated macro `try`: use the `?` operator instead
[INFO] [stdout]   --> src/fat/image.rs:67:9
[INFO] [stdout]    |
[INFO] [stdout] 67 |         try!(file.write_all(&self.boot_sector));
[INFO] [stdout]    |         ^^^
[INFO] [stdout] 
[INFO] [stdout] 
[INFO] [stdout] warning: use of deprecated macro `try`: use the `?` operator instead
[INFO] [stdout]   --> src/fat/image.rs:68:9
[INFO] [stdout]    |
[INFO] [stdout] 68 |         try!(file.write_all(&self.fat_1));
[INFO] [stdout]    |         ^^^
[INFO] [stdout] 
[INFO] [stdout] 
[INFO] [stdout] warning: use of deprecated macro `try`: use the `?` operator instead
[INFO] [stdout]   --> src/fat/image.rs:69:9
[INFO] [stdout]    |
[INFO] [stdout] 69 |         try!(file.write_all(&self.fat_2));
[INFO] [stdout]    |         ^^^
[INFO] [stdout] 
[INFO] [stdout] 
[INFO] [stdout] warning: use of deprecated macro `try`: use the `?` operator instead
[INFO] [stdout]   --> src/fat/image.rs:70:9
[INFO] [stdout]    |
[INFO] [stdout] 70 |         try!(file.write_all(&self.root_dir));
[INFO] [stdout]    |         ^^^
[INFO] [stdout] 
[INFO] [stdout] 
[INFO] [stdout] warning: use of deprecated macro `try`: use the `?` operator instead
[INFO] [stdout]   --> src/fat/image.rs:71:9
[INFO] [stdout]    |
[INFO] [stdout] 71 |         try!(file.write_all(&self.data_area));
[INFO] [stdout]    |         ^^^
[INFO] [stdout] 
[INFO] [stdout] 
[INFO] [stdout] warning: trait objects without an explicit `dyn` are deprecated
[INFO] [stdout]   --> src/fat/image.rs:94:34
[INFO] [stdout]    |
[INFO] [stdout] 94 |         -> Result<RootEntry, Box<error::Error>>
[INFO] [stdout]    |                                  ^^^^^^^^^^^^ help: use `dyn`: `dyn error::Error`
[INFO] [stdout]    |
[INFO] [stdout]    = warning: this was previously accepted by the compiler but is being phased out; it will become a hard error in the 2021 edition!
[INFO] [stdout]    = note: for more information, see issue #80165 <https://github.com/rust-lang/rust/issues/80165>
[INFO] [stdout] 
[INFO] [stdout] 
[INFO] [stdout] warning: use of deprecated macro `try`: use the `?` operator instead
[INFO] [stdout]    --> src/fat/image.rs:119:13
[INFO] [stdout]     |
[INFO] [stdout] 119 |             try!(entry.set_filename(filename));
[INFO] [stdout]     |             ^^^
[INFO] [stdout] 
[INFO] [stdout] 
[INFO] [stdout] warning: trait objects without an explicit `dyn` are deprecated
[INFO] [stdout]    --> src/fat/image.rs:113:41
[INFO] [stdout]     |
[INFO] [stdout] 113 |         -> Result<(RootEntry, u16), Box<error::Error>>
[INFO] [stdout]     |                                         ^^^^^^^^^^^^ help: use `dyn`: `dyn error::Error`
[INFO] [stdout]     |
[INFO] [stdout]     = warning: this was previously accepted by the compiler but is being phased out; it will become a hard error in the 2021 edition!
[INFO] [stdout]     = note: for more information, see issue #80165 <https://github.com/rust-lang/rust/issues/80165>
[INFO] [stdout] 
[INFO] [stdout] 
[INFO] [stdout] warning: trait objects without an explicit `dyn` are deprecated
[INFO] [stdout]    --> src/fat/image.rs:127:27
[INFO] [stdout]     |
[INFO] [stdout] 127 |         -> Result<(), Box<error::Error>>
[INFO] [stdout]     |                           ^^^^^^^^^^^^ help: use `dyn`: `dyn error::Error`
[INFO] [stdout]     |
[INFO] [stdout]     = warning: this was previously accepted by the compiler but is being phased out; it will become a hard error in the 2021 edition!
[INFO] [stdout]     = note: for more information, see issue #80165 <https://github.com/rust-lang/rust/issues/80165>
[INFO] [stdout] 
[INFO] [stdout] 
[INFO] [stdout] warning: trait objects without an explicit `dyn` are deprecated
[INFO] [stdout]    --> src/fat/image.rs:140:16
[INFO] [stdout]     |
[INFO] [stdout] 140 |         -> Box<Iterator<Item=(usize, u16)> + 'a>
[INFO] [stdout]     |                ^^^^^^^^^^^^^^^^^^^^^^^^^^^^^^^^ help: use `dyn`: `dyn Iterator<Item=(usize, u16)> + 'a`
[INFO] [stdout]     |
[INFO] [stdout]     = warning: this was previously accepted by the compiler but is being phased out; it will become a hard error in the 2021 edition!
[INFO] [stdout]     = note: for more information, see issue #80165 <https://github.com/rust-lang/rust/issues/80165>
[INFO] [stdout] 
[INFO] [stdout] 
[INFO] [stdout] warning: trait objects without an explicit `dyn` are deprecated
[INFO] [stdout]    --> src/fat/image.rs:178:27
[INFO] [stdout]     |
[INFO] [stdout] 178 |         -> Result<(), Box<error::Error>>
[INFO] [stdout]     |                           ^^^^^^^^^^^^ help: use `dyn`: `dyn error::Error`
[INFO] [stdout]     |
[INFO] [stdout]     = warning: this was previously accepted by the compiler but is being phased out; it will become a hard error in the 2021 edition!
[INFO] [stdout]     = note: for more information, see issue #80165 <https://github.com/rust-lang/rust/issues/80165>
[INFO] [stdout] 
[INFO] [stdout] 
[INFO] [stdout] warning: trait objects without an explicit `dyn` are deprecated
[INFO] [stdout]   --> src/fat/root_entry.rs:40:50
[INFO] [stdout]    |
[INFO] [stdout] 40 |     pub fn filename(&self) -> Result<String, Box<error::Error>> {
[INFO] [stdout]    |                                                  ^^^^^^^^^^^^ help: use `dyn`: `dyn error::Error`
[INFO] [stdout]    |
[INFO] [stdout]    = warning: this was previously accepted by the compiler but is being phased out; it will become a hard error in the 2021 edition!
[INFO] [stdout]    = note: for more information, see issue #80165 <https://github.com/rust-lang/rust/issues/80165>
[INFO] [stdout] 
[INFO] [stdout] 
[INFO] [stdout] warning: trait objects without an explicit `dyn` are deprecated
[INFO] [stdout]   --> src/fat/root_entry.rs:56:27
[INFO] [stdout]    |
[INFO] [stdout] 56 |         -> Result<(), Box<error::Error>>
[INFO] [stdout]    |                           ^^^^^^^^^^^^ help: use `dyn`: `dyn error::Error`
[INFO] [stdout]    |
[INFO] [stdout]    = warning: this was previously accepted by the compiler but is being phased out; it will become a hard error in the 2021 edition!
[INFO] [stdout]    = note: for more information, see issue #80165 <https://github.com/rust-lang/rust/issues/80165>
[INFO] [stdout] 
[INFO] [stdout] 
[INFO] [stdout] warning: trait objects without an explicit `dyn` are deprecated
[INFO] [stdout]   --> src/main.rs:42:19
[INFO] [stdout]    |
[INFO] [stdout] 42 | fn error(err: Box<error::Error>) {
[INFO] [stdout]    |                   ^^^^^^^^^^^^ help: use `dyn`: `dyn error::Error`
[INFO] [stdout]    |
[INFO] [stdout]    = warning: this was previously accepted by the compiler but is being phased out; it will become a hard error in the 2021 edition!
[INFO] [stdout]    = note: for more information, see issue #80165 <https://github.com/rust-lang/rust/issues/80165>
[INFO] [stdout] 
[INFO] [stdout] 
[INFO] [stdout] warning: variable does not need to be mutable
[INFO] [stdout]    --> src/fat/image.rs:185:13
[INFO] [stdout]     |
[INFO] [stdout] 185 |         let mut target_slice = &mut self.data_area[
[INFO] [stdout]     |             ----^^^^^^^^^^^^
[INFO] [stdout]     |             |
[INFO] [stdout]     |             help: remove this `mut`
[INFO] [stdout]     |
[INFO] [stdout]     = note: `#[warn(unused_mut)]` on by default
[INFO] [stdout] 
[INFO] [stdout] 
[INFO] [stdout] warning: 26 warnings emitted
[INFO] [stdout] 
[INFO] [stdout] 
[INFO] [stderr]     Finished test [unoptimized + debuginfo] target(s) in 3.87s
[INFO] running `Command { std: "docker" "inspect" "a766e060da7a9efbc1a1fa6404eb8d71abaaec2c8718aec1556bc6752bc804f1", kill_on_drop: false }`
[INFO] running `Command { std: "docker" "rm" "-f" "a766e060da7a9efbc1a1fa6404eb8d71abaaec2c8718aec1556bc6752bc804f1", kill_on_drop: false }`
[INFO] [stdout] a766e060da7a9efbc1a1fa6404eb8d71abaaec2c8718aec1556bc6752bc804f1
[INFO] running `Command { std: "docker" "create" "-v" "/var/lib/crater-agent-workspace/builds/worker-97/target:/opt/rustwide/target:rw,Z" "-v" "/var/lib/crater-agent-workspace/builds/worker-97/source:/opt/rustwide/workdir:ro,Z" "-v" "/var/lib/crater-agent-workspace/cargo-home:/opt/rustwide/cargo-home:ro,Z" "-v" "/var/lib/crater-agent-workspace/rustup-home:/opt/rustwide/rustup-home:ro,Z" "-e" "SOURCE_DIR=/opt/rustwide/workdir" "-e" "CARGO_TARGET_DIR=/opt/rustwide/target" "-e" "CARGO_INCREMENTAL=0" "-e" "RUST_BACKTRACE=full" "-e" "RUSTFLAGS=--cap-lints=warn" "-e" "CARGO_HOME=/opt/rustwide/cargo-home" "-e" "RUSTUP_HOME=/opt/rustwide/rustup-home" "-w" "/opt/rustwide/workdir" "-m" "1610612736" "--user" "0:0" "--network" "none" "ghcr.io/rust-lang/crates-build-env/linux@sha256:34b6a614d2c27851fe6cbf88fbd1137609cefab8b10d0615aaeb6fd47975d74e" "/opt/rustwide/cargo-home/bin/cargo" "+1.54.0" "test" "--frozen", kill_on_drop: false }`
[INFO] [stdout] c44b3f7319937648a18f41dabe0c229f7048585a8cfc7dc92e52dc06359467e1
[INFO] running `Command { std: "docker" "start" "-a" "c44b3f7319937648a18f41dabe0c229f7048585a8cfc7dc92e52dc06359467e1", kill_on_drop: false }`
[INFO] [stderr]     Blocking waiting for file lock on package cache
[INFO] [stderr] warning: use of deprecated macro `try`: use the `?` operator instead
[INFO] [stderr]   --> src/commands/add.rs:52:9
[INFO] [stderr]    |
[INFO] [stderr] 52 |         try!(image.write_data_sector(entry_index, &chunk));
[INFO] [stderr]    |         ^^^
[INFO] [stderr]    |
[INFO] [stderr]    = note: `#[warn(deprecated)]` on by default
[INFO] [stderr] 
[INFO] [stderr] warning: trait objects without an explicit `dyn` are deprecated
[INFO] [stderr]   --> src/commands/add.rs:10:23
[INFO] [stderr]    |
[INFO] [stderr] 10 |     -> Result<(), Box<error::Error>>
[INFO] [stderr]    |                       ^^^^^^^^^^^^ help: use `dyn`: `dyn error::Error`
[INFO] [stderr]    |
[INFO] [stderr]    = note: `#[warn(bare_trait_objects)]` on by default
[INFO] [stderr]    = warning: this was previously accepted by the compiler but is being phased out; it will become a hard error in the 2021 edition!
[INFO] [stderr]    = note: for more information, see issue #80165 <https://github.com/rust-lang/rust/issues/80165>
[INFO] [stderr] 
[INFO] [stderr] warning: trait objects without an explicit `dyn` are deprecated
[INFO] [stderr]  --> src/commands/detail.rs:6:23
[INFO] [stderr]   |
[INFO] [stderr] 6 |     -> Result<(), Box<error::Error>>
[INFO] [stderr]   |                       ^^^^^^^^^^^^ help: use `dyn`: `dyn error::Error`
[INFO] [stderr]   |
[INFO] [stderr]   = warning: this was previously accepted by the compiler but is being phased out; it will become a hard error in the 2021 edition!
[INFO] [stderr]   = note: for more information, see issue #80165 <https://github.com/rust-lang/rust/issues/80165>
[INFO] [stderr] 
[INFO] [stderr] warning: trait objects without an explicit `dyn` are deprecated
[INFO] [stderr]  --> src/commands/list.rs:6:23
[INFO] [stderr]   |
[INFO] [stderr] 6 |     -> Result<(), Box<error::Error>>
[INFO] [stderr]   |                       ^^^^^^^^^^^^ help: use `dyn`: `dyn error::Error`
[INFO] [stderr]   |
[INFO] [stderr]   = warning: this was previously accepted by the compiler but is being phased out; it will become a hard error in the 2021 edition!
[INFO] [stderr]   = note: for more information, see issue #80165 <https://github.com/rust-lang/rust/issues/80165>
[INFO] [stderr] 
[INFO] [stderr] warning: trait objects without an explicit `dyn` are deprecated
[INFO] [stderr]   --> src/commands/mod.rs:11:49
[INFO] [stderr]    |
[INFO] [stderr] 11 | type Command = fn (&[String]) -> Result<(), Box<error::Error>>;
[INFO] [stderr]    |                                                 ^^^^^^^^^^^^ help: use `dyn`: `dyn error::Error`
[INFO] [stderr]    |
[INFO] [stderr]    = warning: this was previously accepted by the compiler but is being phased out; it will become a hard error in the 2021 edition!
[INFO] [stderr]    = note: for more information, see issue #80165 <https://github.com/rust-lang/rust/issues/80165>
[INFO] [stderr] 
[INFO] [stderr] warning: use of deprecated macro `try`: use the `?` operator instead
[INFO] [stderr]   --> src/fat/image.rs:53:9
[INFO] [stderr]    |
[INFO] [stderr] 53 |         try!(file.read_exact(&mut image.boot_sector));
[INFO] [stderr]    |         ^^^
[INFO] [stderr] 
[INFO] [stderr] warning: use of deprecated macro `try`: use the `?` operator instead
[INFO] [stderr]   --> src/fat/image.rs:54:9
[INFO] [stderr]    |
[INFO] [stderr] 54 |         try!(file.read_exact(&mut image.fat_1));
[INFO] [stderr]    |         ^^^
[INFO] [stderr] 
[INFO] [stderr] warning: use of deprecated macro `try`: use the `?` operator instead
[INFO] [stderr]   --> src/fat/image.rs:55:9
[INFO] [stderr]    |
[INFO] [stderr] 55 |         try!(file.read_exact(&mut image.fat_2));
[INFO] [stderr]    |         ^^^
[INFO] [stderr] 
[INFO] [stderr] warning: use of deprecated macro `try`: use the `?` operator instead
[INFO] [stderr]   --> src/fat/image.rs:56:9
[INFO] [stderr]    |
[INFO] [stderr] 56 |         try!(file.read_exact(&mut image.root_dir));
[INFO] [stderr]    |         ^^^
[INFO] [stderr] 
[INFO] [stderr] warning: use of deprecated macro `try`: use the `?` operator instead
[INFO] [stderr]   --> src/fat/image.rs:57:9
[INFO] [stderr]    |
[INFO] [stderr] 57 |         try!(file.read_exact(&mut image.data_area));
[INFO] [stderr]    |         ^^^
[INFO] [stderr] 
[INFO] [stderr] warning: trait objects without an explicit `dyn` are deprecated
[INFO] [stderr]   --> src/fat/image.rs:48:30
[INFO] [stderr]    |
[INFO] [stderr] 48 |         -> Result<Image, Box<error::Error>>
[INFO] [stderr]    |                              ^^^^^^^^^^^^ help: use `dyn`: `dyn error::Error`
[INFO] [stderr]    |
[INFO] [stderr]    = warning: this was previously accepted by the compiler but is being phased out; it will become a hard error in the 2021 edition!
[INFO] [stderr]    = note: for more information, see issue #80165 <https://github.com/rust-lang/rust/issues/80165>
[INFO] [stderr] 
[INFO] [stderr] warning: use of deprecated macro `try`: use the `?` operator instead
[INFO] [stderr]   --> src/fat/image.rs:67:9
[INFO] [stderr]    |
[INFO] [stderr] 67 |         try!(file.write_all(&self.boot_sector));
[INFO] [stderr]    |         ^^^
[INFO] [stderr] 
[INFO] [stderr] warning: use of deprecated macro `try`: use the `?` operator instead
[INFO] [stderr]   --> src/fat/image.rs:68:9
[INFO] [stderr]    |
[INFO] [stderr] 68 |         try!(file.write_all(&self.fat_1));
[INFO] [stderr]    |         ^^^
[INFO] [stderr] 
[INFO] [stderr] warning: use of deprecated macro `try`: use the `?` operator instead
[INFO] [stderr]   --> src/fat/image.rs:69:9
[INFO] [stderr]    |
[INFO] [stderr] 69 |         try!(file.write_all(&self.fat_2));
[INFO] [stderr]    |         ^^^
[INFO] [stderr] 
[INFO] [stderr] warning: use of deprecated macro `try`: use the `?` operator instead
[INFO] [stderr]   --> src/fat/image.rs:70:9
[INFO] [stderr]    |
[INFO] [stderr] 70 |         try!(file.write_all(&self.root_dir));
[INFO] [stderr]    |         ^^^
[INFO] [stderr] 
[INFO] [stderr] warning: use of deprecated macro `try`: use the `?` operator instead
[INFO] [stderr]   --> src/fat/image.rs:71:9
[INFO] [stderr]    |
[INFO] [stderr] 71 |         try!(file.write_all(&self.data_area));
[INFO] [stderr]    |         ^^^
[INFO] [stderr] 
[INFO] [stderr] warning: trait objects without an explicit `dyn` are deprecated
[INFO] [stderr]   --> src/fat/image.rs:94:34
[INFO] [stderr]    |
[INFO] [stderr] 94 |         -> Result<RootEntry, Box<error::Error>>
[INFO] [stderr]    |                                  ^^^^^^^^^^^^ help: use `dyn`: `dyn error::Error`
[INFO] [stderr]    |
[INFO] [stderr]    = warning: this was previously accepted by the compiler but is being phased out; it will become a hard error in the 2021 edition!
[INFO] [stderr]    = note: for more information, see issue #80165 <https://github.com/rust-lang/rust/issues/80165>
[INFO] [stderr] 
[INFO] [stderr] warning: use of deprecated macro `try`: use the `?` operator instead
[INFO] [stderr]    --> src/fat/image.rs:119:13
[INFO] [stderr]     |
[INFO] [stderr] 119 |             try!(entry.set_filename(filename));
[INFO] [stderr]     |             ^^^
[INFO] [stderr] 
[INFO] [stderr] warning: trait objects without an explicit `dyn` are deprecated
[INFO] [stderr]    --> src/fat/image.rs:113:41
[INFO] [stderr]     |
[INFO] [stderr] 113 |         -> Result<(RootEntry, u16), Box<error::Error>>
[INFO] [stderr]     |                                         ^^^^^^^^^^^^ help: use `dyn`: `dyn error::Error`
[INFO] [stderr]     |
[INFO] [stderr]     = warning: this was previously accepted by the compiler but is being phased out; it will become a hard error in the 2021 edition!
[INFO] [stderr]     = note: for more information, see issue #80165 <https://github.com/rust-lang/rust/issues/80165>
[INFO] [stderr] 
[INFO] [stderr] warning: trait objects without an explicit `dyn` are deprecated
[INFO] [stderr]    --> src/fat/image.rs:127:27
[INFO] [stderr]     |
[INFO] [stderr] 127 |         -> Result<(), Box<error::Error>>
[INFO] [stderr]     |                           ^^^^^^^^^^^^ help: use `dyn`: `dyn error::Error`
[INFO] [stderr]     |
[INFO] [stderr]     = warning: this was previously accepted by the compiler but is being phased out; it will become a hard error in the 2021 edition!
[INFO] [stderr]     = note: for more information, see issue #80165 <https://github.com/rust-lang/rust/issues/80165>
[INFO] [stderr] 
[INFO] [stderr] warning: trait objects without an explicit `dyn` are deprecated
[INFO] [stderr]    --> src/fat/image.rs:140:16
[INFO] [stderr]     |
[INFO] [stderr] 140 |         -> Box<Iterator<Item=(usize, u16)> + 'a>
[INFO] [stderr]     |                ^^^^^^^^^^^^^^^^^^^^^^^^^^^^^^^^ help: use `dyn`: `dyn Iterator<Item=(usize, u16)> + 'a`
[INFO] [stderr]     |
[INFO] [stderr]     = warning: this was previously accepted by the compiler but is being phased out; it will become a hard error in the 2021 edition!
[INFO] [stderr]     = note: for more information, see issue #80165 <https://github.com/rust-lang/rust/issues/80165>
[INFO] [stderr] 
[INFO] [stderr] warning: trait objects without an explicit `dyn` are deprecated
[INFO] [stderr]    --> src/fat/image.rs:178:27
[INFO] [stderr]     |
[INFO] [stderr] 178 |         -> Result<(), Box<error::Error>>
[INFO] [stderr]     |                           ^^^^^^^^^^^^ help: use `dyn`: `dyn error::Error`
[INFO] [stderr]     |
[INFO] [stderr]     = warning: this was previously accepted by the compiler but is being phased out; it will become a hard error in the 2021 edition!
[INFO] [stderr]     = note: for more information, see issue #80165 <https://github.com/rust-lang/rust/issues/80165>
[INFO] [stderr] 
[INFO] [stderr] warning: trait objects without an explicit `dyn` are deprecated
[INFO] [stderr]   --> src/fat/root_entry.rs:40:50
[INFO] [stderr]    |
[INFO] [stderr] 40 |     pub fn filename(&self) -> Result<String, Box<error::Error>> {
[INFO] [stderr]    |                                                  ^^^^^^^^^^^^ help: use `dyn`: `dyn error::Error`
[INFO] [stderr]    |
[INFO] [stderr]    = warning: this was previously accepted by the compiler but is being phased out; it will become a hard error in the 2021 edition!
[INFO] [stderr]    = note: for more information, see issue #80165 <https://github.com/rust-lang/rust/issues/80165>
[INFO] [stderr] 
[INFO] [stderr] warning: trait objects without an explicit `dyn` are deprecated
[INFO] [stderr]   --> src/fat/root_entry.rs:56:27
[INFO] [stderr]    |
[INFO] [stderr] 56 |         -> Result<(), Box<error::Error>>
[INFO] [stderr]    |                           ^^^^^^^^^^^^ help: use `dyn`: `dyn error::Error`
[INFO] [stderr]    |
[INFO] [stderr]    = warning: this was previously accepted by the compiler but is being phased out; it will become a hard error in the 2021 edition!
[INFO] [stderr]    = note: for more information, see issue #80165 <https://github.com/rust-lang/rust/issues/80165>
[INFO] [stderr] 
[INFO] [stderr] warning: trait objects without an explicit `dyn` are deprecated
[INFO] [stderr]   --> src/main.rs:42:19
[INFO] [stderr]    |
[INFO] [stderr] 42 | fn error(err: Box<error::Error>) {
[INFO] [stderr]    |                   ^^^^^^^^^^^^ help: use `dyn`: `dyn error::Error`
[INFO] [stderr]    |
[INFO] [stderr]    = warning: this was previously accepted by the compiler but is being phased out; it will become a hard error in the 2021 edition!
[INFO] [stderr]    = note: for more information, see issue #80165 <https://github.com/rust-lang/rust/issues/80165>
[INFO] [stderr] 
[INFO] [stderr] warning: variable does not need to be mutable
[INFO] [stderr]    --> src/fat/image.rs:185:13
[INFO] [stderr]     |
[INFO] [stderr] 185 |         let mut target_slice = &mut self.data_area[
[INFO] [stderr]     |             ----^^^^^^^^^^^^
[INFO] [stderr]     |             |
[INFO] [stderr]     |             help: remove this `mut`
[INFO] [stderr]     |
[INFO] [stderr]     = note: `#[warn(unused_mut)]` on by default
[INFO] [stderr] 
[INFO] [stderr] warning: 26 warnings emitted
[INFO] [stderr] 
[INFO] [stderr]     Finished test [unoptimized + debuginfo] target(s) in 0.16s
[INFO] [stderr]      Running unittests (/opt/rustwide/target/debug/deps/fatr-33a4b4e92155972b)
[INFO] [stdout] 
[INFO] [stdout] running 1 test
[INFO] [stdout] test fat::image::test_root_entry_size ... ok
[INFO] [stdout] 
[INFO] [stdout] test result: ok. 1 passed; 0 failed; 0 ignored; 0 measured; 0 filtered out; finished in 0.00s
[INFO] [stdout] 
[INFO] running `Command { std: "docker" "inspect" "c44b3f7319937648a18f41dabe0c229f7048585a8cfc7dc92e52dc06359467e1", kill_on_drop: false }`
[INFO] running `Command { std: "docker" "rm" "-f" "c44b3f7319937648a18f41dabe0c229f7048585a8cfc7dc92e52dc06359467e1", kill_on_drop: false }`
[INFO] [stdout] c44b3f7319937648a18f41dabe0c229f7048585a8cfc7dc92e52dc06359467e1
