[INFO] fetching crate biorustlings 0.0.2...
[INFO] testing biorustlings-0.0.2 against beta-2021-08-01 for beta-1.55-1
[INFO] extracting crate biorustlings 0.0.2 into /workspace/builds/worker-119/source
[INFO] validating manifest of crates.io crate biorustlings 0.0.2 on toolchain beta-2021-08-01
[INFO] running `Command { std: "/workspace/cargo-home/bin/cargo" "+beta-2021-08-01" "metadata" "--manifest-path" "Cargo.toml" "--no-deps", kill_on_drop: false }`
[INFO] started tweaking crates.io crate biorustlings 0.0.2
[INFO] finished tweaking crates.io crate biorustlings 0.0.2
[INFO] tweaked toml for crates.io crate biorustlings 0.0.2 written to /workspace/builds/worker-119/source/Cargo.toml
[INFO] running `Command { std: "/workspace/cargo-home/bin/cargo" "+beta-2021-08-01" "generate-lockfile" "--manifest-path" "Cargo.toml" "-Zno-index-update", kill_on_drop: false }`
[INFO] running `Command { std: "/workspace/cargo-home/bin/cargo" "+beta-2021-08-01" "fetch" "--manifest-path" "Cargo.toml", kill_on_drop: false }`
[INFO] [stderr]     Blocking waiting for file lock on package cache
[INFO] running `Command { std: "docker" "create" "-v" "/var/lib/crater-agent-workspace/builds/worker-119/target:/opt/rustwide/target:rw,Z" "-v" "/var/lib/crater-agent-workspace/builds/worker-119/source:/opt/rustwide/workdir:ro,Z" "-v" "/var/lib/crater-agent-workspace/cargo-home:/opt/rustwide/cargo-home:ro,Z" "-v" "/var/lib/crater-agent-workspace/rustup-home:/opt/rustwide/rustup-home:ro,Z" "-e" "SOURCE_DIR=/opt/rustwide/workdir" "-e" "CARGO_TARGET_DIR=/opt/rustwide/target" "-e" "CARGO_HOME=/opt/rustwide/cargo-home" "-e" "RUSTUP_HOME=/opt/rustwide/rustup-home" "-w" "/opt/rustwide/workdir" "-m" "1610612736" "--user" "0:0" "--network" "none" "ghcr.io/rust-lang/crates-build-env/linux@sha256:34b6a614d2c27851fe6cbf88fbd1137609cefab8b10d0615aaeb6fd47975d74e" "/opt/rustwide/cargo-home/bin/cargo" "+beta-2021-08-01" "metadata" "--no-deps" "--format-version=1", kill_on_drop: false }`
[INFO] [stdout] ec7a88c10dfb1f8324d9ff3dec9688542d0b8c319b13702332d482f9eca3f573
[INFO] running `Command { std: "docker" "start" "-a" "ec7a88c10dfb1f8324d9ff3dec9688542d0b8c319b13702332d482f9eca3f573", kill_on_drop: false }`
[INFO] running `Command { std: "docker" "inspect" "ec7a88c10dfb1f8324d9ff3dec9688542d0b8c319b13702332d482f9eca3f573", kill_on_drop: false }`
[INFO] running `Command { std: "docker" "rm" "-f" "ec7a88c10dfb1f8324d9ff3dec9688542d0b8c319b13702332d482f9eca3f573", kill_on_drop: false }`
[INFO] [stdout] ec7a88c10dfb1f8324d9ff3dec9688542d0b8c319b13702332d482f9eca3f573
[INFO] running `Command { std: "docker" "create" "-v" "/var/lib/crater-agent-workspace/builds/worker-119/target:/opt/rustwide/target:rw,Z" "-v" "/var/lib/crater-agent-workspace/builds/worker-119/source:/opt/rustwide/workdir:ro,Z" "-v" "/var/lib/crater-agent-workspace/cargo-home:/opt/rustwide/cargo-home:ro,Z" "-v" "/var/lib/crater-agent-workspace/rustup-home:/opt/rustwide/rustup-home:ro,Z" "-e" "SOURCE_DIR=/opt/rustwide/workdir" "-e" "CARGO_TARGET_DIR=/opt/rustwide/target" "-e" "CARGO_INCREMENTAL=0" "-e" "RUST_BACKTRACE=full" "-e" "RUSTFLAGS=--cap-lints=warn" "-e" "CARGO_HOME=/opt/rustwide/cargo-home" "-e" "RUSTUP_HOME=/opt/rustwide/rustup-home" "-w" "/opt/rustwide/workdir" "-m" "1610612736" "--user" "0:0" "--network" "none" "ghcr.io/rust-lang/crates-build-env/linux@sha256:34b6a614d2c27851fe6cbf88fbd1137609cefab8b10d0615aaeb6fd47975d74e" "/opt/rustwide/cargo-home/bin/cargo" "+beta-2021-08-01" "build" "--frozen" "--message-format=json", kill_on_drop: false }`
[INFO] [stdout] c92d1c8b68cf8a6cb3c067985a6fc7d57274332113117e19c6b52325f2d2785d
[INFO] running `Command { std: "docker" "start" "-a" "c92d1c8b68cf8a6cb3c067985a6fc7d57274332113117e19c6b52325f2d2785d", kill_on_drop: false }`
[INFO] [stderr]    Compiling bitflags v0.9.1
[INFO] [stderr]    Compiling xml-rs v0.6.1
[INFO] [stderr]    Compiling biorustlings v0.0.2 (/opt/rustwide/workdir)
[INFO] [stdout] warning: trait objects without an explicit `dyn` are deprecated
[INFO] [stdout]   --> src/bin/uniparc_xml_parser.rs:15:18
[INFO] [stdout]    |
[INFO] [stdout] 15 | type Error = Box<error::Error + Send + Sync>;
[INFO] [stdout]    |                  ^^^^^^^^^^^^^^^^^^^^^^^^^^ help: use `dyn`: `dyn error::Error + Send + Sync`
[INFO] [stdout]    |
[INFO] [stdout]    = note: `#[warn(bare_trait_objects)]` on by default
[INFO] [stdout]    = warning: this is accepted in the current edition (Rust 2015) but is a hard error in Rust 2021!
[INFO] [stdout]    = note: for more information, see issue #80165 <https://github.com/rust-lang/rust/issues/80165>
[INFO] [stdout] 
[INFO] [stdout] 
[INFO] [stdout] warning: 1 warning emitted
[INFO] [stdout] 
[INFO] [stdout] 
[INFO] [stderr]     Finished dev [unoptimized + debuginfo] target(s) in 3.92s
[INFO] running `Command { std: "docker" "inspect" "c92d1c8b68cf8a6cb3c067985a6fc7d57274332113117e19c6b52325f2d2785d", kill_on_drop: false }`
[INFO] running `Command { std: "docker" "rm" "-f" "c92d1c8b68cf8a6cb3c067985a6fc7d57274332113117e19c6b52325f2d2785d", kill_on_drop: false }`
[INFO] [stdout] c92d1c8b68cf8a6cb3c067985a6fc7d57274332113117e19c6b52325f2d2785d
[INFO] running `Command { std: "docker" "create" "-v" "/var/lib/crater-agent-workspace/builds/worker-119/target:/opt/rustwide/target:rw,Z" "-v" "/var/lib/crater-agent-workspace/builds/worker-119/source:/opt/rustwide/workdir:ro,Z" "-v" "/var/lib/crater-agent-workspace/cargo-home:/opt/rustwide/cargo-home:ro,Z" "-v" "/var/lib/crater-agent-workspace/rustup-home:/opt/rustwide/rustup-home:ro,Z" "-e" "SOURCE_DIR=/opt/rustwide/workdir" "-e" "CARGO_TARGET_DIR=/opt/rustwide/target" "-e" "CARGO_INCREMENTAL=0" "-e" "RUST_BACKTRACE=full" "-e" "RUSTFLAGS=--cap-lints=warn" "-e" "CARGO_HOME=/opt/rustwide/cargo-home" "-e" "RUSTUP_HOME=/opt/rustwide/rustup-home" "-w" "/opt/rustwide/workdir" "-m" "1610612736" "--user" "0:0" "--network" "none" "ghcr.io/rust-lang/crates-build-env/linux@sha256:34b6a614d2c27851fe6cbf88fbd1137609cefab8b10d0615aaeb6fd47975d74e" "/opt/rustwide/cargo-home/bin/cargo" "+beta-2021-08-01" "test" "--frozen" "--no-run" "--message-format=json", kill_on_drop: false }`
[INFO] [stdout] ae8229a6b1c7d2cd6878966bc1cf780990b215cde8f5c0a50bd6a7403ff91d36
[INFO] running `Command { std: "docker" "start" "-a" "ae8229a6b1c7d2cd6878966bc1cf780990b215cde8f5c0a50bd6a7403ff91d36", kill_on_drop: false }`
[INFO] [stderr]    Compiling biorustlings v0.0.2 (/opt/rustwide/workdir)
[INFO] [stdout] warning: trait objects without an explicit `dyn` are deprecated
[INFO] [stdout]   --> src/bin/uniparc_xml_parser.rs:15:18
[INFO] [stdout]    |
[INFO] [stdout] 15 | type Error = Box<error::Error + Send + Sync>;
[INFO] [stdout]    |                  ^^^^^^^^^^^^^^^^^^^^^^^^^^ help: use `dyn`: `dyn error::Error + Send + Sync`
[INFO] [stdout]    |
[INFO] [stdout]    = note: `#[warn(bare_trait_objects)]` on by default
[INFO] [stdout]    = warning: this is accepted in the current edition (Rust 2015) but is a hard error in Rust 2021!
[INFO] [stdout]    = note: for more information, see issue #80165 <https://github.com/rust-lang/rust/issues/80165>
[INFO] [stdout] 
[INFO] [stdout] 
[INFO] [stdout] warning: 1 warning emitted
[INFO] [stdout] 
[INFO] [stdout] 
[INFO] [stderr]     Finished test [unoptimized + debuginfo] target(s) in 1.36s
[INFO] running `Command { std: "docker" "inspect" "ae8229a6b1c7d2cd6878966bc1cf780990b215cde8f5c0a50bd6a7403ff91d36", kill_on_drop: false }`
[INFO] running `Command { std: "docker" "rm" "-f" "ae8229a6b1c7d2cd6878966bc1cf780990b215cde8f5c0a50bd6a7403ff91d36", kill_on_drop: false }`
[INFO] [stdout] ae8229a6b1c7d2cd6878966bc1cf780990b215cde8f5c0a50bd6a7403ff91d36
[INFO] running `Command { std: "docker" "create" "-v" "/var/lib/crater-agent-workspace/builds/worker-119/target:/opt/rustwide/target:rw,Z" "-v" "/var/lib/crater-agent-workspace/builds/worker-119/source:/opt/rustwide/workdir:ro,Z" "-v" "/var/lib/crater-agent-workspace/cargo-home:/opt/rustwide/cargo-home:ro,Z" "-v" "/var/lib/crater-agent-workspace/rustup-home:/opt/rustwide/rustup-home:ro,Z" "-e" "SOURCE_DIR=/opt/rustwide/workdir" "-e" "CARGO_TARGET_DIR=/opt/rustwide/target" "-e" "CARGO_INCREMENTAL=0" "-e" "RUST_BACKTRACE=full" "-e" "RUSTFLAGS=--cap-lints=warn" "-e" "CARGO_HOME=/opt/rustwide/cargo-home" "-e" "RUSTUP_HOME=/opt/rustwide/rustup-home" "-w" "/opt/rustwide/workdir" "-m" "1610612736" "--user" "0:0" "--network" "none" "ghcr.io/rust-lang/crates-build-env/linux@sha256:34b6a614d2c27851fe6cbf88fbd1137609cefab8b10d0615aaeb6fd47975d74e" "/opt/rustwide/cargo-home/bin/cargo" "+beta-2021-08-01" "test" "--frozen", kill_on_drop: false }`
[INFO] [stdout] 4b5713254d0b691572a36d2308343c1f9821bcaadeef49571ec26c0e4ad8064d
[INFO] running `Command { std: "docker" "start" "-a" "4b5713254d0b691572a36d2308343c1f9821bcaadeef49571ec26c0e4ad8064d", kill_on_drop: false }`
[INFO] [stderr]     Blocking waiting for file lock on package cache
[INFO] [stderr] warning: trait objects without an explicit `dyn` are deprecated
[INFO] [stderr]   --> src/bin/uniparc_xml_parser.rs:15:18
[INFO] [stderr]    |
[INFO] [stderr] 15 | type Error = Box<error::Error + Send + Sync>;
[INFO] [stderr]    |                  ^^^^^^^^^^^^^^^^^^^^^^^^^^ help: use `dyn`: `dyn error::Error + Send + Sync`
[INFO] [stderr]    |
[INFO] [stderr]    = note: `#[warn(bare_trait_objects)]` on by default
[INFO] [stderr]    = warning: this is accepted in the current edition (Rust 2015) but is a hard error in Rust 2021!
[INFO] [stderr]    = note: for more information, see issue #80165 <https://github.com/rust-lang/rust/issues/80165>
[INFO] [stderr] 
[INFO] [stderr] warning: `biorustlings` (bin "uniparc_xml_parser" test) generated 1 warning
[INFO] [stderr]     Finished test [unoptimized + debuginfo] target(s) in 1.89s
[INFO] [stderr]      Running unittests (/opt/rustwide/target/debug/deps/biorustlings-a80258ebe3604d97)
[INFO] [stdout] 
[INFO] [stderr]      Running unittests (/opt/rustwide/target/debug/deps/uniparc_xml_parser-164df0549b1c23ec)
[INFO] [stdout] running 1 test
[INFO] [stdout] test tests::it_works ... ok
[INFO] [stdout] 
[INFO] [stdout] test result: ok. 1 passed; 0 failed; 0 ignored; 0 measured; 0 filtered out; finished in 0.00s
[INFO] [stdout] 
[INFO] [stdout] 
[INFO] [stdout] running 0 tests
[INFO] [stdout] 
[INFO] [stdout] test result: ok. 0 passed; 0 failed; 0 ignored; 0 measured; 0 filtered out; finished in 0.00s
[INFO] [stdout] 
[INFO] [stderr]    Doc-tests biorustlings
[INFO] [stdout] 
[INFO] [stdout] running 0 tests
[INFO] [stdout] 
[INFO] [stdout] test result: ok. 0 passed; 0 failed; 0 ignored; 0 measured; 0 filtered out; finished in 0.00s
[INFO] [stdout] 
[INFO] running `Command { std: "docker" "inspect" "4b5713254d0b691572a36d2308343c1f9821bcaadeef49571ec26c0e4ad8064d", kill_on_drop: false }`
[INFO] running `Command { std: "docker" "rm" "-f" "4b5713254d0b691572a36d2308343c1f9821bcaadeef49571ec26c0e4ad8064d", kill_on_drop: false }`
[INFO] [stdout] 4b5713254d0b691572a36d2308343c1f9821bcaadeef49571ec26c0e4ad8064d
