[INFO] fetching crate awis-rs 0.1.1...
[INFO] testing awis-rs-0.1.1 against beta-2021-08-01 for beta-1.55-1
[INFO] extracting crate awis-rs 0.1.1 into /workspace/builds/worker-1/source
[INFO] validating manifest of crates.io crate awis-rs 0.1.1 on toolchain beta-2021-08-01
[INFO] running `Command { std: "/workspace/cargo-home/bin/cargo" "+beta-2021-08-01" "metadata" "--manifest-path" "Cargo.toml" "--no-deps", kill_on_drop: false }`
[INFO] started tweaking crates.io crate awis-rs 0.1.1
[INFO] finished tweaking crates.io crate awis-rs 0.1.1
[INFO] tweaked toml for crates.io crate awis-rs 0.1.1 written to /workspace/builds/worker-1/source/Cargo.toml
[INFO] running `Command { std: "/workspace/cargo-home/bin/cargo" "+beta-2021-08-01" "generate-lockfile" "--manifest-path" "Cargo.toml" "-Zno-index-update", kill_on_drop: false }`
[INFO] running `Command { std: "/workspace/cargo-home/bin/cargo" "+beta-2021-08-01" "fetch" "--manifest-path" "Cargo.toml", kill_on_drop: false }`
[INFO] running `Command { std: "docker" "create" "-v" "/var/lib/crater-agent-workspace/builds/worker-1/target:/opt/rustwide/target:rw,Z" "-v" "/var/lib/crater-agent-workspace/builds/worker-1/source:/opt/rustwide/workdir:ro,Z" "-v" "/var/lib/crater-agent-workspace/cargo-home:/opt/rustwide/cargo-home:ro,Z" "-v" "/var/lib/crater-agent-workspace/rustup-home:/opt/rustwide/rustup-home:ro,Z" "-e" "SOURCE_DIR=/opt/rustwide/workdir" "-e" "CARGO_TARGET_DIR=/opt/rustwide/target" "-e" "CARGO_HOME=/opt/rustwide/cargo-home" "-e" "RUSTUP_HOME=/opt/rustwide/rustup-home" "-w" "/opt/rustwide/workdir" "-m" "1610612736" "--user" "0:0" "--network" "none" "ghcr.io/rust-lang/crates-build-env/linux@sha256:34b6a614d2c27851fe6cbf88fbd1137609cefab8b10d0615aaeb6fd47975d74e" "/opt/rustwide/cargo-home/bin/cargo" "+beta-2021-08-01" "metadata" "--no-deps" "--format-version=1", kill_on_drop: false }`
[INFO] [stderr] WARNING: Your kernel does not support swap limit capabilities or the cgroup is not mounted. Memory limited without swap.
[INFO] [stdout] c8230e58ec7ef801c1bdba7692df604869fac3f66a8ec43cad86175fd58acacc
[INFO] running `Command { std: "docker" "start" "-a" "c8230e58ec7ef801c1bdba7692df604869fac3f66a8ec43cad86175fd58acacc", kill_on_drop: false }`
[INFO] running `Command { std: "docker" "inspect" "c8230e58ec7ef801c1bdba7692df604869fac3f66a8ec43cad86175fd58acacc", kill_on_drop: false }`
[INFO] running `Command { std: "docker" "rm" "-f" "c8230e58ec7ef801c1bdba7692df604869fac3f66a8ec43cad86175fd58acacc", kill_on_drop: false }`
[INFO] [stdout] c8230e58ec7ef801c1bdba7692df604869fac3f66a8ec43cad86175fd58acacc
[INFO] running `Command { std: "docker" "create" "-v" "/var/lib/crater-agent-workspace/builds/worker-1/target:/opt/rustwide/target:rw,Z" "-v" "/var/lib/crater-agent-workspace/builds/worker-1/source:/opt/rustwide/workdir:ro,Z" "-v" "/var/lib/crater-agent-workspace/cargo-home:/opt/rustwide/cargo-home:ro,Z" "-v" "/var/lib/crater-agent-workspace/rustup-home:/opt/rustwide/rustup-home:ro,Z" "-e" "SOURCE_DIR=/opt/rustwide/workdir" "-e" "CARGO_TARGET_DIR=/opt/rustwide/target" "-e" "CARGO_INCREMENTAL=0" "-e" "RUST_BACKTRACE=full" "-e" "RUSTFLAGS=--cap-lints=warn" "-e" "CARGO_HOME=/opt/rustwide/cargo-home" "-e" "RUSTUP_HOME=/opt/rustwide/rustup-home" "-w" "/opt/rustwide/workdir" "-m" "1610612736" "--user" "0:0" "--network" "none" "ghcr.io/rust-lang/crates-build-env/linux@sha256:34b6a614d2c27851fe6cbf88fbd1137609cefab8b10d0615aaeb6fd47975d74e" "/opt/rustwide/cargo-home/bin/cargo" "+beta-2021-08-01" "build" "--frozen" "--message-format=json", kill_on_drop: false }`
[INFO] [stdout] a129283422a080e64be215eabc5d3a4e09783a9e4c5ea164d16ca1247dd1db96
[INFO] [stderr] WARNING: Your kernel does not support swap limit capabilities or the cgroup is not mounted. Memory limited without swap.
[INFO] running `Command { std: "docker" "start" "-a" "a129283422a080e64be215eabc5d3a4e09783a9e4c5ea164d16ca1247dd1db96", kill_on_drop: false }`
[INFO] [stderr]    Compiling libc v0.2.98
[INFO] [stderr]    Compiling futures v0.1.31
[INFO] [stderr]    Compiling semver-parser v0.7.0
[INFO] [stderr]    Compiling maybe-uninit v2.0.0
[INFO] [stderr]    Compiling rand_core v0.4.2
[INFO] [stderr]    Compiling autocfg v0.1.7
[INFO] [stderr]    Compiling syn v1.0.74
[INFO] [stderr]    Compiling pkg-config v0.3.19
[INFO] [stderr]    Compiling memchr v2.4.0
[INFO] [stderr]    Compiling percent-encoding v1.0.1
[INFO] [stderr]    Compiling openssl v0.10.35
[INFO] [stderr]    Compiling foreign-types-shared v0.1.1
[INFO] [stderr]    Compiling gimli v0.25.0
[INFO] [stderr]    Compiling failure_derive v0.1.8
[INFO] [stderr]    Compiling rustc-demangle v0.1.20
[INFO] [stderr]    Compiling try-lock v0.2.3
[INFO] [stderr]    Compiling once_cell v1.8.0
[INFO] [stderr]    Compiling native-tls v0.2.7
[INFO] [stderr]    Compiling openssl-probe v0.1.4
[INFO] [stderr]    Compiling byte-tools v0.3.1
[INFO] [stderr]    Compiling subtle v1.0.0
[INFO] [stderr]    Compiling dtoa v0.4.8
[INFO] [stderr]    Compiling opaque-debug v0.2.3
[INFO] [stderr]    Compiling fake-simd v0.1.2
[INFO] [stderr]    Compiling crossbeam-utils v0.7.2
[INFO] [stderr]    Compiling memoffset v0.5.6
[INFO] [stderr]    Compiling crossbeam-epoch v0.8.2
[INFO] [stderr]    Compiling miniz_oxide v0.4.4
[INFO] [stderr]    Compiling num-traits v0.2.14
[INFO] [stderr]    Compiling num-integer v0.1.44
[INFO] [stderr]    Compiling lock_api v0.3.4
[INFO] [stderr]    Compiling backtrace v0.3.61
[INFO] [stderr]    Compiling try_from v0.3.2
[INFO] [stderr]    Compiling base64 v0.10.1
[INFO] [stderr]    Compiling unicase v2.6.0
[INFO] [stderr]    Compiling foreign-types v0.3.2
[INFO] [stderr]    Compiling semver v0.9.0
[INFO] [stderr]    Compiling rand_core v0.3.1
[INFO] [stderr]    Compiling rand_jitter v0.1.4
[INFO] [stderr]    Compiling block-padding v0.1.5
[INFO] [stderr]    Compiling rand_chacha v0.1.1
[INFO] [stderr]    Compiling rand_pcg v0.1.2
[INFO] [stderr]    Compiling rand v0.6.5
[INFO] [stderr]    Compiling rand_hc v0.1.0
[INFO] [stderr]    Compiling rand_isaac v0.1.1
[INFO] [stderr]    Compiling rand_xorshift v0.1.1
[INFO] [stderr]    Compiling idna v0.1.5
[INFO] [stderr]    Compiling generic-array v0.12.4
[INFO] [stderr]    Compiling rustc_version v0.2.3
[INFO] [stderr]    Compiling openssl-sys v0.9.65
[INFO] [stderr]    Compiling tokio-sync v0.1.8
[INFO] [stderr]    Compiling want v0.2.0
[INFO] [stderr]    Compiling smallvec v0.6.14
[INFO] [stderr]    Compiling publicsuffix v1.5.6
[INFO] [stderr]    Compiling object v0.26.0
[INFO] [stderr]    Compiling digest v0.8.1
[INFO] [stderr]    Compiling crypto-mac v0.7.0
[INFO] [stderr]    Compiling block-buffer v0.7.3
[INFO] [stderr]    Compiling parking_lot_core v0.6.2
[INFO] [stderr]    Compiling parking_lot v0.9.0
[INFO] [stderr]    Compiling hyper v0.12.36
[INFO] [stderr]    Compiling iovec v0.1.4
[INFO] [stderr]    Compiling num_cpus v1.13.0
[INFO] [stderr]    Compiling net2 v0.2.37
[INFO] [stderr]    Compiling time v0.1.44
[INFO] [stderr]    Compiling rand_os v0.1.3
[INFO] [stderr]    Compiling flate2 v1.0.20
[INFO] [stderr]    Compiling hmac v0.7.1
[INFO] [stderr]    Compiling sha2 v0.8.2
[INFO] [stderr]    Compiling url v1.7.2
[INFO] [stderr]    Compiling mime_guess v2.0.3
[INFO] [stderr]    Compiling bytes v0.4.12
[INFO] [stderr]    Compiling tokio-executor v0.1.10
[INFO] [stderr]    Compiling crossbeam-queue v0.2.3
[INFO] [stderr]    Compiling futures-cpupool v0.1.8
[INFO] [stderr]    Compiling mio v0.6.23
[INFO] [stderr]    Compiling addr2line v0.16.0
[INFO] [stderr]    Compiling tokio-current-thread v0.1.7
[INFO] [stderr]    Compiling tokio-timer v0.2.13
[INFO] [stderr]    Compiling tokio-io v0.1.13
[INFO] [stderr]    Compiling http v0.1.21
[INFO] [stderr]    Compiling tokio-buf v0.1.1
[INFO] [stderr]    Compiling string v0.2.1
[INFO] [stderr]    Compiling chrono v0.4.19
[INFO] [stderr]    Compiling crossbeam-deque v0.7.4
[INFO] [stderr]    Compiling cookie v0.12.0
[INFO] [stderr]    Compiling uuid v0.7.4
[INFO] [stderr]    Compiling tokio-threadpool v0.1.18
[INFO] [stderr]    Compiling tokio-reactor v0.1.12
[INFO] [stderr]    Compiling synstructure v0.12.5
[INFO] [stderr]    Compiling tokio-tcp v0.1.4
[INFO] [stderr]    Compiling tokio v0.1.22
[INFO] [stderr]    Compiling serde_derive v1.0.127
[INFO] [stderr]    Compiling http-body v0.1.0
[INFO] [stderr]    Compiling h2 v0.1.26
[INFO] [stderr]    Compiling failure v0.1.8
[INFO] [stderr]    Compiling hyper-tls v0.3.2
[INFO] [stderr]    Compiling serde v1.0.127
[INFO] [stderr]    Compiling serde_json v1.0.66
[INFO] [stderr]    Compiling serde_urlencoded v0.5.5
[INFO] [stderr]    Compiling cookie_store v0.7.0
[INFO] [stderr]    Compiling reqwest v0.9.24
[INFO] [stderr]    Compiling awis-rs v0.1.1 (/opt/rustwide/workdir)
[INFO] [stdout] warning: trait objects without an explicit `dyn` are deprecated
[INFO] [stdout]   --> src/request.rs:29:104
[INFO] [stdout]    |
[INFO] [stdout] 29 | pub fn new(access_key_id: &str, secret_access_key: &str, canonical_query: &str) -> Result<Request, Box<error::Error>> {
[INFO] [stdout]    |                                                                                                        ^^^^^^^^^^^^ help: use `dyn`: `dyn error::Error`
[INFO] [stdout]    |
[INFO] [stdout]    = note: `#[warn(bare_trait_objects)]` on by default
[INFO] [stdout]    = warning: this is accepted in the current edition (Rust 2018) but is a hard error in Rust 2021!
[INFO] [stdout]    = note: for more information, see issue #80165 <https://github.com/rust-lang/rust/issues/80165>
[INFO] [stdout] 
[INFO] [stdout] 
[INFO] [stdout] warning: trait objects without an explicit `dyn` are deprecated
[INFO] [stdout]   --> src/lib.rs:26:93
[INFO] [stdout]    |
[INFO] [stdout] 26 |     pub fn url_info(&self, response_group: &str, url: &str) -> Result<reqwest::Request, Box<error::Error>> {
[INFO] [stdout]    |                                                                                             ^^^^^^^^^^^^ help: use `dyn`: `dyn error::Error`
[INFO] [stdout]    |
[INFO] [stdout]    = warning: this is accepted in the current edition (Rust 2018) but is a hard error in Rust 2021!
[INFO] [stdout]    = note: for more information, see issue #80165 <https://github.com/rust-lang/rust/issues/80165>
[INFO] [stdout] 
[INFO] [stdout] 
[INFO] [stdout] warning: trait objects without an explicit `dyn` are deprecated
[INFO] [stdout]   --> src/request.rs:13:33
[INFO] [stdout]    |
[INFO] [stdout] 13 |     ($($tt:tt)*) => { Err(Box::<error::Error>::from(format!($($tt)*))) }
[INFO] [stdout]    |                                 ^^^^^^^^^^^^ help: use `dyn`: `dyn error::Error`
[INFO] [stdout]    | 
[INFO] [stdout]   ::: src/lib.rs:28:20
[INFO] [stdout]    |
[INFO] [stdout] 28 |             return err!("invalid response group {}", response_group);
[INFO] [stdout]    |                    ------------------------------------------------- in this macro invocation
[INFO] [stdout]    |
[INFO] [stdout]    = warning: this is accepted in the current edition (Rust 2018) but is a hard error in Rust 2021!
[INFO] [stdout]    = note: for more information, see issue #80165 <https://github.com/rust-lang/rust/issues/80165>
[INFO] [stdout]    = note: this warning originates in the macro `err` (in Nightly builds, run with -Z macro-backtrace for more info)
[INFO] [stdout] 
[INFO] [stdout] 
[INFO] [stdout] warning: trait objects without an explicit `dyn` are deprecated
[INFO] [stdout]   --> src/lib.rs:35:118
[INFO] [stdout]    |
[INFO] [stdout] 35 |     pub fn traffic_history(&self, range: Option<i8>, start: Option<&str>, url: &str) -> Result<reqwest::Request, Box<error::Error>> {
[INFO] [stdout]    |                                                                                                                      ^^^^^^^^^^^^ help: use `dyn`: `dyn error::Error`
[INFO] [stdout]    |
[INFO] [stdout]    = warning: this is accepted in the current edition (Rust 2018) but is a hard error in Rust 2021!
[INFO] [stdout]    = note: for more information, see issue #80165 <https://github.com/rust-lang/rust/issues/80165>
[INFO] [stdout] 
[INFO] [stdout] 
[INFO] [stdout] warning: trait objects without an explicit `dyn` are deprecated
[INFO] [stdout]   --> src/lib.rs:45:129
[INFO] [stdout]    |
[INFO] [stdout] 45 | ...oup: &str) -> Result<reqwest::Request, Box<error::Error>> {
[INFO] [stdout]    |                                               ^^^^^^^^^^^^ help: use `dyn`: `dyn error::Error`
[INFO] [stdout]    |
[INFO] [stdout]    = warning: this is accepted in the current edition (Rust 2018) but is a hard error in Rust 2021!
[INFO] [stdout]    = note: for more information, see issue #80165 <https://github.com/rust-lang/rust/issues/80165>
[INFO] [stdout] 
[INFO] [stdout] 
[INFO] [stdout] warning: trait objects without an explicit `dyn` are deprecated
[INFO] [stdout]   --> src/request.rs:13:33
[INFO] [stdout]    |
[INFO] [stdout] 13 |     ($($tt:tt)*) => { Err(Box::<error::Error>::from(format!($($tt)*))) }
[INFO] [stdout]    |                                 ^^^^^^^^^^^^ help: use `dyn`: `dyn error::Error`
[INFO] [stdout]    | 
[INFO] [stdout]   ::: src/lib.rs:47:20
[INFO] [stdout]    |
[INFO] [stdout] 47 |             return err!("invalid response group {}", response_group);
[INFO] [stdout]    |                    ------------------------------------------------- in this macro invocation
[INFO] [stdout]    |
[INFO] [stdout]    = warning: this is accepted in the current edition (Rust 2018) but is a hard error in Rust 2021!
[INFO] [stdout]    = note: for more information, see issue #80165 <https://github.com/rust-lang/rust/issues/80165>
[INFO] [stdout]    = note: this warning originates in the macro `err` (in Nightly builds, run with -Z macro-backtrace for more info)
[INFO] [stdout] 
[INFO] [stdout] 
[INFO] [stdout] warning: trait objects without an explicit `dyn` are deprecated
[INFO] [stdout]   --> src/lib.rs:60:130
[INFO] [stdout]    |
[INFO] [stdout] 60 | ...                   recursive: Option<bool>, sort_by: Option<&str>, start: Option<i32>) -> Result<reqwest::Request, Box<error::Error>> {
[INFO] [stdout]    |                                                                                                                           ^^^^^^^^^^^^ help: use `dyn`: `dyn error::Error`
[INFO] [stdout]    |
[INFO] [stdout]    = warning: this is accepted in the current edition (Rust 2018) but is a hard error in Rust 2021!
[INFO] [stdout]    = note: for more information, see issue #80165 <https://github.com/rust-lang/rust/issues/80165>
[INFO] [stdout] 
[INFO] [stdout] 
[INFO] [stdout] warning: trait objects without an explicit `dyn` are deprecated
[INFO] [stdout]   --> src/lib.rs:75:118
[INFO] [stdout]    |
[INFO] [stdout] 75 |     pub fn sites_linking_in(&self, count: Option<i8>, start: Option<i32>, url: &str) -> Result<reqwest::Request, Box<error::Error>> {
[INFO] [stdout]    |                                                                                                                      ^^^^^^^^^^^^ help: use `dyn`: `dyn error::Error`
[INFO] [stdout]    |
[INFO] [stdout]    = warning: this is accepted in the current edition (Rust 2018) but is a hard error in Rust 2021!
[INFO] [stdout]    = note: for more information, see issue #80165 <https://github.com/rust-lang/rust/issues/80165>
[INFO] [stdout] 
[INFO] [stdout] 
[INFO] [stdout] warning: 8 warnings emitted
[INFO] [stdout] 
[INFO] [stdout] 
[INFO] [stderr]     Finished dev [unoptimized + debuginfo] target(s) in 1m 03s
[INFO] running `Command { std: "docker" "inspect" "a129283422a080e64be215eabc5d3a4e09783a9e4c5ea164d16ca1247dd1db96", kill_on_drop: false }`
[INFO] running `Command { std: "docker" "rm" "-f" "a129283422a080e64be215eabc5d3a4e09783a9e4c5ea164d16ca1247dd1db96", kill_on_drop: false }`
[INFO] [stdout] a129283422a080e64be215eabc5d3a4e09783a9e4c5ea164d16ca1247dd1db96
[INFO] running `Command { std: "docker" "create" "-v" "/var/lib/crater-agent-workspace/builds/worker-1/target:/opt/rustwide/target:rw,Z" "-v" "/var/lib/crater-agent-workspace/builds/worker-1/source:/opt/rustwide/workdir:ro,Z" "-v" "/var/lib/crater-agent-workspace/cargo-home:/opt/rustwide/cargo-home:ro,Z" "-v" "/var/lib/crater-agent-workspace/rustup-home:/opt/rustwide/rustup-home:ro,Z" "-e" "SOURCE_DIR=/opt/rustwide/workdir" "-e" "CARGO_TARGET_DIR=/opt/rustwide/target" "-e" "CARGO_INCREMENTAL=0" "-e" "RUST_BACKTRACE=full" "-e" "RUSTFLAGS=--cap-lints=warn" "-e" "CARGO_HOME=/opt/rustwide/cargo-home" "-e" "RUSTUP_HOME=/opt/rustwide/rustup-home" "-w" "/opt/rustwide/workdir" "-m" "1610612736" "--user" "0:0" "--network" "none" "ghcr.io/rust-lang/crates-build-env/linux@sha256:34b6a614d2c27851fe6cbf88fbd1137609cefab8b10d0615aaeb6fd47975d74e" "/opt/rustwide/cargo-home/bin/cargo" "+beta-2021-08-01" "test" "--frozen" "--no-run" "--message-format=json", kill_on_drop: false }`
[INFO] [stdout] d5071cad1dff09ef0fc84219989ced390b2bba7450a00fffd8ed3d27d3a77107
[INFO] [stderr] WARNING: Your kernel does not support swap limit capabilities or the cgroup is not mounted. Memory limited without swap.
[INFO] running `Command { std: "docker" "start" "-a" "d5071cad1dff09ef0fc84219989ced390b2bba7450a00fffd8ed3d27d3a77107", kill_on_drop: false }`
[INFO] [stderr]    Compiling awis-rs v0.1.1 (/opt/rustwide/workdir)
[INFO] [stdout] warning: trait objects without an explicit `dyn` are deprecated
[INFO] [stdout]   --> src/request.rs:29:104
[INFO] [stdout]    |
[INFO] [stdout] 29 | pub fn new(access_key_id: &str, secret_access_key: &str, canonical_query: &str) -> Result<Request, Box<error::Error>> {
[INFO] [stdout]    |                                                                                                        ^^^^^^^^^^^^ help: use `dyn`: `dyn error::Error`
[INFO] [stdout]    |
[INFO] [stdout]    = note: `#[warn(bare_trait_objects)]` on by default
[INFO] [stdout]    = warning: this is accepted in the current edition (Rust 2018) but is a hard error in Rust 2021!
[INFO] [stdout]    = note: for more information, see issue #80165 <https://github.com/rust-lang/rust/issues/80165>
[INFO] [stdout] 
[INFO] [stdout] 
[INFO] [stdout] warning: trait objects without an explicit `dyn` are deprecated
[INFO] [stdout]   --> src/lib.rs:26:93
[INFO] [stdout]    |
[INFO] [stdout] 26 |     pub fn url_info(&self, response_group: &str, url: &str) -> Result<reqwest::Request, Box<error::Error>> {
[INFO] [stdout]    |                                                                                             ^^^^^^^^^^^^ help: use `dyn`: `dyn error::Error`
[INFO] [stdout]    |
[INFO] [stdout]    = warning: this is accepted in the current edition (Rust 2018) but is a hard error in Rust 2021!
[INFO] [stdout]    = note: for more information, see issue #80165 <https://github.com/rust-lang/rust/issues/80165>
[INFO] [stdout] 
[INFO] [stdout] 
[INFO] [stdout] warning: trait objects without an explicit `dyn` are deprecated
[INFO] [stdout]   --> src/request.rs:13:33
[INFO] [stdout]    |
[INFO] [stdout] 13 |     ($($tt:tt)*) => { Err(Box::<error::Error>::from(format!($($tt)*))) }
[INFO] [stdout]    |                                 ^^^^^^^^^^^^ help: use `dyn`: `dyn error::Error`
[INFO] [stdout]    | 
[INFO] [stdout]   ::: src/lib.rs:28:20
[INFO] [stdout]    |
[INFO] [stdout] 28 |             return err!("invalid response group {}", response_group);
[INFO] [stdout]    |                    ------------------------------------------------- in this macro invocation
[INFO] [stdout]    |
[INFO] [stdout]    = warning: this is accepted in the current edition (Rust 2018) but is a hard error in Rust 2021!
[INFO] [stdout]    = note: for more information, see issue #80165 <https://github.com/rust-lang/rust/issues/80165>
[INFO] [stdout]    = note: this warning originates in the macro `err` (in Nightly builds, run with -Z macro-backtrace for more info)
[INFO] [stdout] 
[INFO] [stdout] 
[INFO] [stdout] warning: trait objects without an explicit `dyn` are deprecated
[INFO] [stdout]   --> src/lib.rs:35:118
[INFO] [stdout]    |
[INFO] [stdout] 35 |     pub fn traffic_history(&self, range: Option<i8>, start: Option<&str>, url: &str) -> Result<reqwest::Request, Box<error::Error>> {
[INFO] [stdout]    |                                                                                                                      ^^^^^^^^^^^^ help: use `dyn`: `dyn error::Error`
[INFO] [stdout]    |
[INFO] [stdout]    = warning: this is accepted in the current edition (Rust 2018) but is a hard error in Rust 2021!
[INFO] [stdout]    = note: for more information, see issue #80165 <https://github.com/rust-lang/rust/issues/80165>
[INFO] [stdout] 
[INFO] [stdout] 
[INFO] [stdout] warning: trait objects without an explicit `dyn` are deprecated
[INFO] [stdout]   --> src/lib.rs:45:129
[INFO] [stdout]    |
[INFO] [stdout] 45 | ...oup: &str) -> Result<reqwest::Request, Box<error::Error>> {
[INFO] [stdout]    |                                               ^^^^^^^^^^^^ help: use `dyn`: `dyn error::Error`
[INFO] [stdout]    |
[INFO] [stdout]    = warning: this is accepted in the current edition (Rust 2018) but is a hard error in Rust 2021!
[INFO] [stdout]    = note: for more information, see issue #80165 <https://github.com/rust-lang/rust/issues/80165>
[INFO] [stdout] 
[INFO] [stdout] 
[INFO] [stdout] warning: trait objects without an explicit `dyn` are deprecated
[INFO] [stdout]   --> src/request.rs:13:33
[INFO] [stdout]    |
[INFO] [stdout] 13 |     ($($tt:tt)*) => { Err(Box::<error::Error>::from(format!($($tt)*))) }
[INFO] [stdout]    |                                 ^^^^^^^^^^^^ help: use `dyn`: `dyn error::Error`
[INFO] [stdout]    | 
[INFO] [stdout]   ::: src/lib.rs:47:20
[INFO] [stdout]    |
[INFO] [stdout] 47 |             return err!("invalid response group {}", response_group);
[INFO] [stdout]    |                    ------------------------------------------------- in this macro invocation
[INFO] [stdout]    |
[INFO] [stdout]    = warning: this is accepted in the current edition (Rust 2018) but is a hard error in Rust 2021!
[INFO] [stdout]    = note: for more information, see issue #80165 <https://github.com/rust-lang/rust/issues/80165>
[INFO] [stdout]    = note: this warning originates in the macro `err` (in Nightly builds, run with -Z macro-backtrace for more info)
[INFO] [stdout] 
[INFO] [stdout] 
[INFO] [stdout] warning: trait objects without an explicit `dyn` are deprecated
[INFO] [stdout]   --> src/lib.rs:60:130
[INFO] [stdout]    |
[INFO] [stdout] 60 | ...                   recursive: Option<bool>, sort_by: Option<&str>, start: Option<i32>) -> Result<reqwest::Request, Box<error::Error>> {
[INFO] [stdout]    |                                                                                                                           ^^^^^^^^^^^^ help: use `dyn`: `dyn error::Error`
[INFO] [stdout]    |
[INFO] [stdout]    = warning: this is accepted in the current edition (Rust 2018) but is a hard error in Rust 2021!
[INFO] [stdout]    = note: for more information, see issue #80165 <https://github.com/rust-lang/rust/issues/80165>
[INFO] [stdout] 
[INFO] [stdout] 
[INFO] [stdout] warning: trait objects without an explicit `dyn` are deprecated
[INFO] [stdout]   --> src/lib.rs:75:118
[INFO] [stdout]    |
[INFO] [stdout] 75 |     pub fn sites_linking_in(&self, count: Option<i8>, start: Option<i32>, url: &str) -> Result<reqwest::Request, Box<error::Error>> {
[INFO] [stdout]    |                                                                                                                      ^^^^^^^^^^^^ help: use `dyn`: `dyn error::Error`
[INFO] [stdout]    |
[INFO] [stdout]    = warning: this is accepted in the current edition (Rust 2018) but is a hard error in Rust 2021!
[INFO] [stdout]    = note: for more information, see issue #80165 <https://github.com/rust-lang/rust/issues/80165>
[INFO] [stdout] 
[INFO] [stdout] 
[INFO] [stdout] warning: 8 warnings emitted
[INFO] [stdout] 
[INFO] [stdout] 
[INFO] [stdout] warning: trait objects without an explicit `dyn` are deprecated
[INFO] [stdout]   --> src/request.rs:29:104
[INFO] [stdout]    |
[INFO] [stdout] 29 | pub fn new(access_key_id: &str, secret_access_key: &str, canonical_query: &str) -> Result<Request, Box<error::Error>> {
[INFO] [stdout]    |                                                                                                        ^^^^^^^^^^^^ help: use `dyn`: `dyn error::Error`
[INFO] [stdout]    |
[INFO] [stdout]    = note: `#[warn(bare_trait_objects)]` on by default
[INFO] [stdout]    = warning: this is accepted in the current edition (Rust 2018) but is a hard error in Rust 2021!
[INFO] [stdout]    = note: for more information, see issue #80165 <https://github.com/rust-lang/rust/issues/80165>
[INFO] [stdout] 
[INFO] [stdout] 
[INFO] [stdout] warning: trait objects without an explicit `dyn` are deprecated
[INFO] [stdout]   --> src/lib.rs:26:93
[INFO] [stdout]    |
[INFO] [stdout] 26 |     pub fn url_info(&self, response_group: &str, url: &str) -> Result<reqwest::Request, Box<error::Error>> {
[INFO] [stdout]    |                                                                                             ^^^^^^^^^^^^ help: use `dyn`: `dyn error::Error`
[INFO] [stdout]    |
[INFO] [stdout]    = warning: this is accepted in the current edition (Rust 2018) but is a hard error in Rust 2021!
[INFO] [stdout]    = note: for more information, see issue #80165 <https://github.com/rust-lang/rust/issues/80165>
[INFO] [stdout] 
[INFO] [stdout] 
[INFO] [stdout] warning: trait objects without an explicit `dyn` are deprecated
[INFO] [stdout]   --> src/request.rs:13:33
[INFO] [stdout]    |
[INFO] [stdout] 13 |     ($($tt:tt)*) => { Err(Box::<error::Error>::from(format!($($tt)*))) }
[INFO] [stdout]    |                                 ^^^^^^^^^^^^ help: use `dyn`: `dyn error::Error`
[INFO] [stdout]    | 
[INFO] [stdout]   ::: src/lib.rs:28:20
[INFO] [stdout]    |
[INFO] [stdout] 28 |             return err!("invalid response group {}", response_group);
[INFO] [stdout]    |                    ------------------------------------------------- in this macro invocation
[INFO] [stdout]    |
[INFO] [stdout]    = warning: this is accepted in the current edition (Rust 2018) but is a hard error in Rust 2021!
[INFO] [stdout]    = note: for more information, see issue #80165 <https://github.com/rust-lang/rust/issues/80165>
[INFO] [stdout]    = note: this warning originates in the macro `err` (in Nightly builds, run with -Z macro-backtrace for more info)
[INFO] [stdout] 
[INFO] [stdout] 
[INFO] [stdout] warning: trait objects without an explicit `dyn` are deprecated
[INFO] [stdout]   --> src/lib.rs:35:118
[INFO] [stdout]    |
[INFO] [stdout] 35 |     pub fn traffic_history(&self, range: Option<i8>, start: Option<&str>, url: &str) -> Result<reqwest::Request, Box<error::Error>> {
[INFO] [stdout]    |                                                                                                                      ^^^^^^^^^^^^ help: use `dyn`: `dyn error::Error`
[INFO] [stdout]    |
[INFO] [stdout]    = warning: this is accepted in the current edition (Rust 2018) but is a hard error in Rust 2021!
[INFO] [stdout]    = note: for more information, see issue #80165 <https://github.com/rust-lang/rust/issues/80165>
[INFO] [stdout] 
[INFO] [stdout] 
[INFO] [stdout] warning: trait objects without an explicit `dyn` are deprecated
[INFO] [stdout]   --> src/lib.rs:45:129
[INFO] [stdout]    |
[INFO] [stdout] 45 | ...oup: &str) -> Result<reqwest::Request, Box<error::Error>> {
[INFO] [stdout]    |                                               ^^^^^^^^^^^^ help: use `dyn`: `dyn error::Error`
[INFO] [stdout]    |
[INFO] [stdout]    = warning: this is accepted in the current edition (Rust 2018) but is a hard error in Rust 2021!
[INFO] [stdout]    = note: for more information, see issue #80165 <https://github.com/rust-lang/rust/issues/80165>
[INFO] [stdout] 
[INFO] [stdout] 
[INFO] [stdout] warning: trait objects without an explicit `dyn` are deprecated
[INFO] [stdout]   --> src/request.rs:13:33
[INFO] [stdout]    |
[INFO] [stdout] 13 |     ($($tt:tt)*) => { Err(Box::<error::Error>::from(format!($($tt)*))) }
[INFO] [stdout]    |                                 ^^^^^^^^^^^^ help: use `dyn`: `dyn error::Error`
[INFO] [stdout]    | 
[INFO] [stdout]   ::: src/lib.rs:47:20
[INFO] [stdout]    |
[INFO] [stdout] 47 |             return err!("invalid response group {}", response_group);
[INFO] [stdout]    |                    ------------------------------------------------- in this macro invocation
[INFO] [stdout]    |
[INFO] [stdout]    = warning: this is accepted in the current edition (Rust 2018) but is a hard error in Rust 2021!
[INFO] [stdout]    = note: for more information, see issue #80165 <https://github.com/rust-lang/rust/issues/80165>
[INFO] [stdout]    = note: this warning originates in the macro `err` (in Nightly builds, run with -Z macro-backtrace for more info)
[INFO] [stdout] 
[INFO] [stdout] 
[INFO] [stdout] warning: trait objects without an explicit `dyn` are deprecated
[INFO] [stdout]   --> src/lib.rs:60:130
[INFO] [stdout]    |
[INFO] [stdout] 60 | ...                   recursive: Option<bool>, sort_by: Option<&str>, start: Option<i32>) -> Result<reqwest::Request, Box<error::Error>> {
[INFO] [stdout]    |                                                                                                                           ^^^^^^^^^^^^ help: use `dyn`: `dyn error::Error`
[INFO] [stdout]    |
[INFO] [stdout]    = warning: this is accepted in the current edition (Rust 2018) but is a hard error in Rust 2021!
[INFO] [stdout]    = note: for more information, see issue #80165 <https://github.com/rust-lang/rust/issues/80165>
[INFO] [stdout] 
[INFO] [stdout] 
[INFO] [stdout] warning: trait objects without an explicit `dyn` are deprecated
[INFO] [stdout]   --> src/lib.rs:75:118
[INFO] [stdout]    |
[INFO] [stdout] 75 |     pub fn sites_linking_in(&self, count: Option<i8>, start: Option<i32>, url: &str) -> Result<reqwest::Request, Box<error::Error>> {
[INFO] [stdout]    |                                                                                                                      ^^^^^^^^^^^^ help: use `dyn`: `dyn error::Error`
[INFO] [stdout]    |
[INFO] [stdout]    = warning: this is accepted in the current edition (Rust 2018) but is a hard error in Rust 2021!
[INFO] [stdout]    = note: for more information, see issue #80165 <https://github.com/rust-lang/rust/issues/80165>
[INFO] [stdout] 
[INFO] [stdout] 
[INFO] [stdout] warning: 8 warnings emitted
[INFO] [stdout] 
[INFO] [stdout] 
[INFO] [stderr]     Finished test [unoptimized + debuginfo] target(s) in 1.13s
[INFO] running `Command { std: "docker" "inspect" "d5071cad1dff09ef0fc84219989ced390b2bba7450a00fffd8ed3d27d3a77107", kill_on_drop: false }`
[INFO] running `Command { std: "docker" "rm" "-f" "d5071cad1dff09ef0fc84219989ced390b2bba7450a00fffd8ed3d27d3a77107", kill_on_drop: false }`
[INFO] [stdout] d5071cad1dff09ef0fc84219989ced390b2bba7450a00fffd8ed3d27d3a77107
[INFO] running `Command { std: "docker" "create" "-v" "/var/lib/crater-agent-workspace/builds/worker-1/target:/opt/rustwide/target:rw,Z" "-v" "/var/lib/crater-agent-workspace/builds/worker-1/source:/opt/rustwide/workdir:ro,Z" "-v" "/var/lib/crater-agent-workspace/cargo-home:/opt/rustwide/cargo-home:ro,Z" "-v" "/var/lib/crater-agent-workspace/rustup-home:/opt/rustwide/rustup-home:ro,Z" "-e" "SOURCE_DIR=/opt/rustwide/workdir" "-e" "CARGO_TARGET_DIR=/opt/rustwide/target" "-e" "CARGO_INCREMENTAL=0" "-e" "RUST_BACKTRACE=full" "-e" "RUSTFLAGS=--cap-lints=warn" "-e" "CARGO_HOME=/opt/rustwide/cargo-home" "-e" "RUSTUP_HOME=/opt/rustwide/rustup-home" "-w" "/opt/rustwide/workdir" "-m" "1610612736" "--user" "0:0" "--network" "none" "ghcr.io/rust-lang/crates-build-env/linux@sha256:34b6a614d2c27851fe6cbf88fbd1137609cefab8b10d0615aaeb6fd47975d74e" "/opt/rustwide/cargo-home/bin/cargo" "+beta-2021-08-01" "test" "--frozen", kill_on_drop: false }`
[INFO] [stderr] WARNING: Your kernel does not support swap limit capabilities or the cgroup is not mounted. Memory limited without swap.
[INFO] [stdout] 8a76bdb2dbb0f9ecf529340be621b01ce138ea6be590ce9dd813ac1b05a590a1
[INFO] running `Command { std: "docker" "start" "-a" "8a76bdb2dbb0f9ecf529340be621b01ce138ea6be590ce9dd813ac1b05a590a1", kill_on_drop: false }`
[INFO] [stderr]     Blocking waiting for file lock on package cache
[INFO] [stderr] warning: trait objects without an explicit `dyn` are deprecated
[INFO] [stderr]   --> src/request.rs:29:104
[INFO] [stderr]    |
[INFO] [stderr] 29 | pub fn new(access_key_id: &str, secret_access_key: &str, canonical_query: &str) -> Result<Request, Box<error::Error>> {
[INFO] [stderr]    |                                                                                                        ^^^^^^^^^^^^ help: use `dyn`: `dyn error::Error`
[INFO] [stderr]    |
[INFO] [stderr]    = note: `#[warn(bare_trait_objects)]` on by default
[INFO] [stderr]    = warning: this is accepted in the current edition (Rust 2018) but is a hard error in Rust 2021!
[INFO] [stderr]    = note: for more information, see issue #80165 <https://github.com/rust-lang/rust/issues/80165>
[INFO] [stderr] 
[INFO] [stderr] warning: trait objects without an explicit `dyn` are deprecated
[INFO] [stderr]   --> src/lib.rs:26:93
[INFO] [stderr]    |
[INFO] [stderr] 26 |     pub fn url_info(&self, response_group: &str, url: &str) -> Result<reqwest::Request, Box<error::Error>> {
[INFO] [stderr]    |                                                                                             ^^^^^^^^^^^^ help: use `dyn`: `dyn error::Error`
[INFO] [stderr]    |
[INFO] [stderr]    = warning: this is accepted in the current edition (Rust 2018) but is a hard error in Rust 2021!
[INFO] [stderr]    = note: for more information, see issue #80165 <https://github.com/rust-lang/rust/issues/80165>
[INFO] [stderr] 
[INFO] [stderr] warning: trait objects without an explicit `dyn` are deprecated
[INFO] [stderr]   --> src/request.rs:13:33
[INFO] [stderr]    |
[INFO] [stderr] 13 |     ($($tt:tt)*) => { Err(Box::<error::Error>::from(format!($($tt)*))) }
[INFO] [stderr]    |                                 ^^^^^^^^^^^^ help: use `dyn`: `dyn error::Error`
[INFO] [stderr]    | 
[INFO] [stderr]   ::: src/lib.rs:28:20
[INFO] [stderr]    |
[INFO] [stderr] 28 |             return err!("invalid response group {}", response_group);
[INFO] [stderr]    |                    ------------------------------------------------- in this macro invocation
[INFO] [stderr]    |
[INFO] [stderr]    = warning: this is accepted in the current edition (Rust 2018) but is a hard error in Rust 2021!
[INFO] [stderr]    = note: for more information, see issue #80165 <https://github.com/rust-lang/rust/issues/80165>
[INFO] [stderr]    = note: this warning originates in the macro `err` (in Nightly builds, run with -Z macro-backtrace for more info)
[INFO] [stderr] 
[INFO] [stderr] warning: trait objects without an explicit `dyn` are deprecated
[INFO] [stderr]   --> src/lib.rs:35:118
[INFO] [stderr]    |
[INFO] [stderr] 35 |     pub fn traffic_history(&self, range: Option<i8>, start: Option<&str>, url: &str) -> Result<reqwest::Request, Box<error::Error>> {
[INFO] [stderr]    |                                                                                                                      ^^^^^^^^^^^^ help: use `dyn`: `dyn error::Error`
[INFO] [stderr]    |
[INFO] [stderr]    = warning: this is accepted in the current edition (Rust 2018) but is a hard error in Rust 2021!
[INFO] [stderr]    = note: for more information, see issue #80165 <https://github.com/rust-lang/rust/issues/80165>
[INFO] [stderr] 
[INFO] [stderr] warning: trait objects without an explicit `dyn` are deprecated
[INFO] [stderr]   --> src/lib.rs:45:129
[INFO] [stderr]    |
[INFO] [stderr] 45 | ...oup: &str) -> Result<reqwest::Request, Box<error::Error>> {
[INFO] [stderr]    |                                               ^^^^^^^^^^^^ help: use `dyn`: `dyn error::Error`
[INFO] [stderr]    |
[INFO] [stderr]    = warning: this is accepted in the current edition (Rust 2018) but is a hard error in Rust 2021!
[INFO] [stderr]    = note: for more information, see issue #80165 <https://github.com/rust-lang/rust/issues/80165>
[INFO] [stderr] 
[INFO] [stderr] warning: trait objects without an explicit `dyn` are deprecated
[INFO] [stderr]   --> src/request.rs:13:33
[INFO] [stderr]    |
[INFO] [stderr] 13 |     ($($tt:tt)*) => { Err(Box::<error::Error>::from(format!($($tt)*))) }
[INFO] [stderr]    |                                 ^^^^^^^^^^^^ help: use `dyn`: `dyn error::Error`
[INFO] [stderr]    | 
[INFO] [stderr]   ::: src/lib.rs:47:20
[INFO] [stderr]    |
[INFO] [stderr] 47 |             return err!("invalid response group {}", response_group);
[INFO] [stderr]    |                    ------------------------------------------------- in this macro invocation
[INFO] [stderr]    |
[INFO] [stderr]    = warning: this is accepted in the current edition (Rust 2018) but is a hard error in Rust 2021!
[INFO] [stderr]    = note: for more information, see issue #80165 <https://github.com/rust-lang/rust/issues/80165>
[INFO] [stderr]    = note: this warning originates in the macro `err` (in Nightly builds, run with -Z macro-backtrace for more info)
[INFO] [stderr] 
[INFO] [stderr] warning: trait objects without an explicit `dyn` are deprecated
[INFO] [stderr]   --> src/lib.rs:60:130
[INFO] [stderr]    |
[INFO] [stderr] 60 | ...                   recursive: Option<bool>, sort_by: Option<&str>, start: Option<i32>) -> Result<reqwest::Request, Box<error::Error>> {
[INFO] [stderr]    |                                                                                                                           ^^^^^^^^^^^^ help: use `dyn`: `dyn error::Error`
[INFO] [stderr]    |
[INFO] [stderr]    = warning: this is accepted in the current edition (Rust 2018) but is a hard error in Rust 2021!
[INFO] [stderr]    = note: for more information, see issue #80165 <https://github.com/rust-lang/rust/issues/80165>
[INFO] [stderr] 
[INFO] [stderr] warning: trait objects without an explicit `dyn` are deprecated
[INFO] [stderr]   --> src/lib.rs:75:118
[INFO] [stderr]    |
[INFO] [stderr] 75 |     pub fn sites_linking_in(&self, count: Option<i8>, start: Option<i32>, url: &str) -> Result<reqwest::Request, Box<error::Error>> {
[INFO] [stderr]    |                                                                                                                      ^^^^^^^^^^^^ help: use `dyn`: `dyn error::Error`
[INFO] [stderr]    |
[INFO] [stderr]    = warning: this is accepted in the current edition (Rust 2018) but is a hard error in Rust 2021!
[INFO] [stderr]    = note: for more information, see issue #80165 <https://github.com/rust-lang/rust/issues/80165>
[INFO] [stderr] 
[INFO] [stderr] warning: `awis-rs` (lib) generated 8 warnings
[INFO] [stderr] warning: `awis-rs` (lib test) generated 8 warnings (8 duplicates)
[INFO] [stderr]     Finished test [unoptimized + debuginfo] target(s) in 0.27s
[INFO] [stderr]      Running unittests (/opt/rustwide/target/debug/deps/awis_rs-36426dd8e2b41634)
[INFO] [stdout] 
[INFO] [stdout] running 0 tests
[INFO] [stdout] 
[INFO] [stdout] test result: ok. 0 passed; 0 failed; 0 ignored; 0 measured; 0 filtered out; finished in 0.00s
[INFO] [stdout] 
[INFO] [stderr]    Doc-tests awis-rs
[INFO] [stdout] 
[INFO] [stdout] running 0 tests
[INFO] [stdout] 
[INFO] [stdout] test result: ok. 0 passed; 0 failed; 0 ignored; 0 measured; 0 filtered out; finished in 0.00s
[INFO] [stdout] 
[INFO] running `Command { std: "docker" "inspect" "8a76bdb2dbb0f9ecf529340be621b01ce138ea6be590ce9dd813ac1b05a590a1", kill_on_drop: false }`
[INFO] running `Command { std: "docker" "rm" "-f" "8a76bdb2dbb0f9ecf529340be621b01ce138ea6be590ce9dd813ac1b05a590a1", kill_on_drop: false }`
[INFO] [stdout] 8a76bdb2dbb0f9ecf529340be621b01ce138ea6be590ce9dd813ac1b05a590a1
