[INFO] fetching crate alert-after 1.5.1...
[INFO] testing alert-after-1.5.1 against beta-2021-08-01 for beta-1.55-1
[INFO] extracting crate alert-after 1.5.1 into /workspace/builds/worker-10/source
[INFO] validating manifest of crates.io crate alert-after 1.5.1 on toolchain beta-2021-08-01
[INFO] running `Command { std: "/workspace/cargo-home/bin/cargo" "+beta-2021-08-01" "metadata" "--manifest-path" "Cargo.toml" "--no-deps", kill_on_drop: false }`
[INFO] started tweaking crates.io crate alert-after 1.5.1
[INFO] finished tweaking crates.io crate alert-after 1.5.1
[INFO] tweaked toml for crates.io crate alert-after 1.5.1 written to /workspace/builds/worker-10/source/Cargo.toml
[INFO] running `Command { std: "/workspace/cargo-home/bin/cargo" "+beta-2021-08-01" "generate-lockfile" "--manifest-path" "Cargo.toml" "-Zno-index-update", kill_on_drop: false }`
[INFO] running `Command { std: "/workspace/cargo-home/bin/cargo" "+beta-2021-08-01" "fetch" "--manifest-path" "Cargo.toml", kill_on_drop: false }`
[INFO] [stderr]  Downloading crates ...
[INFO] [stderr]   Downloaded mac-notification-sys v0.2.0
[INFO] [stderr]   Downloaded winrt v0.5.1
[INFO] [stderr]   Downloaded notifica v1.0.2
[INFO] running `Command { std: "docker" "create" "-v" "/var/lib/crater-agent-workspace/builds/worker-10/target:/opt/rustwide/target:rw,Z" "-v" "/var/lib/crater-agent-workspace/builds/worker-10/source:/opt/rustwide/workdir:ro,Z" "-v" "/var/lib/crater-agent-workspace/cargo-home:/opt/rustwide/cargo-home:ro,Z" "-v" "/var/lib/crater-agent-workspace/rustup-home:/opt/rustwide/rustup-home:ro,Z" "-e" "SOURCE_DIR=/opt/rustwide/workdir" "-e" "CARGO_TARGET_DIR=/opt/rustwide/target" "-e" "CARGO_HOME=/opt/rustwide/cargo-home" "-e" "RUSTUP_HOME=/opt/rustwide/rustup-home" "-w" "/opt/rustwide/workdir" "-m" "1610612736" "--user" "0:0" "--network" "none" "ghcr.io/rust-lang/crates-build-env/linux@sha256:34b6a614d2c27851fe6cbf88fbd1137609cefab8b10d0615aaeb6fd47975d74e" "/opt/rustwide/cargo-home/bin/cargo" "+beta-2021-08-01" "metadata" "--no-deps" "--format-version=1", kill_on_drop: false }`
[INFO] [stdout] 013519bb25eb105191e5bbc34892700a35e607cf3c690faa9534e91f30b1146b
[INFO] [stderr] WARNING: Your kernel does not support swap limit capabilities or the cgroup is not mounted. Memory limited without swap.
[INFO] running `Command { std: "docker" "start" "-a" "013519bb25eb105191e5bbc34892700a35e607cf3c690faa9534e91f30b1146b", kill_on_drop: false }`
[INFO] running `Command { std: "docker" "inspect" "013519bb25eb105191e5bbc34892700a35e607cf3c690faa9534e91f30b1146b", kill_on_drop: false }`
[INFO] running `Command { std: "docker" "rm" "-f" "013519bb25eb105191e5bbc34892700a35e607cf3c690faa9534e91f30b1146b", kill_on_drop: false }`
[INFO] [stdout] 013519bb25eb105191e5bbc34892700a35e607cf3c690faa9534e91f30b1146b
[INFO] running `Command { std: "docker" "create" "-v" "/var/lib/crater-agent-workspace/builds/worker-10/target:/opt/rustwide/target:rw,Z" "-v" "/var/lib/crater-agent-workspace/builds/worker-10/source:/opt/rustwide/workdir:ro,Z" "-v" "/var/lib/crater-agent-workspace/cargo-home:/opt/rustwide/cargo-home:ro,Z" "-v" "/var/lib/crater-agent-workspace/rustup-home:/opt/rustwide/rustup-home:ro,Z" "-e" "SOURCE_DIR=/opt/rustwide/workdir" "-e" "CARGO_TARGET_DIR=/opt/rustwide/target" "-e" "CARGO_INCREMENTAL=0" "-e" "RUST_BACKTRACE=full" "-e" "RUSTFLAGS=--cap-lints=warn" "-e" "CARGO_HOME=/opt/rustwide/cargo-home" "-e" "RUSTUP_HOME=/opt/rustwide/rustup-home" "-w" "/opt/rustwide/workdir" "-m" "1610612736" "--user" "0:0" "--network" "none" "ghcr.io/rust-lang/crates-build-env/linux@sha256:34b6a614d2c27851fe6cbf88fbd1137609cefab8b10d0615aaeb6fd47975d74e" "/opt/rustwide/cargo-home/bin/cargo" "+beta-2021-08-01" "build" "--frozen" "--message-format=json", kill_on_drop: false }`
[INFO] [stderr] WARNING: Your kernel does not support swap limit capabilities or the cgroup is not mounted. Memory limited without swap.
[INFO] [stdout] ab8ebe9f6caf2aafdbf16dc0965f0a7dd7779fc852a0a417e4372172fe4ba69a
[INFO] running `Command { std: "docker" "start" "-a" "ab8ebe9f6caf2aafdbf16dc0965f0a7dd7779fc852a0a417e4372172fe4ba69a", kill_on_drop: false }`
[INFO] [stderr]     Blocking waiting for file lock on package cache
[INFO] [stderr]    Compiling libdbus-sys v0.2.1
[INFO] [stderr]    Compiling dbus v0.6.5
[INFO] [stderr]    Compiling notify-rust v3.6.3
[INFO] [stderr]    Compiling notifica v1.0.2
[INFO] [stderr]    Compiling alert-after v1.5.1 (/opt/rustwide/workdir)
[INFO] [stdout] warning: trait objects without an explicit `dyn` are deprecated
[INFO] [stdout]   --> main.rs:16:65
[INFO] [stdout]    |
[INFO] [stdout] 16 | fn spawn_command(args: &[String]) -> Result<process::Child, Box<error::Error>> {
[INFO] [stdout]    |                                                                 ^^^^^^^^^^^^ help: use `dyn`: `dyn error::Error`
[INFO] [stdout]    |
[INFO] [stdout]    = note: `#[warn(bare_trait_objects)]` on by default
[INFO] [stdout]    = warning: this is accepted in the current edition (Rust 2015) but is a hard error in Rust 2021!
[INFO] [stdout]    = note: for more information, see issue #80165 <https://github.com/rust-lang/rust/issues/80165>
[INFO] [stdout] 
[INFO] [stdout] 
[INFO] [stdout] warning: trait objects without an explicit `dyn` are deprecated
[INFO] [stdout]   --> main.rs:28:69
[INFO] [stdout]    |
[INFO] [stdout] 28 | fn first_arg_as_program_name(args: &[String]) -> Result<String, Box<error::Error>> {
[INFO] [stdout]    |                                                                     ^^^^^^^^^^^^ help: use `dyn`: `dyn error::Error`
[INFO] [stdout]    |
[INFO] [stdout]    = warning: this is accepted in the current edition (Rust 2015) but is a hard error in Rust 2021!
[INFO] [stdout]    = note: for more information, see issue #80165 <https://github.com/rust-lang/rust/issues/80165>
[INFO] [stdout] 
[INFO] [stdout] 
[INFO] [stdout] warning: trait objects without an explicit `dyn` are deprecated
[INFO] [stdout]   --> main.rs:34:42
[INFO] [stdout]    |
[INFO] [stdout] 34 | fn alert_after() -> Result<ExitCode, Box<error::Error>> {
[INFO] [stdout]    |                                          ^^^^^^^^^^^^ help: use `dyn`: `dyn error::Error`
[INFO] [stdout]    |
[INFO] [stdout]    = warning: this is accepted in the current edition (Rust 2015) but is a hard error in Rust 2021!
[INFO] [stdout]    = note: for more information, see issue #80165 <https://github.com/rust-lang/rust/issues/80165>
[INFO] [stdout] 
[INFO] [stdout] 
[INFO] [stdout] warning: 3 warnings emitted
[INFO] [stdout] 
[INFO] [stdout] 
[INFO] [stderr]     Finished dev [unoptimized + debuginfo] target(s) in 13.21s
[INFO] running `Command { std: "docker" "inspect" "ab8ebe9f6caf2aafdbf16dc0965f0a7dd7779fc852a0a417e4372172fe4ba69a", kill_on_drop: false }`
[INFO] running `Command { std: "docker" "rm" "-f" "ab8ebe9f6caf2aafdbf16dc0965f0a7dd7779fc852a0a417e4372172fe4ba69a", kill_on_drop: false }`
[INFO] [stdout] ab8ebe9f6caf2aafdbf16dc0965f0a7dd7779fc852a0a417e4372172fe4ba69a
[INFO] running `Command { std: "docker" "create" "-v" "/var/lib/crater-agent-workspace/builds/worker-10/target:/opt/rustwide/target:rw,Z" "-v" "/var/lib/crater-agent-workspace/builds/worker-10/source:/opt/rustwide/workdir:ro,Z" "-v" "/var/lib/crater-agent-workspace/cargo-home:/opt/rustwide/cargo-home:ro,Z" "-v" "/var/lib/crater-agent-workspace/rustup-home:/opt/rustwide/rustup-home:ro,Z" "-e" "SOURCE_DIR=/opt/rustwide/workdir" "-e" "CARGO_TARGET_DIR=/opt/rustwide/target" "-e" "CARGO_INCREMENTAL=0" "-e" "RUST_BACKTRACE=full" "-e" "RUSTFLAGS=--cap-lints=warn" "-e" "CARGO_HOME=/opt/rustwide/cargo-home" "-e" "RUSTUP_HOME=/opt/rustwide/rustup-home" "-w" "/opt/rustwide/workdir" "-m" "1610612736" "--user" "0:0" "--network" "none" "ghcr.io/rust-lang/crates-build-env/linux@sha256:34b6a614d2c27851fe6cbf88fbd1137609cefab8b10d0615aaeb6fd47975d74e" "/opt/rustwide/cargo-home/bin/cargo" "+beta-2021-08-01" "test" "--frozen" "--no-run" "--message-format=json", kill_on_drop: false }`
[INFO] [stdout] 14fce7810e6926f4f3cbaf7f0be0bde711ae0f67a7efd2362e7ab4c843f69b8f
[INFO] [stderr] WARNING: Your kernel does not support swap limit capabilities or the cgroup is not mounted. Memory limited without swap.
[INFO] running `Command { std: "docker" "start" "-a" "14fce7810e6926f4f3cbaf7f0be0bde711ae0f67a7efd2362e7ab4c843f69b8f", kill_on_drop: false }`
[INFO] [stderr]    Compiling alert-after v1.5.1 (/opt/rustwide/workdir)
[INFO] [stdout] warning: trait objects without an explicit `dyn` are deprecated
[INFO] [stdout]   --> main.rs:16:65
[INFO] [stdout]    |
[INFO] [stdout] 16 | fn spawn_command(args: &[String]) -> Result<process::Child, Box<error::Error>> {
[INFO] [stdout]    |                                                                 ^^^^^^^^^^^^ help: use `dyn`: `dyn error::Error`
[INFO] [stdout]    |
[INFO] [stdout]    = note: `#[warn(bare_trait_objects)]` on by default
[INFO] [stdout]    = warning: this is accepted in the current edition (Rust 2015) but is a hard error in Rust 2021!
[INFO] [stdout]    = note: for more information, see issue #80165 <https://github.com/rust-lang/rust/issues/80165>
[INFO] [stdout] 
[INFO] [stdout] 
[INFO] [stdout] warning: trait objects without an explicit `dyn` are deprecated
[INFO] [stdout]   --> main.rs:28:69
[INFO] [stdout]    |
[INFO] [stdout] 28 | fn first_arg_as_program_name(args: &[String]) -> Result<String, Box<error::Error>> {
[INFO] [stdout]    |                                                                     ^^^^^^^^^^^^ help: use `dyn`: `dyn error::Error`
[INFO] [stdout]    |
[INFO] [stdout]    = warning: this is accepted in the current edition (Rust 2015) but is a hard error in Rust 2021!
[INFO] [stdout]    = note: for more information, see issue #80165 <https://github.com/rust-lang/rust/issues/80165>
[INFO] [stdout] 
[INFO] [stdout] 
[INFO] [stdout] warning: trait objects without an explicit `dyn` are deprecated
[INFO] [stdout]   --> main.rs:34:42
[INFO] [stdout]    |
[INFO] [stdout] 34 | fn alert_after() -> Result<ExitCode, Box<error::Error>> {
[INFO] [stdout]    |                                          ^^^^^^^^^^^^ help: use `dyn`: `dyn error::Error`
[INFO] [stdout]    |
[INFO] [stdout]    = warning: this is accepted in the current edition (Rust 2015) but is a hard error in Rust 2021!
[INFO] [stdout]    = note: for more information, see issue #80165 <https://github.com/rust-lang/rust/issues/80165>
[INFO] [stdout] 
[INFO] [stdout] 
[INFO] [stdout] warning: 3 warnings emitted
[INFO] [stdout] 
[INFO] [stdout] 
[INFO] [stderr]     Finished test [unoptimized + debuginfo] target(s) in 1.27s
[INFO] running `Command { std: "docker" "inspect" "14fce7810e6926f4f3cbaf7f0be0bde711ae0f67a7efd2362e7ab4c843f69b8f", kill_on_drop: false }`
[INFO] running `Command { std: "docker" "rm" "-f" "14fce7810e6926f4f3cbaf7f0be0bde711ae0f67a7efd2362e7ab4c843f69b8f", kill_on_drop: false }`
[INFO] [stdout] 14fce7810e6926f4f3cbaf7f0be0bde711ae0f67a7efd2362e7ab4c843f69b8f
[INFO] running `Command { std: "docker" "create" "-v" "/var/lib/crater-agent-workspace/builds/worker-10/target:/opt/rustwide/target:rw,Z" "-v" "/var/lib/crater-agent-workspace/builds/worker-10/source:/opt/rustwide/workdir:ro,Z" "-v" "/var/lib/crater-agent-workspace/cargo-home:/opt/rustwide/cargo-home:ro,Z" "-v" "/var/lib/crater-agent-workspace/rustup-home:/opt/rustwide/rustup-home:ro,Z" "-e" "SOURCE_DIR=/opt/rustwide/workdir" "-e" "CARGO_TARGET_DIR=/opt/rustwide/target" "-e" "CARGO_INCREMENTAL=0" "-e" "RUST_BACKTRACE=full" "-e" "RUSTFLAGS=--cap-lints=warn" "-e" "CARGO_HOME=/opt/rustwide/cargo-home" "-e" "RUSTUP_HOME=/opt/rustwide/rustup-home" "-w" "/opt/rustwide/workdir" "-m" "1610612736" "--user" "0:0" "--network" "none" "ghcr.io/rust-lang/crates-build-env/linux@sha256:34b6a614d2c27851fe6cbf88fbd1137609cefab8b10d0615aaeb6fd47975d74e" "/opt/rustwide/cargo-home/bin/cargo" "+beta-2021-08-01" "test" "--frozen", kill_on_drop: false }`
[INFO] [stderr] WARNING: Your kernel does not support swap limit capabilities or the cgroup is not mounted. Memory limited without swap.
[INFO] [stdout] 18da746098e3f5c8077c236dc3fe827b26f315f975ab89733ccb6db14f9f95ce
[INFO] running `Command { std: "docker" "start" "-a" "18da746098e3f5c8077c236dc3fe827b26f315f975ab89733ccb6db14f9f95ce", kill_on_drop: false }`
[INFO] [stderr] warning: trait objects without an explicit `dyn` are deprecated
[INFO] [stderr]   --> main.rs:16:65
[INFO] [stderr]    |
[INFO] [stderr] 16 | fn spawn_command(args: &[String]) -> Result<process::Child, Box<error::Error>> {
[INFO] [stderr]    |                                                                 ^^^^^^^^^^^^ help: use `dyn`: `dyn error::Error`
[INFO] [stderr]    |
[INFO] [stderr]    = note: `#[warn(bare_trait_objects)]` on by default
[INFO] [stderr]    = warning: this is accepted in the current edition (Rust 2015) but is a hard error in Rust 2021!
[INFO] [stderr]    = note: for more information, see issue #80165 <https://github.com/rust-lang/rust/issues/80165>
[INFO] [stderr] 
[INFO] [stderr] warning: trait objects without an explicit `dyn` are deprecated
[INFO] [stderr]   --> main.rs:28:69
[INFO] [stderr]    |
[INFO] [stderr] 28 | fn first_arg_as_program_name(args: &[String]) -> Result<String, Box<error::Error>> {
[INFO] [stderr]    |                                                                     ^^^^^^^^^^^^ help: use `dyn`: `dyn error::Error`
[INFO] [stderr]    |
[INFO] [stderr]    = warning: this is accepted in the current edition (Rust 2015) but is a hard error in Rust 2021!
[INFO] [stderr]    = note: for more information, see issue #80165 <https://github.com/rust-lang/rust/issues/80165>
[INFO] [stderr] 
[INFO] [stderr] warning: trait objects without an explicit `dyn` are deprecated
[INFO] [stderr]   --> main.rs:34:42
[INFO] [stderr]    |
[INFO] [stderr] 34 | fn alert_after() -> Result<ExitCode, Box<error::Error>> {
[INFO] [stderr]    |                                          ^^^^^^^^^^^^ help: use `dyn`: `dyn error::Error`
[INFO] [stderr]    |
[INFO] [stderr]    = warning: this is accepted in the current edition (Rust 2015) but is a hard error in Rust 2021!
[INFO] [stderr]    = note: for more information, see issue #80165 <https://github.com/rust-lang/rust/issues/80165>
[INFO] [stderr] 
[INFO] [stderr] warning: `alert-after` (bin "aa" test) generated 3 warnings
[INFO] [stderr]     Finished test [unoptimized + debuginfo] target(s) in 0.05s
[INFO] [stderr]      Running unittests (/opt/rustwide/target/debug/deps/aa-80217e206b6dd9dc)
[INFO] [stdout] 
[INFO] [stdout] running 0 tests
[INFO] [stdout] 
[INFO] [stdout] test result: ok. 0 passed; 0 failed; 0 ignored; 0 measured; 0 filtered out; finished in 0.00s
[INFO] [stdout] 
[INFO] running `Command { std: "docker" "inspect" "18da746098e3f5c8077c236dc3fe827b26f315f975ab89733ccb6db14f9f95ce", kill_on_drop: false }`
[INFO] running `Command { std: "docker" "rm" "-f" "18da746098e3f5c8077c236dc3fe827b26f315f975ab89733ccb6db14f9f95ce", kill_on_drop: false }`
[INFO] [stdout] 18da746098e3f5c8077c236dc3fe827b26f315f975ab89733ccb6db14f9f95ce
