[INFO] fetching crate zlo 0.1.0...
[INFO] testing zlo-0.1.0 against 1.54.0 for beta-1.55-1
[INFO] extracting crate zlo 0.1.0 into /workspace/builds/worker-11/source
[INFO] validating manifest of crates.io crate zlo 0.1.0 on toolchain 1.54.0
[INFO] running `Command { std: "/workspace/cargo-home/bin/cargo" "+1.54.0" "metadata" "--manifest-path" "Cargo.toml" "--no-deps", kill_on_drop: false }`
[INFO] started tweaking crates.io crate zlo 0.1.0
[INFO] finished tweaking crates.io crate zlo 0.1.0
[INFO] tweaked toml for crates.io crate zlo 0.1.0 written to /workspace/builds/worker-11/source/Cargo.toml
[INFO] running `Command { std: "/workspace/cargo-home/bin/cargo" "+1.54.0" "generate-lockfile" "--manifest-path" "Cargo.toml" "-Zno-index-update", kill_on_drop: false }`
[INFO] [stderr]     Blocking waiting for file lock on package cache
[INFO] running `Command { std: "/workspace/cargo-home/bin/cargo" "+1.54.0" "fetch" "--manifest-path" "Cargo.toml", kill_on_drop: false }`
[INFO] [stderr]     Blocking waiting for file lock on package cache
[INFO] running `Command { std: "docker" "create" "-v" "/var/lib/crater-agent-workspace/builds/worker-11/target:/opt/rustwide/target:rw,Z" "-v" "/var/lib/crater-agent-workspace/builds/worker-11/source:/opt/rustwide/workdir:ro,Z" "-v" "/var/lib/crater-agent-workspace/cargo-home:/opt/rustwide/cargo-home:ro,Z" "-v" "/var/lib/crater-agent-workspace/rustup-home:/opt/rustwide/rustup-home:ro,Z" "-e" "SOURCE_DIR=/opt/rustwide/workdir" "-e" "CARGO_TARGET_DIR=/opt/rustwide/target" "-e" "CARGO_HOME=/opt/rustwide/cargo-home" "-e" "RUSTUP_HOME=/opt/rustwide/rustup-home" "-w" "/opt/rustwide/workdir" "-m" "1610612736" "--user" "0:0" "--network" "none" "ghcr.io/rust-lang/crates-build-env/linux@sha256:34b6a614d2c27851fe6cbf88fbd1137609cefab8b10d0615aaeb6fd47975d74e" "/opt/rustwide/cargo-home/bin/cargo" "+1.54.0" "metadata" "--no-deps" "--format-version=1", kill_on_drop: false }`
[INFO] [stderr] WARNING: Your kernel does not support swap limit capabilities or the cgroup is not mounted. Memory limited without swap.
[INFO] [stdout] ca9cd257ebd3df23fd8ffdd94e398c58fdc410d60a4796012bead22905e65f21
[INFO] running `Command { std: "docker" "start" "-a" "ca9cd257ebd3df23fd8ffdd94e398c58fdc410d60a4796012bead22905e65f21", kill_on_drop: false }`
[INFO] running `Command { std: "docker" "inspect" "ca9cd257ebd3df23fd8ffdd94e398c58fdc410d60a4796012bead22905e65f21", kill_on_drop: false }`
[INFO] running `Command { std: "docker" "rm" "-f" "ca9cd257ebd3df23fd8ffdd94e398c58fdc410d60a4796012bead22905e65f21", kill_on_drop: false }`
[INFO] [stdout] ca9cd257ebd3df23fd8ffdd94e398c58fdc410d60a4796012bead22905e65f21
[INFO] running `Command { std: "docker" "create" "-v" "/var/lib/crater-agent-workspace/builds/worker-11/target:/opt/rustwide/target:rw,Z" "-v" "/var/lib/crater-agent-workspace/builds/worker-11/source:/opt/rustwide/workdir:ro,Z" "-v" "/var/lib/crater-agent-workspace/cargo-home:/opt/rustwide/cargo-home:ro,Z" "-v" "/var/lib/crater-agent-workspace/rustup-home:/opt/rustwide/rustup-home:ro,Z" "-e" "SOURCE_DIR=/opt/rustwide/workdir" "-e" "CARGO_TARGET_DIR=/opt/rustwide/target" "-e" "CARGO_INCREMENTAL=0" "-e" "RUST_BACKTRACE=full" "-e" "RUSTFLAGS=--cap-lints=warn" "-e" "CARGO_HOME=/opt/rustwide/cargo-home" "-e" "RUSTUP_HOME=/opt/rustwide/rustup-home" "-w" "/opt/rustwide/workdir" "-m" "1610612736" "--user" "0:0" "--network" "none" "ghcr.io/rust-lang/crates-build-env/linux@sha256:34b6a614d2c27851fe6cbf88fbd1137609cefab8b10d0615aaeb6fd47975d74e" "/opt/rustwide/cargo-home/bin/cargo" "+1.54.0" "build" "--frozen" "--message-format=json", kill_on_drop: false }`
[INFO] [stdout] 507569297a6139470804c56556798b3524f60497ff26b0625f799dd8038dde8f
[INFO] [stderr] WARNING: Your kernel does not support swap limit capabilities or the cgroup is not mounted. Memory limited without swap.
[INFO] running `Command { std: "docker" "start" "-a" "507569297a6139470804c56556798b3524f60497ff26b0625f799dd8038dde8f", kill_on_drop: false }`
[INFO] [stderr]    Compiling zlo v0.1.0 (/opt/rustwide/workdir)
[INFO] [stdout] warning: unnecessary parentheses around block return value
[INFO] [stdout]   --> src/de/mod.rs:84:24
[INFO] [stdout]    |
[INFO] [stdout] 84 |         let w = if a { (self.store >> self.shift) } else { 0 }
[INFO] [stdout]    |                        ^^^^^^^^^^^^^^^^^^^^^^^^^^ help: remove these parentheses
[INFO] [stdout]    |
[INFO] [stdout]    = note: `#[warn(unused_parens)]` on by default
[INFO] [stdout] 
[INFO] [stdout] 
[INFO] [stdout] warning: unnecessary parentheses around block return value
[INFO] [stdout]   --> src/de/mod.rs:85:28
[INFO] [stdout]    |
[INFO] [stdout] 85 |             | (s << if a { (8 - self.shift) } else { 0 });
[INFO] [stdout]    |                            ^^^^^^^^^^^^^^^^ help: remove these parentheses
[INFO] [stdout] 
[INFO] [stdout] 
[INFO] [stdout] warning: use of deprecated macro `try`: use the `?` operator instead
[INFO] [stdout]    --> src/de/mod.rs:434:29
[INFO] [stdout]     |
[INFO] [stdout] 434 |                 let value = try!(serde::de::DeserializeSeed::deserialize(
[INFO] [stdout]     |                             ^^^
[INFO] [stdout]     |
[INFO] [stdout]     = note: `#[warn(deprecated)]` on by default
[INFO] [stdout] 
[INFO] [stdout] 
[INFO] [stdout] warning: trait objects without an explicit `dyn` are deprecated
[INFO] [stdout]   --> src/lib.rs:79:32
[INFO] [stdout]    |
[INFO] [stdout] 79 |     fn cause(&self) -> Option<&error::Error> {
[INFO] [stdout]    |                                ^^^^^^^^^^^^ help: use `dyn`: `dyn error::Error`
[INFO] [stdout]    |
[INFO] [stdout]    = note: `#[warn(bare_trait_objects)]` on by default
[INFO] [stdout]    = warning: this was previously accepted by the compiler but is being phased out; it will become a hard error in the 2021 edition!
[INFO] [stdout]    = note: for more information, see issue #80165 <https://github.com/rust-lang/rust/issues/80165>
[INFO] [stdout] 
[INFO] [stdout] 
[INFO] [stdout] warning: use of deprecated associated function `std::error::Error::description`: use the Display impl or to_string()
[INFO] [stdout]   --> src/lib.rs:70:35
[INFO] [stdout]    |
[INFO] [stdout] 70 |             Error::Io(ref err) => error::Error::description(err),
[INFO] [stdout]    |                                   ^^^^^^^^^^^^^^^^^^^^^^^^^
[INFO] [stdout] 
[INFO] [stdout] 
[INFO] [stdout] warning: 5 warnings emitted
[INFO] [stdout] 
[INFO] [stdout] 
[INFO] [stderr]     Finished dev [unoptimized + debuginfo] target(s) in 1.04s
[INFO] running `Command { std: "docker" "inspect" "507569297a6139470804c56556798b3524f60497ff26b0625f799dd8038dde8f", kill_on_drop: false }`
[INFO] running `Command { std: "docker" "rm" "-f" "507569297a6139470804c56556798b3524f60497ff26b0625f799dd8038dde8f", kill_on_drop: false }`
[INFO] [stdout] 507569297a6139470804c56556798b3524f60497ff26b0625f799dd8038dde8f
[INFO] running `Command { std: "docker" "create" "-v" "/var/lib/crater-agent-workspace/builds/worker-11/target:/opt/rustwide/target:rw,Z" "-v" "/var/lib/crater-agent-workspace/builds/worker-11/source:/opt/rustwide/workdir:ro,Z" "-v" "/var/lib/crater-agent-workspace/cargo-home:/opt/rustwide/cargo-home:ro,Z" "-v" "/var/lib/crater-agent-workspace/rustup-home:/opt/rustwide/rustup-home:ro,Z" "-e" "SOURCE_DIR=/opt/rustwide/workdir" "-e" "CARGO_TARGET_DIR=/opt/rustwide/target" "-e" "CARGO_INCREMENTAL=0" "-e" "RUST_BACKTRACE=full" "-e" "RUSTFLAGS=--cap-lints=warn" "-e" "CARGO_HOME=/opt/rustwide/cargo-home" "-e" "RUSTUP_HOME=/opt/rustwide/rustup-home" "-w" "/opt/rustwide/workdir" "-m" "1610612736" "--user" "0:0" "--network" "none" "ghcr.io/rust-lang/crates-build-env/linux@sha256:34b6a614d2c27851fe6cbf88fbd1137609cefab8b10d0615aaeb6fd47975d74e" "/opt/rustwide/cargo-home/bin/cargo" "+1.54.0" "test" "--frozen" "--no-run" "--message-format=json", kill_on_drop: false }`
[INFO] [stdout] 6d53b661dcb3ebdeb7b8419a710b0a530c970f540daa14d36fcc3f51e43872fe
[INFO] [stderr] WARNING: Your kernel does not support swap limit capabilities or the cgroup is not mounted. Memory limited without swap.
[INFO] running `Command { std: "docker" "start" "-a" "6d53b661dcb3ebdeb7b8419a710b0a530c970f540daa14d36fcc3f51e43872fe", kill_on_drop: false }`
[INFO] [stderr]    Compiling serde_bytes v0.10.5
[INFO] [stdout] warning: unnecessary parentheses around block return value
[INFO] [stdout]   --> src/de/mod.rs:84:24
[INFO] [stdout]    |
[INFO] [stdout] 84 |         let w = if a { (self.store >> self.shift) } else { 0 }
[INFO] [stdout]    |                        ^^^^^^^^^^^^^^^^^^^^^^^^^^ help: remove these parentheses
[INFO] [stdout]    |
[INFO] [stdout]    = note: `#[warn(unused_parens)]` on by default
[INFO] [stdout] 
[INFO] [stdout] 
[INFO] [stdout] warning: unnecessary parentheses around block return value
[INFO] [stdout]   --> src/de/mod.rs:85:28
[INFO] [stdout]    |
[INFO] [stdout] 85 |             | (s << if a { (8 - self.shift) } else { 0 });
[INFO] [stdout]    |                            ^^^^^^^^^^^^^^^^ help: remove these parentheses
[INFO] [stdout] 
[INFO] [stdout] 
[INFO] [stdout] warning: use of deprecated macro `try`: use the `?` operator instead
[INFO] [stdout]    --> src/de/mod.rs:434:29
[INFO] [stdout]     |
[INFO] [stdout] 434 |                 let value = try!(serde::de::DeserializeSeed::deserialize(
[INFO] [stdout]     |                             ^^^
[INFO] [stdout]     |
[INFO] [stdout]     = note: `#[warn(deprecated)]` on by default
[INFO] [stdout] 
[INFO] [stdout] 
[INFO] [stdout] warning: trait objects without an explicit `dyn` are deprecated
[INFO] [stdout]   --> src/lib.rs:79:32
[INFO] [stdout]    |
[INFO] [stdout] 79 |     fn cause(&self) -> Option<&error::Error> {
[INFO] [stdout]    |                                ^^^^^^^^^^^^ help: use `dyn`: `dyn error::Error`
[INFO] [stdout]    |
[INFO] [stdout]    = note: `#[warn(bare_trait_objects)]` on by default
[INFO] [stdout]    = warning: this was previously accepted by the compiler but is being phased out; it will become a hard error in the 2021 edition!
[INFO] [stdout]    = note: for more information, see issue #80165 <https://github.com/rust-lang/rust/issues/80165>
[INFO] [stdout] 
[INFO] [stdout] 
[INFO] [stdout] warning: use of deprecated associated function `std::error::Error::description`: use the Display impl or to_string()
[INFO] [stdout]   --> src/lib.rs:70:35
[INFO] [stdout]    |
[INFO] [stdout] 70 |             Error::Io(ref err) => error::Error::description(err),
[INFO] [stdout]    |                                   ^^^^^^^^^^^^^^^^^^^^^^^^^
[INFO] [stdout] 
[INFO] [stdout] 
[INFO] [stdout] warning: 5 warnings emitted
[INFO] [stdout] 
[INFO] [stdout] 
[INFO] [stderr]    Compiling zlo v0.1.0 (/opt/rustwide/workdir)
[INFO] [stdout] warning: unused import: `zlo::Infinite`
[INFO] [stdout]  --> examples/float_delta.rs:4:5
[INFO] [stdout]   |
[INFO] [stdout] 4 | use zlo::Infinite;
[INFO] [stdout]   |     ^^^^^^^^^^^^^
[INFO] [stdout]   |
[INFO] [stdout]   = note: `#[warn(unused_imports)]` on by default
[INFO] [stdout] 
[INFO] [stdout] 
[INFO] [stdout] warning: unused import: `zlo::deserialize`
[INFO] [stdout]  --> examples/float_delta.rs:5:5
[INFO] [stdout]   |
[INFO] [stdout] 5 | use zlo::deserialize;
[INFO] [stdout]   |     ^^^^^^^^^^^^^^^^
[INFO] [stdout] 
[INFO] [stdout] 
[INFO] [stdout] warning: unused import: `zlo::serialize`
[INFO] [stdout]  --> examples/float_delta.rs:6:5
[INFO] [stdout]   |
[INFO] [stdout] 6 | use zlo::serialize;
[INFO] [stdout]   |     ^^^^^^^^^^^^^^
[INFO] [stdout] 
[INFO] [stdout] 
[INFO] [stdout] warning: function is never used: `f32_diff`
[INFO] [stdout]  --> examples/float_delta.rs:9:4
[INFO] [stdout]   |
[INFO] [stdout] 9 | fn f32_diff(a: f32, b: f32) -> f32 {
[INFO] [stdout]   |    ^^^^^^^^
[INFO] [stdout]   |
[INFO] [stdout]   = note: `#[warn(dead_code)]` on by default
[INFO] [stdout] 
[INFO] [stdout] 
[INFO] [stdout] warning: function is never used: `f64_diff`
[INFO] [stdout]   --> examples/float_delta.rs:24:4
[INFO] [stdout]    |
[INFO] [stdout] 24 | fn f64_diff(a: f64, b: f64) -> f64 {
[INFO] [stdout]    |    ^^^^^^^^
[INFO] [stdout] 
[INFO] [stdout] 
[INFO] [stdout] warning: unnecessary parentheses around block return value
[INFO] [stdout]   --> src/de/mod.rs:84:24
[INFO] [stdout]    |
[INFO] [stdout] 84 |         let w = if a { (self.store >> self.shift) } else { 0 }
[INFO] [stdout]    |                        ^^^^^^^^^^^^^^^^^^^^^^^^^^ help: remove these parentheses
[INFO] [stdout]    |
[INFO] [stdout]    = note: `#[warn(unused_parens)]` on by default
[INFO] [stdout] 
[INFO] [stdout] 
[INFO] [stdout] warning: unnecessary parentheses around block return value
[INFO] [stdout]   --> src/de/mod.rs:85:28
[INFO] [stdout]    |
[INFO] [stdout] 85 |             | (s << if a { (8 - self.shift) } else { 0 });
[INFO] [stdout]    |                            ^^^^^^^^^^^^^^^^ help: remove these parentheses
[INFO] [stdout] 
[INFO] [stdout] 
[INFO] [stdout] warning: use of deprecated macro `try`: use the `?` operator instead
[INFO] [stdout]    --> src/de/mod.rs:434:29
[INFO] [stdout]     |
[INFO] [stdout] 434 |                 let value = try!(serde::de::DeserializeSeed::deserialize(
[INFO] [stdout]     |                             ^^^
[INFO] [stdout]     |
[INFO] [stdout]     = note: `#[warn(deprecated)]` on by default
[INFO] [stdout] 
[INFO] [stdout] 
[INFO] [stdout] warning: trait objects without an explicit `dyn` are deprecated
[INFO] [stdout]   --> src/lib.rs:79:32
[INFO] [stdout]    |
[INFO] [stdout] 79 |     fn cause(&self) -> Option<&error::Error> {
[INFO] [stdout]    |                                ^^^^^^^^^^^^ help: use `dyn`: `dyn error::Error`
[INFO] [stdout]    |
[INFO] [stdout]    = note: `#[warn(bare_trait_objects)]` on by default
[INFO] [stdout]    = warning: this was previously accepted by the compiler but is being phased out; it will become a hard error in the 2021 edition!
[INFO] [stdout]    = note: for more information, see issue #80165 <https://github.com/rust-lang/rust/issues/80165>
[INFO] [stdout] 
[INFO] [stdout] 
[INFO] [stdout] warning: use of deprecated associated function `std::error::Error::description`: use the Display impl or to_string()
[INFO] [stdout]   --> src/lib.rs:70:35
[INFO] [stdout]    |
[INFO] [stdout] 70 |             Error::Io(ref err) => error::Error::description(err),
[INFO] [stdout]    |                                   ^^^^^^^^^^^^^^^^^^^^^^^^^
[INFO] [stdout] 
[INFO] [stdout] 
[INFO] [stdout] warning: unnecessary trailing semicolon
[INFO] [stdout]    --> tests/test.rs:193:6
[INFO] [stdout]     |
[INFO] [stdout] 193 |     };
[INFO] [stdout]     |      ^ help: remove this semicolon
[INFO] [stdout]     |
[INFO] [stdout]     = note: `#[warn(redundant_semicolons)]` on by default
[INFO] [stdout] 
[INFO] [stdout] 
[INFO] [stdout] warning: 5 warnings emitted
[INFO] [stdout] 
[INFO] [stdout] 
[INFO] [stdout] warning: 5 warnings emitted
[INFO] [stdout] 
[INFO] [stdout] 
[INFO] [stdout] warning: 1 warning emitted
[INFO] [stdout] 
[INFO] [stdout] 
[INFO] [stderr]     Finished test [unoptimized + debuginfo] target(s) in 7.30s
[INFO] running `Command { std: "docker" "inspect" "6d53b661dcb3ebdeb7b8419a710b0a530c970f540daa14d36fcc3f51e43872fe", kill_on_drop: false }`
[INFO] running `Command { std: "docker" "rm" "-f" "6d53b661dcb3ebdeb7b8419a710b0a530c970f540daa14d36fcc3f51e43872fe", kill_on_drop: false }`
[INFO] [stdout] 6d53b661dcb3ebdeb7b8419a710b0a530c970f540daa14d36fcc3f51e43872fe
[INFO] running `Command { std: "docker" "create" "-v" "/var/lib/crater-agent-workspace/builds/worker-11/target:/opt/rustwide/target:rw,Z" "-v" "/var/lib/crater-agent-workspace/builds/worker-11/source:/opt/rustwide/workdir:ro,Z" "-v" "/var/lib/crater-agent-workspace/cargo-home:/opt/rustwide/cargo-home:ro,Z" "-v" "/var/lib/crater-agent-workspace/rustup-home:/opt/rustwide/rustup-home:ro,Z" "-e" "SOURCE_DIR=/opt/rustwide/workdir" "-e" "CARGO_TARGET_DIR=/opt/rustwide/target" "-e" "CARGO_INCREMENTAL=0" "-e" "RUST_BACKTRACE=full" "-e" "RUSTFLAGS=--cap-lints=warn" "-e" "CARGO_HOME=/opt/rustwide/cargo-home" "-e" "RUSTUP_HOME=/opt/rustwide/rustup-home" "-w" "/opt/rustwide/workdir" "-m" "1610612736" "--user" "0:0" "--network" "none" "ghcr.io/rust-lang/crates-build-env/linux@sha256:34b6a614d2c27851fe6cbf88fbd1137609cefab8b10d0615aaeb6fd47975d74e" "/opt/rustwide/cargo-home/bin/cargo" "+1.54.0" "test" "--frozen", kill_on_drop: false }`
[INFO] [stdout] 83905bd0a0f3b764d20f41e7345bc14a095c13223a1fbecefbe1bf51527f4d43
[INFO] [stderr] WARNING: Your kernel does not support swap limit capabilities or the cgroup is not mounted. Memory limited without swap.
[INFO] running `Command { std: "docker" "start" "-a" "83905bd0a0f3b764d20f41e7345bc14a095c13223a1fbecefbe1bf51527f4d43", kill_on_drop: false }`
[INFO] [stderr] warning: unnecessary parentheses around block return value
[INFO] [stderr]   --> src/de/mod.rs:84:24
[INFO] [stderr]    |
[INFO] [stderr] 84 |         let w = if a { (self.store >> self.shift) } else { 0 }
[INFO] [stderr]    |                        ^^^^^^^^^^^^^^^^^^^^^^^^^^ help: remove these parentheses
[INFO] [stderr]    |
[INFO] [stderr]    = note: `#[warn(unused_parens)]` on by default
[INFO] [stderr] 
[INFO] [stderr] warning: unnecessary parentheses around block return value
[INFO] [stderr]   --> src/de/mod.rs:85:28
[INFO] [stderr]    |
[INFO] [stderr] 85 |             | (s << if a { (8 - self.shift) } else { 0 });
[INFO] [stderr]    |                            ^^^^^^^^^^^^^^^^ help: remove these parentheses
[INFO] [stderr] 
[INFO] [stderr] warning: use of deprecated macro `try`: use the `?` operator instead
[INFO] [stderr]    --> src/de/mod.rs:434:29
[INFO] [stderr]     |
[INFO] [stderr] 434 |                 let value = try!(serde::de::DeserializeSeed::deserialize(
[INFO] [stderr]     |                             ^^^
[INFO] [stderr]     |
[INFO] [stderr]     = note: `#[warn(deprecated)]` on by default
[INFO] [stderr] 
[INFO] [stderr] warning: trait objects without an explicit `dyn` are deprecated
[INFO] [stderr]   --> src/lib.rs:79:32
[INFO] [stderr]    |
[INFO] [stderr] 79 |     fn cause(&self) -> Option<&error::Error> {
[INFO] [stderr]    |                                ^^^^^^^^^^^^ help: use `dyn`: `dyn error::Error`
[INFO] [stderr]    |
[INFO] [stderr]    = note: `#[warn(bare_trait_objects)]` on by default
[INFO] [stderr]    = warning: this was previously accepted by the compiler but is being phased out; it will become a hard error in the 2021 edition!
[INFO] [stderr]    = note: for more information, see issue #80165 <https://github.com/rust-lang/rust/issues/80165>
[INFO] [stderr] 
[INFO] [stderr] warning: use of deprecated associated function `std::error::Error::description`: use the Display impl or to_string()
[INFO] [stderr]   --> src/lib.rs:70:35
[INFO] [stderr]    |
[INFO] [stderr] 70 |             Error::Io(ref err) => error::Error::description(err),
[INFO] [stderr]    |                                   ^^^^^^^^^^^^^^^^^^^^^^^^^
[INFO] [stderr] 
[INFO] [stderr] warning: 5 warnings emitted
[INFO] [stderr] 
[INFO] [stderr] warning: unused import: `zlo::Infinite`
[INFO] [stderr]  --> examples/float_delta.rs:4:5
[INFO] [stderr]   |
[INFO] [stderr] 4 | use zlo::Infinite;
[INFO] [stderr]   |     ^^^^^^^^^^^^^
[INFO] [stderr]   |
[INFO] [stderr]   = note: `#[warn(unused_imports)]` on by default
[INFO] [stderr] 
[INFO] [stderr] warning: unused import: `zlo::deserialize`
[INFO] [stderr]  --> examples/float_delta.rs:5:5
[INFO] [stderr]   |
[INFO] [stderr] 5 | use zlo::deserialize;
[INFO] [stderr]   |     ^^^^^^^^^^^^^^^^
[INFO] [stderr] 
[INFO] [stderr] warning: unused import: `zlo::serialize`
[INFO] [stderr]  --> examples/float_delta.rs:6:5
[INFO] [stderr]   |
[INFO] [stderr] 6 | use zlo::serialize;
[INFO] [stderr]   |     ^^^^^^^^^^^^^^
[INFO] [stderr] 
[INFO] [stderr] warning: function is never used: `f32_diff`
[INFO] [stderr]  --> examples/float_delta.rs:9:4
[INFO] [stderr]   |
[INFO] [stderr] 9 | fn f32_diff(a: f32, b: f32) -> f32 {
[INFO] [stderr]   |    ^^^^^^^^
[INFO] [stderr]   |
[INFO] [stderr]   = note: `#[warn(dead_code)]` on by default
[INFO] [stderr] 
[INFO] [stderr] warning: function is never used: `f64_diff`
[INFO] [stderr]   --> examples/float_delta.rs:24:4
[INFO] [stderr]    |
[INFO] [stderr] 24 | fn f64_diff(a: f64, b: f64) -> f64 {
[INFO] [stderr]    |    ^^^^^^^^
[INFO] [stderr] 
[INFO] [stderr] warning: 5 warnings emitted
[INFO] [stderr] 
[INFO] [stderr] warning: unnecessary trailing semicolon
[INFO] [stderr]    --> tests/test.rs:193:6
[INFO] [stderr]     |
[INFO] [stderr] 193 |     };
[INFO] [stderr]     |      ^ help: remove this semicolon
[INFO] [stderr]     |
[INFO] [stderr]     = note: `#[warn(redundant_semicolons)]` on by default
[INFO] [stderr] 
[INFO] [stderr] warning: 1 warning emitted
[INFO] [stderr] 
[INFO] [stderr] warning: unnecessary parentheses around block return value
[INFO] [stderr]   --> src/de/mod.rs:84:24
[INFO] [stderr]    |
[INFO] [stderr] 84 |         let w = if a { (self.store >> self.shift) } else { 0 }
[INFO] [stderr]    |                        ^^^^^^^^^^^^^^^^^^^^^^^^^^ help: remove these parentheses
[INFO] [stderr]    |
[INFO] [stderr]    = note: `#[warn(unused_parens)]` on by default
[INFO] [stderr] 
[INFO] [stderr] warning: unnecessary parentheses around block return value
[INFO] [stderr]   --> src/de/mod.rs:85:28
[INFO] [stderr]    |
[INFO] [stderr] 85 |             | (s << if a { (8 - self.shift) } else { 0 });
[INFO] [stderr]    |                            ^^^^^^^^^^^^^^^^ help: remove these parentheses
[INFO] [stderr] 
[INFO] [stderr] warning: use of deprecated macro `try`: use the `?` operator instead
[INFO] [stderr]    --> src/de/mod.rs:434:29
[INFO] [stderr]     |
[INFO] [stderr] 434 |                 let value = try!(serde::de::DeserializeSeed::deserialize(
[INFO] [stderr]     |                             ^^^
[INFO] [stderr]     |
[INFO] [stderr]     = note: `#[warn(deprecated)]` on by default
[INFO] [stderr] 
[INFO] [stderr] warning: trait objects without an explicit `dyn` are deprecated
[INFO] [stderr]   --> src/lib.rs:79:32
[INFO] [stderr]    |
[INFO] [stderr] 79 |     fn cause(&self) -> Option<&error::Error> {
[INFO] [stderr]    |                                ^^^^^^^^^^^^ help: use `dyn`: `dyn error::Error`
[INFO] [stderr]    |
[INFO] [stderr]    = note: `#[warn(bare_trait_objects)]` on by default
[INFO] [stderr]    = warning: this was previously accepted by the compiler but is being phased out; it will become a hard error in the 2021 edition!
[INFO] [stderr]    = note: for more information, see issue #80165 <https://github.com/rust-lang/rust/issues/80165>
[INFO] [stderr] 
[INFO] [stderr] warning: use of deprecated associated function `std::error::Error::description`: use the Display impl or to_string()
[INFO] [stderr]   --> src/lib.rs:70:35
[INFO] [stderr]    |
[INFO] [stderr] 70 |             Error::Io(ref err) => error::Error::description(err),
[INFO] [stderr]    |                                   ^^^^^^^^^^^^^^^^^^^^^^^^^
[INFO] [stderr] 
[INFO] [stderr] warning: 5 warnings emitted
[INFO] [stderr] 
[INFO] [stderr]     Finished test [unoptimized + debuginfo] target(s) in 0.02s
[INFO] [stdout] 
[INFO] [stderr]      Running unittests (/opt/rustwide/target/debug/deps/zlo-07942d2e3bd1f632)
[INFO] [stdout] running 0 tests
[INFO] [stderr]      Running tests/test.rs (/opt/rustwide/target/debug/deps/test-189ae6e80c21ed87)
[INFO] [stdout] 
[INFO] [stdout] test result: ok. 0 passed; 0 failed; 0 ignored; 0 measured; 0 filtered out; finished in 0.00s
[INFO] [stdout] 
[INFO] [stdout] 
[INFO] [stdout] running 30 tests
[INFO] [stdout] test fuzzer_f32 ... ignored
[INFO] [stdout] test fuzzer_f64 ... ignored
[INFO] [stdout] test deserializing_errors ... ok
[INFO] [stdout] test serde_bytes ... ok
[INFO] [stdout] test char_serialization ... ok
[INFO] [stdout] test path_buf ... ok
[INFO] [stdout] test test_basic_struct ... ok
[INFO] [stdout] test test_proxy_encoded_size ... ok
[INFO] [stdout] test test_slicebox_serialize ... ok
[INFO] [stdout] test test_struct_newtype ... ok
[INFO] [stdout] test test_size_predictions ... ok
[INFO] [stdout] test test_struct_tuple ... ok
[INFO] [stdout] test test_strbox_serialize ... ok
[INFO] [stdout] test test_string ... ok
[INFO] [stdout] test test_enum ... ok
[INFO] [stdout] test test_multi_strings_serialize ... ok
[INFO] [stdout] test test_cow_serialize ... ok
[INFO] [stdout] test test_tuple ... ok
[INFO] [stdout] test test_map ... ok
[INFO] [stdout] test test_unicode ... ok
[INFO] [stdout] test too_big_char_deserialize ... ok
[INFO] [stdout] test too_big_serialize ... ok
[INFO] [stdout] test test_vec ... ok
[INFO] [stdout] test test_nested_struct ... ok
[INFO] [stdout] test test_numbers ... ok
[INFO] [stdout] test test_oom_protection ... ok
[INFO] [stdout] test test_option ... ok
[INFO] [stderr]    Doc-tests zlo
[INFO] [stdout] test test_fixed_size_array ... ok
[INFO] [stdout] test encode_box ... ok
[INFO] [stdout] test test_bool ... ok
[INFO] [stdout] 
[INFO] [stdout] test result: ok. 28 passed; 0 failed; 2 ignored; 0 measured; 0 filtered out; finished in 0.01s
[INFO] [stdout] 
[INFO] [stderr] warning: unnecessary parentheses around block return value
[INFO] [stderr]   --> /opt/rustwide/workdir/src/de/mod.rs:84:24
[INFO] [stderr]    |
[INFO] [stderr] 84 |         let w = if a { (self.store >> self.shift) } else { 0 }
[INFO] [stderr]    |                        ^^^^^^^^^^^^^^^^^^^^^^^^^^ help: remove these parentheses
[INFO] [stderr]    |
[INFO] [stderr]    = note: `#[warn(unused_parens)]` on by default
[INFO] [stderr] 
[INFO] [stderr] warning: unnecessary parentheses around block return value
[INFO] [stderr]   --> /opt/rustwide/workdir/src/de/mod.rs:85:28
[INFO] [stderr]    |
[INFO] [stderr] 85 |             | (s << if a { (8 - self.shift) } else { 0 });
[INFO] [stderr]    |                            ^^^^^^^^^^^^^^^^ help: remove these parentheses
[INFO] [stderr] 
[INFO] [stderr] warning: 2 warnings emitted
[INFO] [stderr] 
[INFO] [stdout] 
[INFO] [stdout] running 2 tests
[INFO] [stdout] test src/de/mod.rs - de::Deserializer (line 16) ... ignored
[INFO] [stdout] test src/lib.rs - (line 8) ... FAILED
[INFO] [stdout] 
[INFO] [stdout] failures:
[INFO] [stdout] 
[INFO] [stdout] ---- src/lib.rs - (line 8) stdout ----
[INFO] [stdout] error[E0423]: cannot initialize a tuple struct which contains private fields
[INFO] [stdout]    --> src/lib.rs:15:17
[INFO] [stdout]     |
[INFO] [stdout] 8   |     let limit = Bounded(20);
[INFO] [stdout]     |                 ^^^^^^^
[INFO] [stdout]     |
[INFO] [stdout] note: constructor is not visible here due to private fields
[INFO] [stdout]    --> /opt/rustwide/workdir/src/lib.rs:295:20
[INFO] [stdout]     |
[INFO] [stdout] 295 | pub struct Bounded(u64);
[INFO] [stdout]     |                    ^^^ private field
[INFO] [stdout] 
[INFO] [stdout] error: aborting due to previous error
[INFO] [stdout] 
[INFO] [stdout] For more information about this error, try `rustc --explain E0423`.
[INFO] [stdout] Couldn't compile the test.
[INFO] [stdout] 
[INFO] [stdout] failures:
[INFO] [stdout]     src/lib.rs - (line 8)
[INFO] [stdout] 
[INFO] [stdout] test result: FAILED. 0 passed; 1 failed; 1 ignored; 0 measured; 0 filtered out; finished in 0.24s
[INFO] [stdout] 
[INFO] [stderr] error: test failed, to rerun pass '--doc'
[INFO] running `Command { std: "docker" "inspect" "83905bd0a0f3b764d20f41e7345bc14a095c13223a1fbecefbe1bf51527f4d43", kill_on_drop: false }`
[INFO] running `Command { std: "docker" "rm" "-f" "83905bd0a0f3b764d20f41e7345bc14a095c13223a1fbecefbe1bf51527f4d43", kill_on_drop: false }`
[INFO] [stdout] 83905bd0a0f3b764d20f41e7345bc14a095c13223a1fbecefbe1bf51527f4d43
