[INFO] fetching crate zeronet_cryptography 0.1.8...
[INFO] testing zeronet_cryptography-0.1.8 against 1.54.0 for beta-1.55-1
[INFO] extracting crate zeronet_cryptography 0.1.8 into /workspace/builds/worker-14/source
[INFO] validating manifest of crates.io crate zeronet_cryptography 0.1.8 on toolchain 1.54.0
[INFO] running `Command { std: "/workspace/cargo-home/bin/cargo" "+1.54.0" "metadata" "--manifest-path" "Cargo.toml" "--no-deps", kill_on_drop: false }`
[INFO] started tweaking crates.io crate zeronet_cryptography 0.1.8
[INFO] finished tweaking crates.io crate zeronet_cryptography 0.1.8
[INFO] tweaked toml for crates.io crate zeronet_cryptography 0.1.8 written to /workspace/builds/worker-14/source/Cargo.toml
[INFO] running `Command { std: "/workspace/cargo-home/bin/cargo" "+1.54.0" "generate-lockfile" "--manifest-path" "Cargo.toml" "-Zno-index-update", kill_on_drop: false }`
[INFO] [stderr]     Blocking waiting for file lock on package cache
[INFO] running `Command { std: "/workspace/cargo-home/bin/cargo" "+1.54.0" "fetch" "--manifest-path" "Cargo.toml", kill_on_drop: false }`
[INFO] [stderr]     Blocking waiting for file lock on package cache
[INFO] running `Command { std: "docker" "create" "-v" "/var/lib/crater-agent-workspace/builds/worker-14/target:/opt/rustwide/target:rw,Z" "-v" "/var/lib/crater-agent-workspace/builds/worker-14/source:/opt/rustwide/workdir:ro,Z" "-v" "/var/lib/crater-agent-workspace/cargo-home:/opt/rustwide/cargo-home:ro,Z" "-v" "/var/lib/crater-agent-workspace/rustup-home:/opt/rustwide/rustup-home:ro,Z" "-e" "SOURCE_DIR=/opt/rustwide/workdir" "-e" "CARGO_TARGET_DIR=/opt/rustwide/target" "-e" "CARGO_HOME=/opt/rustwide/cargo-home" "-e" "RUSTUP_HOME=/opt/rustwide/rustup-home" "-w" "/opt/rustwide/workdir" "-m" "1610612736" "--user" "0:0" "--network" "none" "ghcr.io/rust-lang/crates-build-env/linux@sha256:34b6a614d2c27851fe6cbf88fbd1137609cefab8b10d0615aaeb6fd47975d74e" "/opt/rustwide/cargo-home/bin/cargo" "+1.54.0" "metadata" "--no-deps" "--format-version=1", kill_on_drop: false }`
[INFO] [stdout] 0483a4a7cb2c5187cc9eb024bbc8102c31d4ffd90c9e89cb719aa913b968b0cd
[INFO] [stderr] WARNING: Your kernel does not support swap limit capabilities or the cgroup is not mounted. Memory limited without swap.
[INFO] running `Command { std: "docker" "start" "-a" "0483a4a7cb2c5187cc9eb024bbc8102c31d4ffd90c9e89cb719aa913b968b0cd", kill_on_drop: false }`
[INFO] running `Command { std: "docker" "inspect" "0483a4a7cb2c5187cc9eb024bbc8102c31d4ffd90c9e89cb719aa913b968b0cd", kill_on_drop: false }`
[INFO] running `Command { std: "docker" "rm" "-f" "0483a4a7cb2c5187cc9eb024bbc8102c31d4ffd90c9e89cb719aa913b968b0cd", kill_on_drop: false }`
[INFO] [stdout] 0483a4a7cb2c5187cc9eb024bbc8102c31d4ffd90c9e89cb719aa913b968b0cd
[INFO] running `Command { std: "docker" "create" "-v" "/var/lib/crater-agent-workspace/builds/worker-14/target:/opt/rustwide/target:rw,Z" "-v" "/var/lib/crater-agent-workspace/builds/worker-14/source:/opt/rustwide/workdir:ro,Z" "-v" "/var/lib/crater-agent-workspace/cargo-home:/opt/rustwide/cargo-home:ro,Z" "-v" "/var/lib/crater-agent-workspace/rustup-home:/opt/rustwide/rustup-home:ro,Z" "-e" "SOURCE_DIR=/opt/rustwide/workdir" "-e" "CARGO_TARGET_DIR=/opt/rustwide/target" "-e" "CARGO_INCREMENTAL=0" "-e" "RUST_BACKTRACE=full" "-e" "RUSTFLAGS=--cap-lints=warn" "-e" "CARGO_HOME=/opt/rustwide/cargo-home" "-e" "RUSTUP_HOME=/opt/rustwide/rustup-home" "-w" "/opt/rustwide/workdir" "-m" "1610612736" "--user" "0:0" "--network" "none" "ghcr.io/rust-lang/crates-build-env/linux@sha256:34b6a614d2c27851fe6cbf88fbd1137609cefab8b10d0615aaeb6fd47975d74e" "/opt/rustwide/cargo-home/bin/cargo" "+1.54.0" "build" "--frozen" "--message-format=json", kill_on_drop: false }`
[INFO] [stdout] 9acddf65273256d9b4cfe0918fcb8d359f9faef16efc1e4d27ae3abb4bf0261f
[INFO] [stderr] WARNING: Your kernel does not support swap limit capabilities or the cgroup is not mounted. Memory limited without swap.
[INFO] running `Command { std: "docker" "start" "-a" "9acddf65273256d9b4cfe0918fcb8d359f9faef16efc1e4d27ae3abb4bf0261f", kill_on_drop: false }`
[INFO] [stderr]    Compiling bitcoin_hashes v0.9.7
[INFO] [stderr]    Compiling bech32 v0.7.3
[INFO] [stderr]    Compiling basex-rs v0.1.1
[INFO] [stderr]    Compiling secp256k1-sys v0.3.0
[INFO] [stderr]    Compiling ripemd160 v0.9.1
[INFO] [stderr]    Compiling secp256k1 v0.19.0
[INFO] [stderr]    Compiling bitcoin v0.25.2
[INFO] [stderr]    Compiling zeronet_cryptography v0.1.8 (/opt/rustwide/workdir)
[INFO] [stderr]     Finished dev [unoptimized + debuginfo] target(s) in 20.71s
[INFO] running `Command { std: "docker" "inspect" "9acddf65273256d9b4cfe0918fcb8d359f9faef16efc1e4d27ae3abb4bf0261f", kill_on_drop: false }`
[INFO] running `Command { std: "docker" "rm" "-f" "9acddf65273256d9b4cfe0918fcb8d359f9faef16efc1e4d27ae3abb4bf0261f", kill_on_drop: false }`
[INFO] [stdout] 9acddf65273256d9b4cfe0918fcb8d359f9faef16efc1e4d27ae3abb4bf0261f
[INFO] running `Command { std: "docker" "create" "-v" "/var/lib/crater-agent-workspace/builds/worker-14/target:/opt/rustwide/target:rw,Z" "-v" "/var/lib/crater-agent-workspace/builds/worker-14/source:/opt/rustwide/workdir:ro,Z" "-v" "/var/lib/crater-agent-workspace/cargo-home:/opt/rustwide/cargo-home:ro,Z" "-v" "/var/lib/crater-agent-workspace/rustup-home:/opt/rustwide/rustup-home:ro,Z" "-e" "SOURCE_DIR=/opt/rustwide/workdir" "-e" "CARGO_TARGET_DIR=/opt/rustwide/target" "-e" "CARGO_INCREMENTAL=0" "-e" "RUST_BACKTRACE=full" "-e" "RUSTFLAGS=--cap-lints=warn" "-e" "CARGO_HOME=/opt/rustwide/cargo-home" "-e" "RUSTUP_HOME=/opt/rustwide/rustup-home" "-w" "/opt/rustwide/workdir" "-m" "1610612736" "--user" "0:0" "--network" "none" "ghcr.io/rust-lang/crates-build-env/linux@sha256:34b6a614d2c27851fe6cbf88fbd1137609cefab8b10d0615aaeb6fd47975d74e" "/opt/rustwide/cargo-home/bin/cargo" "+1.54.0" "test" "--frozen" "--no-run" "--message-format=json", kill_on_drop: false }`
[INFO] [stderr] WARNING: Your kernel does not support swap limit capabilities or the cgroup is not mounted. Memory limited without swap.
[INFO] [stdout] 8019d9f919f3148cea933b3574a01aacc49ffd44c43d678eedfe815d808decce
[INFO] running `Command { std: "docker" "start" "-a" "8019d9f919f3148cea933b3574a01aacc49ffd44c43d678eedfe815d808decce", kill_on_drop: false }`
[INFO] [stderr]    Compiling zeronet_cryptography v0.1.8 (/opt/rustwide/workdir)
[INFO] [stderr]     Finished test [unoptimized + debuginfo] target(s) in 2.50s
[INFO] running `Command { std: "docker" "inspect" "8019d9f919f3148cea933b3574a01aacc49ffd44c43d678eedfe815d808decce", kill_on_drop: false }`
[INFO] running `Command { std: "docker" "rm" "-f" "8019d9f919f3148cea933b3574a01aacc49ffd44c43d678eedfe815d808decce", kill_on_drop: false }`
[INFO] [stdout] 8019d9f919f3148cea933b3574a01aacc49ffd44c43d678eedfe815d808decce
[INFO] running `Command { std: "docker" "create" "-v" "/var/lib/crater-agent-workspace/builds/worker-14/target:/opt/rustwide/target:rw,Z" "-v" "/var/lib/crater-agent-workspace/builds/worker-14/source:/opt/rustwide/workdir:ro,Z" "-v" "/var/lib/crater-agent-workspace/cargo-home:/opt/rustwide/cargo-home:ro,Z" "-v" "/var/lib/crater-agent-workspace/rustup-home:/opt/rustwide/rustup-home:ro,Z" "-e" "SOURCE_DIR=/opt/rustwide/workdir" "-e" "CARGO_TARGET_DIR=/opt/rustwide/target" "-e" "CARGO_INCREMENTAL=0" "-e" "RUST_BACKTRACE=full" "-e" "RUSTFLAGS=--cap-lints=warn" "-e" "CARGO_HOME=/opt/rustwide/cargo-home" "-e" "RUSTUP_HOME=/opt/rustwide/rustup-home" "-w" "/opt/rustwide/workdir" "-m" "1610612736" "--user" "0:0" "--network" "none" "ghcr.io/rust-lang/crates-build-env/linux@sha256:34b6a614d2c27851fe6cbf88fbd1137609cefab8b10d0615aaeb6fd47975d74e" "/opt/rustwide/cargo-home/bin/cargo" "+1.54.0" "test" "--frozen", kill_on_drop: false }`
[INFO] [stdout] db2402bc876fff0d9d02d59281d8da31fae161979c8d38ed803937d6ca2d284e
[INFO] [stderr] WARNING: Your kernel does not support swap limit capabilities or the cgroup is not mounted. Memory limited without swap.
[INFO] running `Command { std: "docker" "start" "-a" "db2402bc876fff0d9d02d59281d8da31fae161979c8d38ed803937d6ca2d284e", kill_on_drop: false }`
[INFO] [stdout] 
[INFO] [stderr]     Finished test [unoptimized + debuginfo] target(s) in 0.05s
[INFO] [stdout] running 4 tests
[INFO] [stderr]      Running unittests (/opt/rustwide/target/debug/deps/zeronet_cryptography-52c721a698e61d2c)
[INFO] [stdout] test tests::test_msg_hash ... ok
[INFO] [stdout] test tests::test_verification ... ok
[INFO] [stdout] test tests::test_signing ... ok
[INFO] [stdout] test tests::test_creating ... ok
[INFO] [stdout] 
[INFO] [stdout] test result: ok. 4 passed; 0 failed; 0 ignored; 0 measured; 0 filtered out; finished in 0.36s
[INFO] [stdout] 
[INFO] [stderr]    Doc-tests zeronet_cryptography
[INFO] [stdout] 
[INFO] [stdout] running 3 tests
[INFO] [stdout] test src/lib.rs - create (line 115) ... FAILED
[INFO] [stdout] test src/lib.rs - sign (line 86) ... FAILED
[INFO] [stdout] test src/lib.rs - verify (line 47) ... FAILED
[INFO] [stdout] 
[INFO] [stdout] failures:
[INFO] [stdout] 
[INFO] [stdout] ---- src/lib.rs - create (line 115) stdout ----
[INFO] [stdout] error[E0432]: unresolved import `zerucrypt`
[INFO] [stdout]  --> src/lib.rs:116:5
[INFO] [stdout]   |
[INFO] [stdout] 3 | use zerucrypt::create;
[INFO] [stdout]   |     ^^^^^^^^^ use of undeclared crate or module `zerucrypt`
[INFO] [stdout] 
[INFO] [stdout] error: aborting due to previous error
[INFO] [stdout] 
[INFO] [stdout] For more information about this error, try `rustc --explain E0432`.
[INFO] [stdout] Couldn't compile the test.
[INFO] [stdout] ---- src/lib.rs - sign (line 86) stdout ----
[INFO] [stdout] error[E0432]: unresolved import `zerucrypt`
[INFO] [stdout]  --> src/lib.rs:87:5
[INFO] [stdout]   |
[INFO] [stdout] 3 | use zerucrypt::sign;
[INFO] [stdout]   |     ^^^^^^^^^ use of undeclared crate or module `zerucrypt`
[INFO] [stdout] 
[INFO] [stdout] error: aborting due to previous error
[INFO] [stdout] 
[INFO] [stdout] For more information about this error, try `rustc --explain E0432`.
[INFO] [stdout] Couldn't compile the test.
[INFO] [stdout] ---- src/lib.rs - verify (line 47) stdout ----
[INFO] [stdout] error[E0432]: unresolved import `zerucrypt`
[INFO] [stdout]  --> src/lib.rs:48:5
[INFO] [stdout]   |
[INFO] [stdout] 3 | use zerucrypt::verify;
[INFO] [stdout]   |     ^^^^^^^^^ use of undeclared crate or module `zerucrypt`
[INFO] [stdout] 
[INFO] [stdout] error: aborting due to previous error
[INFO] [stdout] 
[INFO] [stdout] For more information about this error, try `rustc --explain E0432`.
[INFO] [stdout] Couldn't compile the test.
[INFO] [stdout] 
[INFO] [stdout] failures:
[INFO] [stdout]     src/lib.rs - create (line 115)
[INFO] [stdout]     src/lib.rs - sign (line 86)
[INFO] [stdout]     src/lib.rs - verify (line 47)
[INFO] [stdout] 
[INFO] [stdout] test result: FAILED. 0 passed; 3 failed; 0 ignored; 0 measured; 0 filtered out; finished in 0.76s
[INFO] [stdout] 
[INFO] [stderr] error: test failed, to rerun pass '--doc'
[INFO] running `Command { std: "docker" "inspect" "db2402bc876fff0d9d02d59281d8da31fae161979c8d38ed803937d6ca2d284e", kill_on_drop: false }`
[INFO] running `Command { std: "docker" "rm" "-f" "db2402bc876fff0d9d02d59281d8da31fae161979c8d38ed803937d6ca2d284e", kill_on_drop: false }`
[INFO] [stdout] db2402bc876fff0d9d02d59281d8da31fae161979c8d38ed803937d6ca2d284e
