[INFO] fetching crate zaplib 0.0.1...
[INFO] testing zaplib-0.0.1 against beta-2021-08-01 for beta-1.55-1
[INFO] extracting crate zaplib 0.0.1 into /workspace/builds/worker-6/source
[INFO] validating manifest of crates.io crate zaplib 0.0.1 on toolchain beta-2021-08-01
[INFO] running `Command { std: "/workspace/cargo-home/bin/cargo" "+beta-2021-08-01" "metadata" "--manifest-path" "Cargo.toml" "--no-deps", kill_on_drop: false }`
[INFO] started tweaking crates.io crate zaplib 0.0.1
[INFO] finished tweaking crates.io crate zaplib 0.0.1
[INFO] tweaked toml for crates.io crate zaplib 0.0.1 written to /workspace/builds/worker-6/source/Cargo.toml
[INFO] running `Command { std: "/workspace/cargo-home/bin/cargo" "+beta-2021-08-01" "generate-lockfile" "--manifest-path" "Cargo.toml" "-Zno-index-update", kill_on_drop: false }`
[INFO] running `Command { std: "/workspace/cargo-home/bin/cargo" "+beta-2021-08-01" "fetch" "--manifest-path" "Cargo.toml", kill_on_drop: false }`
[INFO] running `Command { std: "docker" "create" "-v" "/var/lib/crater-agent-workspace/builds/worker-6/target:/opt/rustwide/target:rw,Z" "-v" "/var/lib/crater-agent-workspace/builds/worker-6/source:/opt/rustwide/workdir:ro,Z" "-v" "/var/lib/crater-agent-workspace/cargo-home:/opt/rustwide/cargo-home:ro,Z" "-v" "/var/lib/crater-agent-workspace/rustup-home:/opt/rustwide/rustup-home:ro,Z" "-e" "SOURCE_DIR=/opt/rustwide/workdir" "-e" "CARGO_TARGET_DIR=/opt/rustwide/target" "-e" "CARGO_HOME=/opt/rustwide/cargo-home" "-e" "RUSTUP_HOME=/opt/rustwide/rustup-home" "-w" "/opt/rustwide/workdir" "-m" "1610612736" "--user" "0:0" "--network" "none" "ghcr.io/rust-lang/crates-build-env/linux@sha256:34b6a614d2c27851fe6cbf88fbd1137609cefab8b10d0615aaeb6fd47975d74e" "/opt/rustwide/cargo-home/bin/cargo" "+beta-2021-08-01" "metadata" "--no-deps" "--format-version=1", kill_on_drop: false }`
[INFO] [stdout] cd75ff2850ec8d5291f0c837faed8a5f45f809e6530a77c353b0b89a50d1e24c
[INFO] [stderr] WARNING: Your kernel does not support swap limit capabilities or the cgroup is not mounted. Memory limited without swap.
[INFO] running `Command { std: "docker" "start" "-a" "cd75ff2850ec8d5291f0c837faed8a5f45f809e6530a77c353b0b89a50d1e24c", kill_on_drop: false }`
[INFO] running `Command { std: "docker" "inspect" "cd75ff2850ec8d5291f0c837faed8a5f45f809e6530a77c353b0b89a50d1e24c", kill_on_drop: false }`
[INFO] running `Command { std: "docker" "rm" "-f" "cd75ff2850ec8d5291f0c837faed8a5f45f809e6530a77c353b0b89a50d1e24c", kill_on_drop: false }`
[INFO] [stdout] cd75ff2850ec8d5291f0c837faed8a5f45f809e6530a77c353b0b89a50d1e24c
[INFO] running `Command { std: "docker" "create" "-v" "/var/lib/crater-agent-workspace/builds/worker-6/target:/opt/rustwide/target:rw,Z" "-v" "/var/lib/crater-agent-workspace/builds/worker-6/source:/opt/rustwide/workdir:ro,Z" "-v" "/var/lib/crater-agent-workspace/cargo-home:/opt/rustwide/cargo-home:ro,Z" "-v" "/var/lib/crater-agent-workspace/rustup-home:/opt/rustwide/rustup-home:ro,Z" "-e" "SOURCE_DIR=/opt/rustwide/workdir" "-e" "CARGO_TARGET_DIR=/opt/rustwide/target" "-e" "CARGO_INCREMENTAL=0" "-e" "RUST_BACKTRACE=full" "-e" "RUSTFLAGS=--cap-lints=warn" "-e" "CARGO_HOME=/opt/rustwide/cargo-home" "-e" "RUSTUP_HOME=/opt/rustwide/rustup-home" "-w" "/opt/rustwide/workdir" "-m" "1610612736" "--user" "0:0" "--network" "none" "ghcr.io/rust-lang/crates-build-env/linux@sha256:34b6a614d2c27851fe6cbf88fbd1137609cefab8b10d0615aaeb6fd47975d74e" "/opt/rustwide/cargo-home/bin/cargo" "+beta-2021-08-01" "build" "--frozen" "--message-format=json", kill_on_drop: false }`
[INFO] [stdout] 3a68ccb2ea0f7e66623067f78577b71a4134b35cf1d201d4940cec964cfe490f
[INFO] [stderr] WARNING: Your kernel does not support swap limit capabilities or the cgroup is not mounted. Memory limited without swap.
[INFO] running `Command { std: "docker" "start" "-a" "3a68ccb2ea0f7e66623067f78577b71a4134b35cf1d201d4940cec964cfe490f", kill_on_drop: false }`
[INFO] [stderr]    Compiling khronos_api v3.1.0
[INFO] [stderr]    Compiling zaplib_x11_sys v0.0.1
[INFO] [stderr]    Compiling zaplib_glx_sys v0.0.1
[INFO] [stderr]    Compiling chunked_transfer v1.4.0
[INFO] [stderr]    Compiling ascii v0.9.3
[INFO] [stderr]    Compiling zaplib_vector v0.0.1
[INFO] [stderr]    Compiling zaplib_shader_compiler v0.0.1
[INFO] [stderr]    Compiling qstring v0.6.0
[INFO] [stderr]    Compiling cookie v0.11.4
[INFO] [stderr]    Compiling ureq v0.9.1
[INFO] [stderr]    Compiling gl_generator v0.14.0
[INFO] [stderr]    Compiling gl v0.14.0
[INFO] [stderr]    Compiling zaplib v0.0.1 (/opt/rustwide/workdir)
[INFO] [stderr]     Finished dev [unoptimized + debuginfo] target(s) in 26.26s
[INFO] running `Command { std: "docker" "inspect" "3a68ccb2ea0f7e66623067f78577b71a4134b35cf1d201d4940cec964cfe490f", kill_on_drop: false }`
[INFO] running `Command { std: "docker" "rm" "-f" "3a68ccb2ea0f7e66623067f78577b71a4134b35cf1d201d4940cec964cfe490f", kill_on_drop: false }`
[INFO] [stdout] 3a68ccb2ea0f7e66623067f78577b71a4134b35cf1d201d4940cec964cfe490f
[INFO] running `Command { std: "docker" "create" "-v" "/var/lib/crater-agent-workspace/builds/worker-6/target:/opt/rustwide/target:rw,Z" "-v" "/var/lib/crater-agent-workspace/builds/worker-6/source:/opt/rustwide/workdir:ro,Z" "-v" "/var/lib/crater-agent-workspace/cargo-home:/opt/rustwide/cargo-home:ro,Z" "-v" "/var/lib/crater-agent-workspace/rustup-home:/opt/rustwide/rustup-home:ro,Z" "-e" "SOURCE_DIR=/opt/rustwide/workdir" "-e" "CARGO_TARGET_DIR=/opt/rustwide/target" "-e" "CARGO_INCREMENTAL=0" "-e" "RUST_BACKTRACE=full" "-e" "RUSTFLAGS=--cap-lints=warn" "-e" "CARGO_HOME=/opt/rustwide/cargo-home" "-e" "RUSTUP_HOME=/opt/rustwide/rustup-home" "-w" "/opt/rustwide/workdir" "-m" "1610612736" "--user" "0:0" "--network" "none" "ghcr.io/rust-lang/crates-build-env/linux@sha256:34b6a614d2c27851fe6cbf88fbd1137609cefab8b10d0615aaeb6fd47975d74e" "/opt/rustwide/cargo-home/bin/cargo" "+beta-2021-08-01" "test" "--frozen" "--no-run" "--message-format=json", kill_on_drop: false }`
[INFO] [stderr] WARNING: Your kernel does not support swap limit capabilities or the cgroup is not mounted. Memory limited without swap.
[INFO] [stdout] 136abc323366348286c8ae934f75c338b78d3e85537dc13e99d14e95f76e5068
[INFO] running `Command { std: "docker" "start" "-a" "136abc323366348286c8ae934f75c338b78d3e85537dc13e99d14e95f76e5068", kill_on_drop: false }`
[INFO] [stderr]    Compiling zaplib v0.0.1 (/opt/rustwide/workdir)
[INFO] [stderr]     Finished test [unoptimized + debuginfo] target(s) in 2.94s
[INFO] running `Command { std: "docker" "inspect" "136abc323366348286c8ae934f75c338b78d3e85537dc13e99d14e95f76e5068", kill_on_drop: false }`
[INFO] running `Command { std: "docker" "rm" "-f" "136abc323366348286c8ae934f75c338b78d3e85537dc13e99d14e95f76e5068", kill_on_drop: false }`
[INFO] [stdout] 136abc323366348286c8ae934f75c338b78d3e85537dc13e99d14e95f76e5068
[INFO] running `Command { std: "docker" "create" "-v" "/var/lib/crater-agent-workspace/builds/worker-6/target:/opt/rustwide/target:rw,Z" "-v" "/var/lib/crater-agent-workspace/builds/worker-6/source:/opt/rustwide/workdir:ro,Z" "-v" "/var/lib/crater-agent-workspace/cargo-home:/opt/rustwide/cargo-home:ro,Z" "-v" "/var/lib/crater-agent-workspace/rustup-home:/opt/rustwide/rustup-home:ro,Z" "-e" "SOURCE_DIR=/opt/rustwide/workdir" "-e" "CARGO_TARGET_DIR=/opt/rustwide/target" "-e" "CARGO_INCREMENTAL=0" "-e" "RUST_BACKTRACE=full" "-e" "RUSTFLAGS=--cap-lints=warn" "-e" "CARGO_HOME=/opt/rustwide/cargo-home" "-e" "RUSTUP_HOME=/opt/rustwide/rustup-home" "-w" "/opt/rustwide/workdir" "-m" "1610612736" "--user" "0:0" "--network" "none" "ghcr.io/rust-lang/crates-build-env/linux@sha256:34b6a614d2c27851fe6cbf88fbd1137609cefab8b10d0615aaeb6fd47975d74e" "/opt/rustwide/cargo-home/bin/cargo" "+beta-2021-08-01" "test" "--frozen", kill_on_drop: false }`
[INFO] [stdout] 4ed8de1e540c1525e6768ac92e68576a72c99876a9395af2f7ffd02daed5892b
[INFO] [stderr] WARNING: Your kernel does not support swap limit capabilities or the cgroup is not mounted. Memory limited without swap.
[INFO] running `Command { std: "docker" "start" "-a" "4ed8de1e540c1525e6768ac92e68576a72c99876a9395af2f7ffd02daed5892b", kill_on_drop: false }`
[INFO] [stderr]     Finished test [unoptimized + debuginfo] target(s) in 0.04s
[INFO] [stdout] 
[INFO] [stderr]      Running unittests (/opt/rustwide/target/debug/deps/zaplib-eeca4c3a01493c15)
[INFO] [stdout] running 0 tests
[INFO] [stderr]    Doc-tests zaplib
[INFO] [stdout] 
[INFO] [stdout] test result: ok. 0 passed; 0 failed; 0 ignored; 0 measured; 0 filtered out; finished in 0.00s
[INFO] [stdout] 
[INFO] [stdout] 
[INFO] [stdout] running 2 tests
[INFO] [stdout] test src/drawquad.rs - drawquad::DrawQuad (line 16) ... FAILED
[INFO] [stderr] error: test failed, to rerun pass '--doc'
[INFO] [stdout] test src/drawquad.rs - drawquad::DrawQuad (line 26) ... FAILED
[INFO] [stdout] 
[INFO] [stdout] failures:
[INFO] [stdout] 
[INFO] [stdout] ---- src/drawquad.rs - drawquad::DrawQuad (line 16) stdout ----
[INFO] [stdout] error[E0412]: cannot find type `DrawQuad` in this scope
[INFO] [stdout]  --> src/drawquad.rs:18:13
[INFO] [stdout]   |
[INFO] [stdout] 4 |   pub base: DrawQuad,
[INFO] [stdout]   |             ^^^^^^^^ not found in this scope
[INFO] [stdout]   |
[INFO] [stdout] help: consider importing this struct
[INFO] [stdout]   |
[INFO] [stdout] 2 | use zaplib::DrawQuad;
[INFO] [stdout]   |
[INFO] [stdout] 
[INFO] [stdout] error: aborting due to previous error
[INFO] [stdout] 
[INFO] [stdout] For more information about this error, try `rustc --explain E0412`.
[INFO] [stdout] Couldn't compile the test.
[INFO] [stdout] ---- src/drawquad.rs - drawquad::DrawQuad (line 26) stdout ----
[INFO] [stdout] error[E0422]: cannot find struct, variant or union type `MyStruct` in this scope
[INFO] [stdout]  --> src/drawquad.rs:27:1
[INFO] [stdout]   |
[INFO] [stdout] 3 | MyStruct {
[INFO] [stdout]   | ^^^^^^^^ not found in this scope
[INFO] [stdout] 
[INFO] [stdout] error[E0433]: failed to resolve: use of undeclared type `DrawQuad`
[INFO] [stdout]  --> src/drawquad.rs:28:9
[INFO] [stdout]   |
[INFO] [stdout] 4 |   base: DrawQuad::with_slots(cx, my_shader, f32::slots() + f32::slots()),
[INFO] [stdout]   |         ^^^^^^^^ not found in this scope
[INFO] [stdout]   |
[INFO] [stdout] help: consider importing this struct
[INFO] [stdout]   |
[INFO] [stdout] 2 | use zaplib::DrawQuad;
[INFO] [stdout]   |
[INFO] [stdout] 
[INFO] [stdout] error[E0425]: cannot find value `cx` in this scope
[INFO] [stdout]  --> src/drawquad.rs:28:30
[INFO] [stdout]   |
[INFO] [stdout] 4 |   base: DrawQuad::with_slots(cx, my_shader, f32::slots() + f32::slots()),
[INFO] [stdout]   |                              ^^ not found in this scope
[INFO] [stdout] 
[INFO] [stdout] error[E0425]: cannot find value `my_shader` in this scope
[INFO] [stdout]  --> src/drawquad.rs:28:34
[INFO] [stdout]   |
[INFO] [stdout] 4 |   base: DrawQuad::with_slots(cx, my_shader, f32::slots() + f32::slots()),
[INFO] [stdout]   |                                  ^^^^^^^^^ not found in this scope
[INFO] [stdout] 
[INFO] [stdout] error[E0599]: no function or associated item named `slots` found for type `f32` in the current scope
[INFO] [stdout]  --> src/drawquad.rs:28:50
[INFO] [stdout]   |
[INFO] [stdout] 4 |   base: DrawQuad::with_slots(cx, my_shader, f32::slots() + f32::slots()),
[INFO] [stdout]   |                                                  ^^^^^ function or associated item not found in `f32`
[INFO] [stdout]   |
[INFO] [stdout]   = help: items from traits can only be used if the trait is in scope
[INFO] [stdout] help: the following trait is implemented but not in scope; perhaps add a `use` for it:
[INFO] [stdout]   |
[INFO] [stdout] 2 | use zaplib::DrawInputType;
[INFO] [stdout]   |
[INFO] [stdout] 
[INFO] [stdout] error[E0599]: no function or associated item named `slots` found for type `f32` in the current scope
[INFO] [stdout]  --> src/drawquad.rs:28:65
[INFO] [stdout]   |
[INFO] [stdout] 4 |   base: DrawQuad::with_slots(cx, my_shader, f32::slots() + f32::slots()),
[INFO] [stdout]   |                                                                 ^^^^^ function or associated item not found in `f32`
[INFO] [stdout]   |
[INFO] [stdout]   = help: items from traits can only be used if the trait is in scope
[INFO] [stdout] help: the following trait is implemented but not in scope; perhaps add a `use` for it:
[INFO] [stdout]   |
[INFO] [stdout] 2 | use zaplib::DrawInputType;
[INFO] [stdout]   |
[INFO] [stdout] 
[INFO] [stdout] error: aborting due to 6 previous errors
[INFO] [stdout] 
[INFO] [stdout] Some errors have detailed explanations: E0422, E0425, E0433, E0599.
[INFO] [stdout] For more information about an error, try `rustc --explain E0422`.
[INFO] [stdout] Couldn't compile the test.
[INFO] [stdout] 
[INFO] [stdout] failures:
[INFO] [stdout]     src/drawquad.rs - drawquad::DrawQuad (line 16)
[INFO] [stdout]     src/drawquad.rs - drawquad::DrawQuad (line 26)
[INFO] [stdout] 
[INFO] [stdout] test result: FAILED. 0 passed; 2 failed; 0 ignored; 0 measured; 0 filtered out; finished in 0.61s
[INFO] [stdout] 
[INFO] running `Command { std: "docker" "inspect" "4ed8de1e540c1525e6768ac92e68576a72c99876a9395af2f7ffd02daed5892b", kill_on_drop: false }`
[INFO] running `Command { std: "docker" "rm" "-f" "4ed8de1e540c1525e6768ac92e68576a72c99876a9395af2f7ffd02daed5892b", kill_on_drop: false }`
[INFO] [stdout] 4ed8de1e540c1525e6768ac92e68576a72c99876a9395af2f7ffd02daed5892b
