[INFO] fetching crate yew_assets 0.1.2...
[INFO] testing yew_assets-0.1.2 against 1.54.0 for beta-1.55-1
[INFO] extracting crate yew_assets 0.1.2 into /workspace/builds/worker-4/source
[INFO] validating manifest of crates.io crate yew_assets 0.1.2 on toolchain 1.54.0
[INFO] running `Command { std: "/workspace/cargo-home/bin/cargo" "+1.54.0" "metadata" "--manifest-path" "Cargo.toml" "--no-deps", kill_on_drop: false }`
[INFO] started tweaking crates.io crate yew_assets 0.1.2
[INFO] finished tweaking crates.io crate yew_assets 0.1.2
[INFO] tweaked toml for crates.io crate yew_assets 0.1.2 written to /workspace/builds/worker-4/source/Cargo.toml
[INFO] running `Command { std: "/workspace/cargo-home/bin/cargo" "+1.54.0" "generate-lockfile" "--manifest-path" "Cargo.toml" "-Zno-index-update", kill_on_drop: false }`
[INFO] running `Command { std: "/workspace/cargo-home/bin/cargo" "+1.54.0" "fetch" "--manifest-path" "Cargo.toml", kill_on_drop: false }`
[INFO] [stderr]     Blocking waiting for file lock on package cache
[INFO] running `Command { std: "docker" "create" "-v" "/var/lib/crater-agent-workspace/builds/worker-4/target:/opt/rustwide/target:rw,Z" "-v" "/var/lib/crater-agent-workspace/builds/worker-4/source:/opt/rustwide/workdir:ro,Z" "-v" "/var/lib/crater-agent-workspace/cargo-home:/opt/rustwide/cargo-home:ro,Z" "-v" "/var/lib/crater-agent-workspace/rustup-home:/opt/rustwide/rustup-home:ro,Z" "-e" "SOURCE_DIR=/opt/rustwide/workdir" "-e" "CARGO_TARGET_DIR=/opt/rustwide/target" "-e" "CARGO_HOME=/opt/rustwide/cargo-home" "-e" "RUSTUP_HOME=/opt/rustwide/rustup-home" "-w" "/opt/rustwide/workdir" "-m" "1610612736" "--user" "0:0" "--network" "none" "ghcr.io/rust-lang/crates-build-env/linux@sha256:34b6a614d2c27851fe6cbf88fbd1137609cefab8b10d0615aaeb6fd47975d74e" "/opt/rustwide/cargo-home/bin/cargo" "+1.54.0" "metadata" "--no-deps" "--format-version=1", kill_on_drop: false }`
[INFO] [stdout] 76c8e24fef325f025c9539b6d6114cab16bfa51b2bdb6115fa9fc0d132c4afe3
[INFO] [stderr] WARNING: Your kernel does not support swap limit capabilities or the cgroup is not mounted. Memory limited without swap.
[INFO] running `Command { std: "docker" "start" "-a" "76c8e24fef325f025c9539b6d6114cab16bfa51b2bdb6115fa9fc0d132c4afe3", kill_on_drop: false }`
[INFO] running `Command { std: "docker" "inspect" "76c8e24fef325f025c9539b6d6114cab16bfa51b2bdb6115fa9fc0d132c4afe3", kill_on_drop: false }`
[INFO] running `Command { std: "docker" "rm" "-f" "76c8e24fef325f025c9539b6d6114cab16bfa51b2bdb6115fa9fc0d132c4afe3", kill_on_drop: false }`
[INFO] [stdout] 76c8e24fef325f025c9539b6d6114cab16bfa51b2bdb6115fa9fc0d132c4afe3
[INFO] running `Command { std: "docker" "create" "-v" "/var/lib/crater-agent-workspace/builds/worker-4/target:/opt/rustwide/target:rw,Z" "-v" "/var/lib/crater-agent-workspace/builds/worker-4/source:/opt/rustwide/workdir:ro,Z" "-v" "/var/lib/crater-agent-workspace/cargo-home:/opt/rustwide/cargo-home:ro,Z" "-v" "/var/lib/crater-agent-workspace/rustup-home:/opt/rustwide/rustup-home:ro,Z" "-e" "SOURCE_DIR=/opt/rustwide/workdir" "-e" "CARGO_TARGET_DIR=/opt/rustwide/target" "-e" "CARGO_INCREMENTAL=0" "-e" "RUST_BACKTRACE=full" "-e" "RUSTFLAGS=--cap-lints=warn" "-e" "CARGO_HOME=/opt/rustwide/cargo-home" "-e" "RUSTUP_HOME=/opt/rustwide/rustup-home" "-w" "/opt/rustwide/workdir" "-m" "1610612736" "--user" "0:0" "--network" "none" "ghcr.io/rust-lang/crates-build-env/linux@sha256:34b6a614d2c27851fe6cbf88fbd1137609cefab8b10d0615aaeb6fd47975d74e" "/opt/rustwide/cargo-home/bin/cargo" "+1.54.0" "build" "--frozen" "--message-format=json", kill_on_drop: false }`
[INFO] [stdout] 7918fe1fbc1a96b24e9c807b46849b09da1336e0e3dc2cdd9d8a0f2c13e38411
[INFO] [stderr] WARNING: Your kernel does not support swap limit capabilities or the cgroup is not mounted. Memory limited without swap.
[INFO] running `Command { std: "docker" "start" "-a" "7918fe1fbc1a96b24e9c807b46849b09da1336e0e3dc2cdd9d8a0f2c13e38411", kill_on_drop: false }`
[INFO] [stderr]    Compiling yew v0.18.0
[INFO] [stderr]    Compiling boolinator v2.4.0
[INFO] [stderr]    Compiling cfg-match v0.2.1
[INFO] [stderr]    Compiling anymap v0.12.1
[INFO] [stderr]    Compiling bincode v1.3.3
[INFO] [stderr]    Compiling wasm-bindgen v0.2.75
[INFO] [stderr]    Compiling yew-macro v0.18.0
[INFO] [stderr]    Compiling js-sys v0.3.52
[INFO] [stderr]    Compiling console_error_panic_hook v0.1.6
[INFO] [stderr]    Compiling web-sys v0.3.52
[INFO] [stderr]    Compiling wasm-bindgen-futures v0.4.25
[INFO] [stderr]    Compiling gloo-events v0.1.1
[INFO] [stderr]    Compiling gloo-timers v0.2.1
[INFO] [stderr]    Compiling gloo-console-timer v0.1.0
[INFO] [stderr]    Compiling gloo-file v0.1.0
[INFO] [stderr]    Compiling gloo v0.2.1
[INFO] [stderr]    Compiling yew_assets v0.1.2 (/opt/rustwide/workdir)
[INFO] [stderr]     Finished dev [unoptimized + debuginfo] target(s) in 37.90s
[INFO] running `Command { std: "docker" "inspect" "7918fe1fbc1a96b24e9c807b46849b09da1336e0e3dc2cdd9d8a0f2c13e38411", kill_on_drop: false }`
[INFO] running `Command { std: "docker" "rm" "-f" "7918fe1fbc1a96b24e9c807b46849b09da1336e0e3dc2cdd9d8a0f2c13e38411", kill_on_drop: false }`
[INFO] [stdout] 7918fe1fbc1a96b24e9c807b46849b09da1336e0e3dc2cdd9d8a0f2c13e38411
[INFO] running `Command { std: "docker" "create" "-v" "/var/lib/crater-agent-workspace/builds/worker-4/target:/opt/rustwide/target:rw,Z" "-v" "/var/lib/crater-agent-workspace/builds/worker-4/source:/opt/rustwide/workdir:ro,Z" "-v" "/var/lib/crater-agent-workspace/cargo-home:/opt/rustwide/cargo-home:ro,Z" "-v" "/var/lib/crater-agent-workspace/rustup-home:/opt/rustwide/rustup-home:ro,Z" "-e" "SOURCE_DIR=/opt/rustwide/workdir" "-e" "CARGO_TARGET_DIR=/opt/rustwide/target" "-e" "CARGO_INCREMENTAL=0" "-e" "RUST_BACKTRACE=full" "-e" "RUSTFLAGS=--cap-lints=warn" "-e" "CARGO_HOME=/opt/rustwide/cargo-home" "-e" "RUSTUP_HOME=/opt/rustwide/rustup-home" "-w" "/opt/rustwide/workdir" "-m" "1610612736" "--user" "0:0" "--network" "none" "ghcr.io/rust-lang/crates-build-env/linux@sha256:34b6a614d2c27851fe6cbf88fbd1137609cefab8b10d0615aaeb6fd47975d74e" "/opt/rustwide/cargo-home/bin/cargo" "+1.54.0" "test" "--frozen" "--no-run" "--message-format=json", kill_on_drop: false }`
[INFO] [stderr] WARNING: Your kernel does not support swap limit capabilities or the cgroup is not mounted. Memory limited without swap.
[INFO] [stdout] 4b0d088d5d06668f0d226037dedf04411dd5b938e0dd0f9f404f5bb6e007de6e
[INFO] running `Command { std: "docker" "start" "-a" "4b0d088d5d06668f0d226037dedf04411dd5b938e0dd0f9f404f5bb6e007de6e", kill_on_drop: false }`
[INFO] [stderr]    Compiling yew_assets v0.1.2 (/opt/rustwide/workdir)
[INFO] [stderr]     Finished test [unoptimized + debuginfo] target(s) in 0.85s
[INFO] running `Command { std: "docker" "inspect" "4b0d088d5d06668f0d226037dedf04411dd5b938e0dd0f9f404f5bb6e007de6e", kill_on_drop: false }`
[INFO] running `Command { std: "docker" "rm" "-f" "4b0d088d5d06668f0d226037dedf04411dd5b938e0dd0f9f404f5bb6e007de6e", kill_on_drop: false }`
[INFO] [stdout] 4b0d088d5d06668f0d226037dedf04411dd5b938e0dd0f9f404f5bb6e007de6e
[INFO] running `Command { std: "docker" "create" "-v" "/var/lib/crater-agent-workspace/builds/worker-4/target:/opt/rustwide/target:rw,Z" "-v" "/var/lib/crater-agent-workspace/builds/worker-4/source:/opt/rustwide/workdir:ro,Z" "-v" "/var/lib/crater-agent-workspace/cargo-home:/opt/rustwide/cargo-home:ro,Z" "-v" "/var/lib/crater-agent-workspace/rustup-home:/opt/rustwide/rustup-home:ro,Z" "-e" "SOURCE_DIR=/opt/rustwide/workdir" "-e" "CARGO_TARGET_DIR=/opt/rustwide/target" "-e" "CARGO_INCREMENTAL=0" "-e" "RUST_BACKTRACE=full" "-e" "RUSTFLAGS=--cap-lints=warn" "-e" "CARGO_HOME=/opt/rustwide/cargo-home" "-e" "RUSTUP_HOME=/opt/rustwide/rustup-home" "-w" "/opt/rustwide/workdir" "-m" "1610612736" "--user" "0:0" "--network" "none" "ghcr.io/rust-lang/crates-build-env/linux@sha256:34b6a614d2c27851fe6cbf88fbd1137609cefab8b10d0615aaeb6fd47975d74e" "/opt/rustwide/cargo-home/bin/cargo" "+1.54.0" "test" "--frozen", kill_on_drop: false }`
[INFO] [stdout] 71f4326764e96ba61d75df491676a04c3d412fb97e7115c345a39a0ad41c74a6
[INFO] [stderr] WARNING: Your kernel does not support swap limit capabilities or the cgroup is not mounted. Memory limited without swap.
[INFO] running `Command { std: "docker" "start" "-a" "71f4326764e96ba61d75df491676a04c3d412fb97e7115c345a39a0ad41c74a6", kill_on_drop: false }`
[INFO] [stderr]     Blocking waiting for file lock on package cache
[INFO] [stderr]     Finished test [unoptimized + debuginfo] target(s) in 0.29s
[INFO] [stdout] 
[INFO] [stderr]      Running unittests (/opt/rustwide/target/debug/deps/yew_assets-ada2756488fc64ff)
[INFO] [stdout] running 0 tests
[INFO] [stderr]    Doc-tests yew_assets
[INFO] [stdout] 
[INFO] [stdout] test result: ok. 0 passed; 0 failed; 0 ignored; 0 measured; 0 filtered out; finished in 0.00s
[INFO] [stdout] 
[INFO] [stdout] 
[INFO] [stdout] running 1 test
[INFO] [stdout] test src/lib.rs - (line 15) ... FAILED
[INFO] [stdout] 
[INFO] [stdout] failures:
[INFO] [stdout] 
[INFO] [stdout] ---- src/lib.rs - (line 15) stdout ----
[INFO] [stdout] error: expected one of `!`, `(`, `+`, `::`, `<`, `>`, or `as`, found `icon`
[INFO] [stdout]   --> src/lib.rs:39:13
[INFO] [stdout]    |
[INFO] [stdout] 26 |         <UxAssets
[INFO] [stdout]    |                  - expected one of 7 possible tokens
[INFO] [stdout] 27 |             icon = UxIcon::ShieldOff
[INFO] [stdout]    |             ^^^^ unexpected token
[INFO] [stdout] 
[INFO] [stdout] error[E0432]: unresolved imports `yew_assets::UxAssets`, `yew_assets::UxIcon`
[INFO] [stdout]  --> src/lib.rs:17:18
[INFO] [stdout]   |
[INFO] [stdout] 5 | use yew_assets::{UxAssets, UxIcon};
[INFO] [stdout]   |                  ^^^^^^^^  ^^^^^^ no `UxIcon` in the root
[INFO] [stdout]   |                  |
[INFO] [stdout]   |                  no `UxAssets` in the root
[INFO] [stdout] 
[INFO] [stdout] error: aborting due to 2 previous errors
[INFO] [stdout] 
[INFO] [stdout] For more information about this error, try `rustc --explain E0432`.
[INFO] [stdout] Couldn't compile the test.
[INFO] [stdout] 
[INFO] [stdout] failures:
[INFO] [stdout]     src/lib.rs - (line 15)
[INFO] [stdout] 
[INFO] [stdout] test result: FAILED. 0 passed; 1 failed; 0 ignored; 0 measured; 0 filtered out; finished in 0.31s
[INFO] [stdout] 
[INFO] [stderr] error: test failed, to rerun pass '--doc'
[INFO] running `Command { std: "docker" "inspect" "71f4326764e96ba61d75df491676a04c3d412fb97e7115c345a39a0ad41c74a6", kill_on_drop: false }`
[INFO] running `Command { std: "docker" "rm" "-f" "71f4326764e96ba61d75df491676a04c3d412fb97e7115c345a39a0ad41c74a6", kill_on_drop: false }`
[INFO] [stdout] 71f4326764e96ba61d75df491676a04c3d412fb97e7115c345a39a0ad41c74a6
