[INFO] fetching crate yew-state 0.5.2...
[INFO] testing yew-state-0.5.2 against beta-2021-08-01 for beta-1.55-1
[INFO] extracting crate yew-state 0.5.2 into /workspace/builds/worker-10/source
[INFO] validating manifest of crates.io crate yew-state 0.5.2 on toolchain beta-2021-08-01
[INFO] running `Command { std: "/workspace/cargo-home/bin/cargo" "+beta-2021-08-01" "metadata" "--manifest-path" "Cargo.toml" "--no-deps", kill_on_drop: false }`
[INFO] started tweaking crates.io crate yew-state 0.5.2
[INFO] finished tweaking crates.io crate yew-state 0.5.2
[INFO] tweaked toml for crates.io crate yew-state 0.5.2 written to /workspace/builds/worker-10/source/Cargo.toml
[INFO] running `Command { std: "/workspace/cargo-home/bin/cargo" "+beta-2021-08-01" "generate-lockfile" "--manifest-path" "Cargo.toml" "-Zno-index-update", kill_on_drop: false }`
[INFO] running `Command { std: "/workspace/cargo-home/bin/cargo" "+beta-2021-08-01" "fetch" "--manifest-path" "Cargo.toml", kill_on_drop: false }`
[INFO] [stderr]     Blocking waiting for file lock on package cache
[INFO] running `Command { std: "docker" "create" "-v" "/var/lib/crater-agent-workspace/builds/worker-10/target:/opt/rustwide/target:rw,Z" "-v" "/var/lib/crater-agent-workspace/builds/worker-10/source:/opt/rustwide/workdir:ro,Z" "-v" "/var/lib/crater-agent-workspace/cargo-home:/opt/rustwide/cargo-home:ro,Z" "-v" "/var/lib/crater-agent-workspace/rustup-home:/opt/rustwide/rustup-home:ro,Z" "-e" "SOURCE_DIR=/opt/rustwide/workdir" "-e" "CARGO_TARGET_DIR=/opt/rustwide/target" "-e" "CARGO_HOME=/opt/rustwide/cargo-home" "-e" "RUSTUP_HOME=/opt/rustwide/rustup-home" "-w" "/opt/rustwide/workdir" "-m" "1610612736" "--user" "0:0" "--network" "none" "ghcr.io/rust-lang/crates-build-env/linux@sha256:34b6a614d2c27851fe6cbf88fbd1137609cefab8b10d0615aaeb6fd47975d74e" "/opt/rustwide/cargo-home/bin/cargo" "+beta-2021-08-01" "metadata" "--no-deps" "--format-version=1", kill_on_drop: false }`
[INFO] [stdout] b313dfe52dc74cb83906a6314b462dbe48bce4a2253c5b6cadb2a73d2a633270
[INFO] [stderr] WARNING: Your kernel does not support swap limit capabilities or the cgroup is not mounted. Memory limited without swap.
[INFO] running `Command { std: "docker" "start" "-a" "b313dfe52dc74cb83906a6314b462dbe48bce4a2253c5b6cadb2a73d2a633270", kill_on_drop: false }`
[INFO] running `Command { std: "docker" "inspect" "b313dfe52dc74cb83906a6314b462dbe48bce4a2253c5b6cadb2a73d2a633270", kill_on_drop: false }`
[INFO] running `Command { std: "docker" "rm" "-f" "b313dfe52dc74cb83906a6314b462dbe48bce4a2253c5b6cadb2a73d2a633270", kill_on_drop: false }`
[INFO] [stdout] b313dfe52dc74cb83906a6314b462dbe48bce4a2253c5b6cadb2a73d2a633270
[INFO] running `Command { std: "docker" "create" "-v" "/var/lib/crater-agent-workspace/builds/worker-10/target:/opt/rustwide/target:rw,Z" "-v" "/var/lib/crater-agent-workspace/builds/worker-10/source:/opt/rustwide/workdir:ro,Z" "-v" "/var/lib/crater-agent-workspace/cargo-home:/opt/rustwide/cargo-home:ro,Z" "-v" "/var/lib/crater-agent-workspace/rustup-home:/opt/rustwide/rustup-home:ro,Z" "-e" "SOURCE_DIR=/opt/rustwide/workdir" "-e" "CARGO_TARGET_DIR=/opt/rustwide/target" "-e" "CARGO_INCREMENTAL=0" "-e" "RUST_BACKTRACE=full" "-e" "RUSTFLAGS=--cap-lints=warn" "-e" "CARGO_HOME=/opt/rustwide/cargo-home" "-e" "RUSTUP_HOME=/opt/rustwide/rustup-home" "-w" "/opt/rustwide/workdir" "-m" "1610612736" "--user" "0:0" "--network" "none" "ghcr.io/rust-lang/crates-build-env/linux@sha256:34b6a614d2c27851fe6cbf88fbd1137609cefab8b10d0615aaeb6fd47975d74e" "/opt/rustwide/cargo-home/bin/cargo" "+beta-2021-08-01" "build" "--frozen" "--message-format=json", kill_on_drop: false }`
[INFO] [stderr] WARNING: Your kernel does not support swap limit capabilities or the cgroup is not mounted. Memory limited without swap.
[INFO] [stdout] 624cd5b81882e4da4976208a79bb080753c4d4280f3905d09cf042c01c1c24fb
[INFO] running `Command { std: "docker" "start" "-a" "624cd5b81882e4da4976208a79bb080753c4d4280f3905d09cf042c01c1c24fb", kill_on_drop: false }`
[INFO] [stderr]    Compiling serde v1.0.127
[INFO] [stderr]    Compiling yew v0.17.4
[INFO] [stderr]    Compiling boolinator v2.4.0
[INFO] [stderr]    Compiling cfg-match v0.2.1
[INFO] [stderr]    Compiling serde_derive v1.0.127
[INFO] [stderr]    Compiling futures-macro v0.3.16
[INFO] [stderr]    Compiling console_error_panic_hook v0.1.6
[INFO] [stderr]    Compiling web-sys v0.3.52
[INFO] [stderr]    Compiling wasm-bindgen-futures v0.4.25
[INFO] [stderr]    Compiling yew-macro v0.17.0
[INFO] [stderr]    Compiling futures-util v0.3.16
[INFO] [stderr]    Compiling futures-executor v0.3.16
[INFO] [stderr]    Compiling futures v0.3.16
[INFO] [stderr]    Compiling gloo-events v0.1.1
[INFO] [stderr]    Compiling gloo-console-timer v0.1.0
[INFO] [stderr]    Compiling gloo-timers v0.2.1
[INFO] [stderr]    Compiling serde_json v1.0.66
[INFO] [stderr]    Compiling bincode v1.3.3
[INFO] [stderr]    Compiling gloo-file v0.1.0
[INFO] [stderr]    Compiling gloo v0.2.1
[INFO] [stderr]    Compiling yew-state v0.5.2 (/opt/rustwide/workdir)
[INFO] [stderr]     Finished dev [unoptimized + debuginfo] target(s) in 32.54s
[INFO] running `Command { std: "docker" "inspect" "624cd5b81882e4da4976208a79bb080753c4d4280f3905d09cf042c01c1c24fb", kill_on_drop: false }`
[INFO] running `Command { std: "docker" "rm" "-f" "624cd5b81882e4da4976208a79bb080753c4d4280f3905d09cf042c01c1c24fb", kill_on_drop: false }`
[INFO] [stdout] 624cd5b81882e4da4976208a79bb080753c4d4280f3905d09cf042c01c1c24fb
[INFO] running `Command { std: "docker" "create" "-v" "/var/lib/crater-agent-workspace/builds/worker-10/target:/opt/rustwide/target:rw,Z" "-v" "/var/lib/crater-agent-workspace/builds/worker-10/source:/opt/rustwide/workdir:ro,Z" "-v" "/var/lib/crater-agent-workspace/cargo-home:/opt/rustwide/cargo-home:ro,Z" "-v" "/var/lib/crater-agent-workspace/rustup-home:/opt/rustwide/rustup-home:ro,Z" "-e" "SOURCE_DIR=/opt/rustwide/workdir" "-e" "CARGO_TARGET_DIR=/opt/rustwide/target" "-e" "CARGO_INCREMENTAL=0" "-e" "RUST_BACKTRACE=full" "-e" "RUSTFLAGS=--cap-lints=warn" "-e" "CARGO_HOME=/opt/rustwide/cargo-home" "-e" "RUSTUP_HOME=/opt/rustwide/rustup-home" "-w" "/opt/rustwide/workdir" "-m" "1610612736" "--user" "0:0" "--network" "none" "ghcr.io/rust-lang/crates-build-env/linux@sha256:34b6a614d2c27851fe6cbf88fbd1137609cefab8b10d0615aaeb6fd47975d74e" "/opt/rustwide/cargo-home/bin/cargo" "+beta-2021-08-01" "test" "--frozen" "--no-run" "--message-format=json", kill_on_drop: false }`
[INFO] [stderr] WARNING: Your kernel does not support swap limit capabilities or the cgroup is not mounted. Memory limited without swap.
[INFO] [stdout] a8146029da7128eae99fd6bfaebc2d55625705886bd40d873ba45e89e928e7ef
[INFO] running `Command { std: "docker" "start" "-a" "a8146029da7128eae99fd6bfaebc2d55625705886bd40d873ba45e89e928e7ef", kill_on_drop: false }`
[INFO] [stderr]    Compiling yew-state v0.5.2 (/opt/rustwide/workdir)
[INFO] [stderr]     Finished test [unoptimized + debuginfo] target(s) in 1.72s
[INFO] running `Command { std: "docker" "inspect" "a8146029da7128eae99fd6bfaebc2d55625705886bd40d873ba45e89e928e7ef", kill_on_drop: false }`
[INFO] running `Command { std: "docker" "rm" "-f" "a8146029da7128eae99fd6bfaebc2d55625705886bd40d873ba45e89e928e7ef", kill_on_drop: false }`
[INFO] [stdout] a8146029da7128eae99fd6bfaebc2d55625705886bd40d873ba45e89e928e7ef
[INFO] running `Command { std: "docker" "create" "-v" "/var/lib/crater-agent-workspace/builds/worker-10/target:/opt/rustwide/target:rw,Z" "-v" "/var/lib/crater-agent-workspace/builds/worker-10/source:/opt/rustwide/workdir:ro,Z" "-v" "/var/lib/crater-agent-workspace/cargo-home:/opt/rustwide/cargo-home:ro,Z" "-v" "/var/lib/crater-agent-workspace/rustup-home:/opt/rustwide/rustup-home:ro,Z" "-e" "SOURCE_DIR=/opt/rustwide/workdir" "-e" "CARGO_TARGET_DIR=/opt/rustwide/target" "-e" "CARGO_INCREMENTAL=0" "-e" "RUST_BACKTRACE=full" "-e" "RUSTFLAGS=--cap-lints=warn" "-e" "CARGO_HOME=/opt/rustwide/cargo-home" "-e" "RUSTUP_HOME=/opt/rustwide/rustup-home" "-w" "/opt/rustwide/workdir" "-m" "1610612736" "--user" "0:0" "--network" "none" "ghcr.io/rust-lang/crates-build-env/linux@sha256:34b6a614d2c27851fe6cbf88fbd1137609cefab8b10d0615aaeb6fd47975d74e" "/opt/rustwide/cargo-home/bin/cargo" "+beta-2021-08-01" "test" "--frozen", kill_on_drop: false }`
[INFO] [stdout] d14e3efd5841b46d8ce8097403432c77c14bdad48d773c9ef1709d97e1c8e5fc
[INFO] [stderr] WARNING: Your kernel does not support swap limit capabilities or the cgroup is not mounted. Memory limited without swap.
[INFO] running `Command { std: "docker" "start" "-a" "d14e3efd5841b46d8ce8097403432c77c14bdad48d773c9ef1709d97e1c8e5fc", kill_on_drop: false }`
[INFO] [stderr]     Finished test [unoptimized + debuginfo] target(s) in 0.05s
[INFO] [stderr]      Running unittests (/opt/rustwide/target/debug/deps/yew_state-f7933d9839202b71)
[INFO] [stdout] 
[INFO] [stdout] running 0 tests
[INFO] [stdout] 
[INFO] [stdout] test result: ok. 0 passed; 0 failed; 0 ignored; 0 measured; 0 filtered out; finished in 0.00s
[INFO] [stdout] 
[INFO] [stderr]    Doc-tests yew-state
[INFO] [stdout] 
[INFO] [stdout] running 2 tests
[INFO] [stdout] test src/component/wrapper.rs - component::wrapper::SharedStateComponent (line 38) ... FAILED
[INFO] [stdout] test src/component/wrapper.rs - component::wrapper::SharedStateComponent (line 43) ... FAILED
[INFO] [stdout] 
[INFO] [stdout] failures:
[INFO] [stdout] 
[INFO] [stdout] ---- src/component/wrapper.rs - component::wrapper::SharedStateComponent (line 38) stdout ----
[INFO] [stdout] error[E0412]: cannot find type `SharedStateComponent` in this scope
[INFO] [stdout]  --> src/component/wrapper.rs:39:24
[INFO] [stdout]   |
[INFO] [stdout] 3 | pub type MyComponent = SharedStateComponent<MyComponentModel>;
[INFO] [stdout]   |                        ^^^^^^^^^^^^^^^^^^^^ not found in this scope
[INFO] [stdout]   |
[INFO] [stdout] help: consider importing this struct
[INFO] [stdout]   |
[INFO] [stdout] 2 | use yew_state::SharedStateComponent;
[INFO] [stdout]   |
[INFO] [stdout] 
[INFO] [stdout] error[E0412]: cannot find type `MyComponentModel` in this scope
[INFO] [stdout]  --> src/component/wrapper.rs:39:45
[INFO] [stdout]   |
[INFO] [stdout] 3 | pub type MyComponent = SharedStateComponent<MyComponentModel>;
[INFO] [stdout]   |                     -                       ^^^^^^^^^^^^^^^^ not found in this scope
[INFO] [stdout]   |                     |
[INFO] [stdout]   |                     help: you might be missing a type parameter: `<MyComponentModel>`
[INFO] [stdout] 
[INFO] [stdout] error: aborting due to 2 previous errors
[INFO] [stdout] 
[INFO] [stdout] For more information about this error, try `rustc --explain E0412`.
[INFO] [stdout] Couldn't compile the test.
[INFO] [stdout] ---- src/component/wrapper.rs - component::wrapper::SharedStateComponent (line 43) stdout ----
[INFO] [stdout] error[E0412]: cannot find type `SharedStateComponent` in this scope
[INFO] [stdout]  --> src/component/wrapper.rs:46:24
[INFO] [stdout]   |
[INFO] [stdout] 5 | pub type MyComponent = SharedStateComponent<MyComponentModel, FooScope>;
[INFO] [stdout]   |                        ^^^^^^^^^^^^^^^^^^^^ not found in this scope
[INFO] [stdout]   |
[INFO] [stdout] help: consider importing this struct
[INFO] [stdout]   |
[INFO] [stdout] 3 | use yew_state::SharedStateComponent;
[INFO] [stdout]   |
[INFO] [stdout] 
[INFO] [stdout] error[E0412]: cannot find type `MyComponentModel` in this scope
[INFO] [stdout]  --> src/component/wrapper.rs:46:45
[INFO] [stdout]   |
[INFO] [stdout] 5 | pub type MyComponent = SharedStateComponent<MyComponentModel, FooScope>;
[INFO] [stdout]   |                     -                       ^^^^^^^^^^^^^^^^ not found in this scope
[INFO] [stdout]   |                     |
[INFO] [stdout]   |                     help: you might be missing a type parameter: `<MyComponentModel>`
[INFO] [stdout] 
[INFO] [stdout] error: aborting due to 2 previous errors
[INFO] [stdout] 
[INFO] [stdout] For more information about this error, try `rustc --explain E0412`.
[INFO] [stdout] Couldn't compile the test.
[INFO] [stdout] 
[INFO] [stdout] failures:
[INFO] [stdout]     src/component/wrapper.rs - component::wrapper::SharedStateComponent (line 38)
[INFO] [stdout]     src/component/wrapper.rs - component::wrapper::SharedStateComponent (line 43)
[INFO] [stdout] 
[INFO] [stdout] test result: FAILED. 0 passed; 2 failed; 0 ignored; 0 measured; 0 filtered out; finished in 0.29s
[INFO] [stdout] 
[INFO] [stderr] error: test failed, to rerun pass '--doc'
[INFO] running `Command { std: "docker" "inspect" "d14e3efd5841b46d8ce8097403432c77c14bdad48d773c9ef1709d97e1c8e5fc", kill_on_drop: false }`
[INFO] running `Command { std: "docker" "rm" "-f" "d14e3efd5841b46d8ce8097403432c77c14bdad48d773c9ef1709d97e1c8e5fc", kill_on_drop: false }`
[INFO] [stdout] d14e3efd5841b46d8ce8097403432c77c14bdad48d773c9ef1709d97e1c8e5fc
