[INFO] fetching crate ybc 0.2.1...
[INFO] testing ybc-0.2.1 against beta-2021-08-01 for beta-1.55-1
[INFO] extracting crate ybc 0.2.1 into /workspace/builds/worker-1/source
[INFO] validating manifest of crates.io crate ybc 0.2.1 on toolchain beta-2021-08-01
[INFO] running `Command { std: "/workspace/cargo-home/bin/cargo" "+beta-2021-08-01" "metadata" "--manifest-path" "Cargo.toml" "--no-deps", kill_on_drop: false }`
[INFO] started tweaking crates.io crate ybc 0.2.1
[INFO] finished tweaking crates.io crate ybc 0.2.1
[INFO] tweaked toml for crates.io crate ybc 0.2.1 written to /workspace/builds/worker-1/source/Cargo.toml
[INFO] running `Command { std: "/workspace/cargo-home/bin/cargo" "+beta-2021-08-01" "generate-lockfile" "--manifest-path" "Cargo.toml" "-Zno-index-update", kill_on_drop: false }`
[INFO] running `Command { std: "/workspace/cargo-home/bin/cargo" "+beta-2021-08-01" "fetch" "--manifest-path" "Cargo.toml", kill_on_drop: false }`
[INFO] [stderr]     Blocking waiting for file lock on package cache
[INFO] running `Command { std: "docker" "create" "-v" "/var/lib/crater-agent-workspace/builds/worker-1/target:/opt/rustwide/target:rw,Z" "-v" "/var/lib/crater-agent-workspace/builds/worker-1/source:/opt/rustwide/workdir:ro,Z" "-v" "/var/lib/crater-agent-workspace/cargo-home:/opt/rustwide/cargo-home:ro,Z" "-v" "/var/lib/crater-agent-workspace/rustup-home:/opt/rustwide/rustup-home:ro,Z" "-e" "SOURCE_DIR=/opt/rustwide/workdir" "-e" "CARGO_TARGET_DIR=/opt/rustwide/target" "-e" "CARGO_HOME=/opt/rustwide/cargo-home" "-e" "RUSTUP_HOME=/opt/rustwide/rustup-home" "-w" "/opt/rustwide/workdir" "-m" "1610612736" "--user" "0:0" "--network" "none" "ghcr.io/rust-lang/crates-build-env/linux@sha256:34b6a614d2c27851fe6cbf88fbd1137609cefab8b10d0615aaeb6fd47975d74e" "/opt/rustwide/cargo-home/bin/cargo" "+beta-2021-08-01" "metadata" "--no-deps" "--format-version=1", kill_on_drop: false }`
[INFO] [stdout] 9c8394b77618c5e553f5139a72910616f809b3cfc7efac0f7a5a6aa7775024c7
[INFO] [stderr] WARNING: Your kernel does not support swap limit capabilities or the cgroup is not mounted. Memory limited without swap.
[INFO] running `Command { std: "docker" "start" "-a" "9c8394b77618c5e553f5139a72910616f809b3cfc7efac0f7a5a6aa7775024c7", kill_on_drop: false }`
[INFO] running `Command { std: "docker" "inspect" "9c8394b77618c5e553f5139a72910616f809b3cfc7efac0f7a5a6aa7775024c7", kill_on_drop: false }`
[INFO] running `Command { std: "docker" "rm" "-f" "9c8394b77618c5e553f5139a72910616f809b3cfc7efac0f7a5a6aa7775024c7", kill_on_drop: false }`
[INFO] [stdout] 9c8394b77618c5e553f5139a72910616f809b3cfc7efac0f7a5a6aa7775024c7
[INFO] running `Command { std: "docker" "create" "-v" "/var/lib/crater-agent-workspace/builds/worker-1/target:/opt/rustwide/target:rw,Z" "-v" "/var/lib/crater-agent-workspace/builds/worker-1/source:/opt/rustwide/workdir:ro,Z" "-v" "/var/lib/crater-agent-workspace/cargo-home:/opt/rustwide/cargo-home:ro,Z" "-v" "/var/lib/crater-agent-workspace/rustup-home:/opt/rustwide/rustup-home:ro,Z" "-e" "SOURCE_DIR=/opt/rustwide/workdir" "-e" "CARGO_TARGET_DIR=/opt/rustwide/target" "-e" "CARGO_INCREMENTAL=0" "-e" "RUST_BACKTRACE=full" "-e" "RUSTFLAGS=--cap-lints=warn" "-e" "CARGO_HOME=/opt/rustwide/cargo-home" "-e" "RUSTUP_HOME=/opt/rustwide/rustup-home" "-w" "/opt/rustwide/workdir" "-m" "1610612736" "--user" "0:0" "--network" "none" "ghcr.io/rust-lang/crates-build-env/linux@sha256:34b6a614d2c27851fe6cbf88fbd1137609cefab8b10d0615aaeb6fd47975d74e" "/opt/rustwide/cargo-home/bin/cargo" "+beta-2021-08-01" "build" "--frozen" "--message-format=json", kill_on_drop: false }`
[INFO] [stdout] aca956c5de1fcaafe5be1d8649694de374821d6b554f2287a4402aa8f13aa397
[INFO] [stderr] WARNING: Your kernel does not support swap limit capabilities or the cgroup is not mounted. Memory limited without swap.
[INFO] running `Command { std: "docker" "start" "-a" "aca956c5de1fcaafe5be1d8649694de374821d6b554f2287a4402aa8f13aa397", kill_on_drop: false }`
[INFO] [stderr]    Compiling derive_more v0.99.16
[INFO] [stderr]    Compiling web-sys v0.3.52
[INFO] [stderr]    Compiling gloo-events v0.1.1
[INFO] [stderr]    Compiling gloo-console-timer v0.1.0
[INFO] [stderr]    Compiling gloo-timers v0.2.1
[INFO] [stderr]    Compiling gloo-file v0.1.0
[INFO] [stderr]    Compiling gloo v0.2.1
[INFO] [stderr]    Compiling yew v0.18.0
[INFO] [stderr]    Compiling yewtil v0.4.0
[INFO] [stderr]    Compiling yew-router v0.15.0
[INFO] [stderr]    Compiling ybc v0.2.1 (/opt/rustwide/workdir)
[INFO] [stderr]     Finished dev [unoptimized + debuginfo] target(s) in 48.68s
[INFO] running `Command { std: "docker" "inspect" "aca956c5de1fcaafe5be1d8649694de374821d6b554f2287a4402aa8f13aa397", kill_on_drop: false }`
[INFO] running `Command { std: "docker" "rm" "-f" "aca956c5de1fcaafe5be1d8649694de374821d6b554f2287a4402aa8f13aa397", kill_on_drop: false }`
[INFO] [stdout] aca956c5de1fcaafe5be1d8649694de374821d6b554f2287a4402aa8f13aa397
[INFO] running `Command { std: "docker" "create" "-v" "/var/lib/crater-agent-workspace/builds/worker-1/target:/opt/rustwide/target:rw,Z" "-v" "/var/lib/crater-agent-workspace/builds/worker-1/source:/opt/rustwide/workdir:ro,Z" "-v" "/var/lib/crater-agent-workspace/cargo-home:/opt/rustwide/cargo-home:ro,Z" "-v" "/var/lib/crater-agent-workspace/rustup-home:/opt/rustwide/rustup-home:ro,Z" "-e" "SOURCE_DIR=/opt/rustwide/workdir" "-e" "CARGO_TARGET_DIR=/opt/rustwide/target" "-e" "CARGO_INCREMENTAL=0" "-e" "RUST_BACKTRACE=full" "-e" "RUSTFLAGS=--cap-lints=warn" "-e" "CARGO_HOME=/opt/rustwide/cargo-home" "-e" "RUSTUP_HOME=/opt/rustwide/rustup-home" "-w" "/opt/rustwide/workdir" "-m" "1610612736" "--user" "0:0" "--network" "none" "ghcr.io/rust-lang/crates-build-env/linux@sha256:34b6a614d2c27851fe6cbf88fbd1137609cefab8b10d0615aaeb6fd47975d74e" "/opt/rustwide/cargo-home/bin/cargo" "+beta-2021-08-01" "test" "--frozen" "--no-run" "--message-format=json", kill_on_drop: false }`
[INFO] [stdout] c25669a7975ea4560f9524efa9a383cd9f2e3938e4f76daa5dec864eedd2c85a
[INFO] [stderr] WARNING: Your kernel does not support swap limit capabilities or the cgroup is not mounted. Memory limited without swap.
[INFO] running `Command { std: "docker" "start" "-a" "c25669a7975ea4560f9524efa9a383cd9f2e3938e4f76daa5dec864eedd2c85a", kill_on_drop: false }`
[INFO] [stderr]    Compiling ybc v0.2.1 (/opt/rustwide/workdir)
[INFO] [stderr]     Finished test [unoptimized + debuginfo] target(s) in 5.11s
[INFO] running `Command { std: "docker" "inspect" "c25669a7975ea4560f9524efa9a383cd9f2e3938e4f76daa5dec864eedd2c85a", kill_on_drop: false }`
[INFO] running `Command { std: "docker" "rm" "-f" "c25669a7975ea4560f9524efa9a383cd9f2e3938e4f76daa5dec864eedd2c85a", kill_on_drop: false }`
[INFO] [stdout] c25669a7975ea4560f9524efa9a383cd9f2e3938e4f76daa5dec864eedd2c85a
[INFO] running `Command { std: "docker" "create" "-v" "/var/lib/crater-agent-workspace/builds/worker-1/target:/opt/rustwide/target:rw,Z" "-v" "/var/lib/crater-agent-workspace/builds/worker-1/source:/opt/rustwide/workdir:ro,Z" "-v" "/var/lib/crater-agent-workspace/cargo-home:/opt/rustwide/cargo-home:ro,Z" "-v" "/var/lib/crater-agent-workspace/rustup-home:/opt/rustwide/rustup-home:ro,Z" "-e" "SOURCE_DIR=/opt/rustwide/workdir" "-e" "CARGO_TARGET_DIR=/opt/rustwide/target" "-e" "CARGO_INCREMENTAL=0" "-e" "RUST_BACKTRACE=full" "-e" "RUSTFLAGS=--cap-lints=warn" "-e" "CARGO_HOME=/opt/rustwide/cargo-home" "-e" "RUSTUP_HOME=/opt/rustwide/rustup-home" "-w" "/opt/rustwide/workdir" "-m" "1610612736" "--user" "0:0" "--network" "none" "ghcr.io/rust-lang/crates-build-env/linux@sha256:34b6a614d2c27851fe6cbf88fbd1137609cefab8b10d0615aaeb6fd47975d74e" "/opt/rustwide/cargo-home/bin/cargo" "+beta-2021-08-01" "test" "--frozen", kill_on_drop: false }`
[INFO] [stderr] WARNING: Your kernel does not support swap limit capabilities or the cgroup is not mounted. Memory limited without swap.
[INFO] [stdout] 0e5eaa4439f56a0680d14fdcdfb037d7da24668f0cd48988f9bf0a78735c4b93
[INFO] running `Command { std: "docker" "start" "-a" "0e5eaa4439f56a0680d14fdcdfb037d7da24668f0cd48988f9bf0a78735c4b93", kill_on_drop: false }`
[INFO] [stderr]     Finished test [unoptimized + debuginfo] target(s) in 0.11s
[INFO] [stderr]      Running unittests (/opt/rustwide/target/debug/deps/ybc-14be4ce54cd54ee1)
[INFO] [stdout] 
[INFO] [stdout] running 0 tests
[INFO] [stdout] 
[INFO] [stdout] test result: ok. 0 passed; 0 failed; 0 ignored; 0 measured; 0 filtered out; finished in 0.00s
[INFO] [stdout] 
[INFO] [stderr]    Doc-tests ybc
[INFO] [stdout] 
[INFO] [stdout] running 3 tests
[INFO] [stdout] test src/components/modal.rs - components::modal::ModalCloser (line 245) ... FAILED
[INFO] [stdout] test src/components/modal.rs - components::modal::ModalCloser (line 220) ... FAILED
[INFO] [stdout] test src/components/modal.rs - components::modal::ModalCloser (line 231) ... FAILED
[INFO] [stdout] 
[INFO] [stdout] failures:
[INFO] [stdout] 
[INFO] [stdout] ---- src/components/modal.rs - components::modal::ModalCloser (line 245) stdout ----
[INFO] [stdout] error: `self` parameter is only allowed in associated functions
[INFO] [stdout]  --> src/components/modal.rs:246:11
[INFO] [stdout]   |
[INFO] [stdout] 3 | fn update(&mut self, msg: Self::Message) -> ShouldRender {
[INFO] [stdout]   |           ^^^^^^^^^ not semantically valid as function parameter
[INFO] [stdout]   |
[INFO] [stdout]   = note: associated functions are those in `impl` or `trait` definitions
[INFO] [stdout] 
[INFO] [stdout] error[E0433]: failed to resolve: use of undeclared type `Self`
[INFO] [stdout]  --> src/components/modal.rs:246:27
[INFO] [stdout]   |
[INFO] [stdout] 3 | fn update(&mut self, msg: Self::Message) -> ShouldRender {
[INFO] [stdout]   |                           ^^^^ use of undeclared type `Self`
[INFO] [stdout] 
[INFO] [stdout] error[E0412]: cannot find type `ShouldRender` in this scope
[INFO] [stdout]  --> src/components/modal.rs:246:45
[INFO] [stdout]   |
[INFO] [stdout] 3 | fn update(&mut self, msg: Self::Message) -> ShouldRender {
[INFO] [stdout]   |                                             ^^^^^^^^^^^^ not found in this scope
[INFO] [stdout]   |
[INFO] [stdout] help: consider importing this type alias
[INFO] [stdout]   |
[INFO] [stdout] 2 | use yew::ShouldRender;
[INFO] [stdout]   |
[INFO] [stdout] 
[INFO] [stdout] error: aborting due to 3 previous errors
[INFO] [stdout] 
[INFO] [stdout] Some errors have detailed explanations: E0412, E0433.
[INFO] [stdout] For more information about an error, try `rustc --explain E0412`.
[INFO] [stdout] Couldn't compile the test.
[INFO] [stdout] ---- src/components/modal.rs - components::modal::ModalCloser (line 220) stdout ----
[INFO] [stdout] error[E0433]: failed to resolve: use of undeclared type `Self`
[INFO] [stdout]  --> src/components/modal.rs:224:18
[INFO] [stdout]   |
[INFO] [stdout] 6 | fn create(props: Self::Properties, link: ComponentLink<Self>) -> Self {
[INFO] [stdout]   |                  ^^^^ use of undeclared type `Self`
[INFO] [stdout] 
[INFO] [stdout] error[E0411]: cannot find type `Self` in this scope
[INFO] [stdout]  --> src/components/modal.rs:224:56
[INFO] [stdout]   |
[INFO] [stdout] 6 | fn create(props: Self::Properties, link: ComponentLink<Self>) -> Self {
[INFO] [stdout]   |          -                                             ^^^^ `Self` is only available in impls, traits, and type definitions
[INFO] [stdout]   |          |
[INFO] [stdout]   |          help: you might be missing a type parameter: `<Self>`
[INFO] [stdout] 
[INFO] [stdout] error[E0411]: cannot find type `Self` in this scope
[INFO] [stdout]  --> src/components/modal.rs:224:66
[INFO] [stdout]   |
[INFO] [stdout] 6 | fn create(props: Self::Properties, link: ComponentLink<Self>) -> Self {
[INFO] [stdout]   |                                                                  ^^^^ `Self` is only available in impls, traits, and type definitions
[INFO] [stdout] 
[INFO] [stdout] error[E0433]: failed to resolve: use of undeclared type `ModalCloser`
[INFO] [stdout]  --> src/components/modal.rs:225:18
[INFO] [stdout]   |
[INFO] [stdout] 7 |     let bridge = ModalCloser::dispatcher();
[INFO] [stdout]   |                  ^^^^^^^^^^^ not found in this scope
[INFO] [stdout]   |
[INFO] [stdout] help: consider importing this struct
[INFO] [stdout]   |
[INFO] [stdout] 2 | use ybc::ModalCloser;
[INFO] [stdout]   |
[INFO] [stdout] 
[INFO] [stdout] error[E0411]: cannot find struct, variant or union type `Self` in this scope
[INFO] [stdout]  --> src/components/modal.rs:226:5
[INFO] [stdout]   |
[INFO] [stdout] 8 |     Self{link, props, bridge}
[INFO] [stdout]   |     ^^^^ `Self` is only available in impls, traits, and type definitions
[INFO] [stdout] 
[INFO] [stdout] error: aborting due to 5 previous errors
[INFO] [stdout] 
[INFO] [stdout] Some errors have detailed explanations: E0411, E0433.
[INFO] [stdout] For more information about an error, try `rustc --explain E0411`.
[INFO] [stdout] Couldn't compile the test.
[INFO] [stdout] ---- src/components/modal.rs - components::modal::ModalCloser (line 231) stdout ----
[INFO] [stdout] error: expected one of `!`, `(`, `+`, `::`, `<`, `>`, or `as`, found `id`
[INFO] [stdout]  --> src/components/modal.rs:235:5
[INFO] [stdout]   |
[INFO] [stdout] 5 | <ModalCard
[INFO] [stdout]   |           - expected one of 7 possible tokens
[INFO] [stdout] 6 |     id="modal-0"
[INFO] [stdout]   |     ^^ unexpected token
[INFO] [stdout] 
[INFO] [stdout] error[E0424]: expected value, found module `self`
[INFO] [stdout]  --> src/components/modal.rs:232:14
[INFO] [stdout]   |
[INFO] [stdout] 2 | fn main() { #[allow(non_snake_case)] fn _doctest_main_src_components_modal_rs_231_0() {
[INFO] [stdout]   |                                         ------------------------------------------- this function can't have a `self` parameter
[INFO] [stdout] 3 | let closer = self.link.callback(|_| ModalCloseMsg("modal-0".into()));
[INFO] [stdout]   |              ^^^^ `self` value is a keyword only available in methods with a `self` parameter
[INFO] [stdout] 
[INFO] [stdout] error[E0425]: cannot find function, tuple struct or tuple variant `ModalCloseMsg` in this scope
[INFO] [stdout]  --> src/components/modal.rs:232:37
[INFO] [stdout]   |
[INFO] [stdout] 3 | let closer = self.link.callback(|_| ModalCloseMsg("modal-0".into()));
[INFO] [stdout]   |                                     ^^^^^^^^^^^^^ not found in this scope
[INFO] [stdout]   |
[INFO] [stdout] help: consider importing this tuple struct
[INFO] [stdout]   |
[INFO] [stdout] 2 | use ybc::ModalCloseMsg;
[INFO] [stdout]   |
[INFO] [stdout] 
[INFO] [stdout] error: aborting due to 3 previous errors
[INFO] [stdout] 
[INFO] [stdout] Some errors have detailed explanations: E0424, E0425.
[INFO] [stdout] For more information about an error, try `rustc --explain E0424`.
[INFO] [stdout] Couldn't compile the test.
[INFO] [stdout] 
[INFO] [stdout] failures:
[INFO] [stdout]     src/components/modal.rs - components::modal::ModalCloser (line 220)
[INFO] [stdout]     src/components/modal.rs - components::modal::ModalCloser (line 231)
[INFO] [stdout]     src/components/modal.rs - components::modal::ModalCloser (line 245)
[INFO] [stdout] 
[INFO] [stdout] test result: FAILED. 0 passed; 3 failed; 0 ignored; 0 measured; 0 filtered out; finished in 1.24s
[INFO] [stdout] 
[INFO] [stderr] error: test failed, to rerun pass '--doc'
[INFO] running `Command { std: "docker" "inspect" "0e5eaa4439f56a0680d14fdcdfb037d7da24668f0cd48988f9bf0a78735c4b93", kill_on_drop: false }`
[INFO] running `Command { std: "docker" "rm" "-f" "0e5eaa4439f56a0680d14fdcdfb037d7da24668f0cd48988f9bf0a78735c4b93", kill_on_drop: false }`
[INFO] [stdout] 0e5eaa4439f56a0680d14fdcdfb037d7da24668f0cd48988f9bf0a78735c4b93
