[INFO] fetching crate yag 0.2.1...
[INFO] testing yag-0.2.1 against beta-2021-08-01 for beta-1.55-1
[INFO] extracting crate yag 0.2.1 into /workspace/builds/worker-13/source
[INFO] validating manifest of crates.io crate yag 0.2.1 on toolchain beta-2021-08-01
[INFO] running `Command { std: "/workspace/cargo-home/bin/cargo" "+beta-2021-08-01" "metadata" "--manifest-path" "Cargo.toml" "--no-deps", kill_on_drop: false }`
[INFO] started tweaking crates.io crate yag 0.2.1
[INFO] finished tweaking crates.io crate yag 0.2.1
[INFO] tweaked toml for crates.io crate yag 0.2.1 written to /workspace/builds/worker-13/source/Cargo.toml
[INFO] crate crates.io crate yag 0.2.1 already has a lockfile, it will not be regenerated
[INFO] running `Command { std: "/workspace/cargo-home/bin/cargo" "+beta-2021-08-01" "fetch" "--manifest-path" "Cargo.toml", kill_on_drop: false }`
[INFO] [stderr]  Downloading crates ...
[INFO] [stderr]   Downloaded git-url-parse v0.2.0
[INFO] [stderr]   Downloaded async-compression v0.3.5
[INFO] running `Command { std: "docker" "create" "-v" "/var/lib/crater-agent-workspace/builds/worker-13/target:/opt/rustwide/target:rw,Z" "-v" "/var/lib/crater-agent-workspace/builds/worker-13/source:/opt/rustwide/workdir:ro,Z" "-v" "/var/lib/crater-agent-workspace/cargo-home:/opt/rustwide/cargo-home:ro,Z" "-v" "/var/lib/crater-agent-workspace/rustup-home:/opt/rustwide/rustup-home:ro,Z" "-e" "SOURCE_DIR=/opt/rustwide/workdir" "-e" "CARGO_TARGET_DIR=/opt/rustwide/target" "-e" "CARGO_HOME=/opt/rustwide/cargo-home" "-e" "RUSTUP_HOME=/opt/rustwide/rustup-home" "-w" "/opt/rustwide/workdir" "-m" "1610612736" "--user" "0:0" "--network" "none" "ghcr.io/rust-lang/crates-build-env/linux@sha256:34b6a614d2c27851fe6cbf88fbd1137609cefab8b10d0615aaeb6fd47975d74e" "/opt/rustwide/cargo-home/bin/cargo" "+beta-2021-08-01" "metadata" "--no-deps" "--format-version=1", kill_on_drop: false }`
[INFO] [stdout] e69c274e1a5b521341706d4db37903713f8ab47c7459d32eafc5233fecb4e02c
[INFO] [stderr] WARNING: Your kernel does not support swap limit capabilities or the cgroup is not mounted. Memory limited without swap.
[INFO] running `Command { std: "docker" "start" "-a" "e69c274e1a5b521341706d4db37903713f8ab47c7459d32eafc5233fecb4e02c", kill_on_drop: false }`
[INFO] running `Command { std: "docker" "inspect" "e69c274e1a5b521341706d4db37903713f8ab47c7459d32eafc5233fecb4e02c", kill_on_drop: false }`
[INFO] running `Command { std: "docker" "rm" "-f" "e69c274e1a5b521341706d4db37903713f8ab47c7459d32eafc5233fecb4e02c", kill_on_drop: false }`
[INFO] [stdout] e69c274e1a5b521341706d4db37903713f8ab47c7459d32eafc5233fecb4e02c
[INFO] running `Command { std: "docker" "create" "-v" "/var/lib/crater-agent-workspace/builds/worker-13/target:/opt/rustwide/target:rw,Z" "-v" "/var/lib/crater-agent-workspace/builds/worker-13/source:/opt/rustwide/workdir:ro,Z" "-v" "/var/lib/crater-agent-workspace/cargo-home:/opt/rustwide/cargo-home:ro,Z" "-v" "/var/lib/crater-agent-workspace/rustup-home:/opt/rustwide/rustup-home:ro,Z" "-e" "SOURCE_DIR=/opt/rustwide/workdir" "-e" "CARGO_TARGET_DIR=/opt/rustwide/target" "-e" "CARGO_INCREMENTAL=0" "-e" "RUST_BACKTRACE=full" "-e" "RUSTFLAGS=--cap-lints=warn" "-e" "CARGO_HOME=/opt/rustwide/cargo-home" "-e" "RUSTUP_HOME=/opt/rustwide/rustup-home" "-w" "/opt/rustwide/workdir" "-m" "1610612736" "--user" "0:0" "--network" "none" "ghcr.io/rust-lang/crates-build-env/linux@sha256:34b6a614d2c27851fe6cbf88fbd1137609cefab8b10d0615aaeb6fd47975d74e" "/opt/rustwide/cargo-home/bin/cargo" "+beta-2021-08-01" "build" "--frozen" "--message-format=json", kill_on_drop: false }`
[INFO] [stderr] WARNING: Your kernel does not support swap limit capabilities or the cgroup is not mounted. Memory limited without swap.
[INFO] [stdout] c57b66575658e0971e66510680d4bb44fb7168a217558a6a487f3021f406a7a5
[INFO] running `Command { std: "docker" "start" "-a" "c57b66575658e0971e66510680d4bb44fb7168a217558a6a487f3021f406a7a5", kill_on_drop: false }`
[INFO] [stderr]    Compiling syn v1.0.39
[INFO] [stderr]    Compiling serde v1.0.115
[INFO] [stderr]    Compiling tinyvec v0.3.4
[INFO] [stderr]    Compiling encoding_rs v0.8.24
[INFO] [stderr]    Compiling strum v0.18.0
[INFO] [stderr]    Compiling openssl-sys v0.9.58
[INFO] [stderr]    Compiling hashbrown v0.8.2
[INFO] [stderr]    Compiling indexmap v1.5.1
[INFO] [stderr]    Compiling tracing-core v0.1.15
[INFO] [stderr]    Compiling miniz_oxide v0.4.1
[INFO] [stderr]    Compiling iovec v0.1.4
[INFO] [stderr]    Compiling net2 v0.2.34
[INFO] [stderr]    Compiling time v0.1.44
[INFO] [stderr]    Compiling socket2 v0.3.12
[INFO] [stderr]    Compiling want v0.3.0
[INFO] [stderr]    Compiling clap v2.33.3
[INFO] [stderr]    Compiling colored v2.0.0
[INFO] [stderr]    Compiling mio v0.6.22
[INFO] [stderr]    Compiling unicode-normalization v0.1.13
[INFO] [stderr]    Compiling tracing v0.1.19
[INFO] [stderr]    Compiling flate2 v1.0.17
[INFO] [stderr]    Compiling idna v0.2.0
[INFO] [stderr]    Compiling openssl v0.10.30
[INFO] [stderr]    Compiling native-tls v0.2.4
[INFO] [stderr]    Compiling async-compression v0.3.5
[INFO] [stderr]    Compiling url v2.1.1
[INFO] [stderr]    Compiling serde_json v1.0.57
[INFO] [stderr]    Compiling serde_urlencoded v0.6.1
[INFO] [stderr]    Compiling toml v0.5.6
[INFO] [stderr]    Compiling pin-project-internal v0.4.23
[INFO] [stderr]    Compiling tokio-macros v0.2.5
[INFO] [stderr]    Compiling futures-macro v0.3.5
[INFO] [stderr]    Compiling strum_macros v0.18.0
[INFO] [stderr]    Compiling serde_derive v1.0.115
[INFO] [stderr]    Compiling async-trait v0.1.40
[INFO] [stderr]    Compiling tokio v0.2.22
[INFO] [stderr]    Compiling git-url-parse v0.2.0
[INFO] [stderr]    Compiling pin-project v0.4.23
[INFO] [stderr]    Compiling futures-util v0.3.5
[INFO] [stderr]    Compiling tokio-util v0.3.1
[INFO] [stderr]    Compiling tokio-tls v0.3.1
[INFO] [stderr]    Compiling h2 v0.2.6
[INFO] [stderr]    Compiling futures-executor v0.3.5
[INFO] [stderr]    Compiling futures v0.3.5
[INFO] [stderr]    Compiling hyper v0.13.7
[INFO] [stderr]    Compiling hyper-tls v0.4.3
[INFO] [stderr]    Compiling reqwest v0.10.8
[INFO] [stderr]    Compiling yag v0.2.1 (/opt/rustwide/workdir)
[INFO] [stdout] warning: unused import: `clap::crate_version`
[INFO] [stdout]  --> src/github/client.rs:2:5
[INFO] [stdout]   |
[INFO] [stdout] 2 | use clap::crate_version;
[INFO] [stdout]   |     ^^^^^^^^^^^^^^^^^^^
[INFO] [stdout]   |
[INFO] [stdout]   = note: `#[warn(unused_imports)]` on by default
[INFO] [stdout] 
[INFO] [stdout] 
[INFO] [stdout] warning: unused import: `serde_json::Value`
[INFO] [stdout]  --> src/github/structs.rs:6:5
[INFO] [stdout]   |
[INFO] [stdout] 6 | use serde_json::Value;
[INFO] [stdout]   |     ^^^^^^^^^^^^^^^^^
[INFO] [stdout] 
[INFO] [stdout] 
[INFO] [stdout] warning: unused variable: `error`
[INFO] [stdout]   --> src/github/structs.rs:52:37
[INFO] [stdout]    |
[INFO] [stdout] 52 |             GitHubResponse::Error { error } => {
[INFO] [stdout]    |                                     ^^^^^ help: try ignoring the field: `error: _`
[INFO] [stdout]    |
[INFO] [stdout]    = note: `#[warn(unused_variables)]` on by default
[INFO] [stdout] 
[INFO] [stdout] 
[INFO] [stdout] warning: associated function is never used: `graphql`
[INFO] [stdout]   --> src/github/client.rs:52:18
[INFO] [stdout]    |
[INFO] [stdout] 52 |     pub async fn graphql(&self, query: &str, variables: serde_json::Value) -> Result<Response> {
[INFO] [stdout]    |                  ^^^^^^^
[INFO] [stdout]    |
[INFO] [stdout]    = note: `#[warn(dead_code)]` on by default
[INFO] [stdout] 
[INFO] [stdout] 
[INFO] [stdout] warning: associated function is never used: `map`
[INFO] [stdout]   --> src/structs.rs:31:12
[INFO] [stdout]    |
[INFO] [stdout] 31 |     pub fn map<R, F>(&self, f: F) -> PaginationResult<R>
[INFO] [stdout]    |            ^^^
[INFO] [stdout] 
[INFO] [stdout] 
[INFO] [stdout] warning: 5 warnings emitted
[INFO] [stdout] 
[INFO] [stdout] 
[INFO] [stderr]     Finished dev [unoptimized + debuginfo] target(s) in 1m 29s
[INFO] running `Command { std: "docker" "inspect" "c57b66575658e0971e66510680d4bb44fb7168a217558a6a487f3021f406a7a5", kill_on_drop: false }`
[INFO] running `Command { std: "docker" "rm" "-f" "c57b66575658e0971e66510680d4bb44fb7168a217558a6a487f3021f406a7a5", kill_on_drop: false }`
[INFO] [stdout] c57b66575658e0971e66510680d4bb44fb7168a217558a6a487f3021f406a7a5
[INFO] running `Command { std: "docker" "create" "-v" "/var/lib/crater-agent-workspace/builds/worker-13/target:/opt/rustwide/target:rw,Z" "-v" "/var/lib/crater-agent-workspace/builds/worker-13/source:/opt/rustwide/workdir:ro,Z" "-v" "/var/lib/crater-agent-workspace/cargo-home:/opt/rustwide/cargo-home:ro,Z" "-v" "/var/lib/crater-agent-workspace/rustup-home:/opt/rustwide/rustup-home:ro,Z" "-e" "SOURCE_DIR=/opt/rustwide/workdir" "-e" "CARGO_TARGET_DIR=/opt/rustwide/target" "-e" "CARGO_INCREMENTAL=0" "-e" "RUST_BACKTRACE=full" "-e" "RUSTFLAGS=--cap-lints=warn" "-e" "CARGO_HOME=/opt/rustwide/cargo-home" "-e" "RUSTUP_HOME=/opt/rustwide/rustup-home" "-w" "/opt/rustwide/workdir" "-m" "1610612736" "--user" "0:0" "--network" "none" "ghcr.io/rust-lang/crates-build-env/linux@sha256:34b6a614d2c27851fe6cbf88fbd1137609cefab8b10d0615aaeb6fd47975d74e" "/opt/rustwide/cargo-home/bin/cargo" "+beta-2021-08-01" "test" "--frozen" "--no-run" "--message-format=json", kill_on_drop: false }`
[INFO] [stdout] 6ac9d601224822021c6da39b91eb274d2d958aec47ebc84e4103bcbffbfd4d96
[INFO] [stderr] WARNING: Your kernel does not support swap limit capabilities or the cgroup is not mounted. Memory limited without swap.
[INFO] running `Command { std: "docker" "start" "-a" "6ac9d601224822021c6da39b91eb274d2d958aec47ebc84e4103bcbffbfd4d96", kill_on_drop: false }`
[INFO] [stderr]    Compiling yag v0.2.1 (/opt/rustwide/workdir)
[INFO] [stdout] warning: unused import: `clap::crate_version`
[INFO] [stdout]  --> src/github/client.rs:2:5
[INFO] [stdout]   |
[INFO] [stdout] 2 | use clap::crate_version;
[INFO] [stdout]   |     ^^^^^^^^^^^^^^^^^^^
[INFO] [stdout]   |
[INFO] [stdout]   = note: `#[warn(unused_imports)]` on by default
[INFO] [stdout] 
[INFO] [stdout] 
[INFO] [stdout] warning: unused import: `serde_json::Value`
[INFO] [stdout]  --> src/github/structs.rs:6:5
[INFO] [stdout]   |
[INFO] [stdout] 6 | use serde_json::Value;
[INFO] [stdout]   |     ^^^^^^^^^^^^^^^^^
[INFO] [stdout] 
[INFO] [stdout] 
[INFO] [stdout] warning: unused variable: `error`
[INFO] [stdout]   --> src/github/structs.rs:52:37
[INFO] [stdout]    |
[INFO] [stdout] 52 |             GitHubResponse::Error { error } => {
[INFO] [stdout]    |                                     ^^^^^ help: try ignoring the field: `error: _`
[INFO] [stdout]    |
[INFO] [stdout]    = note: `#[warn(unused_variables)]` on by default
[INFO] [stdout] 
[INFO] [stdout] 
[INFO] [stdout] warning: associated function is never used: `graphql`
[INFO] [stdout]   --> src/github/client.rs:52:18
[INFO] [stdout]    |
[INFO] [stdout] 52 |     pub async fn graphql(&self, query: &str, variables: serde_json::Value) -> Result<Response> {
[INFO] [stdout]    |                  ^^^^^^^
[INFO] [stdout]    |
[INFO] [stdout]    = note: `#[warn(dead_code)]` on by default
[INFO] [stdout] 
[INFO] [stdout] 
[INFO] [stdout] warning: associated function is never used: `map`
[INFO] [stdout]   --> src/structs.rs:31:12
[INFO] [stdout]    |
[INFO] [stdout] 31 |     pub fn map<R, F>(&self, f: F) -> PaginationResult<R>
[INFO] [stdout]    |            ^^^
[INFO] [stdout] 
[INFO] [stdout] 
[INFO] [stdout] warning: 5 warnings emitted
[INFO] [stdout] 
[INFO] [stdout] 
[INFO] [stderr]     Finished test [unoptimized + debuginfo] target(s) in 6.14s
[INFO] running `Command { std: "docker" "inspect" "6ac9d601224822021c6da39b91eb274d2d958aec47ebc84e4103bcbffbfd4d96", kill_on_drop: false }`
[INFO] running `Command { std: "docker" "rm" "-f" "6ac9d601224822021c6da39b91eb274d2d958aec47ebc84e4103bcbffbfd4d96", kill_on_drop: false }`
[INFO] [stdout] 6ac9d601224822021c6da39b91eb274d2d958aec47ebc84e4103bcbffbfd4d96
[INFO] running `Command { std: "docker" "create" "-v" "/var/lib/crater-agent-workspace/builds/worker-13/target:/opt/rustwide/target:rw,Z" "-v" "/var/lib/crater-agent-workspace/builds/worker-13/source:/opt/rustwide/workdir:ro,Z" "-v" "/var/lib/crater-agent-workspace/cargo-home:/opt/rustwide/cargo-home:ro,Z" "-v" "/var/lib/crater-agent-workspace/rustup-home:/opt/rustwide/rustup-home:ro,Z" "-e" "SOURCE_DIR=/opt/rustwide/workdir" "-e" "CARGO_TARGET_DIR=/opt/rustwide/target" "-e" "CARGO_INCREMENTAL=0" "-e" "RUST_BACKTRACE=full" "-e" "RUSTFLAGS=--cap-lints=warn" "-e" "CARGO_HOME=/opt/rustwide/cargo-home" "-e" "RUSTUP_HOME=/opt/rustwide/rustup-home" "-w" "/opt/rustwide/workdir" "-m" "1610612736" "--user" "0:0" "--network" "none" "ghcr.io/rust-lang/crates-build-env/linux@sha256:34b6a614d2c27851fe6cbf88fbd1137609cefab8b10d0615aaeb6fd47975d74e" "/opt/rustwide/cargo-home/bin/cargo" "+beta-2021-08-01" "test" "--frozen", kill_on_drop: false }`
[INFO] [stdout] 972afd14c096425e95c2d3f8d0c2d481a43eccb0251aed6375d0445807e5306d
[INFO] [stderr] WARNING: Your kernel does not support swap limit capabilities or the cgroup is not mounted. Memory limited without swap.
[INFO] running `Command { std: "docker" "start" "-a" "972afd14c096425e95c2d3f8d0c2d481a43eccb0251aed6375d0445807e5306d", kill_on_drop: false }`
[INFO] [stderr] warning: unused import: `clap::crate_version`
[INFO] [stderr]  --> src/github/client.rs:2:5
[INFO] [stderr]   |
[INFO] [stderr] 2 | use clap::crate_version;
[INFO] [stderr]   |     ^^^^^^^^^^^^^^^^^^^
[INFO] [stderr]   |
[INFO] [stderr]   = note: `#[warn(unused_imports)]` on by default
[INFO] [stderr] 
[INFO] [stderr] warning: unused import: `serde_json::Value`
[INFO] [stderr]  --> src/github/structs.rs:6:5
[INFO] [stderr]   |
[INFO] [stderr] 6 | use serde_json::Value;
[INFO] [stderr]   |     ^^^^^^^^^^^^^^^^^
[INFO] [stderr] 
[INFO] [stderr] warning: unused variable: `error`
[INFO] [stderr]   --> src/github/structs.rs:52:37
[INFO] [stderr]    |
[INFO] [stderr] 52 |             GitHubResponse::Error { error } => {
[INFO] [stderr]    |                                     ^^^^^ help: try ignoring the field: `error: _`
[INFO] [stderr]    |
[INFO] [stderr]    = note: `#[warn(unused_variables)]` on by default
[INFO] [stderr] 
[INFO] [stderr] warning: associated function is never used: `graphql`
[INFO] [stderr]   --> src/github/client.rs:52:18
[INFO] [stderr]    |
[INFO] [stderr] 52 |     pub async fn graphql(&self, query: &str, variables: serde_json::Value) -> Result<Response> {
[INFO] [stderr]    |                  ^^^^^^^
[INFO] [stderr]    |
[INFO] [stderr]    = note: `#[warn(dead_code)]` on by default
[INFO] [stderr] 
[INFO] [stderr] warning: associated function is never used: `map`
[INFO] [stderr]   --> src/structs.rs:31:12
[INFO] [stderr]    |
[INFO] [stderr] 31 |     pub fn map<R, F>(&self, f: F) -> PaginationResult<R>
[INFO] [stderr]    |            ^^^
[INFO] [stderr] 
[INFO] [stderr] warning: `yag` (bin "yag" test) generated 5 warnings
[INFO] [stderr]     Finished test [unoptimized + debuginfo] target(s) in 0.09s
[INFO] [stderr]      Running unittests (/opt/rustwide/target/debug/deps/yag-46fec840cb601575)
[INFO] [stdout] 
[INFO] [stdout] running 5 tests
[INFO] [stdout] a:select which type profile you want to create (1-2): host: token: test profile::tests::test_write_stdin ... ok
[INFO] [stdout] test profile::tests::test_prompt_add_profile ... ok
[INFO] [stdout] test profile::tests::test_profile ... ok
[INFO] [stdout] test utils::tests::test_spawn ... ok
[INFO] [stdout] test utils::tests::test_get_latest_commit_message ... FAILED
[INFO] [stdout] 
[INFO] [stdout] failures:
[INFO] [stdout] 
[INFO] [stdout] ---- utils::tests::test_get_latest_commit_message stdout ----
[INFO] [stdout] DEBUG - stderr: fatal: not a git repository (or any parent up to mount point /opt/rustwide)
[INFO] [stdout] Stopping at filesystem boundary (GIT_DISCOVERY_ACROSS_FILESYSTEM not set).
[INFO] [stdout] 
[INFO] [stdout] thread 'utils::tests::test_get_latest_commit_message' panicked at 'called `Option::unwrap()` on a `None` value', src/utils.rs:75:66
[INFO] [stdout] stack backtrace:
[INFO] [stdout]    0:     0x55c507712280 - std::backtrace_rs::backtrace::libunwind::trace::hff4d1766e93f64f1
[INFO] [stdout]                                at /rustc/53fd98ca776cb875bc9e5514f56b52eb74f9e7a9/library/std/src/../../backtrace/src/backtrace/libunwind.rs:90:5
[INFO] [stdout]    1:     0x55c507712280 - std::backtrace_rs::backtrace::trace_unsynchronized::h56bbc8eb78770bcb
[INFO] [stdout]                                at /rustc/53fd98ca776cb875bc9e5514f56b52eb74f9e7a9/library/std/src/../../backtrace/src/backtrace/mod.rs:66:5
[INFO] [stdout]    2:     0x55c507712280 - std::sys_common::backtrace::_print_fmt::h5c8e75464faca780
[INFO] [stdout]                                at /rustc/53fd98ca776cb875bc9e5514f56b52eb74f9e7a9/library/std/src/sys_common/backtrace.rs:67:5
[INFO] [stdout]    3:     0x55c507712280 - <std::sys_common::backtrace::_print::DisplayBacktrace as core::fmt::Display>::fmt::h48b88277def8b362
[INFO] [stdout]                                at /rustc/53fd98ca776cb875bc9e5514f56b52eb74f9e7a9/library/std/src/sys_common/backtrace.rs:46:22
[INFO] [stdout]    4:     0x55c507736c7c - core::fmt::write::h3381b3176fe2b3d3
[INFO] [stdout]                                at /rustc/53fd98ca776cb875bc9e5514f56b52eb74f9e7a9/library/core/src/fmt/mod.rs:1115:17
[INFO] [stdout]    5:     0x55c50770b8f5 - std::io::Write::write_fmt::h5f34a676f60246b5
[INFO] [stdout]                                at /rustc/53fd98ca776cb875bc9e5514f56b52eb74f9e7a9/library/std/src/io/mod.rs:1665:15
[INFO] [stdout]    6:     0x55c50771444b - std::sys_common::backtrace::_print::ha537687d6c17dd0d
[INFO] [stdout]                                at /rustc/53fd98ca776cb875bc9e5514f56b52eb74f9e7a9/library/std/src/sys_common/backtrace.rs:49:5
[INFO] [stdout]    7:     0x55c50771444b - std::sys_common::backtrace::print::h61376ae57d131d72
[INFO] [stdout]                                at /rustc/53fd98ca776cb875bc9e5514f56b52eb74f9e7a9/library/std/src/sys_common/backtrace.rs:36:9
[INFO] [stdout]    8:     0x55c50771444b - std::panicking::default_hook::{{closure}}::h0f7208c0b9644a54
[INFO] [stdout]                                at /rustc/53fd98ca776cb875bc9e5514f56b52eb74f9e7a9/library/std/src/panicking.rs:208:50
[INFO] [stdout]    9:     0x55c507713f5c - std::panicking::default_hook::hdac7fc06578c14ce
[INFO] [stdout]                                at /rustc/53fd98ca776cb875bc9e5514f56b52eb74f9e7a9/library/std/src/panicking.rs:222:9
[INFO] [stdout]   10:     0x55c507714b14 - std::panicking::rust_panic_with_hook::h72b21c283da3d1ef
[INFO] [stdout]                                at /rustc/53fd98ca776cb875bc9e5514f56b52eb74f9e7a9/library/std/src/panicking.rs:622:17
[INFO] [stdout]   11:     0x55c5077145c7 - std::panicking::begin_panic_handler::{{closure}}::he5778f1729cff84a
[INFO] [stdout]                                at /rustc/53fd98ca776cb875bc9e5514f56b52eb74f9e7a9/library/std/src/panicking.rs:517:13
[INFO] [stdout]   12:     0x55c50771275c - std::sys_common::backtrace::__rust_end_short_backtrace::h2d11ca8b453b4b1d
[INFO] [stdout]                                at /rustc/53fd98ca776cb875bc9e5514f56b52eb74f9e7a9/library/std/src/sys_common/backtrace.rs:141:18
[INFO] [stdout]   13:     0x55c507714559 - rust_begin_unwind
[INFO] [stdout]                                at /rustc/53fd98ca776cb875bc9e5514f56b52eb74f9e7a9/library/std/src/panicking.rs:515:5
[INFO] [stdout]   14:     0x55c5070e5b01 - core::panicking::panic_fmt::hf9de31d4acbce4db
[INFO] [stdout]                                at /rustc/53fd98ca776cb875bc9e5514f56b52eb74f9e7a9/library/core/src/panicking.rs:92:14
[INFO] [stdout]   15:     0x55c5070e5a4d - core::panicking::panic::h8a6bc58a21c6c095
[INFO] [stdout]                                at /rustc/53fd98ca776cb875bc9e5514f56b52eb74f9e7a9/library/core/src/panicking.rs:50:5
[INFO] [stdout]   16:     0x55c507147bc6 - core::option::Option<T>::unwrap::h9fc54ef43fe8cf2b
[INFO] [stdout]                                at /rustc/53fd98ca776cb875bc9e5514f56b52eb74f9e7a9/library/core/src/option.rs:722:21
[INFO] [stdout]   17:     0x55c50715648c - yag::utils::tests::test_get_latest_commit_message::h3e803d9738e8fa51
[INFO] [stdout]                                at /opt/rustwide/workdir/src/utils.rs:75:33
[INFO] [stdout]   18:     0x55c50715643a - yag::utils::tests::test_get_latest_commit_message::{{closure}}::h5dd6e480cc9077dd
[INFO] [stdout]                                at /opt/rustwide/workdir/src/utils.rs:74:5
[INFO] [stdout]   19:     0x55c50710a53e - core::ops::function::FnOnce::call_once::haf8d6afa8d5f70cf
[INFO] [stdout]                                at /rustc/53fd98ca776cb875bc9e5514f56b52eb74f9e7a9/library/core/src/ops/function.rs:227:5
[INFO] [stdout]   20:     0x55c50721aea3 - core::ops::function::FnOnce::call_once::hbb52c4519d3137b0
[INFO] [stdout]                                at /rustc/53fd98ca776cb875bc9e5514f56b52eb74f9e7a9/library/core/src/ops/function.rs:227:5
[INFO] [stdout]   21:     0x55c50721aea3 - test::__rust_begin_short_backtrace::h86fe3a2a5a5121af
[INFO] [stdout]                                at /rustc/53fd98ca776cb875bc9e5514f56b52eb74f9e7a9/library/test/src/lib.rs:578:5
[INFO] [stdout]   22:     0x55c507219958 - <alloc::boxed::Box<F,A> as core::ops::function::FnOnce<Args>>::call_once::hfd956bc3d57399be
[INFO] [stdout]                                at /rustc/53fd98ca776cb875bc9e5514f56b52eb74f9e7a9/library/alloc/src/boxed.rs:1572:9
[INFO] [stdout]   23:     0x55c507219958 - <std::panic::AssertUnwindSafe<F> as core::ops::function::FnOnce<()>>::call_once::h40dc93e0ddb5938a
[INFO] [stdout]                                at /rustc/53fd98ca776cb875bc9e5514f56b52eb74f9e7a9/library/std/src/panic.rs:347:9
[INFO] [stdout]   24:     0x55c507219958 - std::panicking::try::do_call::h90d07750cb47c562
[INFO] [stdout]                                at /rustc/53fd98ca776cb875bc9e5514f56b52eb74f9e7a9/library/std/src/panicking.rs:401:40
[INFO] [stdout]   25:     0x55c507219958 - std::panicking::try::h063c84733ad2a629
[INFO] [stdout]                                at /rustc/53fd98ca776cb875bc9e5514f56b52eb74f9e7a9/library/std/src/panicking.rs:365:19
[INFO] [stdout]   26:     0x55c507219958 - std::panic::catch_unwind::h0c464836a84e7c08
[INFO] [stdout]                                at /rustc/53fd98ca776cb875bc9e5514f56b52eb74f9e7a9/library/std/src/panic.rs:434:14
[INFO] [stdout]   27:     0x55c507219958 - test::run_test_in_process::h5cb06ef620b157fc
[INFO] [stdout]                                at /rustc/53fd98ca776cb875bc9e5514f56b52eb74f9e7a9/library/test/src/lib.rs:601:18
[INFO] [stdout]   28:     0x55c507219958 - test::run_test::run_test_inner::{{closure}}::h76f677f4b93f9828
[INFO] [stdout]                                at /rustc/53fd98ca776cb875bc9e5514f56b52eb74f9e7a9/library/test/src/lib.rs:493:39
[INFO] [stdout]   29:     0x55c5071e80ed - test::run_test::run_test_inner::{{closure}}::h366d01fe04f4d67a
[INFO] [stdout]                                at /rustc/53fd98ca776cb875bc9e5514f56b52eb74f9e7a9/library/test/src/lib.rs:520:37
[INFO] [stdout]   30:     0x55c5071e80ed - std::sys_common::backtrace::__rust_begin_short_backtrace::h7dfa0de4eb395af2
[INFO] [stdout]                                at /rustc/53fd98ca776cb875bc9e5514f56b52eb74f9e7a9/library/std/src/sys_common/backtrace.rs:125:18
[INFO] [stdout]   31:     0x55c5071ec8b8 - std::thread::Builder::spawn_unchecked::{{closure}}::{{closure}}::hf0a74bb58798037f
[INFO] [stdout]                                at /rustc/53fd98ca776cb875bc9e5514f56b52eb74f9e7a9/library/std/src/thread/mod.rs:476:17
[INFO] [stdout]   32:     0x55c5071ec8b8 - <std::panic::AssertUnwindSafe<F> as core::ops::function::FnOnce<()>>::call_once::hb024e854818586ac
[INFO] [stdout]                                at /rustc/53fd98ca776cb875bc9e5514f56b52eb74f9e7a9/library/std/src/panic.rs:347:9
[INFO] [stdout]   33:     0x55c5071ec8b8 - std::panicking::try::do_call::hb2dd9f1d0d48e41d
[INFO] [stdout]                                at /rustc/53fd98ca776cb875bc9e5514f56b52eb74f9e7a9/library/std/src/panicking.rs:401:40
[INFO] [stdout]   34:     0x55c5071ec8b8 - std::panicking::try::h4717ae7bac8b2bf3
[INFO] [stdout]                                at /rustc/53fd98ca776cb875bc9e5514f56b52eb74f9e7a9/library/std/src/panicking.rs:365:19
[INFO] [stdout]   35:     0x55c5071ec8b8 - std::panic::catch_unwind::h0dc8a061326ce8d8
[INFO] [stdout]                                at /rustc/53fd98ca776cb875bc9e5514f56b52eb74f9e7a9/library/std/src/panic.rs:434:14
[INFO] [stdout]   36:     0x55c5071ec8b8 - std::thread::Builder::spawn_unchecked::{{closure}}::haa369e2d6fd00aa1
[INFO] [stdout]                                at /rustc/53fd98ca776cb875bc9e5514f56b52eb74f9e7a9/library/std/src/thread/mod.rs:475:30
[INFO] [stdout]   37:     0x55c5071ec8b8 - core::ops::function::FnOnce::call_once{{vtable.shim}}::h36dcf3de8b056f17
[INFO] [stdout]                                at /rustc/53fd98ca776cb875bc9e5514f56b52eb74f9e7a9/library/core/src/ops/function.rs:227:5
[INFO] [stdout]   38:     0x55c50771a197 - <alloc::boxed::Box<F,A> as core::ops::function::FnOnce<Args>>::call_once::h65c29e4642be2358
[INFO] [stdout]                                at /rustc/53fd98ca776cb875bc9e5514f56b52eb74f9e7a9/library/alloc/src/boxed.rs:1572:9
[INFO] [stdout]   39:     0x55c50771a197 - <alloc::boxed::Box<F,A> as core::ops::function::FnOnce<Args>>::call_once::hd0f8f7fbbd9fffbf
[INFO] [stdout]                                at /rustc/53fd98ca776cb875bc9e5514f56b52eb74f9e7a9/library/alloc/src/boxed.rs:1572:9
[INFO] [stdout]   40:     0x55c50771a197 - std::sys::unix::thread::Thread::new::thread_start::h2fd22fee3ca77b65
[INFO] [stdout]                                at /rustc/53fd98ca776cb875bc9e5514f56b52eb74f9e7a9/library/std/src/sys/unix/thread.rs:74:17
[INFO] [stdout]   41:     0x7f1be8779609 - start_thread
[INFO] [stdout]   42:     0x7f1be854f293 - clone
[INFO] [stdout]   43:                0x0 - <unknown>
[INFO] [stdout] 
[INFO] [stdout] 
[INFO] [stdout] failures:
[INFO] [stdout]     utils::tests::test_get_latest_commit_message
[INFO] [stdout] 
[INFO] [stdout] test result: FAILED. 4 passed; 1 failed; 0 ignored; 0 measured; 0 filtered out; finished in 0.04s
[INFO] [stdout] 
[INFO] [stderr] error: test failed, to rerun pass '--bin yag'
[INFO] running `Command { std: "docker" "inspect" "972afd14c096425e95c2d3f8d0c2d481a43eccb0251aed6375d0445807e5306d", kill_on_drop: false }`
[INFO] running `Command { std: "docker" "rm" "-f" "972afd14c096425e95c2d3f8d0c2d481a43eccb0251aed6375d0445807e5306d", kill_on_drop: false }`
[INFO] [stdout] 972afd14c096425e95c2d3f8d0c2d481a43eccb0251aed6375d0445807e5306d
