[INFO] fetching crate xtypes 0.1.0...
[INFO] testing xtypes-0.1.0 against 1.54.0 for beta-1.55-1
[INFO] extracting crate xtypes 0.1.0 into /workspace/builds/worker-6/source
[INFO] validating manifest of crates.io crate xtypes 0.1.0 on toolchain 1.54.0
[INFO] running `Command { std: "/workspace/cargo-home/bin/cargo" "+1.54.0" "metadata" "--manifest-path" "Cargo.toml" "--no-deps", kill_on_drop: false }`
[INFO] started tweaking crates.io crate xtypes 0.1.0
[INFO] finished tweaking crates.io crate xtypes 0.1.0
[INFO] tweaked toml for crates.io crate xtypes 0.1.0 written to /workspace/builds/worker-6/source/Cargo.toml
[INFO] running `Command { std: "/workspace/cargo-home/bin/cargo" "+1.54.0" "generate-lockfile" "--manifest-path" "Cargo.toml" "-Zno-index-update", kill_on_drop: false }`
[INFO] [stderr]     Blocking waiting for file lock on package cache
[INFO] running `Command { std: "/workspace/cargo-home/bin/cargo" "+1.54.0" "fetch" "--manifest-path" "Cargo.toml", kill_on_drop: false }`
[INFO] [stderr]     Blocking waiting for file lock on package cache
[INFO] running `Command { std: "docker" "create" "-v" "/var/lib/crater-agent-workspace/builds/worker-6/target:/opt/rustwide/target:rw,Z" "-v" "/var/lib/crater-agent-workspace/builds/worker-6/source:/opt/rustwide/workdir:ro,Z" "-v" "/var/lib/crater-agent-workspace/cargo-home:/opt/rustwide/cargo-home:ro,Z" "-v" "/var/lib/crater-agent-workspace/rustup-home:/opt/rustwide/rustup-home:ro,Z" "-e" "SOURCE_DIR=/opt/rustwide/workdir" "-e" "CARGO_TARGET_DIR=/opt/rustwide/target" "-e" "CARGO_HOME=/opt/rustwide/cargo-home" "-e" "RUSTUP_HOME=/opt/rustwide/rustup-home" "-w" "/opt/rustwide/workdir" "-m" "1610612736" "--user" "0:0" "--network" "none" "ghcr.io/rust-lang/crates-build-env/linux@sha256:34b6a614d2c27851fe6cbf88fbd1137609cefab8b10d0615aaeb6fd47975d74e" "/opt/rustwide/cargo-home/bin/cargo" "+1.54.0" "metadata" "--no-deps" "--format-version=1", kill_on_drop: false }`
[INFO] [stdout] 7dca03b64434d7ee53e36d9b2f85d4b1fec5e5ab7b123270ff1d4a1cb6b8219b
[INFO] [stderr] WARNING: Your kernel does not support swap limit capabilities or the cgroup is not mounted. Memory limited without swap.
[INFO] running `Command { std: "docker" "start" "-a" "7dca03b64434d7ee53e36d9b2f85d4b1fec5e5ab7b123270ff1d4a1cb6b8219b", kill_on_drop: false }`
[INFO] running `Command { std: "docker" "inspect" "7dca03b64434d7ee53e36d9b2f85d4b1fec5e5ab7b123270ff1d4a1cb6b8219b", kill_on_drop: false }`
[INFO] running `Command { std: "docker" "rm" "-f" "7dca03b64434d7ee53e36d9b2f85d4b1fec5e5ab7b123270ff1d4a1cb6b8219b", kill_on_drop: false }`
[INFO] [stdout] 7dca03b64434d7ee53e36d9b2f85d4b1fec5e5ab7b123270ff1d4a1cb6b8219b
[INFO] running `Command { std: "docker" "create" "-v" "/var/lib/crater-agent-workspace/builds/worker-6/target:/opt/rustwide/target:rw,Z" "-v" "/var/lib/crater-agent-workspace/builds/worker-6/source:/opt/rustwide/workdir:ro,Z" "-v" "/var/lib/crater-agent-workspace/cargo-home:/opt/rustwide/cargo-home:ro,Z" "-v" "/var/lib/crater-agent-workspace/rustup-home:/opt/rustwide/rustup-home:ro,Z" "-e" "SOURCE_DIR=/opt/rustwide/workdir" "-e" "CARGO_TARGET_DIR=/opt/rustwide/target" "-e" "CARGO_INCREMENTAL=0" "-e" "RUST_BACKTRACE=full" "-e" "RUSTFLAGS=--cap-lints=warn" "-e" "CARGO_HOME=/opt/rustwide/cargo-home" "-e" "RUSTUP_HOME=/opt/rustwide/rustup-home" "-w" "/opt/rustwide/workdir" "-m" "1610612736" "--user" "0:0" "--network" "none" "ghcr.io/rust-lang/crates-build-env/linux@sha256:34b6a614d2c27851fe6cbf88fbd1137609cefab8b10d0615aaeb6fd47975d74e" "/opt/rustwide/cargo-home/bin/cargo" "+1.54.0" "build" "--frozen" "--message-format=json", kill_on_drop: false }`
[INFO] [stderr] WARNING: Your kernel does not support swap limit capabilities or the cgroup is not mounted. Memory limited without swap.
[INFO] [stdout] 4d38c29cdc62812f543f0740b27412976997071f51d7e88f267fba1279b905bf
[INFO] running `Command { std: "docker" "start" "-a" "4d38c29cdc62812f543f0740b27412976997071f51d7e88f267fba1279b905bf", kill_on_drop: false }`
[INFO] [stderr]    Compiling proc-macro2 v0.4.30
[INFO] [stderr]    Compiling syn v0.15.44
[INFO] [stderr]    Compiling pest_generator v2.1.3
[INFO] [stderr]    Compiling pest_derive v2.1.0
[INFO] [stderr]    Compiling quote v0.6.13
[INFO] [stderr]    Compiling jens v0.6.0
[INFO] [stderr]    Compiling jens_derive v0.6.0
[INFO] [stderr]    Compiling xtypes v0.1.0 (/opt/rustwide/workdir)
[INFO] [stderr]     Finished dev [unoptimized + debuginfo] target(s) in 8.93s
[INFO] running `Command { std: "docker" "inspect" "4d38c29cdc62812f543f0740b27412976997071f51d7e88f267fba1279b905bf", kill_on_drop: false }`
[INFO] running `Command { std: "docker" "rm" "-f" "4d38c29cdc62812f543f0740b27412976997071f51d7e88f267fba1279b905bf", kill_on_drop: false }`
[INFO] [stdout] 4d38c29cdc62812f543f0740b27412976997071f51d7e88f267fba1279b905bf
[INFO] running `Command { std: "docker" "create" "-v" "/var/lib/crater-agent-workspace/builds/worker-6/target:/opt/rustwide/target:rw,Z" "-v" "/var/lib/crater-agent-workspace/builds/worker-6/source:/opt/rustwide/workdir:ro,Z" "-v" "/var/lib/crater-agent-workspace/cargo-home:/opt/rustwide/cargo-home:ro,Z" "-v" "/var/lib/crater-agent-workspace/rustup-home:/opt/rustwide/rustup-home:ro,Z" "-e" "SOURCE_DIR=/opt/rustwide/workdir" "-e" "CARGO_TARGET_DIR=/opt/rustwide/target" "-e" "CARGO_INCREMENTAL=0" "-e" "RUST_BACKTRACE=full" "-e" "RUSTFLAGS=--cap-lints=warn" "-e" "CARGO_HOME=/opt/rustwide/cargo-home" "-e" "RUSTUP_HOME=/opt/rustwide/rustup-home" "-w" "/opt/rustwide/workdir" "-m" "1610612736" "--user" "0:0" "--network" "none" "ghcr.io/rust-lang/crates-build-env/linux@sha256:34b6a614d2c27851fe6cbf88fbd1137609cefab8b10d0615aaeb6fd47975d74e" "/opt/rustwide/cargo-home/bin/cargo" "+1.54.0" "test" "--frozen" "--no-run" "--message-format=json", kill_on_drop: false }`
[INFO] [stdout] cd906960bf68e26633aa005397d308c7137e67e141057a480ccc62b00c1b06e4
[INFO] [stderr] WARNING: Your kernel does not support swap limit capabilities or the cgroup is not mounted. Memory limited without swap.
[INFO] running `Command { std: "docker" "start" "-a" "cd906960bf68e26633aa005397d308c7137e67e141057a480ccc62b00c1b06e4", kill_on_drop: false }`
[INFO] [stderr]    Compiling difference v2.0.0
[INFO] [stderr]    Compiling ci_info v0.3.1
[INFO] [stderr]    Compiling clicolors-control v1.0.1
[INFO] [stderr]    Compiling serde_yaml v0.8.17
[INFO] [stderr]    Compiling uuid v0.7.4
[INFO] [stderr]    Compiling serde_json v1.0.66
[INFO] [stderr]    Compiling ron v0.4.2
[INFO] [stderr]    Compiling chrono v0.4.19
[INFO] [stderr]    Compiling console v0.7.7
[INFO] [stderr]    Compiling insta v0.6.3
[INFO] [stderr]    Compiling xtypes v0.1.0 (/opt/rustwide/workdir)
[INFO] [stdout] warning: unused variable: `modules`
[INFO] [stdout]   --> src/linker.rs:56:9
[INFO] [stdout]    |
[INFO] [stdout] 56 |     let modules = load_file_and_imports(file_path, &mut files);
[INFO] [stdout]    |         ^^^^^^^ help: if this is intentional, prefix it with an underscore: `_modules`
[INFO] [stdout]    |
[INFO] [stdout]    = note: `#[warn(unused_variables)]` on by default
[INFO] [stdout] 
[INFO] [stdout] 
[INFO] [stdout] warning: 1 warning emitted
[INFO] [stdout] 
[INFO] [stdout] 
[INFO] [stderr]     Finished test [unoptimized + debuginfo] target(s) in 8.58s
[INFO] running `Command { std: "docker" "inspect" "cd906960bf68e26633aa005397d308c7137e67e141057a480ccc62b00c1b06e4", kill_on_drop: false }`
[INFO] running `Command { std: "docker" "rm" "-f" "cd906960bf68e26633aa005397d308c7137e67e141057a480ccc62b00c1b06e4", kill_on_drop: false }`
[INFO] [stdout] cd906960bf68e26633aa005397d308c7137e67e141057a480ccc62b00c1b06e4
[INFO] running `Command { std: "docker" "create" "-v" "/var/lib/crater-agent-workspace/builds/worker-6/target:/opt/rustwide/target:rw,Z" "-v" "/var/lib/crater-agent-workspace/builds/worker-6/source:/opt/rustwide/workdir:ro,Z" "-v" "/var/lib/crater-agent-workspace/cargo-home:/opt/rustwide/cargo-home:ro,Z" "-v" "/var/lib/crater-agent-workspace/rustup-home:/opt/rustwide/rustup-home:ro,Z" "-e" "SOURCE_DIR=/opt/rustwide/workdir" "-e" "CARGO_TARGET_DIR=/opt/rustwide/target" "-e" "CARGO_INCREMENTAL=0" "-e" "RUST_BACKTRACE=full" "-e" "RUSTFLAGS=--cap-lints=warn" "-e" "CARGO_HOME=/opt/rustwide/cargo-home" "-e" "RUSTUP_HOME=/opt/rustwide/rustup-home" "-w" "/opt/rustwide/workdir" "-m" "1610612736" "--user" "0:0" "--network" "none" "ghcr.io/rust-lang/crates-build-env/linux@sha256:34b6a614d2c27851fe6cbf88fbd1137609cefab8b10d0615aaeb6fd47975d74e" "/opt/rustwide/cargo-home/bin/cargo" "+1.54.0" "test" "--frozen", kill_on_drop: false }`
[INFO] [stdout] a0edf8fa110d9e3e0812cf84178d2e2a1625bfab612f65daaa120705fb19aea0
[INFO] [stderr] WARNING: Your kernel does not support swap limit capabilities or the cgroup is not mounted. Memory limited without swap.
[INFO] running `Command { std: "docker" "start" "-a" "a0edf8fa110d9e3e0812cf84178d2e2a1625bfab612f65daaa120705fb19aea0", kill_on_drop: false }`
[INFO] [stderr] warning: unused variable: `modules`
[INFO] [stderr]   --> src/linker.rs:56:9
[INFO] [stderr]    |
[INFO] [stderr] 56 |     let modules = load_file_and_imports(file_path, &mut files);
[INFO] [stderr]    |         ^^^^^^^ help: if this is intentional, prefix it with an underscore: `_modules`
[INFO] [stderr]    |
[INFO] [stderr]    = note: `#[warn(unused_variables)]` on by default
[INFO] [stderr] 
[INFO] [stderr] warning: 1 warning emitted
[INFO] [stderr] 
[INFO] [stderr]     Finished test [unoptimized + debuginfo] target(s) in 0.07s
[INFO] [stderr]      Running unittests (/opt/rustwide/target/debug/deps/xtypes-f6dd2f871d140576)
[INFO] [stdout] 
[INFO] [stdout] running 2 tests
[INFO] [stdout] test parser::test_parse_sample_1 ... FAILED
[INFO] [stdout] test linker::test_load_file_and_imports ... FAILED
[INFO] [stdout] 
[INFO] [stdout] failures:
[INFO] [stdout] 
[INFO] [stdout] ---- parser::test_parse_sample_1 stdout ----
[INFO] [stdout] ━━━━━━━━━━━━━━━━━━━━━━━━━━━━━ Snapshot Differences ━━━━━━━━━━━━━━━━━━━━━━━━━━━━━
[INFO] [stdout] Snapshot file: src/snapshots/parser__sample.xt.snap
[INFO] [stdout] Snapshot: sample.xt
[INFO] [stdout] Source: src/parser.rs:266
[INFO] [stdout] Old: Wed, 27 Feb 2019 08:59:50 +0000
[INFO] [stdout] New: Sat, 07 Aug 2021 13:50:07 +0000
[INFO] [stdout] 
[INFO] [stdout] -old snapshot
[INFO] [stdout] +new results
[INFO] [stdout] ────────────────────────────────────────────────────────────────────────────────
[INFO] [stdout] file
[INFO] [stdout] ──────┬─────────────────────────────────────────────────────────────────────────
[INFO] [stdout]     3 │         name: "Sample.Test",
[INFO] [stdout]     4 │         attrs: [
[INFO] [stdout]     5 │             Attribute {
[INFO] [stdout]     6 │                 name: "output",
[INFO] [stdout]     7 │-                value: "/sample/test/somefile.txt"
[INFO] [stdout]     8 │-            }
[INFO] [stdout]     9 │-        ]
[INFO] [stdout]    10 │+                value: "/sample/test/somefile.txt",
[INFO] [stdout]    11 │+            },
[INFO] [stdout]    12 │+        ],
[INFO] [stdout]    13 │     },
[INFO] [stdout]    14 │     imports: [
[INFO] [stdout]    15 │         ModuleImport {
[INFO] [stdout]    16 │             path: "./prelude.xt",
[INFO] [stdout]    17 │-            attrs: []
[INFO] [stdout]    18 │-        }
[INFO] [stdout]    19 │+            attrs: [],
[INFO] [stdout]    20 │+        },
[INFO] [stdout]    21 │     ],
[INFO] [stdout]    22 │     messages: [
[INFO] [stdout]    23 │         Message {
[INFO] [stdout]    24 │             name: "EnumSample",
[INFO] [stderr] error: test failed, to rerun pass '--lib'
[INFO] [stdout]    25 │             attrs: [
[INFO] [stdout]    26 │                 Attribute {
[INFO] [stdout]    27 │                     name: "doc",
[INFO] [stdout]    28 │-                    value: "This message could be one of three shapes"
[INFO] [stdout]    29 │-                }
[INFO] [stdout]    30 │+                    value: "This message could be one of three shapes",
[INFO] [stdout]    31 │+                },
[INFO] [stdout]    32 │             ],
[INFO] [stdout]    33 │             value: Enum(
[INFO] [stdout]    34 │                 EnumMessage {
[INFO] [stdout]    35 │                     variants: [
[INFO] [stdout]    36 │                         EnumVariant {
[INFO] [stdout]    37 │                             name: "One",
[INFO] [stdout]    38 │                             attrs: [
[INFO] [stdout]    39 │                                 Attribute {
[INFO] [stdout]    40 │                                     name: "thing.stuff",
[INFO] [stdout]    41 │-                                    value: "xyz"
[INFO] [stdout]    42 │+                                    value: "xyz",
[INFO] [stdout]    43 │                                 },
[INFO] [stdout]    44 │                                 Attribute {
[INFO] [stdout]    45 │                                     name: "json.tag",
[INFO] [stdout]    46 │-                                    value: "A"
[INFO] [stdout]    47 │-                                }
[INFO] [stdout]    48 │+                                    value: "A",
[INFO] [stdout]    49 │+                                },
[INFO] [stdout]    50 │                             ],
[INFO] [stdout]    51 │-                            content: None
[INFO] [stdout]    52 │+                            content: None,
[INFO] [stdout]    53 │                         },
[INFO] [stdout]    54 │                         EnumVariant {
[INFO] [stdout]    55 │                             name: "Two",
[INFO] [stdout]    56 │                             attrs: [
[INFO] [stdout]    57 │                                 Attribute {
[INFO] [stdout]    58 │                                     name: "blah",
[INFO] [stdout]    59 │-                                    value: "X"
[INFO] [stdout]    60 │-                                }
[INFO] [stdout]    61 │+                                    value: "X",
[INFO] [stdout]    62 │+                                },
[INFO] [stdout]    63 │                             ],
[INFO] [stdout]    64 │                             content: Some(
[INFO] [stdout]    65 │                                 Tuple(
[INFO] [stdout]    66 │                                     [
[INFO] [stdout]    67 │                                         "StructSample",
[INFO] [stdout]    68 │-                                        "Boolean"
[INFO] [stdout]    69 │-                                    ]
[INFO] [stdout]    70 │-                                )
[INFO] [stdout]    71 │-                            )
[INFO] [stdout]    72 │+                                        "Boolean",
[INFO] [stdout]    73 │+                                    ],
[INFO] [stdout]    74 │+                                ),
[INFO] [stdout]    75 │+                            ),
[INFO] [stdout]    76 │                         },
[INFO] [stdout]    77 │                         EnumVariant {
[INFO] [stdout]    78 │                             name: "Three",
[INFO] [stdout]    79 │                             attrs: [],
[INFO] [stdout]    80 │-                            content: None
[INFO] [stdout]    81 │-                        }
[INFO] [stdout]    82 │-                    ]
[INFO] [stdout]    83 │-                }
[INFO] [stdout]    84 │-            )
[INFO] [stdout]    85 │+                            content: None,
[INFO] [stdout]    86 │+                        },
[INFO] [stdout]    87 │+                    ],
[INFO] [stdout]    88 │+                },
[INFO] [stdout]    89 │+            ),
[INFO] [stdout]    90 │         },
[INFO] [stdout]    91 │         Message {
[INFO] [stdout]    92 │             name: "StructSample",
[INFO] [stdout]    93 │             attrs: [
[INFO] [stdout]    94 │                 Attribute {
[INFO] [stdout]    95 │                     name: "doc",
[INFO] [stdout]    96 │-                    value: "Example of a struct/record type"
[INFO] [stdout]    97 │+                    value: "Example of a struct/record type",
[INFO] [stdout]    98 │                 },
[INFO] [stdout]    99 │                 Attribute {
[INFO] [stdout]   100 │                     name: "http.method",
[INFO] [stdout]   101 │-                    value: "GET"
[INFO] [stdout]   102 │-                }
[INFO] [stdout]   103 │+                    value: "GET",
[INFO] [stdout]   104 │+                },
[INFO] [stdout]   105 │             ],
[INFO] [stdout]   106 │             value: Struct(
[INFO] [stdout]   107 │                 StructMessage {
[INFO] [stdout]   108 │                     fields: [
[INFO] [stdout]   109 │                         StructField {
[INFO] [stdout]   112 │                                 "Thing",
[INFO] [stdout]   113 │                                 Generic(
[INFO] [stdout]   114 │                                     "Array",
[INFO] [stdout]   115 │                                     Concrete(
[INFO] [stdout]   116 │-                                        "string"
[INFO] [stdout]   117 │-                                    )
[INFO] [stdout]   118 │-                                )
[INFO] [stdout]   119 │+                                        "string",
[INFO] [stdout]   120 │+                                    ),
[INFO] [stdout]   121 │+                                ),
[INFO] [stdout]   122 │                             ),
[INFO] [stdout]   123 │                             is_optional: false,
[INFO] [stdout]   124 │                             attrs: [
[INFO] [stdout]   125 │                                 Attribute {
[INFO] [stdout]   126 │                                     name: "json.key",
[INFO] [stdout]   127 │-                                    value: "X"
[INFO] [stdout]   128 │-                                }
[INFO] [stdout]   129 │-                            ]
[INFO] [stdout]   130 │+                                    value: "X",
[INFO] [stdout]   131 │+                                },
[INFO] [stdout]   132 │+                            ],
[INFO] [stdout]   133 │                         },
[INFO] [stdout]   134 │                         StructField {
[INFO] [stdout]   135 │                             name: "optional_field",
[INFO] [stdout]   136 │                             type_name: Concrete(
[INFO] [stdout]   137 │-                                "type"
[INFO] [stdout]   138 │+                                "type",
[INFO] [stdout]   139 │                             ),
[INFO] [stdout]   140 │                             is_optional: true,
[INFO] [stdout]   141 │                             attrs: [
[INFO] [stdout]   142 │                                 Attribute {
[INFO] [stdout]   143 │                                     name: "json.key",
[INFO] [stdout]   144 │-                                    value: "Y"
[INFO] [stdout]   145 │-                                }
[INFO] [stdout]   146 │-                            ]
[INFO] [stdout]   147 │-                        }
[INFO] [stdout]   148 │-                    ]
[INFO] [stdout]   149 │-                }
[INFO] [stdout]   150 │-            )
[INFO] [stdout]   151 │-        }
[INFO] [stdout]   152 │-    ]
[INFO] [stdout]   153 │+                                    value: "Y",
[INFO] [stdout]   154 │+                                },
[INFO] [stdout]   155 │+                            ],
[INFO] [stdout]   156 │+                        },
[INFO] [stdout]   157 │+                    ],
[INFO] [stdout]   158 │+                },
[INFO] [stdout]   159 │+            ),
[INFO] [stdout]   160 │+        },
[INFO] [stdout]   161 │+    ],
[INFO] [stdout]   162 │ }
[INFO] [stdout] ──────┴─────────────────────────────────────────────────────────────────────────
[INFO] [stdout] To update snapshots run `cargo insta review`
[INFO] [stdout] thread 'parser::test_parse_sample_1' panicked at 'called `Result::unwrap()` on an `Err` value: Os { code: 30, kind: Other, message: "Read-only file system" }
[INFO] [stdout] 
[INFO] [stdout]    0: failure::backtrace::internal::InternalBacktrace::new
[INFO] [stdout]              at /opt/rustwide/cargo-home/registry/src/github.com-1ecc6299db9ec823/failure-0.1.8/src/backtrace/internal.rs:46:44
[INFO] [stdout]    1: failure::backtrace::Backtrace::new
[INFO] [stdout]              at /opt/rustwide/cargo-home/registry/src/github.com-1ecc6299db9ec823/failure-0.1.8/src/backtrace/mod.rs:121:35
[INFO] [stdout]    2: <failure::error::error_impl::ErrorImpl as core::convert::From<F>>::from
[INFO] [stdout]              at /opt/rustwide/cargo-home/registry/src/github.com-1ecc6299db9ec823/failure-0.1.8/src/error/error_impl.rs:19:17
[INFO] [stdout]    3: <failure::error::Error as core::convert::From<F>>::from
[INFO] [stdout]              at /opt/rustwide/cargo-home/registry/src/github.com-1ecc6299db9ec823/failure-0.1.8/src/error/mod.rs:36:18
[INFO] [stdout]    4: <core::result::Result<T,F> as core::ops::try_trait::FromResidual<core::result::Result<core::convert::Infallible,E>>>::from_residual
[INFO] [stdout]              at /rustc/a178d0322ce20e33eac124758e837cbd80a6f633/library/core/src/result.rs:1675:27
[INFO] [stdout]    5: insta::snapshot::Snapshot::save
[INFO] [stdout]              at /opt/rustwide/cargo-home/registry/src/github.com-1ecc6299db9ec823/insta-0.6.3/src/snapshot.rs:235:21
[INFO] [stdout]    6: insta::runtime::assert_snapshot
[INFO] [stdout]              at /opt/rustwide/cargo-home/registry/src/github.com-1ecc6299db9ec823/insta-0.6.3/src/runtime.rs:442:17
[INFO] [stdout]    7: xtypes::parser::test_parse_sample_1
[INFO] [stdout]              at src/parser.rs:266:5
[INFO] [stdout]    8: xtypes::parser::test_parse_sample_1::{{closure}}
[INFO] [stdout]              at src/parser.rs:262:1
[INFO] [stdout]    9: core::ops::function::FnOnce::call_once
[INFO] [stdout]              at /rustc/a178d0322ce20e33eac124758e837cbd80a6f633/library/core/src/ops/function.rs:227:5
[INFO] [stdout]   10: core::ops::function::FnOnce::call_once
[INFO] [stdout]              at /rustc/a178d0322ce20e33eac124758e837cbd80a6f633/library/core/src/ops/function.rs:227:5
[INFO] [stdout]       test::__rust_begin_short_backtrace
[INFO] [stdout]              at /rustc/a178d0322ce20e33eac124758e837cbd80a6f633/library/test/src/lib.rs:577:5
[INFO] [stdout]   11: <alloc::boxed::Box<F,A> as core::ops::function::FnOnce<Args>>::call_once
[INFO] [stdout]              at /rustc/a178d0322ce20e33eac124758e837cbd80a6f633/library/alloc/src/boxed.rs:1575:9
[INFO] [stdout]       <std::panic::AssertUnwindSafe<F> as core::ops::function::FnOnce<()>>::call_once
[INFO] [stdout]              at /rustc/a178d0322ce20e33eac124758e837cbd80a6f633/library/std/src/panic.rs:347:9
[INFO] [stdout]       std::panicking::try::do_call
[INFO] [stdout]              at /rustc/a178d0322ce20e33eac124758e837cbd80a6f633/library/std/src/panicking.rs:401:40
[INFO] [stdout]       std::panicking::try
[INFO] [stdout]              at /rustc/a178d0322ce20e33eac124758e837cbd80a6f633/library/std/src/panicking.rs:365:19
[INFO] [stdout]       std::panic::catch_unwind
[INFO] [stdout]              at /rustc/a178d0322ce20e33eac124758e837cbd80a6f633/library/std/src/panic.rs:434:14
[INFO] [stdout]       test::run_test_in_process
[INFO] [stdout]              at /rustc/a178d0322ce20e33eac124758e837cbd80a6f633/library/test/src/lib.rs:600:18
[INFO] [stdout]       test::run_test::run_test_inner::{{closure}}
[INFO] [stdout]              at /rustc/a178d0322ce20e33eac124758e837cbd80a6f633/library/test/src/lib.rs:492:39
[INFO] [stdout]   12: test::run_test::run_test_inner::{{closure}}
[INFO] [stdout]              at /rustc/a178d0322ce20e33eac124758e837cbd80a6f633/library/test/src/lib.rs:519:37
[INFO] [stdout]       std::sys_common::backtrace::__rust_begin_short_backtrace
[INFO] [stdout]              at /rustc/a178d0322ce20e33eac124758e837cbd80a6f633/library/std/src/sys_common/backtrace.rs:125:18
[INFO] [stdout]   13: std::thread::Builder::spawn_unchecked::{{closure}}::{{closure}}
[INFO] [stdout]              at /rustc/a178d0322ce20e33eac124758e837cbd80a6f633/library/std/src/thread/mod.rs:481:17
[INFO] [stdout]       <std::panic::AssertUnwindSafe<F> as core::ops::function::FnOnce<()>>::call_once
[INFO] [stdout]              at /rustc/a178d0322ce20e33eac124758e837cbd80a6f633/library/std/src/panic.rs:347:9
[INFO] [stdout]       std::panicking::try::do_call
[INFO] [stdout]              at /rustc/a178d0322ce20e33eac124758e837cbd80a6f633/library/std/src/panicking.rs:401:40
[INFO] [stdout]       std::panicking::try
[INFO] [stdout]              at /rustc/a178d0322ce20e33eac124758e837cbd80a6f633/library/std/src/panicking.rs:365:19
[INFO] [stdout]       std::panic::catch_unwind
[INFO] [stdout]              at /rustc/a178d0322ce20e33eac124758e837cbd80a6f633/library/std/src/panic.rs:434:14
[INFO] [stdout]       std::thread::Builder::spawn_unchecked::{{closure}}
[INFO] [stdout]              at /rustc/a178d0322ce20e33eac124758e837cbd80a6f633/library/std/src/thread/mod.rs:480:30
[INFO] [stdout]       core::ops::function::FnOnce::call_once{{vtable.shim}}
[INFO] [stdout]              at /rustc/a178d0322ce20e33eac124758e837cbd80a6f633/library/core/src/ops/function.rs:227:5
[INFO] [stdout]   14: <alloc::boxed::Box<F,A> as core::ops::function::FnOnce<Args>>::call_once
[INFO] [stdout]              at /rustc/a178d0322ce20e33eac124758e837cbd80a6f633/library/alloc/src/boxed.rs:1575:9
[INFO] [stdout]       <alloc::boxed::Box<F,A> as core::ops::function::FnOnce<Args>>::call_once
[INFO] [stdout]              at /rustc/a178d0322ce20e33eac124758e837cbd80a6f633/library/alloc/src/boxed.rs:1575:9
[INFO] [stdout]       std::sys::unix::thread::Thread::new::thread_start
[INFO] [stdout]              at /rustc/a178d0322ce20e33eac124758e837cbd80a6f633/library/std/src/sys/unix/thread.rs:71:17
[INFO] [stdout]   15: start_thread
[INFO] [stdout]   16: clone
[INFO] [stdout] ', src/parser.rs:266:5
[INFO] [stdout] stack backtrace:
[INFO] [stdout]    0:     0x557ba24e9bf0 - std::backtrace_rs::backtrace::libunwind::trace::h34055254b57d8e79
[INFO] [stdout]                                at /rustc/a178d0322ce20e33eac124758e837cbd80a6f633/library/std/src/../../backtrace/src/backtrace/libunwind.rs:90:5
[INFO] [stdout]    1:     0x557ba24e9bf0 - std::backtrace_rs::backtrace::trace_unsynchronized::h8f1e3fbd9afff6ec
[INFO] [stdout]                                at /rustc/a178d0322ce20e33eac124758e837cbd80a6f633/library/std/src/../../backtrace/src/backtrace/mod.rs:66:5
[INFO] [stdout]    2:     0x557ba24e9bf0 - std::sys_common::backtrace::_print_fmt::h3a99a796b770c360
[INFO] [stdout]                                at /rustc/a178d0322ce20e33eac124758e837cbd80a6f633/library/std/src/sys_common/backtrace.rs:67:5
[INFO] [stdout]    3:     0x557ba24e9bf0 - <std::sys_common::backtrace::_print::DisplayBacktrace as core::fmt::Display>::fmt::h32d1f94a80615d18
[INFO] [stdout]                                at /rustc/a178d0322ce20e33eac124758e837cbd80a6f633/library/std/src/sys_common/backtrace.rs:46:22
[INFO] [stdout]    4:     0x557ba250e9fc - core::fmt::write::h306731c068f7162c
[INFO] [stdout]                                at /rustc/a178d0322ce20e33eac124758e837cbd80a6f633/library/core/src/fmt/mod.rs:1110:17
[INFO] [stdout]    5:     0x557ba24e6085 - std::io::Write::write_fmt::h87f19b0a2cd190bc
[INFO] [stdout]                                at /rustc/a178d0322ce20e33eac124758e837cbd80a6f633/library/std/src/io/mod.rs:1588:15
[INFO] [stdout]    6:     0x557ba24ebdab - std::sys_common::backtrace::_print::h5abaa2601a852287
[INFO] [stdout]                                at /rustc/a178d0322ce20e33eac124758e837cbd80a6f633/library/std/src/sys_common/backtrace.rs:49:5
[INFO] [stdout]    7:     0x557ba24ebdab - std::sys_common::backtrace::print::h8d81445442bb638f
[INFO] [stdout]                                at /rustc/a178d0322ce20e33eac124758e837cbd80a6f633/library/std/src/sys_common/backtrace.rs:36:9
[INFO] [stdout]    8:     0x557ba24ebdab - std::panicking::default_hook::{{closure}}::hcfe804496a9fa747
[INFO] [stdout]                                at /rustc/a178d0322ce20e33eac124758e837cbd80a6f633/library/std/src/panicking.rs:208:50
[INFO] [stdout]    9:     0x557ba24eb8bc - std::panicking::default_hook::hbea8e3ccf2ba8901
[INFO] [stdout]                                at /rustc/a178d0322ce20e33eac124758e837cbd80a6f633/library/std/src/panicking.rs:222:9
[INFO] [stdout]   10:     0x557ba24ec474 - std::panicking::rust_panic_with_hook::h7ee9e1a2d0f8975a
[INFO] [stdout]                                at /rustc/a178d0322ce20e33eac124758e837cbd80a6f633/library/std/src/panicking.rs:622:17
[INFO] [stdout]   11:     0x557ba24ebf57 - std::panicking::begin_panic_handler::{{closure}}::h8ab3b4491718b2c7
[INFO] [stdout]                                at /rustc/a178d0322ce20e33eac124758e837cbd80a6f633/library/std/src/panicking.rs:519:13
[INFO] [stdout]   12:     0x557ba24ea0ec - std::sys_common::backtrace::__rust_end_short_backtrace::hd489062ffa586a9f
[INFO] [stdout]                                at /rustc/a178d0322ce20e33eac124758e837cbd80a6f633/library/std/src/sys_common/backtrace.rs:141:18
[INFO] [stdout]   13:     0x557ba24ebeb9 - rust_begin_unwind
[INFO] [stdout]                                at /rustc/a178d0322ce20e33eac124758e837cbd80a6f633/library/std/src/panicking.rs:515:5
[INFO] [stdout]   14:     0x557ba2226b41 - core::panicking::panic_fmt::hca6330e3e14086b4
[INFO] [stdout]                                at /rustc/a178d0322ce20e33eac124758e837cbd80a6f633/library/core/src/panicking.rs:92:14
[INFO] [stdout]   15:     0x557ba2226c33 - core::result::unwrap_failed::h6160d2b4bfbb0e87
[INFO] [stdout]                                at /rustc/a178d0322ce20e33eac124758e837cbd80a6f633/library/core/src/result.rs:1355:5
[INFO] [stdout]   16:     0x557ba223a859 - core::result::Result<T,E>::unwrap::he5cc41ac42b33cac
[INFO] [stdout]                                at /rustc/a178d0322ce20e33eac124758e837cbd80a6f633/library/core/src/result.rs:1037:23
[INFO] [stdout]   17:     0x557ba225c12f - xtypes::parser::test_parse_sample_1::hee2aab17ff465d9b
[INFO] [stdout]                                at /opt/rustwide/workdir/src/parser.rs:266:5
[INFO] [stdout]   18:     0x557ba225bf0a - xtypes::parser::test_parse_sample_1::{{closure}}::h32b2b7d6dbf77547
[INFO] [stdout]                                at /opt/rustwide/workdir/src/parser.rs:262:1
[INFO] [stdout]   19:     0x557ba2246f8e - core::ops::function::FnOnce::call_once::h795871f0285f7c62
[INFO] [stdout]                                at /rustc/a178d0322ce20e33eac124758e837cbd80a6f633/library/core/src/ops/function.rs:227:5
[INFO] [stdout]   20:     0x557ba24b1d53 - core::ops::function::FnOnce::call_once::h152e7e439ff59e19
[INFO] [stdout]                                at /rustc/a178d0322ce20e33eac124758e837cbd80a6f633/library/core/src/ops/function.rs:227:5
[INFO] [stdout]   21:     0x557ba24b1d53 - test::__rust_begin_short_backtrace::h0908f3b1fdbb72ab
[INFO] [stdout]                                at /rustc/a178d0322ce20e33eac124758e837cbd80a6f633/library/test/src/lib.rs:577:5
[INFO] [stdout]   22:     0x557ba24b0810 - <alloc::boxed::Box<F,A> as core::ops::function::FnOnce<Args>>::call_once::hf6d2a51e5587546c
[INFO] [stdout]                                at /rustc/a178d0322ce20e33eac124758e837cbd80a6f633/library/alloc/src/boxed.rs:1575:9
[INFO] [stdout]   23:     0x557ba24b0810 - <std::panic::AssertUnwindSafe<F> as core::ops::function::FnOnce<()>>::call_once::h8af660f3a89ef593
[INFO] [stdout]                                at /rustc/a178d0322ce20e33eac124758e837cbd80a6f633/library/std/src/panic.rs:347:9
[INFO] [stdout]   24:     0x557ba24b0810 - std::panicking::try::do_call::hd36aef60f84b6d36
[INFO] [stdout]                                at /rustc/a178d0322ce20e33eac124758e837cbd80a6f633/library/std/src/panicking.rs:401:40
[INFO] [stdout]   25:     0x557ba24b0810 - std::panicking::try::h9932b4480e69817c
[INFO] [stdout]                                at /rustc/a178d0322ce20e33eac124758e837cbd80a6f633/library/std/src/panicking.rs:365:19
[INFO] [stdout]   26:     0x557ba24b0810 - std::panic::catch_unwind::h6aa177099cfff5f8
[INFO] [stdout]                                at /rustc/a178d0322ce20e33eac124758e837cbd80a6f633/library/std/src/panic.rs:434:14
[INFO] [stdout]   27:     0x557ba24b0810 - test::run_test_in_process::h5884d6f2d99e20c3
[INFO] [stdout]                                at /rustc/a178d0322ce20e33eac124758e837cbd80a6f633/library/test/src/lib.rs:600:18
[INFO] [stdout]   28:     0x557ba24b0810 - test::run_test::run_test_inner::{{closure}}::h6fdc58c6d5f5b6e3
[INFO] [stdout]                                at /rustc/a178d0322ce20e33eac124758e837cbd80a6f633/library/test/src/lib.rs:492:39
[INFO] [stdout]   29:     0x557ba2489ec2 - test::run_test::run_test_inner::{{closure}}::h408365d67a78ade8
[INFO] [stdout]                                at /rustc/a178d0322ce20e33eac124758e837cbd80a6f633/library/test/src/lib.rs:519:37
[INFO] [stdout]   30:     0x557ba2489ec2 - std::sys_common::backtrace::__rust_begin_short_backtrace::hb560b77c4f701523
[INFO] [stdout]                                at /rustc/a178d0322ce20e33eac124758e837cbd80a6f633/library/std/src/sys_common/backtrace.rs:125:18
[INFO] [stdout]   31:     0x557ba248da78 - std::thread::Builder::spawn_unchecked::{{closure}}::{{closure}}::hf2e7831dad93c597
[INFO] [stdout]                                at /rustc/a178d0322ce20e33eac124758e837cbd80a6f633/library/std/src/thread/mod.rs:481:17
[INFO] [stdout]   32:     0x557ba248da78 - <std::panic::AssertUnwindSafe<F> as core::ops::function::FnOnce<()>>::call_once::hd2e08783d8be4d02
[INFO] [stdout]                                at /rustc/a178d0322ce20e33eac124758e837cbd80a6f633/library/std/src/panic.rs:347:9
[INFO] [stdout]   33:     0x557ba248da78 - std::panicking::try::do_call::h062597b7acfd6b82
[INFO] [stdout]                                at /rustc/a178d0322ce20e33eac124758e837cbd80a6f633/library/std/src/panicking.rs:401:40
[INFO] [stdout]   34:     0x557ba248da78 - std::panicking::try::h0d7b79db04c14552
[INFO] [stdout]                                at /rustc/a178d0322ce20e33eac124758e837cbd80a6f633/library/std/src/panicking.rs:365:19
[INFO] [stdout]   35:     0x557ba248da78 - std::panic::catch_unwind::hb01a0b5e7c8cd43b
[INFO] [stdout]                                at /rustc/a178d0322ce20e33eac124758e837cbd80a6f633/library/std/src/panic.rs:434:14
[INFO] [stdout]   36:     0x557ba248da78 - std::thread::Builder::spawn_unchecked::{{closure}}::h5bde48cc887e0d1e
[INFO] [stdout]                                at /rustc/a178d0322ce20e33eac124758e837cbd80a6f633/library/std/src/thread/mod.rs:480:30
[INFO] [stdout]   37:     0x557ba248da78 - core::ops::function::FnOnce::call_once{{vtable.shim}}::h745ea30807a29e55
[INFO] [stdout]                                at /rustc/a178d0322ce20e33eac124758e837cbd80a6f633/library/core/src/ops/function.rs:227:5
[INFO] [stdout]   38:     0x557ba24f1587 - <alloc::boxed::Box<F,A> as core::ops::function::FnOnce<Args>>::call_once::h7ece6cfefaff1005
[INFO] [stdout]                                at /rustc/a178d0322ce20e33eac124758e837cbd80a6f633/library/alloc/src/boxed.rs:1575:9
[INFO] [stdout]   39:     0x557ba24f1587 - <alloc::boxed::Box<F,A> as core::ops::function::FnOnce<Args>>::call_once::hb8b48e55c21f193e
[INFO] [stdout]                                at /rustc/a178d0322ce20e33eac124758e837cbd80a6f633/library/alloc/src/boxed.rs:1575:9
[INFO] [stdout]   40:     0x557ba24f1587 - std::sys::unix::thread::Thread::new::thread_start::h8c7c4450dba62914
[INFO] [stdout]                                at /rustc/a178d0322ce20e33eac124758e837cbd80a6f633/library/std/src/sys/unix/thread.rs:71:17
[INFO] [stdout]   41:     0x7f4ad9976609 - start_thread
[INFO] [stdout]   42:     0x7f4ad9acd293 - clone
[INFO] [stdout]   43:                0x0 - <unknown>
[INFO] [stdout] 
[INFO] [stdout] ---- linker::test_load_file_and_imports stdout ----
[INFO] [stdout] Reading file "/opt/rustwide/workdir/src/sample.xt"
[INFO] [stdout] Reading file "/opt/rustwide/workdir/src/prelude.xt"
[INFO] [stdout] Unhandled typedef
[INFO] [stdout] Unhandled typedef
[INFO] [stdout] Unhandled typedef
[INFO] [stdout] Unhandled typedef
[INFO] [stdout] Unhandled typedef
[INFO] [stdout] ━━━━━━━━━━━━━━━━━━━━━━━━━━━━━ Snapshot Differences ━━━━━━━━━━━━━━━━━━━━━━━━━━━━━
[INFO] [stdout] Snapshot file: src/snapshots/linker__load_file_and_imports.snap
[INFO] [stdout] Snapshot: load_file_and_imports
[INFO] [stdout] Source: src/linker.rs:57
[INFO] [stdout] Old: Wed, 27 Feb 2019 09:26:14 +0000
[INFO] [stdout] New: Sat, 07 Aug 2021 13:50:07 +0000
[INFO] [stdout] 
[INFO] [stdout] -old snapshot
[INFO] [stdout] +new results
[INFO] [stdout] ────────────────────────────────────────────────────────────────────────────────
[INFO] [stdout] files
[INFO] [stdout] ──────┬─────────────────────────────────────────────────────────────────────────
[INFO] [stdout]     1 │ {
[INFO] [stdout]     2 │-    "/Users/jordan/Projects/src/github.com/jordwest/xtypes/src/sample.xt": XtFile {
[INFO] [stdout]     3 │+    "/opt/rustwide/workdir/src/prelude.xt": XtFile {
[INFO] [stdout]     4 │         module_info: ModuleInfo {
[INFO] [stdout]     5 │+            name: "XTypes.Prelude",
[INFO] [stdout]     6 │+            attrs: [],
[INFO] [stdout]     7 │+        },
[INFO] [stdout]     8 │+        imports: [],
[INFO] [stdout]     9 │+        messages: [],
[INFO] [stdout]    10 │+    },
[INFO] [stdout]    11 │+    "/opt/rustwide/workdir/src/sample.xt": XtFile {
[INFO] [stdout]    12 │+        module_info: ModuleInfo {
[INFO] [stdout]    13 │             name: "Sample.Test",
[INFO] [stdout]    14 │             attrs: [
[INFO] [stdout]    15 │                 Attribute {
[INFO] [stdout]    16 │                     name: "output",
[INFO] [stdout]    17 │-                    value: "/sample/test/somefile.txt"
[INFO] [stdout]    18 │-                }
[INFO] [stdout]    19 │-            ]
[INFO] [stdout]    20 │+                    value: "/sample/test/somefile.txt",
[INFO] [stdout]    21 │+                },
[INFO] [stdout]    22 │+            ],
[INFO] [stdout]    23 │         },
[INFO] [stdout]    24 │         imports: [
[INFO] [stdout]    25 │             ModuleImport {
[INFO] [stdout]    26 │                 path: "./prelude.xt",
[INFO] [stdout]    27 │-                attrs: []
[INFO] [stdout]    28 │-            }
[INFO] [stdout]    29 │+                attrs: [],
[INFO] [stdout]    30 │+            },
[INFO] [stdout]    31 │         ],
[INFO] [stdout]    32 │         messages: [
[INFO] [stdout]    33 │             Message {
[INFO] [stdout]    34 │                 name: "EnumSample",
[INFO] [stdout]    35 │                 attrs: [
[INFO] [stdout]    36 │                     Attribute {
[INFO] [stdout]    37 │                         name: "doc",
[INFO] [stdout]    38 │-                        value: "This message could be one of three shapes"
[INFO] [stdout]    39 │-                    }
[INFO] [stdout]    40 │+                        value: "This message could be one of three shapes",
[INFO] [stdout]    41 │+                    },
[INFO] [stdout]    42 │                 ],
[INFO] [stdout]    43 │                 value: Enum(
[INFO] [stdout]    44 │                     EnumMessage {
[INFO] [stdout]    45 │                         variants: [
[INFO] [stdout]    46 │                             EnumVariant {
[INFO] [stdout]    47 │                                 name: "One",
[INFO] [stdout]    48 │                                 attrs: [
[INFO] [stdout]    49 │                                     Attribute {
[INFO] [stdout]    50 │                                         name: "thing.stuff",
[INFO] [stdout]    51 │-                                        value: "xyz"
[INFO] [stdout]    52 │+                                        value: "xyz",
[INFO] [stdout]    53 │                                     },
[INFO] [stdout]    54 │                                     Attribute {
[INFO] [stdout]    55 │                                         name: "json.tag",
[INFO] [stdout]    56 │-                                        value: "A"
[INFO] [stdout]    57 │-                                    }
[INFO] [stdout]    58 │+                                        value: "A",
[INFO] [stdout]    59 │+                                    },
[INFO] [stdout]    60 │                                 ],
[INFO] [stdout]    61 │-                                content: None
[INFO] [stdout]    62 │+                                content: None,
[INFO] [stdout]    63 │                             },
[INFO] [stdout]    64 │                             EnumVariant {
[INFO] [stdout]    65 │                                 name: "Two",
[INFO] [stdout]    66 │                                 attrs: [
[INFO] [stdout]    67 │                                     Attribute {
[INFO] [stdout]    68 │                                         name: "blah",
[INFO] [stdout]    69 │-                                        value: "X"
[INFO] [stdout]    70 │-                                    }
[INFO] [stdout]    71 │+                                        value: "X",
[INFO] [stdout]    72 │+                                    },
[INFO] [stdout]    73 │                                 ],
[INFO] [stdout]    74 │                                 content: Some(
[INFO] [stdout]    75 │                                     Tuple(
[INFO] [stdout]    76 │                                         [
[INFO] [stdout]    77 │                                             "StructSample",
[INFO] [stdout]    78 │-                                            "Boolean"
[INFO] [stdout]    79 │-                                        ]
[INFO] [stdout]    80 │-                                    )
[INFO] [stdout]    81 │-                                )
[INFO] [stdout]    82 │+                                            "Boolean",
[INFO] [stdout]    83 │+                                        ],
[INFO] [stdout]    84 │+                                    ),
[INFO] [stdout]    85 │+                                ),
[INFO] [stdout]    86 │                             },
[INFO] [stdout]    87 │                             EnumVariant {
[INFO] [stdout]    88 │                                 name: "Three",
[INFO] [stdout]    89 │                                 attrs: [],
[INFO] [stdout]    90 │-                                content: None
[INFO] [stdout]    91 │-                            }
[INFO] [stdout]    92 │-                        ]
[INFO] [stdout]    93 │-                    }
[INFO] [stdout]    94 │-                )
[INFO] [stdout]    95 │+                                content: None,
[INFO] [stdout]    96 │+                            },
[INFO] [stdout]    97 │+                        ],
[INFO] [stdout]    98 │+                    },
[INFO] [stdout]    99 │+                ),
[INFO] [stdout]   100 │             },
[INFO] [stdout]   101 │             Message {
[INFO] [stdout]   102 │                 name: "StructSample",
[INFO] [stdout]   103 │                 attrs: [
[INFO] [stdout]   104 │                     Attribute {
[INFO] [stdout]   105 │                         name: "doc",
[INFO] [stdout]   106 │-                        value: "Example of a struct/record type"
[INFO] [stdout]   107 │+                        value: "Example of a struct/record type",
[INFO] [stdout]   108 │                     },
[INFO] [stdout]   109 │                     Attribute {
[INFO] [stdout]   110 │                         name: "http.method",
[INFO] [stdout]   111 │-                        value: "GET"
[INFO] [stdout]   112 │-                    }
[INFO] [stdout]   113 │+                        value: "GET",
[INFO] [stdout]   114 │+                    },
[INFO] [stdout]   115 │                 ],
[INFO] [stdout]   116 │                 value: Struct(
[INFO] [stdout]   117 │                     StructMessage {
[INFO] [stdout]   118 │                         fields: [
[INFO] [stdout]   119 │                             StructField {
[INFO] [stdout]   122 │                                     "Thing",
[INFO] [stdout]   123 │                                     Generic(
[INFO] [stdout]   124 │                                         "Array",
[INFO] [stdout]   125 │                                         Concrete(
[INFO] [stdout]   126 │-                                            "string"
[INFO] [stdout]   127 │-                                        )
[INFO] [stdout]   128 │-                                    )
[INFO] [stdout]   129 │+                                            "string",
[INFO] [stdout]   130 │+                                        ),
[INFO] [stdout]   131 │+                                    ),
[INFO] [stdout]   132 │                                 ),
[INFO] [stdout]   133 │                                 is_optional: false,
[INFO] [stdout]   134 │                                 attrs: [
[INFO] [stdout]   135 │                                     Attribute {
[INFO] [stdout]   136 │                                         name: "json.key",
[INFO] [stdout]   137 │-                                        value: "X"
[INFO] [stdout]   138 │-                                    }
[INFO] [stdout]   139 │-                                ]
[INFO] [stdout]   140 │+                                        value: "X",
[INFO] [stdout]   141 │+                                    },
[INFO] [stdout]   142 │+                                ],
[INFO] [stdout]   143 │                             },
[INFO] [stdout]   144 │                             StructField {
[INFO] [stdout]   145 │                                 name: "optional_field",
[INFO] [stdout]   146 │                                 type_name: Concrete(
[INFO] [stdout]   147 │-                                    "type"
[INFO] [stdout]   148 │+                                    "type",
[INFO] [stdout]   149 │                                 ),
[INFO] [stdout]   150 │                                 is_optional: true,
[INFO] [stdout]   151 │                                 attrs: [
[INFO] [stdout]   152 │                                     Attribute {
[INFO] [stdout]   153 │                                         name: "json.key",
[INFO] [stdout]   154 │-                                        value: "Y"
[INFO] [stdout]   155 │-                                    }
[INFO] [stdout]   156 │-                                ]
[INFO] [stdout]   157 │-                            }
[INFO] [stdout]   158 │-                        ]
[INFO] [stdout]   159 │-                    }
[INFO] [stdout]   160 │-                )
[INFO] [stdout]   161 │-            }
[INFO] [stdout]   162 │-        ]
[INFO] [stdout]   163 │+                                        value: "Y",
[INFO] [stdout]   164 │+                                    },
[INFO] [stdout]   165 │+                                ],
[INFO] [stdout]   166 │+                            },
[INFO] [stdout]   167 │+                        ],
[INFO] [stdout]   168 │+                    },
[INFO] [stdout]   169 │+                ),
[INFO] [stdout]   170 │+            },
[INFO] [stdout]   171 │+        ],
[INFO] [stdout]   172 │     },
[INFO] [stdout]   173 │-    "/Users/jordan/Projects/src/github.com/jordwest/xtypes/src/prelude.xt": XtFile {
[INFO] [stdout]   174 │-        module_info: ModuleInfo {
[INFO] [stdout]   175 │-            name: "XTypes.Prelude",
[INFO] [stdout]   176 │-            attrs: []
[INFO] [stdout]   177 │-        },
[INFO] [stdout]   178 │-        imports: [],
[INFO] [stdout]   179 │-        messages: []
[INFO] [stdout]   180 │-    }
[INFO] [stdout]   181 │ }
[INFO] [stdout] ──────┴─────────────────────────────────────────────────────────────────────────
[INFO] [stdout] To update snapshots run `cargo insta review`
[INFO] [stdout] thread 'linker::test_load_file_and_imports' panicked at 'called `Result::unwrap()` on an `Err` value: Os { code: 30, kind: Other, message: "Read-only file system" }
[INFO] [stdout] 
[INFO] [stdout]    0: failure::backtrace::internal::InternalBacktrace::new
[INFO] [stdout]              at /opt/rustwide/cargo-home/registry/src/github.com-1ecc6299db9ec823/failure-0.1.8/src/backtrace/internal.rs:46:44
[INFO] [stdout]    1: failure::backtrace::Backtrace::new
[INFO] [stdout]              at /opt/rustwide/cargo-home/registry/src/github.com-1ecc6299db9ec823/failure-0.1.8/src/backtrace/mod.rs:121:35
[INFO] [stdout]    2: <failure::error::error_impl::ErrorImpl as core::convert::From<F>>::from
[INFO] [stdout]              at /opt/rustwide/cargo-home/registry/src/github.com-1ecc6299db9ec823/failure-0.1.8/src/error/error_impl.rs:19:17
[INFO] [stdout]    3: <failure::error::Error as core::convert::From<F>>::from
[INFO] [stdout]              at /opt/rustwide/cargo-home/registry/src/github.com-1ecc6299db9ec823/failure-0.1.8/src/error/mod.rs:36:18
[INFO] [stdout]    4: <core::result::Result<T,F> as core::ops::try_trait::FromResidual<core::result::Result<core::convert::Infallible,E>>>::from_residual
[INFO] [stdout]              at /rustc/a178d0322ce20e33eac124758e837cbd80a6f633/library/core/src/result.rs:1675:27
[INFO] [stdout]    5: insta::snapshot::Snapshot::save
[INFO] [stdout]              at /opt/rustwide/cargo-home/registry/src/github.com-1ecc6299db9ec823/insta-0.6.3/src/snapshot.rs:235:21
[INFO] [stdout]    6: insta::runtime::assert_snapshot
[INFO] [stdout]              at /opt/rustwide/cargo-home/registry/src/github.com-1ecc6299db9ec823/insta-0.6.3/src/runtime.rs:442:17
[INFO] [stdout]    7: xtypes::linker::test_load_file_and_imports
[INFO] [stdout]              at src/linker.rs:57:5
[INFO] [stdout]    8: xtypes::linker::test_load_file_and_imports::{{closure}}
[INFO] [stdout]              at src/linker.rs:52:1
[INFO] [stdout]    9: core::ops::function::FnOnce::call_once
[INFO] [stdout]              at /rustc/a178d0322ce20e33eac124758e837cbd80a6f633/library/core/src/ops/function.rs:227:5
[INFO] [stdout]   10: core::ops::function::FnOnce::call_once
[INFO] [stdout]              at /rustc/a178d0322ce20e33eac124758e837cbd80a6f633/library/core/src/ops/function.rs:227:5
[INFO] [stdout]       test::__rust_begin_short_backtrace
[INFO] [stdout]              at /rustc/a178d0322ce20e33eac124758e837cbd80a6f633/library/test/src/lib.rs:577:5
[INFO] [stdout]   11: <alloc::boxed::Box<F,A> as core::ops::function::FnOnce<Args>>::call_once
[INFO] [stdout]              at /rustc/a178d0322ce20e33eac124758e837cbd80a6f633/library/alloc/src/boxed.rs:1575:9
[INFO] [stdout]       <std::panic::AssertUnwindSafe<F> as core::ops::function::FnOnce<()>>::call_once
[INFO] [stdout]              at /rustc/a178d0322ce20e33eac124758e837cbd80a6f633/library/std/src/panic.rs:347:9
[INFO] [stdout]       std::panicking::try::do_call
[INFO] [stdout]              at /rustc/a178d0322ce20e33eac124758e837cbd80a6f633/library/std/src/panicking.rs:401:40
[INFO] [stdout]       std::panicking::try
[INFO] [stdout]              at /rustc/a178d0322ce20e33eac124758e837cbd80a6f633/library/std/src/panicking.rs:365:19
[INFO] [stdout]       std::panic::catch_unwind
[INFO] [stdout]              at /rustc/a178d0322ce20e33eac124758e837cbd80a6f633/library/std/src/panic.rs:434:14
[INFO] [stdout]       test::run_test_in_process
[INFO] [stdout]              at /rustc/a178d0322ce20e33eac124758e837cbd80a6f633/library/test/src/lib.rs:600:18
[INFO] [stdout]       test::run_test::run_test_inner::{{closure}}
[INFO] [stdout]              at /rustc/a178d0322ce20e33eac124758e837cbd80a6f633/library/test/src/lib.rs:492:39
[INFO] [stdout]   12: test::run_test::run_test_inner::{{closure}}
[INFO] [stdout]              at /rustc/a178d0322ce20e33eac124758e837cbd80a6f633/library/test/src/lib.rs:519:37
[INFO] [stdout]       std::sys_common::backtrace::__rust_begin_short_backtrace
[INFO] [stdout]              at /rustc/a178d0322ce20e33eac124758e837cbd80a6f633/library/std/src/sys_common/backtrace.rs:125:18
[INFO] [stdout]   13: std::thread::Builder::spawn_unchecked::{{closure}}::{{closure}}
[INFO] [stdout]              at /rustc/a178d0322ce20e33eac124758e837cbd80a6f633/library/std/src/thread/mod.rs:481:17
[INFO] [stdout]       <std::panic::AssertUnwindSafe<F> as core::ops::function::FnOnce<()>>::call_once
[INFO] [stdout]              at /rustc/a178d0322ce20e33eac124758e837cbd80a6f633/library/std/src/panic.rs:347:9
[INFO] [stdout]       std::panicking::try::do_call
[INFO] [stdout]              at /rustc/a178d0322ce20e33eac124758e837cbd80a6f633/library/std/src/panicking.rs:401:40
[INFO] [stdout]       std::panicking::try
[INFO] [stdout]              at /rustc/a178d0322ce20e33eac124758e837cbd80a6f633/library/std/src/panicking.rs:365:19
[INFO] [stdout]       std::panic::catch_unwind
[INFO] [stdout]              at /rustc/a178d0322ce20e33eac124758e837cbd80a6f633/library/std/src/panic.rs:434:14
[INFO] [stdout]       std::thread::Builder::spawn_unchecked::{{closure}}
[INFO] [stdout]              at /rustc/a178d0322ce20e33eac124758e837cbd80a6f633/library/std/src/thread/mod.rs:480:30
[INFO] [stdout]       core::ops::function::FnOnce::call_once{{vtable.shim}}
[INFO] [stdout]              at /rustc/a178d0322ce20e33eac124758e837cbd80a6f633/library/core/src/ops/function.rs:227:5
[INFO] [stdout]   14: <alloc::boxed::Box<F,A> as core::ops::function::FnOnce<Args>>::call_once
[INFO] [stdout]              at /rustc/a178d0322ce20e33eac124758e837cbd80a6f633/library/alloc/src/boxed.rs:1575:9
[INFO] [stdout]       <alloc::boxed::Box<F,A> as core::ops::function::FnOnce<Args>>::call_once
[INFO] [stdout]              at /rustc/a178d0322ce20e33eac124758e837cbd80a6f633/library/alloc/src/boxed.rs:1575:9
[INFO] [stdout]       std::sys::unix::thread::Thread::new::thread_start
[INFO] [stdout]              at /rustc/a178d0322ce20e33eac124758e837cbd80a6f633/library/std/src/sys/unix/thread.rs:71:17
[INFO] [stdout]   15: start_thread
[INFO] [stdout]   16: clone
[INFO] [stdout] ', src/linker.rs:57:5
[INFO] [stdout] stack backtrace:
[INFO] [stdout]    0:     0x557ba24e9bf0 - std::backtrace_rs::backtrace::libunwind::trace::h34055254b57d8e79
[INFO] [stdout]                                at /rustc/a178d0322ce20e33eac124758e837cbd80a6f633/library/std/src/../../backtrace/src/backtrace/libunwind.rs:90:5
[INFO] [stdout]    1:     0x557ba24e9bf0 - std::backtrace_rs::backtrace::trace_unsynchronized::h8f1e3fbd9afff6ec
[INFO] [stdout]                                at /rustc/a178d0322ce20e33eac124758e837cbd80a6f633/library/std/src/../../backtrace/src/backtrace/mod.rs:66:5
[INFO] [stdout]    2:     0x557ba24e9bf0 - std::sys_common::backtrace::_print_fmt::h3a99a796b770c360
[INFO] [stdout]                                at /rustc/a178d0322ce20e33eac124758e837cbd80a6f633/library/std/src/sys_common/backtrace.rs:67:5
[INFO] [stdout]    3:     0x557ba24e9bf0 - <std::sys_common::backtrace::_print::DisplayBacktrace as core::fmt::Display>::fmt::h32d1f94a80615d18
[INFO] [stdout]                                at /rustc/a178d0322ce20e33eac124758e837cbd80a6f633/library/std/src/sys_common/backtrace.rs:46:22
[INFO] [stdout]    4:     0x557ba250e9fc - core::fmt::write::h306731c068f7162c
[INFO] [stdout]                                at /rustc/a178d0322ce20e33eac124758e837cbd80a6f633/library/core/src/fmt/mod.rs:1110:17
[INFO] [stdout]    5:     0x557ba24e6085 - std::io::Write::write_fmt::h87f19b0a2cd190bc
[INFO] [stdout]                                at /rustc/a178d0322ce20e33eac124758e837cbd80a6f633/library/std/src/io/mod.rs:1588:15
[INFO] [stdout]    6:     0x557ba24ebdab - std::sys_common::backtrace::_print::h5abaa2601a852287
[INFO] [stdout]                                at /rustc/a178d0322ce20e33eac124758e837cbd80a6f633/library/std/src/sys_common/backtrace.rs:49:5
[INFO] [stdout]    7:     0x557ba24ebdab - std::sys_common::backtrace::print::h8d81445442bb638f
[INFO] [stdout]                                at /rustc/a178d0322ce20e33eac124758e837cbd80a6f633/library/std/src/sys_common/backtrace.rs:36:9
[INFO] [stdout]    8:     0x557ba24ebdab - std::panicking::default_hook::{{closure}}::hcfe804496a9fa747
[INFO] [stdout]                                at /rustc/a178d0322ce20e33eac124758e837cbd80a6f633/library/std/src/panicking.rs:208:50
[INFO] [stdout]    9:     0x557ba24eb8bc - std::panicking::default_hook::hbea8e3ccf2ba8901
[INFO] [stdout]                                at /rustc/a178d0322ce20e33eac124758e837cbd80a6f633/library/std/src/panicking.rs:222:9
[INFO] [stdout]   10:     0x557ba24ec474 - std::panicking::rust_panic_with_hook::h7ee9e1a2d0f8975a
[INFO] [stdout]                                at /rustc/a178d0322ce20e33eac124758e837cbd80a6f633/library/std/src/panicking.rs:622:17
[INFO] [stdout]   11:     0x557ba24ebf57 - std::panicking::begin_panic_handler::{{closure}}::h8ab3b4491718b2c7
[INFO] [stdout]                                at /rustc/a178d0322ce20e33eac124758e837cbd80a6f633/library/std/src/panicking.rs:519:13
[INFO] [stdout]   12:     0x557ba24ea0ec - std::sys_common::backtrace::__rust_end_short_backtrace::hd489062ffa586a9f
[INFO] [stdout]                                at /rustc/a178d0322ce20e33eac124758e837cbd80a6f633/library/std/src/sys_common/backtrace.rs:141:18
[INFO] [stdout]   13:     0x557ba24ebeb9 - rust_begin_unwind
[INFO] [stdout]                                at /rustc/a178d0322ce20e33eac124758e837cbd80a6f633/library/std/src/panicking.rs:515:5
[INFO] [stdout]   14:     0x557ba2226b41 - core::panicking::panic_fmt::hca6330e3e14086b4
[INFO] [stdout]                                at /rustc/a178d0322ce20e33eac124758e837cbd80a6f633/library/core/src/panicking.rs:92:14
[INFO] [stdout]   15:     0x557ba2226c33 - core::result::unwrap_failed::h6160d2b4bfbb0e87
[INFO] [stdout]                                at /rustc/a178d0322ce20e33eac124758e837cbd80a6f633/library/core/src/result.rs:1355:5
[INFO] [stdout]   16:     0x557ba223a859 - core::result::Result<T,E>::unwrap::he5cc41ac42b33cac
[INFO] [stdout]                                at /rustc/a178d0322ce20e33eac124758e837cbd80a6f633/library/core/src/result.rs:1037:23
[INFO] [stdout]   17:     0x557ba224a525 - xtypes::linker::test_load_file_and_imports::ha095886c05b42629
[INFO] [stdout]                                at /opt/rustwide/workdir/src/linker.rs:57:5
[INFO] [stdout]   18:     0x557ba224a1da - xtypes::linker::test_load_file_and_imports::{{closure}}::h935d0ce54efd86b3
[INFO] [stdout]                                at /opt/rustwide/workdir/src/linker.rs:52:1
[INFO] [stdout]   19:     0x557ba2246f4e - core::ops::function::FnOnce::call_once::h6876e0af5f053ce9
[INFO] [stdout]                                at /rustc/a178d0322ce20e33eac124758e837cbd80a6f633/library/core/src/ops/function.rs:227:5
[INFO] [stdout]   20:     0x557ba24b1d53 - core::ops::function::FnOnce::call_once::h152e7e439ff59e19
[INFO] [stdout]                                at /rustc/a178d0322ce20e33eac124758e837cbd80a6f633/library/core/src/ops/function.rs:227:5
[INFO] [stdout]   21:     0x557ba24b1d53 - test::__rust_begin_short_backtrace::h0908f3b1fdbb72ab
[INFO] [stdout]                                at /rustc/a178d0322ce20e33eac124758e837cbd80a6f633/library/test/src/lib.rs:577:5
[INFO] [stdout]   22:     0x557ba24b0810 - <alloc::boxed::Box<F,A> as core::ops::function::FnOnce<Args>>::call_once::hf6d2a51e5587546c
[INFO] [stdout]                                at /rustc/a178d0322ce20e33eac124758e837cbd80a6f633/library/alloc/src/boxed.rs:1575:9
[INFO] [stdout]   23:     0x557ba24b0810 - <std::panic::AssertUnwindSafe<F> as core::ops::function::FnOnce<()>>::call_once::h8af660f3a89ef593
[INFO] [stdout]                                at /rustc/a178d0322ce20e33eac124758e837cbd80a6f633/library/std/src/panic.rs:347:9
[INFO] [stdout]   24:     0x557ba24b0810 - std::panicking::try::do_call::hd36aef60f84b6d36
[INFO] [stdout]                                at /rustc/a178d0322ce20e33eac124758e837cbd80a6f633/library/std/src/panicking.rs:401:40
[INFO] [stdout]   25:     0x557ba24b0810 - std::panicking::try::h9932b4480e69817c
[INFO] [stdout]                                at /rustc/a178d0322ce20e33eac124758e837cbd80a6f633/library/std/src/panicking.rs:365:19
[INFO] [stdout]   26:     0x557ba24b0810 - std::panic::catch_unwind::h6aa177099cfff5f8
[INFO] [stdout]                                at /rustc/a178d0322ce20e33eac124758e837cbd80a6f633/library/std/src/panic.rs:434:14
[INFO] [stdout]   27:     0x557ba24b0810 - test::run_test_in_process::h5884d6f2d99e20c3
[INFO] [stdout]                                at /rustc/a178d0322ce20e33eac124758e837cbd80a6f633/library/test/src/lib.rs:600:18
[INFO] [stdout]   28:     0x557ba24b0810 - test::run_test::run_test_inner::{{closure}}::h6fdc58c6d5f5b6e3
[INFO] [stdout]                                at /rustc/a178d0322ce20e33eac124758e837cbd80a6f633/library/test/src/lib.rs:492:39
[INFO] [stdout]   29:     0x557ba2489ec2 - test::run_test::run_test_inner::{{closure}}::h408365d67a78ade8
[INFO] [stdout]                                at /rustc/a178d0322ce20e33eac124758e837cbd80a6f633/library/test/src/lib.rs:519:37
[INFO] [stdout]   30:     0x557ba2489ec2 - std::sys_common::backtrace::__rust_begin_short_backtrace::hb560b77c4f701523
[INFO] [stdout]                                at /rustc/a178d0322ce20e33eac124758e837cbd80a6f633/library/std/src/sys_common/backtrace.rs:125:18
[INFO] [stdout]   31:     0x557ba248da78 - std::thread::Builder::spawn_unchecked::{{closure}}::{{closure}}::hf2e7831dad93c597
[INFO] [stdout]                                at /rustc/a178d0322ce20e33eac124758e837cbd80a6f633/library/std/src/thread/mod.rs:481:17
[INFO] [stdout]   32:     0x557ba248da78 - <std::panic::AssertUnwindSafe<F> as core::ops::function::FnOnce<()>>::call_once::hd2e08783d8be4d02
[INFO] [stdout]                                at /rustc/a178d0322ce20e33eac124758e837cbd80a6f633/library/std/src/panic.rs:347:9
[INFO] [stdout]   33:     0x557ba248da78 - std::panicking::try::do_call::h062597b7acfd6b82
[INFO] [stdout]                                at /rustc/a178d0322ce20e33eac124758e837cbd80a6f633/library/std/src/panicking.rs:401:40
[INFO] [stdout]   34:     0x557ba248da78 - std::panicking::try::h0d7b79db04c14552
[INFO] [stdout]                                at /rustc/a178d0322ce20e33eac124758e837cbd80a6f633/library/std/src/panicking.rs:365:19
[INFO] [stdout]   35:     0x557ba248da78 - std::panic::catch_unwind::hb01a0b5e7c8cd43b
[INFO] [stdout]                                at /rustc/a178d0322ce20e33eac124758e837cbd80a6f633/library/std/src/panic.rs:434:14
[INFO] [stdout]   36:     0x557ba248da78 - std::thread::Builder::spawn_unchecked::{{closure}}::h5bde48cc887e0d1e
[INFO] [stdout]                                at /rustc/a178d0322ce20e33eac124758e837cbd80a6f633/library/std/src/thread/mod.rs:480:30
[INFO] [stdout]   37:     0x557ba248da78 - core::ops::function::FnOnce::call_once{{vtable.shim}}::h745ea30807a29e55
[INFO] [stdout]                                at /rustc/a178d0322ce20e33eac124758e837cbd80a6f633/library/core/src/ops/function.rs:227:5
[INFO] [stdout]   38:     0x557ba24f1587 - <alloc::boxed::Box<F,A> as core::ops::function::FnOnce<Args>>::call_once::h7ece6cfefaff1005
[INFO] [stdout]                                at /rustc/a178d0322ce20e33eac124758e837cbd80a6f633/library/alloc/src/boxed.rs:1575:9
[INFO] [stdout]   39:     0x557ba24f1587 - <alloc::boxed::Box<F,A> as core::ops::function::FnOnce<Args>>::call_once::hb8b48e55c21f193e
[INFO] [stdout]                                at /rustc/a178d0322ce20e33eac124758e837cbd80a6f633/library/alloc/src/boxed.rs:1575:9
[INFO] [stdout]   40:     0x557ba24f1587 - std::sys::unix::thread::Thread::new::thread_start::h8c7c4450dba62914
[INFO] [stdout]                                at /rustc/a178d0322ce20e33eac124758e837cbd80a6f633/library/std/src/sys/unix/thread.rs:71:17
[INFO] [stdout]   41:     0x7f4ad9976609 - start_thread
[INFO] [stdout]   42:     0x7f4ad9acd293 - clone
[INFO] [stdout]   43:                0x0 - <unknown>
[INFO] [stdout] 
[INFO] [stdout] 
[INFO] [stdout] failures:
[INFO] [stdout]     linker::test_load_file_and_imports
[INFO] [stdout]     parser::test_parse_sample_1
[INFO] [stdout] 
[INFO] [stdout] test result: FAILED. 0 passed; 2 failed; 0 ignored; 0 measured; 0 filtered out; finished in 1.34s
[INFO] [stdout] 
[INFO] running `Command { std: "docker" "inspect" "a0edf8fa110d9e3e0812cf84178d2e2a1625bfab612f65daaa120705fb19aea0", kill_on_drop: false }`
[INFO] running `Command { std: "docker" "rm" "-f" "a0edf8fa110d9e3e0812cf84178d2e2a1625bfab612f65daaa120705fb19aea0", kill_on_drop: false }`
[INFO] [stdout] a0edf8fa110d9e3e0812cf84178d2e2a1625bfab612f65daaa120705fb19aea0
