[INFO] fetching crate xtsn 0.1.1...
[INFO] testing xtsn-0.1.1 against beta-2021-08-01 for beta-1.55-1
[INFO] extracting crate xtsn 0.1.1 into /workspace/builds/worker-7/source
[INFO] validating manifest of crates.io crate xtsn 0.1.1 on toolchain beta-2021-08-01
[INFO] running `Command { std: "/workspace/cargo-home/bin/cargo" "+beta-2021-08-01" "metadata" "--manifest-path" "Cargo.toml" "--no-deps", kill_on_drop: false }`
[INFO] started tweaking crates.io crate xtsn 0.1.1
[INFO] finished tweaking crates.io crate xtsn 0.1.1
[INFO] tweaked toml for crates.io crate xtsn 0.1.1 written to /workspace/builds/worker-7/source/Cargo.toml
[INFO] running `Command { std: "/workspace/cargo-home/bin/cargo" "+beta-2021-08-01" "generate-lockfile" "--manifest-path" "Cargo.toml" "-Zno-index-update", kill_on_drop: false }`
[INFO] running `Command { std: "/workspace/cargo-home/bin/cargo" "+beta-2021-08-01" "fetch" "--manifest-path" "Cargo.toml", kill_on_drop: false }`
[INFO] [stderr]     Blocking waiting for file lock on package cache
[INFO] running `Command { std: "docker" "create" "-v" "/var/lib/crater-agent-workspace/builds/worker-7/target:/opt/rustwide/target:rw,Z" "-v" "/var/lib/crater-agent-workspace/builds/worker-7/source:/opt/rustwide/workdir:ro,Z" "-v" "/var/lib/crater-agent-workspace/cargo-home:/opt/rustwide/cargo-home:ro,Z" "-v" "/var/lib/crater-agent-workspace/rustup-home:/opt/rustwide/rustup-home:ro,Z" "-e" "SOURCE_DIR=/opt/rustwide/workdir" "-e" "CARGO_TARGET_DIR=/opt/rustwide/target" "-e" "CARGO_HOME=/opt/rustwide/cargo-home" "-e" "RUSTUP_HOME=/opt/rustwide/rustup-home" "-w" "/opt/rustwide/workdir" "-m" "1610612736" "--user" "0:0" "--network" "none" "ghcr.io/rust-lang/crates-build-env/linux@sha256:34b6a614d2c27851fe6cbf88fbd1137609cefab8b10d0615aaeb6fd47975d74e" "/opt/rustwide/cargo-home/bin/cargo" "+beta-2021-08-01" "metadata" "--no-deps" "--format-version=1", kill_on_drop: false }`
[INFO] [stdout] f3e6e901b5a698679fde4e8e9ce14e412a5e7c9cdd5da4723b2a37979b3f1dd7
[INFO] [stderr] WARNING: Your kernel does not support swap limit capabilities or the cgroup is not mounted. Memory limited without swap.
[INFO] running `Command { std: "docker" "start" "-a" "f3e6e901b5a698679fde4e8e9ce14e412a5e7c9cdd5da4723b2a37979b3f1dd7", kill_on_drop: false }`
[INFO] running `Command { std: "docker" "inspect" "f3e6e901b5a698679fde4e8e9ce14e412a5e7c9cdd5da4723b2a37979b3f1dd7", kill_on_drop: false }`
[INFO] running `Command { std: "docker" "rm" "-f" "f3e6e901b5a698679fde4e8e9ce14e412a5e7c9cdd5da4723b2a37979b3f1dd7", kill_on_drop: false }`
[INFO] [stdout] f3e6e901b5a698679fde4e8e9ce14e412a5e7c9cdd5da4723b2a37979b3f1dd7
[INFO] running `Command { std: "docker" "create" "-v" "/var/lib/crater-agent-workspace/builds/worker-7/target:/opt/rustwide/target:rw,Z" "-v" "/var/lib/crater-agent-workspace/builds/worker-7/source:/opt/rustwide/workdir:ro,Z" "-v" "/var/lib/crater-agent-workspace/cargo-home:/opt/rustwide/cargo-home:ro,Z" "-v" "/var/lib/crater-agent-workspace/rustup-home:/opt/rustwide/rustup-home:ro,Z" "-e" "SOURCE_DIR=/opt/rustwide/workdir" "-e" "CARGO_TARGET_DIR=/opt/rustwide/target" "-e" "CARGO_INCREMENTAL=0" "-e" "RUST_BACKTRACE=full" "-e" "RUSTFLAGS=--cap-lints=warn" "-e" "CARGO_HOME=/opt/rustwide/cargo-home" "-e" "RUSTUP_HOME=/opt/rustwide/rustup-home" "-w" "/opt/rustwide/workdir" "-m" "1610612736" "--user" "0:0" "--network" "none" "ghcr.io/rust-lang/crates-build-env/linux@sha256:34b6a614d2c27851fe6cbf88fbd1137609cefab8b10d0615aaeb6fd47975d74e" "/opt/rustwide/cargo-home/bin/cargo" "+beta-2021-08-01" "build" "--frozen" "--message-format=json", kill_on_drop: false }`
[INFO] [stdout] 9dca650328c692ad656047c01e8c7d23126aa5068a293ab1e4af12a3dc46be40
[INFO] [stderr] WARNING: Your kernel does not support swap limit capabilities or the cgroup is not mounted. Memory limited without swap.
[INFO] running `Command { std: "docker" "start" "-a" "9dca650328c692ad656047c01e8c7d23126aa5068a293ab1e4af12a3dc46be40", kill_on_drop: false }`
[INFO] [stderr]    Compiling gcc v0.3.55
[INFO] [stderr]    Compiling byteorder v1.4.3
[INFO] [stderr]    Compiling hex v0.3.2
[INFO] [stderr]    Compiling xtsn v0.1.1 (/opt/rustwide/workdir)
[INFO] [stderr]    Compiling rand v0.3.23
[INFO] [stderr]    Compiling rust-crypto v0.2.36
[INFO] [stdout] warning: associated function is never used: `pack`
[INFO] [stdout]    --> src/lib.rs:189:8
[INFO] [stdout]     |
[INFO] [stdout] 189 |     fn pack(data: u128) -> Result<Vec<u8>, String> {
[INFO] [stdout]     |        ^^^^
[INFO] [stdout]     |
[INFO] [stdout]     = note: `#[warn(dead_code)]` on by default
[INFO] [stdout] 
[INFO] [stdout] 
[INFO] [stdout] warning: associated function is never used: `unpack`
[INFO] [stdout]    --> src/lib.rs:202:8
[INFO] [stdout]     |
[INFO] [stdout] 202 |     fn unpack(data: Vec<u8>) -> Result<u128, String> {
[INFO] [stdout]     |        ^^^^^^
[INFO] [stdout] 
[INFO] [stdout] 
[INFO] [stdout] warning: associated function is never used: `xor`
[INFO] [stdout]    --> src/lib.rs:211:8
[INFO] [stdout]     |
[INFO] [stdout] 211 |     fn xor(s1: &Vec<u8>, s2: &Vec<u8>) -> Vec<u8> {
[INFO] [stdout]     |        ^^^
[INFO] [stdout] 
[INFO] [stdout] 
[INFO] [stdout] warning: 3 warnings emitted
[INFO] [stdout] 
[INFO] [stdout] 
[INFO] [stderr]     Finished dev [unoptimized + debuginfo] target(s) in 7.05s
[INFO] running `Command { std: "docker" "inspect" "9dca650328c692ad656047c01e8c7d23126aa5068a293ab1e4af12a3dc46be40", kill_on_drop: false }`
[INFO] running `Command { std: "docker" "rm" "-f" "9dca650328c692ad656047c01e8c7d23126aa5068a293ab1e4af12a3dc46be40", kill_on_drop: false }`
[INFO] [stdout] 9dca650328c692ad656047c01e8c7d23126aa5068a293ab1e4af12a3dc46be40
[INFO] running `Command { std: "docker" "create" "-v" "/var/lib/crater-agent-workspace/builds/worker-7/target:/opt/rustwide/target:rw,Z" "-v" "/var/lib/crater-agent-workspace/builds/worker-7/source:/opt/rustwide/workdir:ro,Z" "-v" "/var/lib/crater-agent-workspace/cargo-home:/opt/rustwide/cargo-home:ro,Z" "-v" "/var/lib/crater-agent-workspace/rustup-home:/opt/rustwide/rustup-home:ro,Z" "-e" "SOURCE_DIR=/opt/rustwide/workdir" "-e" "CARGO_TARGET_DIR=/opt/rustwide/target" "-e" "CARGO_INCREMENTAL=0" "-e" "RUST_BACKTRACE=full" "-e" "RUSTFLAGS=--cap-lints=warn" "-e" "CARGO_HOME=/opt/rustwide/cargo-home" "-e" "RUSTUP_HOME=/opt/rustwide/rustup-home" "-w" "/opt/rustwide/workdir" "-m" "1610612736" "--user" "0:0" "--network" "none" "ghcr.io/rust-lang/crates-build-env/linux@sha256:34b6a614d2c27851fe6cbf88fbd1137609cefab8b10d0615aaeb6fd47975d74e" "/opt/rustwide/cargo-home/bin/cargo" "+beta-2021-08-01" "test" "--frozen" "--no-run" "--message-format=json", kill_on_drop: false }`
[INFO] [stderr] WARNING: Your kernel does not support swap limit capabilities or the cgroup is not mounted. Memory limited without swap.
[INFO] [stdout] 4c694a49cc02fdb99485c733e5ee93124244cf97f97781e208875d56cd3abd30
[INFO] running `Command { std: "docker" "start" "-a" "4c694a49cc02fdb99485c733e5ee93124244cf97f97781e208875d56cd3abd30", kill_on_drop: false }`
[INFO] [stdout] warning: associated function is never used: `pack`
[INFO] [stdout]    --> src/lib.rs:189:8
[INFO] [stdout]     |
[INFO] [stdout] 189 |     fn pack(data: u128) -> Result<Vec<u8>, String> {
[INFO] [stdout]     |        ^^^^
[INFO] [stdout]     |
[INFO] [stdout]     = note: `#[warn(dead_code)]` on by default
[INFO] [stdout] 
[INFO] [stdout] 
[INFO] [stderr]    Compiling xtsn v0.1.1 (/opt/rustwide/workdir)
[INFO] [stdout] warning: associated function is never used: `unpack`
[INFO] [stdout]    --> src/lib.rs:202:8
[INFO] [stdout]     |
[INFO] [stdout] 202 |     fn unpack(data: Vec<u8>) -> Result<u128, String> {
[INFO] [stdout]     |        ^^^^^^
[INFO] [stdout] 
[INFO] [stdout] 
[INFO] [stdout] warning: associated function is never used: `xor`
[INFO] [stdout]    --> src/lib.rs:211:8
[INFO] [stdout]     |
[INFO] [stdout] 211 |     fn xor(s1: &Vec<u8>, s2: &Vec<u8>) -> Vec<u8> {
[INFO] [stdout]     |        ^^^
[INFO] [stdout] 
[INFO] [stdout] 
[INFO] [stdout] warning: 3 warnings emitted
[INFO] [stdout] 
[INFO] [stdout] 
[INFO] [stdout] warning: associated function is never used: `pack`
[INFO] [stdout]    --> src/lib.rs:189:8
[INFO] [stdout]     |
[INFO] [stdout] 189 |     fn pack(data: u128) -> Result<Vec<u8>, String> {
[INFO] [stdout]     |        ^^^^
[INFO] [stdout]     |
[INFO] [stdout]     = note: `#[warn(dead_code)]` on by default
[INFO] [stdout] 
[INFO] [stdout] 
[INFO] [stdout] warning: associated function is never used: `unpack`
[INFO] [stdout]    --> src/lib.rs:202:8
[INFO] [stdout]     |
[INFO] [stdout] 202 |     fn unpack(data: Vec<u8>) -> Result<u128, String> {
[INFO] [stdout]     |        ^^^^^^
[INFO] [stdout] 
[INFO] [stdout] 
[INFO] [stdout] warning: associated function is never used: `xor`
[INFO] [stdout]    --> src/lib.rs:211:8
[INFO] [stdout]     |
[INFO] [stdout] 211 |     fn xor(s1: &Vec<u8>, s2: &Vec<u8>) -> Vec<u8> {
[INFO] [stdout]     |        ^^^
[INFO] [stdout] 
[INFO] [stdout] 
[INFO] [stdout] warning: 3 warnings emitted
[INFO] [stdout] 
[INFO] [stdout] 
[INFO] [stderr]     Finished test [unoptimized + debuginfo] target(s) in 0.57s
[INFO] running `Command { std: "docker" "inspect" "4c694a49cc02fdb99485c733e5ee93124244cf97f97781e208875d56cd3abd30", kill_on_drop: false }`
[INFO] running `Command { std: "docker" "rm" "-f" "4c694a49cc02fdb99485c733e5ee93124244cf97f97781e208875d56cd3abd30", kill_on_drop: false }`
[INFO] [stdout] 4c694a49cc02fdb99485c733e5ee93124244cf97f97781e208875d56cd3abd30
[INFO] running `Command { std: "docker" "create" "-v" "/var/lib/crater-agent-workspace/builds/worker-7/target:/opt/rustwide/target:rw,Z" "-v" "/var/lib/crater-agent-workspace/builds/worker-7/source:/opt/rustwide/workdir:ro,Z" "-v" "/var/lib/crater-agent-workspace/cargo-home:/opt/rustwide/cargo-home:ro,Z" "-v" "/var/lib/crater-agent-workspace/rustup-home:/opt/rustwide/rustup-home:ro,Z" "-e" "SOURCE_DIR=/opt/rustwide/workdir" "-e" "CARGO_TARGET_DIR=/opt/rustwide/target" "-e" "CARGO_INCREMENTAL=0" "-e" "RUST_BACKTRACE=full" "-e" "RUSTFLAGS=--cap-lints=warn" "-e" "CARGO_HOME=/opt/rustwide/cargo-home" "-e" "RUSTUP_HOME=/opt/rustwide/rustup-home" "-w" "/opt/rustwide/workdir" "-m" "1610612736" "--user" "0:0" "--network" "none" "ghcr.io/rust-lang/crates-build-env/linux@sha256:34b6a614d2c27851fe6cbf88fbd1137609cefab8b10d0615aaeb6fd47975d74e" "/opt/rustwide/cargo-home/bin/cargo" "+beta-2021-08-01" "test" "--frozen", kill_on_drop: false }`
[INFO] [stderr] WARNING: Your kernel does not support swap limit capabilities or the cgroup is not mounted. Memory limited without swap.
[INFO] [stdout] 2e83f4cd7290182bfc2f66da9c08770e311522f137447b57aca74b9cc7becc5b
[INFO] running `Command { std: "docker" "start" "-a" "2e83f4cd7290182bfc2f66da9c08770e311522f137447b57aca74b9cc7becc5b", kill_on_drop: false }`
[INFO] [stderr] warning: associated function is never used: `pack`
[INFO] [stderr]    --> src/lib.rs:189:8
[INFO] [stderr]     |
[INFO] [stderr] 189 |     fn pack(data: u128) -> Result<Vec<u8>, String> {
[INFO] [stderr]     |        ^^^^
[INFO] [stderr]     |
[INFO] [stderr]     = note: `#[warn(dead_code)]` on by default
[INFO] [stderr] 
[INFO] [stderr] warning: associated function is never used: `unpack`
[INFO] [stderr]    --> src/lib.rs:202:8
[INFO] [stderr]     |
[INFO] [stderr] 202 |     fn unpack(data: Vec<u8>) -> Result<u128, String> {
[INFO] [stderr]     |        ^^^^^^
[INFO] [stderr] 
[INFO] [stderr] warning: associated function is never used: `xor`
[INFO] [stderr]    --> src/lib.rs:211:8
[INFO] [stderr]     |
[INFO] [stderr] 211 |     fn xor(s1: &Vec<u8>, s2: &Vec<u8>) -> Vec<u8> {
[INFO] [stderr]     |        ^^^
[INFO] [stderr] 
[INFO] [stderr] warning: `xtsn` (lib) generated 3 warnings
[INFO] [stderr] warning: `xtsn` (lib test) generated 3 warnings (3 duplicates)
[INFO] [stderr]     Finished test [unoptimized + debuginfo] target(s) in 0.04s
[INFO] [stderr]      Running unittests (/opt/rustwide/target/debug/deps/xtsn-a86e81b7ba435dfb)
[INFO] [stdout] 
[INFO] [stdout] running 0 tests
[INFO] [stdout] 
[INFO] [stdout] test result: ok. 0 passed; 0 failed; 0 ignored; 0 measured; 0 filtered out; finished in 0.00s
[INFO] [stdout] 
[INFO] [stderr]    Doc-tests xtsn
[INFO] [stdout] 
[INFO] [stdout] running 4 tests
[INFO] [stdout] test src/lib.rs - XTSN::encrypt (line 375) ... FAILED
[INFO] [stdout] test src/lib.rs - CXTSN::decrypt (line 149) ... FAILED
[INFO] [stdout] test src/lib.rs - CXTSN::encrypt (line 101) ... FAILED
[INFO] [stdout] test src/lib.rs - XTSN::decrypt (line 270) ... FAILED
[INFO] [stdout] 
[INFO] [stdout] failures:
[INFO] [stdout] 
[INFO] [stdout] ---- src/lib.rs - XTSN::encrypt (line 375) stdout ----
[INFO] [stdout] error[E0463]: can't find crate for `XTSN`
[INFO] [stdout]  --> src/lib.rs:376:1
[INFO] [stdout]   |
[INFO] [stdout] 2 | extern crate XTSN;
[INFO] [stdout]   | ^^^^^^^^^^^^^^^^^^ can't find crate
[INFO] [stdout] 
[INFO] [stdout] error: aborting due to previous error
[INFO] [stdout] 
[INFO] [stdout] For more information about this error, try `rustc --explain E0463`.
[INFO] [stdout] Couldn't compile the test.
[INFO] [stdout] ---- src/lib.rs - CXTSN::decrypt (line 149) stdout ----
[INFO] [stdout] error[E0463]: can't find crate for `XTSN`
[INFO] [stdout]  --> src/lib.rs:150:1
[INFO] [stdout]   |
[INFO] [stdout] 2 | extern crate XTSN;
[INFO] [stdout]   | ^^^^^^^^^^^^^^^^^^ can't find crate
[INFO] [stdout] 
[INFO] [stdout] error: aborting due to previous error
[INFO] [stdout] 
[INFO] [stdout] For more information about this error, try `rustc --explain E0463`.
[INFO] [stdout] Couldn't compile the test.
[INFO] [stdout] ---- src/lib.rs - CXTSN::encrypt (line 101) stdout ----
[INFO] [stdout] error[E0463]: can't find crate for `XTSN`
[INFO] [stdout]  --> src/lib.rs:102:1
[INFO] [stdout]   |
[INFO] [stdout] 2 | extern crate XTSN;
[INFO] [stdout]   | ^^^^^^^^^^^^^^^^^^ can't find crate
[INFO] [stdout] 
[INFO] [stdout] error: aborting due to previous error
[INFO] [stdout] 
[INFO] [stdout] For more information about this error, try `rustc --explain E0463`.
[INFO] [stdout] Couldn't compile the test.
[INFO] [stdout] ---- src/lib.rs - XTSN::decrypt (line 270) stdout ----
[INFO] [stdout] error[E0463]: can't find crate for `XTSN`
[INFO] [stdout]  --> src/lib.rs:271:1
[INFO] [stdout]   |
[INFO] [stdout] 2 | extern crate XTSN;
[INFO] [stdout]   | ^^^^^^^^^^^^^^^^^^ can't find crate
[INFO] [stdout] 
[INFO] [stdout] error: aborting due to previous error
[INFO] [stdout] 
[INFO] [stdout] For more information about this error, try `rustc --explain E0463`.
[INFO] [stdout] Couldn't compile the test.
[INFO] [stdout] 
[INFO] [stdout] failures:
[INFO] [stdout]     src/lib.rs - CXTSN::decrypt (line 149)
[INFO] [stdout]     src/lib.rs - CXTSN::encrypt (line 101)
[INFO] [stdout]     src/lib.rs - XTSN::decrypt (line 270)
[INFO] [stdout]     src/lib.rs - XTSN::encrypt (line 375)
[INFO] [stdout] 
[INFO] [stdout] test result: FAILED. 0 passed; 4 failed; 0 ignored; 0 measured; 0 filtered out; finished in 0.08s
[INFO] [stdout] 
[INFO] [stderr] error: test failed, to rerun pass '--doc'
[INFO] running `Command { std: "docker" "inspect" "2e83f4cd7290182bfc2f66da9c08770e311522f137447b57aca74b9cc7becc5b", kill_on_drop: false }`
[INFO] running `Command { std: "docker" "rm" "-f" "2e83f4cd7290182bfc2f66da9c08770e311522f137447b57aca74b9cc7becc5b", kill_on_drop: false }`
[INFO] [stdout] 2e83f4cd7290182bfc2f66da9c08770e311522f137447b57aca74b9cc7becc5b
