[INFO] fetching crate xlsxwriter 0.3.5...
[INFO] testing xlsxwriter-0.3.5 against beta-2021-08-01 for beta-1.55-1
[INFO] extracting crate xlsxwriter 0.3.5 into /workspace/builds/worker-0/source
[INFO] validating manifest of crates.io crate xlsxwriter 0.3.5 on toolchain beta-2021-08-01
[INFO] running `Command { std: "/workspace/cargo-home/bin/cargo" "+beta-2021-08-01" "metadata" "--manifest-path" "Cargo.toml" "--no-deps", kill_on_drop: false }`
[INFO] started tweaking crates.io crate xlsxwriter 0.3.5
[INFO] finished tweaking crates.io crate xlsxwriter 0.3.5
[INFO] tweaked toml for crates.io crate xlsxwriter 0.3.5 written to /workspace/builds/worker-0/source/Cargo.toml
[INFO] crate crates.io crate xlsxwriter 0.3.5 already has a lockfile, it will not be regenerated
[INFO] running `Command { std: "/workspace/cargo-home/bin/cargo" "+beta-2021-08-01" "fetch" "--manifest-path" "Cargo.toml", kill_on_drop: false }`
[INFO] [stderr]  Downloading crates ...
[INFO] [stderr]   Downloaded libxlsxwriter-sys v1.1.1
[INFO] running `Command { std: "docker" "create" "-v" "/var/lib/crater-agent-workspace/builds/worker-0/target:/opt/rustwide/target:rw,Z" "-v" "/var/lib/crater-agent-workspace/builds/worker-0/source:/opt/rustwide/workdir:ro,Z" "-v" "/var/lib/crater-agent-workspace/cargo-home:/opt/rustwide/cargo-home:ro,Z" "-v" "/var/lib/crater-agent-workspace/rustup-home:/opt/rustwide/rustup-home:ro,Z" "-e" "SOURCE_DIR=/opt/rustwide/workdir" "-e" "CARGO_TARGET_DIR=/opt/rustwide/target" "-e" "CARGO_HOME=/opt/rustwide/cargo-home" "-e" "RUSTUP_HOME=/opt/rustwide/rustup-home" "-w" "/opt/rustwide/workdir" "-m" "1610612736" "--user" "0:0" "--network" "none" "ghcr.io/rust-lang/crates-build-env/linux@sha256:34b6a614d2c27851fe6cbf88fbd1137609cefab8b10d0615aaeb6fd47975d74e" "/opt/rustwide/cargo-home/bin/cargo" "+beta-2021-08-01" "metadata" "--no-deps" "--format-version=1", kill_on_drop: false }`
[INFO] [stdout] 93fce4093a51dd34b4e3c7689a04079d0e3b6bf8d7532935df09d40b368a636e
[INFO] [stderr] WARNING: Your kernel does not support swap limit capabilities or the cgroup is not mounted. Memory limited without swap.
[INFO] running `Command { std: "docker" "start" "-a" "93fce4093a51dd34b4e3c7689a04079d0e3b6bf8d7532935df09d40b368a636e", kill_on_drop: false }`
[INFO] running `Command { std: "docker" "inspect" "93fce4093a51dd34b4e3c7689a04079d0e3b6bf8d7532935df09d40b368a636e", kill_on_drop: false }`
[INFO] running `Command { std: "docker" "rm" "-f" "93fce4093a51dd34b4e3c7689a04079d0e3b6bf8d7532935df09d40b368a636e", kill_on_drop: false }`
[INFO] [stdout] 93fce4093a51dd34b4e3c7689a04079d0e3b6bf8d7532935df09d40b368a636e
[INFO] running `Command { std: "docker" "create" "-v" "/var/lib/crater-agent-workspace/builds/worker-0/target:/opt/rustwide/target:rw,Z" "-v" "/var/lib/crater-agent-workspace/builds/worker-0/source:/opt/rustwide/workdir:ro,Z" "-v" "/var/lib/crater-agent-workspace/cargo-home:/opt/rustwide/cargo-home:ro,Z" "-v" "/var/lib/crater-agent-workspace/rustup-home:/opt/rustwide/rustup-home:ro,Z" "-e" "SOURCE_DIR=/opt/rustwide/workdir" "-e" "CARGO_TARGET_DIR=/opt/rustwide/target" "-e" "CARGO_INCREMENTAL=0" "-e" "RUST_BACKTRACE=full" "-e" "RUSTFLAGS=--cap-lints=warn" "-e" "CARGO_HOME=/opt/rustwide/cargo-home" "-e" "RUSTUP_HOME=/opt/rustwide/rustup-home" "-w" "/opt/rustwide/workdir" "-m" "1610612736" "--user" "0:0" "--network" "none" "ghcr.io/rust-lang/crates-build-env/linux@sha256:34b6a614d2c27851fe6cbf88fbd1137609cefab8b10d0615aaeb6fd47975d74e" "/opt/rustwide/cargo-home/bin/cargo" "+beta-2021-08-01" "build" "--frozen" "--message-format=json", kill_on_drop: false }`
[INFO] [stdout] 933a564cff7269776b52b454d4630bcd04b13bf1a2941e6a239e12424820c000
[INFO] [stderr] WARNING: Your kernel does not support swap limit capabilities or the cgroup is not mounted. Memory limited without swap.
[INFO] running `Command { std: "docker" "start" "-a" "933a564cff7269776b52b454d4630bcd04b13bf1a2941e6a239e12424820c000", kill_on_drop: false }`
[INFO] [stderr]    Compiling proc-macro2 v1.0.27
[INFO] [stderr]    Compiling bindgen v0.58.1
[INFO] [stderr]    Compiling nom v5.1.2
[INFO] [stderr]    Compiling quote v1.0.9
[INFO] [stderr]    Compiling cexpr v0.4.0
[INFO] [stderr]    Compiling libxlsxwriter-sys v1.1.1
[INFO] [stderr]    Compiling xlsxwriter v0.3.5 (/opt/rustwide/workdir)
[INFO] [stderr]     Finished dev [unoptimized + debuginfo] target(s) in 27.18s
[INFO] running `Command { std: "docker" "inspect" "933a564cff7269776b52b454d4630bcd04b13bf1a2941e6a239e12424820c000", kill_on_drop: false }`
[INFO] running `Command { std: "docker" "rm" "-f" "933a564cff7269776b52b454d4630bcd04b13bf1a2941e6a239e12424820c000", kill_on_drop: false }`
[INFO] [stdout] 933a564cff7269776b52b454d4630bcd04b13bf1a2941e6a239e12424820c000
[INFO] running `Command { std: "docker" "create" "-v" "/var/lib/crater-agent-workspace/builds/worker-0/target:/opt/rustwide/target:rw,Z" "-v" "/var/lib/crater-agent-workspace/builds/worker-0/source:/opt/rustwide/workdir:ro,Z" "-v" "/var/lib/crater-agent-workspace/cargo-home:/opt/rustwide/cargo-home:ro,Z" "-v" "/var/lib/crater-agent-workspace/rustup-home:/opt/rustwide/rustup-home:ro,Z" "-e" "SOURCE_DIR=/opt/rustwide/workdir" "-e" "CARGO_TARGET_DIR=/opt/rustwide/target" "-e" "CARGO_INCREMENTAL=0" "-e" "RUST_BACKTRACE=full" "-e" "RUSTFLAGS=--cap-lints=warn" "-e" "CARGO_HOME=/opt/rustwide/cargo-home" "-e" "RUSTUP_HOME=/opt/rustwide/rustup-home" "-w" "/opt/rustwide/workdir" "-m" "1610612736" "--user" "0:0" "--network" "none" "ghcr.io/rust-lang/crates-build-env/linux@sha256:34b6a614d2c27851fe6cbf88fbd1137609cefab8b10d0615aaeb6fd47975d74e" "/opt/rustwide/cargo-home/bin/cargo" "+beta-2021-08-01" "test" "--frozen" "--no-run" "--message-format=json", kill_on_drop: false }`
[INFO] [stdout] 104a849cfe6b4aa1c7f0f7570b6a5747e28906fc40a5fc1903662554bb0a2fcd
[INFO] [stderr] WARNING: Your kernel does not support swap limit capabilities or the cgroup is not mounted. Memory limited without swap.
[INFO] running `Command { std: "docker" "start" "-a" "104a849cfe6b4aa1c7f0f7570b6a5747e28906fc40a5fc1903662554bb0a2fcd", kill_on_drop: false }`
[INFO] [stderr]    Compiling xlsxwriter v0.3.5 (/opt/rustwide/workdir)
[INFO] [stderr]     Finished test [unoptimized + debuginfo] target(s) in 1.50s
[INFO] running `Command { std: "docker" "inspect" "104a849cfe6b4aa1c7f0f7570b6a5747e28906fc40a5fc1903662554bb0a2fcd", kill_on_drop: false }`
[INFO] running `Command { std: "docker" "rm" "-f" "104a849cfe6b4aa1c7f0f7570b6a5747e28906fc40a5fc1903662554bb0a2fcd", kill_on_drop: false }`
[INFO] [stdout] 104a849cfe6b4aa1c7f0f7570b6a5747e28906fc40a5fc1903662554bb0a2fcd
[INFO] running `Command { std: "docker" "create" "-v" "/var/lib/crater-agent-workspace/builds/worker-0/target:/opt/rustwide/target:rw,Z" "-v" "/var/lib/crater-agent-workspace/builds/worker-0/source:/opt/rustwide/workdir:ro,Z" "-v" "/var/lib/crater-agent-workspace/cargo-home:/opt/rustwide/cargo-home:ro,Z" "-v" "/var/lib/crater-agent-workspace/rustup-home:/opt/rustwide/rustup-home:ro,Z" "-e" "SOURCE_DIR=/opt/rustwide/workdir" "-e" "CARGO_TARGET_DIR=/opt/rustwide/target" "-e" "CARGO_INCREMENTAL=0" "-e" "RUST_BACKTRACE=full" "-e" "RUSTFLAGS=--cap-lints=warn" "-e" "CARGO_HOME=/opt/rustwide/cargo-home" "-e" "RUSTUP_HOME=/opt/rustwide/rustup-home" "-w" "/opt/rustwide/workdir" "-m" "1610612736" "--user" "0:0" "--network" "none" "ghcr.io/rust-lang/crates-build-env/linux@sha256:34b6a614d2c27851fe6cbf88fbd1137609cefab8b10d0615aaeb6fd47975d74e" "/opt/rustwide/cargo-home/bin/cargo" "+beta-2021-08-01" "test" "--frozen", kill_on_drop: false }`
[INFO] [stdout] f0eb7acb96eef47954c79f2b656164a2b39e1327047ba02309fcc01ab518f258
[INFO] [stderr] WARNING: Your kernel does not support swap limit capabilities or the cgroup is not mounted. Memory limited without swap.
[INFO] running `Command { std: "docker" "start" "-a" "f0eb7acb96eef47954c79f2b656164a2b39e1327047ba02309fcc01ab518f258", kill_on_drop: false }`
[INFO] [stderr]     Blocking waiting for file lock on package cache
[INFO] [stderr]     Finished test [unoptimized + debuginfo] target(s) in 0.56s
[INFO] [stderr]      Running unittests (/opt/rustwide/target/debug/deps/xlsxwriter-646c1a537abfc0aa)
[INFO] [stdout] 
[INFO] [stdout] running 2 tests
[INFO] [stderr]    Doc-tests xlsxwriter
[INFO] [stdout] test test::test_simple1 ... ok
[INFO] [stdout] test test::test_sample1 ... ok
[INFO] [stdout] 
[INFO] [stdout] test result: ok. 2 passed; 0 failed; 0 ignored; 0 measured; 0 filtered out; finished in 0.02s
[INFO] [stdout] 
[INFO] [stdout] 
[INFO] [stdout] running 48 tests
[INFO] [stdout] test src/chart/mod.rs - chart::Chart::add_series (line 55) ... FAILED
[INFO] [stdout] test src/chart/series.rs - chart::series::ChartSeries::set_line (line 187) ... FAILED
[INFO] [stdout] test src/chart/series.rs - chart::series::ChartSeries::set_fill (line 225) ... FAILED
[INFO] [stdout] test src/chart/series.rs - chart::series::ChartSeries::set_name (line 113) ... FAILED
[INFO] [stdout] test src/chart/series.rs - chart::series::ChartSeries::set_categories (line 17) ... FAILED
[INFO] [stdout] test src/chart/mod.rs - chart::Chart::add_series (line 77) ... FAILED
[INFO] [stdout] test src/chart/mod.rs - chart::Chart::add_series (line 124) ... FAILED
[INFO] [stdout] test src/chart/mod.rs - chart::Chart::add_series (line 99) ... FAILED
[INFO] [stdout] test src/chart/series.rs - chart::series::ChartSeries::set_invert_if_negative (line 267) ... FAILED
[INFO] [stdout] test src/chart/series.rs - chart::series::ChartSeries::set_marker_size (line 382) ... FAILED
[INFO] [stdout] test src/chart/series.rs - chart::series::ChartSeries::set_marker_line (line 410) ... FAILED
[INFO] [stdout] test src/chart/series.rs - chart::series::ChartSeries::set_labels (line 517) ... FAILED
[INFO] [stdout] test src/chart/series.rs - chart::series::ChartSeries::set_marker_fill (line 446) ... FAILED
[INFO] [stdout] test src/chart/mod.rs - chart::Chart (line 14) ... FAILED
[INFO] [stdout] test src/chart/series.rs - chart::series::ChartSeries::set_marker_type (line 352) ... FAILED
[INFO] [stdout] test src/worksheet.rs - worksheet::Worksheet::insert_image_buffer (line 1103) ... FAILED
[INFO] [stdout] test src/chart/mod.rs - chart::Chart::add_series (line 147) ... FAILED
[INFO] [stdout] test src/chart/series.rs - chart::series::ChartSeries::set_name_range (line 149) ... FAILED
[INFO] [stdout] test src/chart/series.rs - chart::series::ChartSeries::set_smooth (line 487) ... FAILED
[INFO] [stdout] test src/workbook.rs - workbook::Workbook (line 9) ... FAILED
[INFO] [stdout] test src/workbook.rs - workbook::Workbook::new_with_options (line 43) ... FAILED
[INFO] [stdout] test src/chart/series.rs - chart::series::ChartSeries::set_pattern (line 315) ... FAILED
[INFO] [stdout] test src/chart/series.rs - chart::series::ChartSeries::set_name (line 87) ... FAILED
[INFO] [stdout] test src/workbook.rs - workbook::Workbook::define_name (line 202) ... FAILED
[INFO] [stdout] test src/lib.rs - (line 28) ... FAILED
[INFO] [stdout] test src/worksheet.rs - worksheet::Worksheet::write_comment (line 261) ... FAILED
[INFO] [stdout] test src/worksheet.rs - worksheet::Worksheet::write_array_formula (line 493) ... FAILED
[INFO] [stdout] test src/worksheet.rs - worksheet::Worksheet::write_blank (line 705) ... FAILED
[INFO] [stdout] test src/worksheet.rs - worksheet::Worksheet (line 243) ... FAILED
[INFO] [stdout] test src/worksheet.rs - worksheet::Worksheet::insert_image (line 1017) ... FAILED
[INFO] [stdout] test src/worksheet.rs - worksheet::Worksheet::insert_image_opt (line 1056) ... FAILED
[INFO] [stdout] test src/worksheet.rs - worksheet::Worksheet::write_datetime (line 540) ... FAILED
[INFO] [stdout] test src/worksheet.rs - worksheet::Worksheet::write_formula (line 453) ... FAILED
[INFO] [stdout] test src/worksheet.rs - worksheet::Worksheet::write_array_formula (line 503) ... FAILED
[INFO] [stdout] test src/worksheet.rs - worksheet::Worksheet::write_boolean (line 671) ... FAILED
[INFO] [stdout] test src/worksheet.rs - worksheet::Worksheet::write_url (line 596) ... FAILED
[INFO] [stdout] test src/worksheet.rs - worksheet::Worksheet::write_formula (line 432) ... FAILED
[INFO] [stdout] test src/worksheet.rs - worksheet::Worksheet::write_rich_string (line 837) ... FAILED
[INFO] [stdout] test src/worksheet.rs - worksheet::Worksheet::write_formula_num (line 743) ... FAILED
[INFO] [stdout] test src/worksheet.rs - worksheet::Worksheet::write_string (line 384) ... FAILED
[INFO] [stdout] test src/worksheet.rs - worksheet::Worksheet::write_number (line 316) ... FAILED
[INFO] [stdout] test src/worksheet.rs - worksheet::Worksheet::write_formula_str (line 793) ... FAILED
[INFO] [stdout] test src/worksheet.rs - worksheet::Worksheet::write_number (line 332) ... FAILED
[INFO] [stdout] test src/worksheet.rs - worksheet::Worksheet::write_string (line 371) ... FAILED
[INFO] [stdout] test src/worksheet.rs - worksheet::Worksheet::write_url (line 583) ... FAILED
[INFO] [stdout] test src/worksheet.rs - worksheet::Worksheet::write_url (line 612) ... FAILED
[INFO] [stdout] test src/worksheet.rs - worksheet::Worksheet::write_string (line 398) ... FAILED
[INFO] [stdout] test src/worksheet.rs - worksheet::Worksheet::write_url (line 626) ... FAILED
[INFO] [stdout] 
[INFO] [stdout] failures:
[INFO] [stdout] 
[INFO] [stdout] ---- src/chart/mod.rs - chart::Chart::add_series (line 55) stdout ----
[INFO] [stdout] Test executable failed (exit code 1).
[INFO] [stdout] 
[INFO] [stdout] stderr:
[INFO] [stdout] [ERROR] workbook_close(): Error creating 'test-chart-add_series-1.xlsx'. System error = Read-only file system
[INFO] [stdout] Error: XlsxError { error: 2 }
[INFO] [stdout] 
[INFO] [stdout] 
[INFO] [stdout] ---- src/chart/series.rs - chart::series::ChartSeries::set_line (line 187) stdout ----
[INFO] [stdout] Test executable failed (exit code 1).
[INFO] [stdout] 
[INFO] [stdout] stderr:
[INFO] [stdout] [ERROR] workbook_close(): Error creating 'test-chart_series-set_line-1.xlsx'. System error = Read-only file system
[INFO] [stdout] Error: XlsxError { error: 2 }
[INFO] [stdout] 
[INFO] [stdout] 
[INFO] [stdout] ---- src/chart/series.rs - chart::series::ChartSeries::set_fill (line 225) stdout ----
[INFO] [stdout] Test executable failed (exit code 1).
[INFO] [stdout] 
[INFO] [stdout] stderr:
[INFO] [stdout] [ERROR] workbook_close(): Error creating 'test-chart_series-set_fill-1.xlsx'. System error = Read-only file system
[INFO] [stdout] Error: XlsxError { error: 2 }
[INFO] [stdout] 
[INFO] [stdout] 
[INFO] [stdout] ---- src/chart/series.rs - chart::series::ChartSeries::set_name (line 113) stdout ----
[INFO] [stdout] Test executable failed (exit code 1).
[INFO] [stdout] 
[INFO] [stdout] stderr:
[INFO] [stdout] [ERROR] workbook_close(): Error creating 'test-chart_series-set_name-2.xlsx'. System error = Read-only file system
[INFO] [stdout] Error: XlsxError { error: 2 }
[INFO] [stdout] 
[INFO] [stdout] 
[INFO] [stdout] ---- src/chart/series.rs - chart::series::ChartSeries::set_categories (line 17) stdout ----
[INFO] [stdout] Test executable failed (exit code 1).
[INFO] [stdout] 
[INFO] [stdout] stderr:
[INFO] [stdout] [ERROR] workbook_close(): Error creating 'test-chart_series-set_categories-1.xlsx'. System error = Read-only file system
[INFO] [stdout] Error: XlsxError { error: 2 }
[INFO] [stdout] 
[INFO] [stdout] 
[INFO] [stdout] ---- src/chart/mod.rs - chart::Chart::add_series (line 77) stdout ----
[INFO] [stdout] Test executable failed (exit code 1).
[INFO] [stdout] 
[INFO] [stdout] stderr:
[INFO] [stdout] [ERROR] workbook_close(): Error creating 'test-chart-add_series-2.xlsx'. System error = Read-only file system
[INFO] [stdout] Error: XlsxError { error: 2 }
[INFO] [stdout] 
[INFO] [stdout] 
[INFO] [stdout] ---- src/chart/mod.rs - chart::Chart::add_series (line 124) stdout ----
[INFO] [stdout] Test executable failed (exit code 1).
[INFO] [stdout] 
[INFO] [stdout] stderr:
[INFO] [stdout] [ERROR] workbook_close(): Error creating 'test-chart-add_series-4.xlsx'. System error = Read-only file system
[INFO] [stdout] Error: XlsxError { error: 2 }
[INFO] [stdout] 
[INFO] [stdout] 
[INFO] [stdout] ---- src/chart/mod.rs - chart::Chart::add_series (line 99) stdout ----
[INFO] [stdout] Test executable failed (exit code 1).
[INFO] [stdout] 
[INFO] [stdout] stderr:
[INFO] [stdout] [ERROR] workbook_close(): Error creating 'test-chart-add_series-3.xlsx'. System error = Read-only file system
[INFO] [stdout] Error: XlsxError { error: 2 }
[INFO] [stdout] 
[INFO] [stdout] 
[INFO] [stdout] ---- src/chart/series.rs - chart::series::ChartSeries::set_invert_if_negative (line 267) stdout ----
[INFO] [stdout] Test executable failed (exit code 1).
[INFO] [stdout] 
[INFO] [stdout] stderr:
[INFO] [stdout] [ERROR] workbook_close(): Error creating 'test-chart_series-set_invert_if_negative-1.xlsx'. System error = Read-only file system
[INFO] [stdout] Error: XlsxError { error: 2 }
[INFO] [stdout] 
[INFO] [stdout] 
[INFO] [stdout] ---- src/chart/series.rs - chart::series::ChartSeries::set_marker_size (line 382) stdout ----
[INFO] [stdout] Test executable failed (exit code 1).
[INFO] [stdout] 
[INFO] [stdout] stderr:
[INFO] [stdout] [ERROR] workbook_close(): Error creating 'test-chart_series-set_marker-type-1.xlsx'. System error = Read-only file system
[INFO] [stdout] Error: XlsxError { error: 2 }
[INFO] [stdout] 
[INFO] [stdout] 
[INFO] [stdout] ---- src/chart/series.rs - chart::series::ChartSeries::set_marker_line (line 410) stdout ----
[INFO] [stdout] Test executable failed (exit code 1).
[INFO] [stdout] 
[INFO] [stdout] stderr:
[INFO] [stdout] [ERROR] workbook_close(): Error creating 'test-chart_series-set_marker-line-1.xlsx'. System error = Read-only file system
[INFO] [stdout] Error: XlsxError { error: 2 }
[INFO] [stdout] 
[INFO] [stdout] 
[INFO] [stdout] ---- src/chart/series.rs - chart::series::ChartSeries::set_labels (line 517) stdout ----
[INFO] [stdout] Test executable failed (exit code 1).
[INFO] [stdout] 
[INFO] [stdout] stderr:
[INFO] [stdout] [ERROR] workbook_close(): Error creating 'test-chart_series-set_labels-1.xlsx'. System error = Read-only file system
[INFO] [stdout] Error: XlsxError { error: 2 }
[INFO] [stdout] 
[INFO] [stdout] 
[INFO] [stdout] ---- src/chart/series.rs - chart::series::ChartSeries::set_marker_fill (line 446) stdout ----
[INFO] [stdout] Test executable failed (exit code 1).
[INFO] [stdout] 
[INFO] [stdout] stderr:
[INFO] [stdout] [ERROR] workbook_close(): Error creating 'test-chart_series-set_marker-fill-1.xlsx'. System error = Read-only file system
[INFO] [stdout] Error: XlsxError { error: 2 }
[INFO] [stdout] 
[INFO] [stdout] 
[INFO] [stdout] ---- src/chart/mod.rs - chart::Chart (line 14) stdout ----
[INFO] [stdout] Test executable failed (exit code 1).
[INFO] [stdout] 
[INFO] [stdout] stderr:
[INFO] [stdout] [ERROR] workbook_close(): Error creating 'test-chart.xlsx'. System error = Read-only file system
[INFO] [stdout] Error: XlsxError { error: 2 }
[INFO] [stdout] 
[INFO] [stdout] 
[INFO] [stdout] ---- src/chart/series.rs - chart::series::ChartSeries::set_marker_type (line 352) stdout ----
[INFO] [stdout] Test executable failed (exit code 1).
[INFO] [stdout] 
[INFO] [stdout] stderr:
[INFO] [stdout] [ERROR] workbook_close(): Error creating 'test-chart_series-set_marker-type-1.xlsx'. System error = Read-only file system
[INFO] [stdout] Error: XlsxError { error: 2 }
[INFO] [stdout] 
[INFO] [stdout] 
[INFO] [stdout] ---- src/worksheet.rs - worksheet::Worksheet::insert_image_buffer (line 1103) stdout ----
[INFO] [stdout] error: couldn't read src/../../images/simple1.png: No such file or directory (os error 2)
[INFO] [stdout]  --> src/worksheet.rs:1108:12
[INFO] [stdout]   |
[INFO] [stdout] 7 | let data = include_bytes!("../../images/simple1.png");
[INFO] [stdout]   |            ^^^^^^^^^^^^^^^^^^^^^^^^^^^^^^^^^^^^^^^^^^
[INFO] [stdout]   |
[INFO] [stdout]   = note: this error originates in the macro `include_bytes` (in Nightly builds, run with -Z macro-backtrace for more info)
[INFO] [stdout] 
[INFO] [stdout] error: aborting due to previous error
[INFO] [stdout] 
[INFO] [stdout] Couldn't compile the test.
[INFO] [stdout] ---- src/chart/mod.rs - chart::Chart::add_series (line 147) stdout ----
[INFO] [stdout] Test executable failed (exit code 1).
[INFO] [stdout] 
[INFO] [stdout] stderr:
[INFO] [stdout] [ERROR] workbook_close(): Error creating 'test-chart-add_series-5.xlsx'. System error = Read-only file system
[INFO] [stdout] Error: XlsxError { error: 2 }
[INFO] [stdout] 
[INFO] [stdout] 
[INFO] [stdout] ---- src/chart/series.rs - chart::series::ChartSeries::set_name_range (line 149) stdout ----
[INFO] [stdout] Test executable failed (exit code 1).
[INFO] [stdout] 
[INFO] [stdout] stderr:
[INFO] [stdout] [ERROR] workbook_close(): Error creating 'test-chart_series-set_name_range-1.xlsx'. System error = Read-only file system
[INFO] [stdout] Error: XlsxError { error: 2 }
[INFO] [stdout] 
[INFO] [stdout] 
[INFO] [stdout] ---- src/chart/series.rs - chart::series::ChartSeries::set_smooth (line 487) stdout ----
[INFO] [stdout] Test executable failed (exit code 1).
[INFO] [stdout] 
[INFO] [stdout] stderr:
[INFO] [stdout] [ERROR] workbook_close(): Error creating 'test-chart_series-set_smooth-1.xlsx'. System error = Read-only file system
[INFO] [stdout] Error: XlsxError { error: 2 }
[INFO] [stdout] 
[INFO] [stdout] 
[INFO] [stdout] ---- src/workbook.rs - workbook::Workbook (line 9) stdout ----
[INFO] [stdout] Test executable failed (exit code 1).
[INFO] [stdout] 
[INFO] [stdout] stderr:
[INFO] [stdout] [ERROR] workbook_close(): Error creating 'test-workbook.xlsx'. System error = Read-only file system
[INFO] [stdout] Error: XlsxError { error: 2 }
[INFO] [stdout] 
[INFO] [stdout] 
[INFO] [stdout] ---- src/workbook.rs - workbook::Workbook::new_with_options (line 43) stdout ----
[INFO] [stdout] Test executable failed (exit code 1).
[INFO] [stdout] 
[INFO] [stdout] stderr:
[INFO] [stdout] [ERROR] workbook_close(): Error creating 'test-workbook_with_options.xlsx'. System error = Read-only file system
[INFO] [stdout] Error: XlsxError { error: 2 }
[INFO] [stdout] 
[INFO] [stdout] 
[INFO] [stdout] ---- src/chart/series.rs - chart::series::ChartSeries::set_pattern (line 315) stdout ----
[INFO] [stdout] Test executable failed (exit code 1).
[INFO] [stdout] 
[INFO] [stdout] stderr:
[INFO] [stdout] [ERROR] workbook_close(): Error creating 'test-chart_series-set_pattern-1.xlsx'. System error = Read-only file system
[INFO] [stdout] Error: XlsxError { error: 2 }
[INFO] [stdout] 
[INFO] [stdout] 
[INFO] [stdout] ---- src/chart/series.rs - chart::series::ChartSeries::set_name (line 87) stdout ----
[INFO] [stdout] Test executable failed (exit code 1).
[INFO] [stdout] 
[INFO] [stdout] stderr:
[INFO] [stdout] [ERROR] workbook_close(): Error creating 'test-chart_series-set_name-1.xlsx'. System error = Read-only file system
[INFO] [stdout] Error: XlsxError { error: 2 }
[INFO] [stdout] 
[INFO] [stdout] 
[INFO] [stdout] ---- src/workbook.rs - workbook::Workbook::define_name (line 202) stdout ----
[INFO] [stdout] Test executable failed (exit code 1).
[INFO] [stdout] 
[INFO] [stdout] stderr:
[INFO] [stdout] [ERROR] workbook_close(): Error creating 'test-workbook-define_name.xlsx'. System error = Read-only file system
[INFO] [stdout] Error: XlsxError { error: 2 }
[INFO] [stdout] 
[INFO] [stdout] 
[INFO] [stdout] ---- src/lib.rs - (line 28) stdout ----
[INFO] [stdout] Test executable failed (exit code 1).
[INFO] [stdout] 
[INFO] [stdout] stderr:
[INFO] [stdout] [ERROR] workbook_close(): Error creating 'simple1.xlsx'. System error = Read-only file system
[INFO] [stdout] Error: XlsxError { error: 2 }
[INFO] [stdout] 
[INFO] [stdout] 
[INFO] [stdout] ---- src/worksheet.rs - worksheet::Worksheet::write_comment (line 261) stdout ----
[INFO] [stdout] Test executable failed (exit code 1).
[INFO] [stdout] 
[INFO] [stdout] stderr:
[INFO] [stdout] [ERROR] workbook_close(): Error creating 'test-worksheet_write_comment-1.xlsx'. System error = Read-only file system
[INFO] [stdout] Error: XlsxError { error: 2 }
[INFO] [stdout] 
[INFO] [stdout] 
[INFO] [stdout] ---- src/worksheet.rs - worksheet::Worksheet::write_array_formula (line 493) stdout ----
[INFO] [stdout] Test executable failed (exit code 1).
[INFO] [stdout] 
[INFO] [stdout] stderr:
[INFO] [stdout] [ERROR] workbook_close(): Error creating 'test-worksheet_write_array_formula-1.xlsx'. System error = Read-only file system
[INFO] [stdout] Error: XlsxError { error: 2 }
[INFO] [stdout] 
[INFO] [stdout] 
[INFO] [stdout] ---- src/worksheet.rs - worksheet::Worksheet::write_blank (line 705) stdout ----
[INFO] [stdout] Test executable failed (exit code 1).
[INFO] [stdout] 
[INFO] [stdout] stderr:
[INFO] [stdout] [ERROR] workbook_close(): Error creating 'test-worksheet_write_blank-1.xlsx'. System error = Read-only file system
[INFO] [stdout] Error: XlsxError { error: 2 }
[INFO] [stdout] 
[INFO] [stdout] 
[INFO] [stdout] ---- src/worksheet.rs - worksheet::Worksheet (line 243) stdout ----
[INFO] [stdout] Test executable failed (exit code 1).
[INFO] [stdout] 
[INFO] [stdout] stderr:
[INFO] [stdout] [ERROR] workbook_close(): Error creating 'test-worksheet.xlsx'. System error = Read-only file system
[INFO] [stdout] Error: XlsxError { error: 2 }
[INFO] [stdout] 
[INFO] [stdout] 
[INFO] [stdout] ---- src/worksheet.rs - worksheet::Worksheet::insert_image (line 1017) stdout ----
[INFO] [stdout] Test executable failed (exit code 1).
[INFO] [stdout] 
[INFO] [stdout] stderr:
[INFO] [stdout] [WARNING]: worksheet_insert_image()/_opt(): file doesn't exist or can't be opened: ../images/simple1.png.
[INFO] [stdout] [ERROR] workbook_close(): Error creating 'test-worksheet_insert_image-1.xlsx'. System error = Read-only file system
[INFO] [stdout] Error: XlsxError { error: 13 }
[INFO] [stdout] 
[INFO] [stdout] 
[INFO] [stdout] ---- src/worksheet.rs - worksheet::Worksheet::insert_image_opt (line 1056) stdout ----
[INFO] [stdout] Test executable failed (exit code 1).
[INFO] [stdout] 
[INFO] [stdout] stderr:
[INFO] [stdout] [WARNING]: worksheet_insert_image()/_opt(): file doesn't exist or can't be opened: ../images/simple1.png.
[INFO] [stdout] [ERROR] workbook_close(): Error creating 'test-worksheet_insert_image_opt-1.xlsx'. System error = Read-only file system
[INFO] [stdout] Error: XlsxError { error: 13 }
[INFO] [stdout] 
[INFO] [stdout] 
[INFO] [stdout] ---- src/worksheet.rs - worksheet::Worksheet::write_datetime (line 540) stdout ----
[INFO] [stdout] Test executable failed (exit code 1).
[INFO] [stdout] 
[INFO] [stdout] stderr:
[INFO] [stdout] [ERROR] workbook_close(): Error creating 'test-worksheet_write_datetime-1.xlsx'. System error = Read-only file system
[INFO] [stdout] Error: XlsxError { error: 2 }
[INFO] [stdout] 
[INFO] [stdout] 
[INFO] [stdout] ---- src/worksheet.rs - worksheet::Worksheet::write_formula (line 453) stdout ----
[INFO] [stdout] Test executable failed (exit code 1).
[INFO] [stdout] 
[INFO] [stdout] stderr:
[INFO] [stdout] [ERROR] workbook_close(): Error creating 'test-worksheet_write_formula-2.xlsx'. System error = Read-only file system
[INFO] [stdout] Error: XlsxError { error: 2 }
[INFO] [stdout] 
[INFO] [stdout] 
[INFO] [stdout] ---- src/worksheet.rs - worksheet::Worksheet::write_array_formula (line 503) stdout ----
[INFO] [stdout] Test executable failed (exit code 1).
[INFO] [stdout] 
[INFO] [stdout] stderr:
[INFO] [stdout] [ERROR] workbook_close(): Error creating 'test-worksheet_write_array_formula-2.xlsx'. System error = Read-only file system
[INFO] [stdout] Error: XlsxError { error: 2 }
[INFO] [stdout] 
[INFO] [stdout] 
[INFO] [stdout] ---- src/worksheet.rs - worksheet::Worksheet::write_boolean (line 671) stdout ----
[INFO] [stdout] Test executable failed (exit code 1).
[INFO] [stdout] 
[INFO] [stdout] stderr:
[INFO] [stdout] [ERROR] workbook_close(): Error creating 'test-worksheet_write_boolean-1.xlsx'. System error = Read-only file system
[INFO] [stdout] Error: XlsxError { error: 2 }
[INFO] [stdout] 
[INFO] [stdout] 
[INFO] [stdout] ---- src/worksheet.rs - worksheet::Worksheet::write_url (line 596) stdout ----
[INFO] [stdout] Test executable failed (exit code 1).
[INFO] [stdout] 
[INFO] [stdout] stderr:
[INFO] [stdout] [ERROR] workbook_close(): Error creating 'test-worksheet_write_url-2.xlsx'. System error = Read-only file system
[INFO] [stdout] Error: XlsxError { error: 2 }
[INFO] [stdout] 
[INFO] [stdout] 
[INFO] [stdout] ---- src/worksheet.rs - worksheet::Worksheet::write_formula (line 432) stdout ----
[INFO] [stdout] Test executable failed (exit code 1).
[INFO] [stdout] 
[INFO] [stdout] stderr:
[INFO] [stdout] [ERROR] workbook_close(): Error creating 'test-worksheet_write_formula-1.xlsx'. System error = Read-only file system
[INFO] [stdout] Error: XlsxError { error: 2 }
[INFO] [stdout] 
[INFO] [stdout] 
[INFO] [stdout] ---- src/worksheet.rs - worksheet::Worksheet::write_rich_string (line 837) stdout ----
[INFO] [stdout] Test executable failed (exit code 1).
[INFO] [stdout] 
[INFO] [stdout] stderr:
[INFO] [stdout] [ERROR] workbook_close(): Error creating 'test-worksheet_write_richtext-1.xlsx'. System error = Read-only file system
[INFO] [stdout] Error: XlsxError { error: 2 }
[INFO] [stdout] 
[INFO] [stdout] 
[INFO] [stdout] ---- src/worksheet.rs - worksheet::Worksheet::write_formula_num (line 743) stdout ----
[INFO] [stdout] Test executable failed (exit code 1).
[INFO] [stdout] 
[INFO] [stdout] stderr:
[INFO] [stdout] [ERROR] workbook_close(): Error creating 'test-worksheet_write_formula_num-1.xlsx'. System error = Read-only file system
[INFO] [stdout] Error: XlsxError { error: 2 }
[INFO] [stdout] 
[INFO] [stdout] 
[INFO] [stdout] ---- src/worksheet.rs - worksheet::Worksheet::write_string (line 384) stdout ----
[INFO] [stdout] Test executable failed (exit code 1).
[INFO] [stdout] 
[INFO] [stdout] stderr:
[INFO] [stdout] [ERROR] workbook_close(): Error creating 'test-worksheet_write_string-2.xlsx'. System error = Read-only file system
[INFO] [stdout] Error: XlsxError { error: 2 }
[INFO] [stdout] 
[INFO] [stdout] 
[INFO] [stdout] ---- src/worksheet.rs - worksheet::Worksheet::write_number (line 316) stdout ----
[INFO] [stdout] Test executable failed (exit code 1).
[INFO] [stdout] 
[INFO] [stdout] stderr:
[INFO] [stdout] [ERROR] workbook_close(): Error creating 'test-worksheet_write_number-1.xlsx'. System error = Read-only file system
[INFO] [stdout] Error: XlsxError { error: 2 }
[INFO] [stdout] 
[INFO] [stdout] 
[INFO] [stdout] ---- src/worksheet.rs - worksheet::Worksheet::write_formula_str (line 793) stdout ----
[INFO] [stdout] Test executable failed (exit code 1).
[INFO] [stdout] 
[INFO] [stdout] stderr:
[INFO] [stdout] [ERROR] workbook_close(): Error creating 'test-worksheet_write_formula_str-1.xlsx'. System error = Read-only file system
[INFO] [stdout] Error: XlsxError { error: 2 }
[INFO] [stdout] 
[INFO] [stdout] 
[INFO] [stdout] ---- src/worksheet.rs - worksheet::Worksheet::write_number (line 332) stdout ----
[INFO] [stdout] Test executable failed (exit code 1).
[INFO] [stdout] 
[INFO] [stdout] stderr:
[INFO] [stdout] [ERROR] workbook_close(): Error creating 'test-worksheet_write_number-2.xlsx'. System error = Read-only file system
[INFO] [stdout] Error: XlsxError { error: 2 }
[INFO] [stdout] 
[INFO] [stdout] 
[INFO] [stdout] ---- src/worksheet.rs - worksheet::Worksheet::write_string (line 371) stdout ----
[INFO] [stdout] Test executable failed (exit code 1).
[INFO] [stdout] 
[INFO] [stdout] stderr:
[INFO] [stdout] [ERROR] workbook_close(): Error creating 'test-worksheet_write_string-1.xlsx'. System error = Read-only file system
[INFO] [stdout] Error: XlsxError { error: 2 }
[INFO] [stdout] 
[INFO] [stdout] 
[INFO] [stdout] ---- src/worksheet.rs - worksheet::Worksheet::write_url (line 583) stdout ----
[INFO] [stdout] Test executable failed (exit code 1).
[INFO] [stdout] 
[INFO] [stdout] stderr:
[INFO] [stdout] [ERROR] workbook_close(): Error creating 'test-worksheet_write_url-1.xlsx'. System error = Read-only file system
[INFO] [stdout] Error: XlsxError { error: 2 }
[INFO] [stdout] 
[INFO] [stdout] 
[INFO] [stdout] ---- src/worksheet.rs - worksheet::Worksheet::write_url (line 612) stdout ----
[INFO] [stdout] Test executable failed (exit code 1).
[INFO] [stdout] 
[INFO] [stdout] stderr:
[INFO] [stdout] [ERROR] workbook_close(): Error creating 'test-worksheet_write_url-3.xlsx'. System error = Read-only file system
[INFO] [stdout] Error: XlsxError { error: 2 }
[INFO] [stdout] 
[INFO] [stdout] 
[INFO] [stdout] ---- src/worksheet.rs - worksheet::Worksheet::write_string (line 398) stdout ----
[INFO] [stdout] Test executable failed (exit code 1).
[INFO] [stdout] 
[INFO] [stdout] stderr:
[INFO] [stdout] [ERROR] workbook_close(): Error creating 'test-worksheet_write_string-3.xlsx'. System error = Read-only file system
[INFO] [stdout] Error: XlsxError { error: 2 }
[INFO] [stdout] 
[INFO] [stdout] 
[INFO] [stdout] ---- src/worksheet.rs - worksheet::Worksheet::write_url (line 626) stdout ----
[INFO] [stdout] Test executable failed (exit code 1).
[INFO] [stdout] 
[INFO] [stdout] stderr:
[INFO] [stdout] [ERROR] workbook_close(): Error creating 'test-worksheet_write_url-4.xlsx'. System error = Read-only file system
[INFO] [stdout] Error: XlsxError { error: 2 }
[INFO] [stdout] 
[INFO] [stdout] 
[INFO] [stdout] 
[INFO] [stdout] failures:
[INFO] [stdout]     src/chart/mod.rs - chart::Chart (line 14)
[INFO] [stdout]     src/chart/mod.rs - chart::Chart::add_series (line 124)
[INFO] [stdout]     src/chart/mod.rs - chart::Chart::add_series (line 147)
[INFO] [stdout]     src/chart/mod.rs - chart::Chart::add_series (line 55)
[INFO] [stdout]     src/chart/mod.rs - chart::Chart::add_series (line 77)
[INFO] [stdout]     src/chart/mod.rs - chart::Chart::add_series (line 99)
[INFO] [stdout]     src/chart/series.rs - chart::series::ChartSeries::set_categories (line 17)
[INFO] [stdout]     src/chart/series.rs - chart::series::ChartSeries::set_fill (line 225)
[INFO] [stdout]     src/chart/series.rs - chart::series::ChartSeries::set_invert_if_negative (line 267)
[INFO] [stdout]     src/chart/series.rs - chart::series::ChartSeries::set_labels (line 517)
[INFO] [stdout]     src/chart/series.rs - chart::series::ChartSeries::set_line (line 187)
[INFO] [stdout]     src/chart/series.rs - chart::series::ChartSeries::set_marker_fill (line 446)
[INFO] [stdout]     src/chart/series.rs - chart::series::ChartSeries::set_marker_line (line 410)
[INFO] [stdout]     src/chart/series.rs - chart::series::ChartSeries::set_marker_size (line 382)
[INFO] [stdout]     src/chart/series.rs - chart::series::ChartSeries::set_marker_type (line 352)
[INFO] [stdout]     src/chart/series.rs - chart::series::ChartSeries::set_name (line 113)
[INFO] [stdout]     src/chart/series.rs - chart::series::ChartSeries::set_name (line 87)
[INFO] [stdout]     src/chart/series.rs - chart::series::ChartSeries::set_name_range (line 149)
[INFO] [stdout]     src/chart/series.rs - chart::series::ChartSeries::set_pattern (line 315)
[INFO] [stdout]     src/chart/series.rs - chart::series::ChartSeries::set_smooth (line 487)
[INFO] [stdout]     src/lib.rs - (line 28)
[INFO] [stdout]     src/workbook.rs - workbook::Workbook (line 9)
[INFO] [stdout]     src/workbook.rs - workbook::Workbook::define_name (line 202)
[INFO] [stdout]     src/workbook.rs - workbook::Workbook::new_with_options (line 43)
[INFO] [stdout]     src/worksheet.rs - worksheet::Worksheet (line 243)
[INFO] [stdout]     src/worksheet.rs - worksheet::Worksheet::insert_image (line 1017)
[INFO] [stdout]     src/worksheet.rs - worksheet::Worksheet::insert_image_buffer (line 1103)
[INFO] [stdout]     src/worksheet.rs - worksheet::Worksheet::insert_image_opt (line 1056)
[INFO] [stdout]     src/worksheet.rs - worksheet::Worksheet::write_array_formula (line 493)
[INFO] [stdout]     src/worksheet.rs - worksheet::Worksheet::write_array_formula (line 503)
[INFO] [stdout]     src/worksheet.rs - worksheet::Worksheet::write_blank (line 705)
[INFO] [stdout]     src/worksheet.rs - worksheet::Worksheet::write_boolean (line 671)
[INFO] [stdout]     src/worksheet.rs - worksheet::Worksheet::write_comment (line 261)
[INFO] [stdout]     src/worksheet.rs - worksheet::Worksheet::write_datetime (line 540)
[INFO] [stdout]     src/worksheet.rs - worksheet::Worksheet::write_formula (line 432)
[INFO] [stdout]     src/worksheet.rs - worksheet::Worksheet::write_formula (line 453)
[INFO] [stdout]     src/worksheet.rs - worksheet::Worksheet::write_formula_num (line 743)
[INFO] [stdout]     src/worksheet.rs - worksheet::Worksheet::write_formula_str (line 793)
[INFO] [stdout]     src/worksheet.rs - worksheet::Worksheet::write_number (line 316)
[INFO] [stdout]     src/worksheet.rs - worksheet::Worksheet::write_number (line 332)
[INFO] [stdout]     src/worksheet.rs - worksheet::Worksheet::write_rich_string (line 837)
[INFO] [stdout]     src/worksheet.rs - worksheet::Worksheet::write_string (line 371)
[INFO] [stdout]     src/worksheet.rs - worksheet::Worksheet::write_string (line 384)
[INFO] [stdout]     src/worksheet.rs - worksheet::Worksheet::write_string (line 398)
[INFO] [stdout]     src/worksheet.rs - worksheet::Worksheet::write_url (line 583)
[INFO] [stdout]     src/worksheet.rs - worksheet::Worksheet::write_url (line 596)
[INFO] [stdout]     src/worksheet.rs - worksheet::Worksheet::write_url (line 612)
[INFO] [stdout]     src/worksheet.rs - worksheet::Worksheet::write_url (line 626)
[INFO] [stdout] 
[INFO] [stdout] test result: FAILED. 0 passed; 48 failed; 0 ignored; 0 measured; 0 filtered out; finished in 7.62s
[INFO] [stdout] 
[INFO] [stderr] error: test failed, to rerun pass '--doc'
[INFO] running `Command { std: "docker" "inspect" "f0eb7acb96eef47954c79f2b656164a2b39e1327047ba02309fcc01ab518f258", kill_on_drop: false }`
[INFO] running `Command { std: "docker" "rm" "-f" "f0eb7acb96eef47954c79f2b656164a2b39e1327047ba02309fcc01ab518f258", kill_on_drop: false }`
[INFO] [stdout] f0eb7acb96eef47954c79f2b656164a2b39e1327047ba02309fcc01ab518f258
