[INFO] fetching crate xiaotian_s_minigrep 0.1.4...
[INFO] testing xiaotian_s_minigrep-0.1.4 against beta-2021-08-01 for beta-1.55-1
[INFO] extracting crate xiaotian_s_minigrep 0.1.4 into /workspace/builds/worker-6/source
[INFO] validating manifest of crates.io crate xiaotian_s_minigrep 0.1.4 on toolchain beta-2021-08-01
[INFO] running `Command { std: "/workspace/cargo-home/bin/cargo" "+beta-2021-08-01" "metadata" "--manifest-path" "Cargo.toml" "--no-deps", kill_on_drop: false }`
[INFO] started tweaking crates.io crate xiaotian_s_minigrep 0.1.4
[INFO] finished tweaking crates.io crate xiaotian_s_minigrep 0.1.4
[INFO] tweaked toml for crates.io crate xiaotian_s_minigrep 0.1.4 written to /workspace/builds/worker-6/source/Cargo.toml
[INFO] crate crates.io crate xiaotian_s_minigrep 0.1.4 already has a lockfile, it will not be regenerated
[INFO] running `Command { std: "/workspace/cargo-home/bin/cargo" "+beta-2021-08-01" "fetch" "--manifest-path" "Cargo.toml", kill_on_drop: false }`
[INFO] running `Command { std: "docker" "create" "-v" "/var/lib/crater-agent-workspace/builds/worker-6/target:/opt/rustwide/target:rw,Z" "-v" "/var/lib/crater-agent-workspace/builds/worker-6/source:/opt/rustwide/workdir:ro,Z" "-v" "/var/lib/crater-agent-workspace/cargo-home:/opt/rustwide/cargo-home:ro,Z" "-v" "/var/lib/crater-agent-workspace/rustup-home:/opt/rustwide/rustup-home:ro,Z" "-e" "SOURCE_DIR=/opt/rustwide/workdir" "-e" "CARGO_TARGET_DIR=/opt/rustwide/target" "-e" "CARGO_HOME=/opt/rustwide/cargo-home" "-e" "RUSTUP_HOME=/opt/rustwide/rustup-home" "-w" "/opt/rustwide/workdir" "-m" "1610612736" "--user" "0:0" "--network" "none" "ghcr.io/rust-lang/crates-build-env/linux@sha256:34b6a614d2c27851fe6cbf88fbd1137609cefab8b10d0615aaeb6fd47975d74e" "/opt/rustwide/cargo-home/bin/cargo" "+beta-2021-08-01" "metadata" "--no-deps" "--format-version=1", kill_on_drop: false }`
[INFO] [stderr] WARNING: Your kernel does not support swap limit capabilities or the cgroup is not mounted. Memory limited without swap.
[INFO] [stdout] 3b423918ceefaad2fceeca12ac9e0d7fdd745aaaaf8b9145b6ffcbfe98b8dbd3
[INFO] running `Command { std: "docker" "start" "-a" "3b423918ceefaad2fceeca12ac9e0d7fdd745aaaaf8b9145b6ffcbfe98b8dbd3", kill_on_drop: false }`
[INFO] running `Command { std: "docker" "inspect" "3b423918ceefaad2fceeca12ac9e0d7fdd745aaaaf8b9145b6ffcbfe98b8dbd3", kill_on_drop: false }`
[INFO] running `Command { std: "docker" "rm" "-f" "3b423918ceefaad2fceeca12ac9e0d7fdd745aaaaf8b9145b6ffcbfe98b8dbd3", kill_on_drop: false }`
[INFO] [stdout] 3b423918ceefaad2fceeca12ac9e0d7fdd745aaaaf8b9145b6ffcbfe98b8dbd3
[INFO] running `Command { std: "docker" "create" "-v" "/var/lib/crater-agent-workspace/builds/worker-6/target:/opt/rustwide/target:rw,Z" "-v" "/var/lib/crater-agent-workspace/builds/worker-6/source:/opt/rustwide/workdir:ro,Z" "-v" "/var/lib/crater-agent-workspace/cargo-home:/opt/rustwide/cargo-home:ro,Z" "-v" "/var/lib/crater-agent-workspace/rustup-home:/opt/rustwide/rustup-home:ro,Z" "-e" "SOURCE_DIR=/opt/rustwide/workdir" "-e" "CARGO_TARGET_DIR=/opt/rustwide/target" "-e" "CARGO_INCREMENTAL=0" "-e" "RUST_BACKTRACE=full" "-e" "RUSTFLAGS=--cap-lints=warn" "-e" "CARGO_HOME=/opt/rustwide/cargo-home" "-e" "RUSTUP_HOME=/opt/rustwide/rustup-home" "-w" "/opt/rustwide/workdir" "-m" "1610612736" "--user" "0:0" "--network" "none" "ghcr.io/rust-lang/crates-build-env/linux@sha256:34b6a614d2c27851fe6cbf88fbd1137609cefab8b10d0615aaeb6fd47975d74e" "/opt/rustwide/cargo-home/bin/cargo" "+beta-2021-08-01" "build" "--frozen" "--message-format=json", kill_on_drop: false }`
[INFO] [stderr] WARNING: Your kernel does not support swap limit capabilities or the cgroup is not mounted. Memory limited without swap.
[INFO] [stdout] 616dffa919011263906475048b809f4a56eba742227f6210133f00458e4086b3
[INFO] running `Command { std: "docker" "start" "-a" "616dffa919011263906475048b809f4a56eba742227f6210133f00458e4086b3", kill_on_drop: false }`
[INFO] [stderr]    Compiling xiaotian_s_minigrep v0.1.4 (/opt/rustwide/workdir)
[INFO] [stdout] warning: unused import: `std::time::Instant`
[INFO] [stdout]    --> src/lib.rs:104:9
[INFO] [stdout]     |
[INFO] [stdout] 104 |     use std::time::Instant;
[INFO] [stdout]     |         ^^^^^^^^^^^^^^^^^^
[INFO] [stdout]     |
[INFO] [stdout]     = note: `#[warn(unused_imports)]` on by default
[INFO] [stdout] 
[INFO] [stdout] 
[INFO] [stdout] warning: 1 warning emitted
[INFO] [stdout] 
[INFO] [stdout] 
[INFO] [stderr]     Finished dev [unoptimized + debuginfo] target(s) in 1.44s
[INFO] running `Command { std: "docker" "inspect" "616dffa919011263906475048b809f4a56eba742227f6210133f00458e4086b3", kill_on_drop: false }`
[INFO] running `Command { std: "docker" "rm" "-f" "616dffa919011263906475048b809f4a56eba742227f6210133f00458e4086b3", kill_on_drop: false }`
[INFO] [stdout] 616dffa919011263906475048b809f4a56eba742227f6210133f00458e4086b3
[INFO] running `Command { std: "docker" "create" "-v" "/var/lib/crater-agent-workspace/builds/worker-6/target:/opt/rustwide/target:rw,Z" "-v" "/var/lib/crater-agent-workspace/builds/worker-6/source:/opt/rustwide/workdir:ro,Z" "-v" "/var/lib/crater-agent-workspace/cargo-home:/opt/rustwide/cargo-home:ro,Z" "-v" "/var/lib/crater-agent-workspace/rustup-home:/opt/rustwide/rustup-home:ro,Z" "-e" "SOURCE_DIR=/opt/rustwide/workdir" "-e" "CARGO_TARGET_DIR=/opt/rustwide/target" "-e" "CARGO_INCREMENTAL=0" "-e" "RUST_BACKTRACE=full" "-e" "RUSTFLAGS=--cap-lints=warn" "-e" "CARGO_HOME=/opt/rustwide/cargo-home" "-e" "RUSTUP_HOME=/opt/rustwide/rustup-home" "-w" "/opt/rustwide/workdir" "-m" "1610612736" "--user" "0:0" "--network" "none" "ghcr.io/rust-lang/crates-build-env/linux@sha256:34b6a614d2c27851fe6cbf88fbd1137609cefab8b10d0615aaeb6fd47975d74e" "/opt/rustwide/cargo-home/bin/cargo" "+beta-2021-08-01" "test" "--frozen" "--no-run" "--message-format=json", kill_on_drop: false }`
[INFO] [stdout] 93f74881e9cffe2905aaf2608e6bc468e80651b54014b5805a1480ef307efa61
[INFO] [stderr] WARNING: Your kernel does not support swap limit capabilities or the cgroup is not mounted. Memory limited without swap.
[INFO] running `Command { std: "docker" "start" "-a" "93f74881e9cffe2905aaf2608e6bc468e80651b54014b5805a1480ef307efa61", kill_on_drop: false }`
[INFO] [stderr]    Compiling xiaotian_s_minigrep v0.1.4 (/opt/rustwide/workdir)
[INFO] [stdout] warning: unused import: `std::time::Instant`
[INFO] [stdout]    --> src/lib.rs:104:9
[INFO] [stdout]     |
[INFO] [stdout] 104 |     use std::time::Instant;
[INFO] [stdout]     |         ^^^^^^^^^^^^^^^^^^
[INFO] [stdout]     |
[INFO] [stdout]     = note: `#[warn(unused_imports)]` on by default
[INFO] [stdout] 
[INFO] [stdout] 
[INFO] [stdout] warning: 1 warning emitted
[INFO] [stdout] 
[INFO] [stdout] 
[INFO] [stderr]     Finished test [unoptimized + debuginfo] target(s) in 1.09s
[INFO] running `Command { std: "docker" "inspect" "93f74881e9cffe2905aaf2608e6bc468e80651b54014b5805a1480ef307efa61", kill_on_drop: false }`
[INFO] running `Command { std: "docker" "rm" "-f" "93f74881e9cffe2905aaf2608e6bc468e80651b54014b5805a1480ef307efa61", kill_on_drop: false }`
[INFO] [stdout] 93f74881e9cffe2905aaf2608e6bc468e80651b54014b5805a1480ef307efa61
[INFO] running `Command { std: "docker" "create" "-v" "/var/lib/crater-agent-workspace/builds/worker-6/target:/opt/rustwide/target:rw,Z" "-v" "/var/lib/crater-agent-workspace/builds/worker-6/source:/opt/rustwide/workdir:ro,Z" "-v" "/var/lib/crater-agent-workspace/cargo-home:/opt/rustwide/cargo-home:ro,Z" "-v" "/var/lib/crater-agent-workspace/rustup-home:/opt/rustwide/rustup-home:ro,Z" "-e" "SOURCE_DIR=/opt/rustwide/workdir" "-e" "CARGO_TARGET_DIR=/opt/rustwide/target" "-e" "CARGO_INCREMENTAL=0" "-e" "RUST_BACKTRACE=full" "-e" "RUSTFLAGS=--cap-lints=warn" "-e" "CARGO_HOME=/opt/rustwide/cargo-home" "-e" "RUSTUP_HOME=/opt/rustwide/rustup-home" "-w" "/opt/rustwide/workdir" "-m" "1610612736" "--user" "0:0" "--network" "none" "ghcr.io/rust-lang/crates-build-env/linux@sha256:34b6a614d2c27851fe6cbf88fbd1137609cefab8b10d0615aaeb6fd47975d74e" "/opt/rustwide/cargo-home/bin/cargo" "+beta-2021-08-01" "test" "--frozen", kill_on_drop: false }`
[INFO] [stdout] 644c5d47e36913468db285daa5ee63811cb7c1fac014fc3a849ad79ca1de79a5
[INFO] [stderr] WARNING: Your kernel does not support swap limit capabilities or the cgroup is not mounted. Memory limited without swap.
[INFO] running `Command { std: "docker" "start" "-a" "644c5d47e36913468db285daa5ee63811cb7c1fac014fc3a849ad79ca1de79a5", kill_on_drop: false }`
[INFO] [stderr] warning: unused import: `std::time::Instant`
[INFO] [stderr]    --> src/lib.rs:104:9
[INFO] [stderr]     |
[INFO] [stderr] 104 |     use std::time::Instant;
[INFO] [stderr]     |         ^^^^^^^^^^^^^^^^^^
[INFO] [stderr]     |
[INFO] [stderr]     = note: `#[warn(unused_imports)]` on by default
[INFO] [stderr] 
[INFO] [stderr] warning: `xiaotian_s_minigrep` (lib) generated 1 warning
[INFO] [stderr]     Finished test [unoptimized + debuginfo] target(s) in 0.01s
[INFO] [stderr]      Running unittests (/opt/rustwide/target/debug/deps/xiaotian_s_minigrep-e565b848ec5c74bd)
[INFO] [stdout] 
[INFO] [stdout] running 4 tests
[INFO] [stdout] test tests::iter_test ... ok
[INFO] [stdout] test tests::case_sensitive ... ok
[INFO] [stdout] test tests::case_insensitive ... ok
[INFO] [stdout] test pr::test_pr ... ok
[INFO] [stdout] 
[INFO] [stdout] test result: ok. 4 passed; 0 failed; 0 ignored; 0 measured; 0 filtered out; finished in 1.78s
[INFO] [stdout] 
[INFO] [stderr]      Running unittests (/opt/rustwide/target/debug/deps/xiaotian_s_minigrep-7ab9203cad3704b9)
[INFO] [stdout] 
[INFO] [stdout] running 2 tests
[INFO] [stdout] test iter_test ... ok
[INFO] [stdout] test test_ppp ... ok
[INFO] [stdout] 
[INFO] [stdout] test result: ok. 2 passed; 0 failed; 0 ignored; 0 measured; 0 filtered out; finished in 1.74s
[INFO] [stdout] 
[INFO] [stderr]    Doc-tests xiaotian_s_minigrep
[INFO] [stdout] 
[INFO] [stdout] running 2 tests
[INFO] [stdout] test src/lib.rs - run (line 29) ... FAILED
[INFO] [stdout] test src/lib.rs - pr::nth_prime (line 107) ... FAILED
[INFO] [stdout] 
[INFO] [stdout] failures:
[INFO] [stdout] 
[INFO] [stdout] ---- src/lib.rs - run (line 29) stdout ----
[INFO] [stdout] error: unexpected token: `...`
[INFO] [stdout]  --> src/lib.rs:30:26
[INFO] [stdout]   |
[INFO] [stdout] 3 | let config = Config::new(...);
[INFO] [stdout]   |                          ^^^
[INFO] [stdout]   |
[INFO] [stdout] help: use `..` for an exclusive range
[INFO] [stdout]   |
[INFO] [stdout] 3 | let config = Config::new(..);
[INFO] [stdout]   |                          ^^
[INFO] [stdout] help: or `..=` for an inclusive range
[INFO] [stdout]   |
[INFO] [stdout] 3 | let config = Config::new(..=);
[INFO] [stdout]   |                          ^^^
[INFO] [stdout] 
[INFO] [stdout] error[E0586]: inclusive range with no end
[INFO] [stdout]  --> src/lib.rs:30:26
[INFO] [stdout]   |
[INFO] [stdout] 3 | let config = Config::new(...);
[INFO] [stdout]   |                          ^^^ help: use `..` instead
[INFO] [stdout]   |
[INFO] [stdout]   = note: inclusive ranges must be bounded at the end (`..=b` or `a..=b`)
[INFO] [stdout] 
[INFO] [stdout] error[E0433]: failed to resolve: use of undeclared type `Config`
[INFO] [stdout]  --> src/lib.rs:30:14
[INFO] [stdout]   |
[INFO] [stdout] 3 | let config = Config::new(...);
[INFO] [stdout]   |              ^^^^^^ not found in this scope
[INFO] [stdout]   |
[INFO] [stdout] help: consider importing this struct
[INFO] [stdout]   |
[INFO] [stdout] 2 | use xiaotian_s_minigrep::Config;
[INFO] [stdout]   |
[INFO] [stdout] 
[INFO] [stdout] error[E0425]: cannot find function `run` in this scope
[INFO] [stdout]  --> src/lib.rs:31:1
[INFO] [stdout]   |
[INFO] [stdout] 4 | run(config);
[INFO] [stdout]   | ^^^ not found in this scope
[INFO] [stdout]   |
[INFO] [stdout] help: consider importing this function
[INFO] [stdout]   |
[INFO] [stdout] 2 | use xiaotian_s_minigrep::run;
[INFO] [stdout]   |
[INFO] [stdout] 
[INFO] [stdout] error: aborting due to 4 previous errors
[INFO] [stdout] 
[INFO] [stdout] Some errors have detailed explanations: E0425, E0433, E0586.
[INFO] [stdout] For more information about an error, try `rustc --explain E0425`.
[INFO] [stdout] Couldn't compile the test.
[INFO] [stdout] ---- src/lib.rs - pr::nth_prime (line 107) stdout ----
[INFO] [stdout] error[E0425]: cannot find function `nth_prime` in this scope
[INFO] [stdout]  --> src/lib.rs:108:13
[INFO] [stdout]   |
[INFO] [stdout] 3 | let result =nth_prime(300000);
[INFO] [stdout]   |             ^^^^^^^^^ not found in this scope
[INFO] [stdout]   |
[INFO] [stdout] help: consider importing this function
[INFO] [stdout]   |
[INFO] [stdout] 2 | use xiaotian_s_minigrep::pr::nth_prime;
[INFO] [stdout]   |
[INFO] [stdout] 
[INFO] [stdout] error: aborting due to previous error
[INFO] [stdout] 
[INFO] [stdout] For more information about this error, try `rustc --explain E0425`.
[INFO] [stdout] Couldn't compile the test.
[INFO] [stdout] 
[INFO] [stdout] failures:
[INFO] [stdout]     src/lib.rs - pr::nth_prime (line 107)
[INFO] [stdout]     src/lib.rs - run (line 29)
[INFO] [stdout] 
[INFO] [stdout] test result: FAILED. 0 passed; 2 failed; 0 ignored; 0 measured; 0 filtered out; finished in 0.16s
[INFO] [stdout] 
[INFO] [stderr] error: test failed, to rerun pass '--doc'
[INFO] running `Command { std: "docker" "inspect" "644c5d47e36913468db285daa5ee63811cb7c1fac014fc3a849ad79ca1de79a5", kill_on_drop: false }`
[INFO] running `Command { std: "docker" "rm" "-f" "644c5d47e36913468db285daa5ee63811cb7c1fac014fc3a849ad79ca1de79a5", kill_on_drop: false }`
[INFO] [stdout] 644c5d47e36913468db285daa5ee63811cb7c1fac014fc3a849ad79ca1de79a5
