[INFO] fetching crate wrecked 1.0.8...
[INFO] testing wrecked-1.0.8 against 1.54.0 for beta-1.55-1
[INFO] extracting crate wrecked 1.0.8 into /workspace/builds/worker-1/source
[INFO] validating manifest of crates.io crate wrecked 1.0.8 on toolchain 1.54.0
[INFO] running `Command { std: "/workspace/cargo-home/bin/cargo" "+1.54.0" "metadata" "--manifest-path" "Cargo.toml" "--no-deps", kill_on_drop: false }`
[INFO] started tweaking crates.io crate wrecked 1.0.8
[INFO] finished tweaking crates.io crate wrecked 1.0.8
[INFO] tweaked toml for crates.io crate wrecked 1.0.8 written to /workspace/builds/worker-1/source/Cargo.toml
[INFO] crate crates.io crate wrecked 1.0.8 already has a lockfile, it will not be regenerated
[INFO] running `Command { std: "/workspace/cargo-home/bin/cargo" "+1.54.0" "fetch" "--manifest-path" "Cargo.toml", kill_on_drop: false }`
[INFO] running `Command { std: "docker" "create" "-v" "/var/lib/crater-agent-workspace/builds/worker-1/target:/opt/rustwide/target:rw,Z" "-v" "/var/lib/crater-agent-workspace/builds/worker-1/source:/opt/rustwide/workdir:ro,Z" "-v" "/var/lib/crater-agent-workspace/cargo-home:/opt/rustwide/cargo-home:ro,Z" "-v" "/var/lib/crater-agent-workspace/rustup-home:/opt/rustwide/rustup-home:ro,Z" "-e" "SOURCE_DIR=/opt/rustwide/workdir" "-e" "CARGO_TARGET_DIR=/opt/rustwide/target" "-e" "CARGO_HOME=/opt/rustwide/cargo-home" "-e" "RUSTUP_HOME=/opt/rustwide/rustup-home" "-w" "/opt/rustwide/workdir" "-m" "1610612736" "--user" "0:0" "--network" "none" "ghcr.io/rust-lang/crates-build-env/linux@sha256:34b6a614d2c27851fe6cbf88fbd1137609cefab8b10d0615aaeb6fd47975d74e" "/opt/rustwide/cargo-home/bin/cargo" "+1.54.0" "metadata" "--no-deps" "--format-version=1", kill_on_drop: false }`
[INFO] [stderr] WARNING: Your kernel does not support swap limit capabilities or the cgroup is not mounted. Memory limited without swap.
[INFO] [stdout] 29c7ea6bd3bbaebcdd985e93ce16a6924ab600757a5b2cea367d8db680766220
[INFO] running `Command { std: "docker" "start" "-a" "29c7ea6bd3bbaebcdd985e93ce16a6924ab600757a5b2cea367d8db680766220", kill_on_drop: false }`
[INFO] running `Command { std: "docker" "inspect" "29c7ea6bd3bbaebcdd985e93ce16a6924ab600757a5b2cea367d8db680766220", kill_on_drop: false }`
[INFO] running `Command { std: "docker" "rm" "-f" "29c7ea6bd3bbaebcdd985e93ce16a6924ab600757a5b2cea367d8db680766220", kill_on_drop: false }`
[INFO] [stdout] 29c7ea6bd3bbaebcdd985e93ce16a6924ab600757a5b2cea367d8db680766220
[INFO] running `Command { std: "docker" "create" "-v" "/var/lib/crater-agent-workspace/builds/worker-1/target:/opt/rustwide/target:rw,Z" "-v" "/var/lib/crater-agent-workspace/builds/worker-1/source:/opt/rustwide/workdir:ro,Z" "-v" "/var/lib/crater-agent-workspace/cargo-home:/opt/rustwide/cargo-home:ro,Z" "-v" "/var/lib/crater-agent-workspace/rustup-home:/opt/rustwide/rustup-home:ro,Z" "-e" "SOURCE_DIR=/opt/rustwide/workdir" "-e" "CARGO_TARGET_DIR=/opt/rustwide/target" "-e" "CARGO_INCREMENTAL=0" "-e" "RUST_BACKTRACE=full" "-e" "RUSTFLAGS=--cap-lints=warn" "-e" "CARGO_HOME=/opt/rustwide/cargo-home" "-e" "RUSTUP_HOME=/opt/rustwide/rustup-home" "-w" "/opt/rustwide/workdir" "-m" "1610612736" "--user" "0:0" "--network" "none" "ghcr.io/rust-lang/crates-build-env/linux@sha256:34b6a614d2c27851fe6cbf88fbd1137609cefab8b10d0615aaeb6fd47975d74e" "/opt/rustwide/cargo-home/bin/cargo" "+1.54.0" "build" "--frozen" "--message-format=json", kill_on_drop: false }`
[INFO] [stdout] d87855e57304ce6c10eeefc0ac747f681f3df0b14b8923622458ce78c0508abd
[INFO] [stderr] WARNING: Your kernel does not support swap limit capabilities or the cgroup is not mounted. Memory limited without swap.
[INFO] running `Command { std: "docker" "start" "-a" "d87855e57304ce6c10eeefc0ac747f681f3df0b14b8923622458ce78c0508abd", kill_on_drop: false }`
[INFO] [stderr]    Compiling termios v0.3.2
[INFO] [stderr]    Compiling wrecked v1.0.8 (/opt/rustwide/workdir)
[INFO] [stdout] warning: unused variable: `rect`
[INFO] [stdout]     --> src/lib.rs:1172:18
[INFO] [stdout]      |
[INFO] [stdout] 1172 |             Some(rect) => {
[INFO] [stdout]      |                  ^^^^ help: if this is intentional, prefix it with an underscore: `_rect`
[INFO] [stdout]      |
[INFO] [stdout]      = note: `#[warn(unused_variables)]` on by default
[INFO] [stdout] 
[INFO] [stdout] 
[INFO] [stdout] warning: value assigned to `changed` is never read
[INFO] [stdout]     --> src/lib.rs:2652:21
[INFO] [stdout]      |
[INFO] [stdout] 2652 |             let mut changed = true;
[INFO] [stdout]      |                     ^^^^^^^
[INFO] [stdout]      |
[INFO] [stdout]      = note: `#[warn(unused_assignments)]` on by default
[INFO] [stdout]      = help: maybe it is overwritten before being read?
[INFO] [stdout] 
[INFO] [stdout] 
[INFO] [stdout] warning: associated function is never used: `len`
[INFO] [stdout]    --> src/lib.rs:138:12
[INFO] [stdout]     |
[INFO] [stdout] 138 |     pub fn len(&mut self) -> usize {
[INFO] [stdout]     |            ^^^
[INFO] [stdout]     |
[INFO] [stdout]     = note: `#[warn(dead_code)]` on by default
[INFO] [stdout] 
[INFO] [stdout] 
[INFO] [stdout] warning: associated function is never used: `is_plain`
[INFO] [stdout]     --> src/lib.rs:2895:8
[INFO] [stdout]      |
[INFO] [stdout] 2895 |     fn is_plain(&self) -> bool {
[INFO] [stdout]      |        ^^^^^^^^
[INFO] [stdout] 
[INFO] [stdout] 
[INFO] [stdout] warning: associated function is never used: `is_bold`
[INFO] [stdout]     --> src/lib.rs:2899:8
[INFO] [stdout]      |
[INFO] [stdout] 2899 |     fn is_bold(&self) -> bool {
[INFO] [stdout]      |        ^^^^^^^
[INFO] [stdout] 
[INFO] [stdout] 
[INFO] [stdout] warning: associated function is never used: `is_underlined`
[INFO] [stdout]     --> src/lib.rs:2903:8
[INFO] [stdout]      |
[INFO] [stdout] 2903 |     fn is_underlined(&self) -> bool {
[INFO] [stdout]      |        ^^^^^^^^^^^^^
[INFO] [stdout] 
[INFO] [stdout] 
[INFO] [stdout] warning: associated function is never used: `is_inverted`
[INFO] [stdout]     --> src/lib.rs:2907:8
[INFO] [stdout]      |
[INFO] [stdout] 2907 |     fn is_inverted(&self) -> bool {
[INFO] [stdout]      |        ^^^^^^^^^^^
[INFO] [stdout] 
[INFO] [stdout] 
[INFO] [stdout] warning: associated function is never used: `is_italicized`
[INFO] [stdout]     --> src/lib.rs:2911:8
[INFO] [stdout]      |
[INFO] [stdout] 2911 |     fn is_italicized(&self) -> bool {
[INFO] [stdout]      |        ^^^^^^^^^^^^^
[INFO] [stdout] 
[INFO] [stdout] 
[INFO] [stdout] warning: associated function is never used: `is_striken`
[INFO] [stdout]     --> src/lib.rs:2915:8
[INFO] [stdout]      |
[INFO] [stdout] 2915 |     fn is_striken(&self) -> bool {
[INFO] [stdout]      |        ^^^^^^^^^^
[INFO] [stdout] 
[INFO] [stdout] 
[INFO] [stdout] warning: associated function is never used: `is_blinking`
[INFO] [stdout]     --> src/lib.rs:2919:8
[INFO] [stdout]      |
[INFO] [stdout] 2919 |     fn is_blinking(&self) -> bool {
[INFO] [stdout]      |        ^^^^^^^^^^^
[INFO] [stdout] 
[INFO] [stdout] 
[INFO] [stdout] warning: associated function is never used: `has_child`
[INFO] [stdout]     --> src/lib.rs:2923:8
[INFO] [stdout]      |
[INFO] [stdout] 2923 |     fn has_child(&self, child_id: usize) -> bool {
[INFO] [stdout]      |        ^^^^^^^^^
[INFO] [stdout] 
[INFO] [stdout] 
[INFO] [stdout] warning: unused `Result` that must be used
[INFO] [stdout]     --> src/lib.rs:1075:9
[INFO] [stdout]      |
[INFO] [stdout] 1075 |         self.flag_parent_refresh(rect_id);
[INFO] [stdout]      |         ^^^^^^^^^^^^^^^^^^^^^^^^^^^^^^^^^^
[INFO] [stdout]      |
[INFO] [stdout]      = note: `#[warn(unused_must_use)]` on by default
[INFO] [stdout]      = note: this `Result` may be an `Err` variant, which should be handled
[INFO] [stdout] 
[INFO] [stdout] 
[INFO] [stdout] warning: 12 warnings emitted
[INFO] [stdout] 
[INFO] [stdout] 
[INFO] [stderr]     Finished dev [unoptimized + debuginfo] target(s) in 1.40s
[INFO] running `Command { std: "docker" "inspect" "d87855e57304ce6c10eeefc0ac747f681f3df0b14b8923622458ce78c0508abd", kill_on_drop: false }`
[INFO] running `Command { std: "docker" "rm" "-f" "d87855e57304ce6c10eeefc0ac747f681f3df0b14b8923622458ce78c0508abd", kill_on_drop: false }`
[INFO] [stdout] d87855e57304ce6c10eeefc0ac747f681f3df0b14b8923622458ce78c0508abd
[INFO] running `Command { std: "docker" "create" "-v" "/var/lib/crater-agent-workspace/builds/worker-1/target:/opt/rustwide/target:rw,Z" "-v" "/var/lib/crater-agent-workspace/builds/worker-1/source:/opt/rustwide/workdir:ro,Z" "-v" "/var/lib/crater-agent-workspace/cargo-home:/opt/rustwide/cargo-home:ro,Z" "-v" "/var/lib/crater-agent-workspace/rustup-home:/opt/rustwide/rustup-home:ro,Z" "-e" "SOURCE_DIR=/opt/rustwide/workdir" "-e" "CARGO_TARGET_DIR=/opt/rustwide/target" "-e" "CARGO_INCREMENTAL=0" "-e" "RUST_BACKTRACE=full" "-e" "RUSTFLAGS=--cap-lints=warn" "-e" "CARGO_HOME=/opt/rustwide/cargo-home" "-e" "RUSTUP_HOME=/opt/rustwide/rustup-home" "-w" "/opt/rustwide/workdir" "-m" "1610612736" "--user" "0:0" "--network" "none" "ghcr.io/rust-lang/crates-build-env/linux@sha256:34b6a614d2c27851fe6cbf88fbd1137609cefab8b10d0615aaeb6fd47975d74e" "/opt/rustwide/cargo-home/bin/cargo" "+1.54.0" "test" "--frozen" "--no-run" "--message-format=json", kill_on_drop: false }`
[INFO] [stderr] WARNING: Your kernel does not support swap limit capabilities or the cgroup is not mounted. Memory limited without swap.
[INFO] [stdout] 8f8ed5711a20315f19fbe6e65e48883fe1c1c6eb9c3b0992f68299d55ac6ff1c
[INFO] running `Command { std: "docker" "start" "-a" "8f8ed5711a20315f19fbe6e65e48883fe1c1c6eb9c3b0992f68299d55ac6ff1c", kill_on_drop: false }`
[INFO] [stderr]    Compiling wrecked v1.0.8 (/opt/rustwide/workdir)
[INFO] [stdout] warning: unused variable: `rect`
[INFO] [stdout]     --> src/lib.rs:1172:18
[INFO] [stdout]      |
[INFO] [stdout] 1172 |             Some(rect) => {
[INFO] [stdout]      |                  ^^^^ help: if this is intentional, prefix it with an underscore: `_rect`
[INFO] [stdout]      |
[INFO] [stdout]      = note: `#[warn(unused_variables)]` on by default
[INFO] [stdout] 
[INFO] [stdout] 
[INFO] [stdout] warning: value assigned to `changed` is never read
[INFO] [stdout]     --> src/lib.rs:2652:21
[INFO] [stdout]      |
[INFO] [stdout] 2652 |             let mut changed = true;
[INFO] [stdout]      |                     ^^^^^^^
[INFO] [stdout]      |
[INFO] [stdout]      = note: `#[warn(unused_assignments)]` on by default
[INFO] [stdout]      = help: maybe it is overwritten before being read?
[INFO] [stdout] 
[INFO] [stdout] 
[INFO] [stdout] warning: associated function is never used: `len`
[INFO] [stdout]    --> src/lib.rs:138:12
[INFO] [stdout]     |
[INFO] [stdout] 138 |     pub fn len(&mut self) -> usize {
[INFO] [stdout]     |            ^^^
[INFO] [stdout]     |
[INFO] [stdout]     = note: `#[warn(dead_code)]` on by default
[INFO] [stdout] 
[INFO] [stdout] 
[INFO] [stdout] warning: associated function is never used: `is_plain`
[INFO] [stdout]     --> src/lib.rs:2895:8
[INFO] [stdout]      |
[INFO] [stdout] 2895 |     fn is_plain(&self) -> bool {
[INFO] [stdout]      |        ^^^^^^^^
[INFO] [stdout] 
[INFO] [stdout] 
[INFO] [stdout] warning: associated function is never used: `is_bold`
[INFO] [stdout]     --> src/lib.rs:2899:8
[INFO] [stdout]      |
[INFO] [stdout] 2899 |     fn is_bold(&self) -> bool {
[INFO] [stdout]      |        ^^^^^^^
[INFO] [stdout] 
[INFO] [stdout] 
[INFO] [stdout] warning: associated function is never used: `is_underlined`
[INFO] [stdout]     --> src/lib.rs:2903:8
[INFO] [stdout]      |
[INFO] [stdout] 2903 |     fn is_underlined(&self) -> bool {
[INFO] [stdout]      |        ^^^^^^^^^^^^^
[INFO] [stdout] 
[INFO] [stdout] 
[INFO] [stdout] warning: associated function is never used: `is_inverted`
[INFO] [stdout]     --> src/lib.rs:2907:8
[INFO] [stdout]      |
[INFO] [stdout] 2907 |     fn is_inverted(&self) -> bool {
[INFO] [stdout]      |        ^^^^^^^^^^^
[INFO] [stdout] 
[INFO] [stdout] 
[INFO] [stdout] warning: associated function is never used: `is_italicized`
[INFO] [stdout]     --> src/lib.rs:2911:8
[INFO] [stdout]      |
[INFO] [stdout] 2911 |     fn is_italicized(&self) -> bool {
[INFO] [stdout]      |        ^^^^^^^^^^^^^
[INFO] [stdout] 
[INFO] [stdout] 
[INFO] [stdout] warning: associated function is never used: `is_striken`
[INFO] [stdout]     --> src/lib.rs:2915:8
[INFO] [stdout]      |
[INFO] [stdout] 2915 |     fn is_striken(&self) -> bool {
[INFO] [stdout]      |        ^^^^^^^^^^
[INFO] [stdout] 
[INFO] [stdout] 
[INFO] [stdout] warning: associated function is never used: `is_blinking`
[INFO] [stdout]     --> src/lib.rs:2919:8
[INFO] [stdout]      |
[INFO] [stdout] 2919 |     fn is_blinking(&self) -> bool {
[INFO] [stdout]      |        ^^^^^^^^^^^
[INFO] [stdout] 
[INFO] [stdout] 
[INFO] [stdout] warning: associated function is never used: `has_child`
[INFO] [stdout]     --> src/lib.rs:2923:8
[INFO] [stdout]      |
[INFO] [stdout] 2923 |     fn has_child(&self, child_id: usize) -> bool {
[INFO] [stdout]      |        ^^^^^^^^^
[INFO] [stdout] 
[INFO] [stdout] 
[INFO] [stdout] warning: unused `Result` that must be used
[INFO] [stdout]     --> src/lib.rs:1075:9
[INFO] [stdout]      |
[INFO] [stdout] 1075 |         self.flag_parent_refresh(rect_id);
[INFO] [stdout]      |         ^^^^^^^^^^^^^^^^^^^^^^^^^^^^^^^^^^
[INFO] [stdout]      |
[INFO] [stdout]      = note: `#[warn(unused_must_use)]` on by default
[INFO] [stdout]      = note: this `Result` may be an `Err` variant, which should be handled
[INFO] [stdout] 
[INFO] [stdout] 
[INFO] [stdout] warning: 12 warnings emitted
[INFO] [stdout] 
[INFO] [stdout] 
[INFO] [stdout] warning: unused variable: `x`
[INFO] [stdout]   --> examples/wave.rs:10:9
[INFO] [stdout]    |
[INFO] [stdout] 10 |     for x in 0 .. width {
[INFO] [stdout]    |         ^ help: if this is intentional, prefix it with an underscore: `_x`
[INFO] [stdout]    |
[INFO] [stdout]    = note: `#[warn(unused_variables)]` on by default
[INFO] [stdout] 
[INFO] [stdout] 
[INFO] [stdout] warning: unused `Result` that must be used
[INFO] [stdout]   --> examples/wave.rs:12:9
[INFO] [stdout]    |
[INFO] [stdout] 12 |         rectmanager.set_bg_color(rect_id, wrecked::Color::YELLOW);
[INFO] [stdout]    |         ^^^^^^^^^^^^^^^^^^^^^^^^^^^^^^^^^^^^^^^^^^^^^^^^^^^^^^^^^^
[INFO] [stdout]    |
[INFO] [stdout]    = note: `#[warn(unused_must_use)]` on by default
[INFO] [stdout]    = note: this `Result` may be an `Err` variant, which should be handled
[INFO] [stdout] 
[INFO] [stdout] 
[INFO] [stdout] warning: unused `Result` that must be used
[INFO] [stdout]   --> examples/wave.rs:13:9
[INFO] [stdout]    |
[INFO] [stdout] 13 |         rectmanager.set_character(rect_id, 0, 0, ' ');
[INFO] [stdout]    |         ^^^^^^^^^^^^^^^^^^^^^^^^^^^^^^^^^^^^^^^^^^^^^^
[INFO] [stdout]    |
[INFO] [stdout]    = note: this `Result` may be an `Err` variant, which should be handled
[INFO] [stdout] 
[INFO] [stdout] 
[INFO] [stdout] warning: unused `Result` that must be used
[INFO] [stdout]   --> examples/wave.rs:17:5
[INFO] [stdout]    |
[INFO] [stdout] 17 |     rectmanager.render();
[INFO] [stdout]    |     ^^^^^^^^^^^^^^^^^^^^^
[INFO] [stdout]    |
[INFO] [stdout]    = note: this `Result` may be an `Err` variant, which should be handled
[INFO] [stdout] 
[INFO] [stdout] 
[INFO] [stdout] warning: unused `Result` that must be used
[INFO] [stdout]   --> examples/wave.rs:23:9
[INFO] [stdout]    |
[INFO] [stdout] 23 |         rectmanager.set_position(rect_id, (x % width) as isize, y);
[INFO] [stdout]    |         ^^^^^^^^^^^^^^^^^^^^^^^^^^^^^^^^^^^^^^^^^^^^^^^^^^^^^^^^^^^
[INFO] [stdout]    |
[INFO] [stdout]    = note: this `Result` may be an `Err` variant, which should be handled
[INFO] [stdout] 
[INFO] [stdout] 
[INFO] [stdout] warning: unused `Result` that must be used
[INFO] [stdout]   --> examples/wave.rs:24:9
[INFO] [stdout]    |
[INFO] [stdout] 24 |         rectmanager.draw(rect_id);
[INFO] [stdout]    |         ^^^^^^^^^^^^^^^^^^^^^^^^^^
[INFO] [stdout]    |
[INFO] [stdout]    = note: this `Result` may be an `Err` variant, which should be handled
[INFO] [stdout] 
[INFO] [stdout] 
[INFO] [stdout] warning: unused `Result` that must be used
[INFO] [stdout]   --> examples/wave.rs:30:9
[INFO] [stdout]    |
[INFO] [stdout] 30 |         rectmanager.set_bg_color(*rect, wrecked::Color::BLUE);
[INFO] [stdout]    |         ^^^^^^^^^^^^^^^^^^^^^^^^^^^^^^^^^^^^^^^^^^^^^^^^^^^^^^
[INFO] [stdout]    |
[INFO] [stdout]    = note: this `Result` may be an `Err` variant, which should be handled
[INFO] [stdout] 
[INFO] [stdout] 
[INFO] [stdout] warning: unused `Result` that must be used
[INFO] [stdout]   --> examples/wave.rs:37:9
[INFO] [stdout]    |
[INFO] [stdout] 37 |         rectmanager.set_position(rect_id, (x % width) as isize, y);
[INFO] [stdout]    |         ^^^^^^^^^^^^^^^^^^^^^^^^^^^^^^^^^^^^^^^^^^^^^^^^^^^^^^^^^^^
[INFO] [stdout]    |
[INFO] [stdout]    = note: this `Result` may be an `Err` variant, which should be handled
[INFO] [stdout] 
[INFO] [stdout] 
[INFO] [stdout] warning: unused `Result` that must be used
[INFO] [stdout]   --> examples/wave.rs:38:9
[INFO] [stdout]    |
[INFO] [stdout] 38 |         rectmanager.render();
[INFO] [stdout]    |         ^^^^^^^^^^^^^^^^^^^^^
[INFO] [stdout]    |
[INFO] [stdout]    = note: this `Result` may be an `Err` variant, which should be handled
[INFO] [stdout] 
[INFO] [stdout] 
[INFO] [stdout] warning: unused `Result` that must be used
[INFO] [stdout]   --> examples/wave.rs:43:5
[INFO] [stdout]    |
[INFO] [stdout] 43 |     rectmanager.kill();
[INFO] [stdout]    |     ^^^^^^^^^^^^^^^^^^^
[INFO] [stdout]    |
[INFO] [stdout]    = note: this `Result` may be an `Err` variant, which should be handled
[INFO] [stdout] 
[INFO] [stdout] 
[INFO] [stdout] warning: unnecessary parentheses around assigned value
[INFO] [stdout]    --> src/tests.rs:760:17
[INFO] [stdout]     |
[INFO] [stdout] 760 |         let s = (10 - (3 * i));
[INFO] [stdout]     |                 ^^^^^^^^^^^^^^ help: remove these parentheses
[INFO] [stdout]     |
[INFO] [stdout]     = note: `#[warn(unused_parens)]` on by default
[INFO] [stdout] 
[INFO] [stdout] 
[INFO] [stdout] warning: unused variable: `rect`
[INFO] [stdout]     --> src/lib.rs:1172:18
[INFO] [stdout]      |
[INFO] [stdout] 1172 |             Some(rect) => {
[INFO] [stdout]      |                  ^^^^ help: if this is intentional, prefix it with an underscore: `_rect`
[INFO] [stdout]      |
[INFO] [stdout]      = note: `#[warn(unused_variables)]` on by default
[INFO] [stdout] 
[INFO] [stdout] 
[INFO] [stdout] warning: value assigned to `changed` is never read
[INFO] [stdout]     --> src/lib.rs:2652:21
[INFO] [stdout]      |
[INFO] [stdout] 2652 |             let mut changed = true;
[INFO] [stdout]      |                     ^^^^^^^
[INFO] [stdout]      |
[INFO] [stdout]      = note: `#[warn(unused_assignments)]` on by default
[INFO] [stdout]      = help: maybe it is overwritten before being read?
[INFO] [stdout] 
[INFO] [stdout] 
[INFO] [stdout] warning: associated function is never used: `len`
[INFO] [stdout]    --> src/lib.rs:138:12
[INFO] [stdout]     |
[INFO] [stdout] 138 |     pub fn len(&mut self) -> usize {
[INFO] [stdout]     |            ^^^
[INFO] [stdout]     |
[INFO] [stdout]     = note: `#[warn(dead_code)]` on by default
[INFO] [stdout] 
[INFO] [stdout] 
[INFO] [stdout] warning: unused `Result` that must be used
[INFO] [stdout]     --> src/lib.rs:1075:9
[INFO] [stdout]      |
[INFO] [stdout] 1075 |         self.flag_parent_refresh(rect_id);
[INFO] [stdout]      |         ^^^^^^^^^^^^^^^^^^^^^^^^^^^^^^^^^^
[INFO] [stdout]      |
[INFO] [stdout]      = note: `#[warn(unused_must_use)]` on by default
[INFO] [stdout]      = note: this `Result` may be an `Err` variant, which should be handled
[INFO] [stdout] 
[INFO] [stdout] 
[INFO] [stdout] warning: unused `Result` that must be used
[INFO] [stdout]    --> src/tests.rs:706:5
[INFO] [stdout]     |
[INFO] [stdout] 706 |     rectmanager.set_bg_color(rect_id, Color::BLUE);
[INFO] [stdout]     |     ^^^^^^^^^^^^^^^^^^^^^^^^^^^^^^^^^^^^^^^^^^^^^^^
[INFO] [stdout]     |
[INFO] [stdout]     = note: this `Result` may be an `Err` variant, which should be handled
[INFO] [stdout] 
[INFO] [stdout] 
[INFO] [stdout] warning: unused `Result` that must be used
[INFO] [stdout]    --> src/tests.rs:736:9
[INFO] [stdout]     |
[INFO] [stdout] 736 |         rectmanager.new_rect(ROOT);
[INFO] [stdout]     |         ^^^^^^^^^^^^^^^^^^^^^^^^^^^
[INFO] [stdout]     |
[INFO] [stdout]     = note: this `Result` may be an `Err` variant, which should be handled
[INFO] [stdout] 
[INFO] [stdout] 
[INFO] [stdout] warning: unused `Result` that must be used
[INFO] [stdout]    --> src/tests.rs:739:5
[INFO] [stdout]     |
[INFO] [stdout] 739 |     rectmanager.delete_rect(4);
[INFO] [stdout]     |     ^^^^^^^^^^^^^^^^^^^^^^^^^^^
[INFO] [stdout]     |
[INFO] [stdout]     = note: this `Result` may be an `Err` variant, which should be handled
[INFO] [stdout] 
[INFO] [stdout] 
[INFO] [stdout] warning: unused `Result` that must be used
[INFO] [stdout]    --> src/tests.rs:741:5
[INFO] [stdout]     |
[INFO] [stdout] 741 |     rectmanager.delete_rect(1);
[INFO] [stdout]     |     ^^^^^^^^^^^^^^^^^^^^^^^^^^^
[INFO] [stdout]     |
[INFO] [stdout]     = note: this `Result` may be an `Err` variant, which should be handled
[INFO] [stdout] 
[INFO] [stdout] 
[INFO] [stdout] warning: unused `Result` that must be used
[INFO] [stdout]    --> src/tests.rs:744:5
[INFO] [stdout]     |
[INFO] [stdout] 744 |     rectmanager.delete_rect(2);
[INFO] [stdout]     |     ^^^^^^^^^^^^^^^^^^^^^^^^^^^
[INFO] [stdout]     |
[INFO] [stdout]     = note: this `Result` may be an `Err` variant, which should be handled
[INFO] [stdout] 
[INFO] [stdout] 
[INFO] [stdout] warning: unused `Result` that must be used
[INFO] [stdout]    --> src/tests.rs:747:5
[INFO] [stdout]     |
[INFO] [stdout] 747 |     rectmanager.delete_rect(3);
[INFO] [stdout]     |     ^^^^^^^^^^^^^^^^^^^^^^^^^^^
[INFO] [stdout]     |
[INFO] [stdout]     = note: this `Result` may be an `Err` variant, which should be handled
[INFO] [stdout] 
[INFO] [stdout] 
[INFO] [stdout] warning: unused `Result` that must be used
[INFO] [stdout]    --> src/tests.rs:761:9
[INFO] [stdout]     |
[INFO] [stdout] 761 |         rectmanager.resize(working_rect, s, s);
[INFO] [stdout]     |         ^^^^^^^^^^^^^^^^^^^^^^^^^^^^^^^^^^^^^^^
[INFO] [stdout]     |
[INFO] [stdout]     = note: this `Result` may be an `Err` variant, which should be handled
[INFO] [stdout] 
[INFO] [stdout] 
[INFO] [stdout] warning: unused `Result` that must be used
[INFO] [stdout]    --> src/tests.rs:762:9
[INFO] [stdout]     |
[INFO] [stdout] 762 |         rectmanager.set_position(working_rect, 2, 2);
[INFO] [stdout]     |         ^^^^^^^^^^^^^^^^^^^^^^^^^^^^^^^^^^^^^^^^^^^^^
[INFO] [stdout]     |
[INFO] [stdout]     = note: this `Result` may be an `Err` variant, which should be handled
[INFO] [stdout] 
[INFO] [stdout] 
[INFO] [stdout] warning: unused `Result` that must be used
[INFO] [stdout]    --> src/tests.rs:767:5
[INFO] [stdout]     |
[INFO] [stdout] 767 |     rectmanager.render();
[INFO] [stdout]     |     ^^^^^^^^^^^^^^^^^^^^^
[INFO] [stdout]     |
[INFO] [stdout]     = note: this `Result` may be an `Err` variant, which should be handled
[INFO] [stdout] 
[INFO] [stdout] 
[INFO] [stdout] warning: unused `Result` that must be used
[INFO] [stdout]    --> src/tests.rs:770:5
[INFO] [stdout]     |
[INFO] [stdout] 770 |     rectmanager.set_character(*rects.last().unwrap(), 0, 0, 'X');
[INFO] [stdout]     |     ^^^^^^^^^^^^^^^^^^^^^^^^^^^^^^^^^^^^^^^^^^^^^^^^^^^^^^^^^^^^^
[INFO] [stdout]     |
[INFO] [stdout]     = note: this `Result` may be an `Err` variant, which should be handled
[INFO] [stdout] 
[INFO] [stdout] 
[INFO] [stdout] warning: 10 warnings emitted
[INFO] [stdout] 
[INFO] [stdout] 
[INFO] [stdout] warning: 15 warnings emitted
[INFO] [stdout] 
[INFO] [stdout] 
[INFO] [stderr]     Finished test [unoptimized + debuginfo] target(s) in 2.65s
[INFO] running `Command { std: "docker" "inspect" "8f8ed5711a20315f19fbe6e65e48883fe1c1c6eb9c3b0992f68299d55ac6ff1c", kill_on_drop: false }`
[INFO] running `Command { std: "docker" "rm" "-f" "8f8ed5711a20315f19fbe6e65e48883fe1c1c6eb9c3b0992f68299d55ac6ff1c", kill_on_drop: false }`
[INFO] [stdout] 8f8ed5711a20315f19fbe6e65e48883fe1c1c6eb9c3b0992f68299d55ac6ff1c
[INFO] running `Command { std: "docker" "create" "-v" "/var/lib/crater-agent-workspace/builds/worker-1/target:/opt/rustwide/target:rw,Z" "-v" "/var/lib/crater-agent-workspace/builds/worker-1/source:/opt/rustwide/workdir:ro,Z" "-v" "/var/lib/crater-agent-workspace/cargo-home:/opt/rustwide/cargo-home:ro,Z" "-v" "/var/lib/crater-agent-workspace/rustup-home:/opt/rustwide/rustup-home:ro,Z" "-e" "SOURCE_DIR=/opt/rustwide/workdir" "-e" "CARGO_TARGET_DIR=/opt/rustwide/target" "-e" "CARGO_INCREMENTAL=0" "-e" "RUST_BACKTRACE=full" "-e" "RUSTFLAGS=--cap-lints=warn" "-e" "CARGO_HOME=/opt/rustwide/cargo-home" "-e" "RUSTUP_HOME=/opt/rustwide/rustup-home" "-w" "/opt/rustwide/workdir" "-m" "1610612736" "--user" "0:0" "--network" "none" "ghcr.io/rust-lang/crates-build-env/linux@sha256:34b6a614d2c27851fe6cbf88fbd1137609cefab8b10d0615aaeb6fd47975d74e" "/opt/rustwide/cargo-home/bin/cargo" "+1.54.0" "test" "--frozen", kill_on_drop: false }`
[INFO] [stdout] 8afb98ed7ac8d325d25444b50299f24ffd8342f48f2bcfe9f24910dc6657d01f
[INFO] [stderr] WARNING: Your kernel does not support swap limit capabilities or the cgroup is not mounted. Memory limited without swap.
[INFO] running `Command { std: "docker" "start" "-a" "8afb98ed7ac8d325d25444b50299f24ffd8342f48f2bcfe9f24910dc6657d01f", kill_on_drop: false }`
[INFO] [stderr] warning: unused variable: `rect`
[INFO] [stderr]     --> src/lib.rs:1172:18
[INFO] [stderr]      |
[INFO] [stderr] 1172 |             Some(rect) => {
[INFO] [stderr]      |                  ^^^^ help: if this is intentional, prefix it with an underscore: `_rect`
[INFO] [stderr]      |
[INFO] [stderr]      = note: `#[warn(unused_variables)]` on by default
[INFO] [stderr] 
[INFO] [stderr] warning: value assigned to `changed` is never read
[INFO] [stderr]     --> src/lib.rs:2652:21
[INFO] [stderr]      |
[INFO] [stderr] 2652 |             let mut changed = true;
[INFO] [stderr]      |                     ^^^^^^^
[INFO] [stderr]      |
[INFO] [stderr]      = note: `#[warn(unused_assignments)]` on by default
[INFO] [stderr]      = help: maybe it is overwritten before being read?
[INFO] [stderr] 
[INFO] [stderr] warning: associated function is never used: `len`
[INFO] [stderr]    --> src/lib.rs:138:12
[INFO] [stderr]     |
[INFO] [stderr] 138 |     pub fn len(&mut self) -> usize {
[INFO] [stderr]     |            ^^^
[INFO] [stderr]     |
[INFO] [stderr]     = note: `#[warn(dead_code)]` on by default
[INFO] [stderr] 
[INFO] [stderr] warning: associated function is never used: `is_plain`
[INFO] [stderr]     --> src/lib.rs:2895:8
[INFO] [stderr]      |
[INFO] [stderr] 2895 |     fn is_plain(&self) -> bool {
[INFO] [stderr]      |        ^^^^^^^^
[INFO] [stderr] 
[INFO] [stderr] warning: associated function is never used: `is_bold`
[INFO] [stderr]     --> src/lib.rs:2899:8
[INFO] [stderr]      |
[INFO] [stderr] 2899 |     fn is_bold(&self) -> bool {
[INFO] [stderr]      |        ^^^^^^^
[INFO] [stderr] 
[INFO] [stderr] warning: associated function is never used: `is_underlined`
[INFO] [stderr]     --> src/lib.rs:2903:8
[INFO] [stderr]      |
[INFO] [stderr] 2903 |     fn is_underlined(&self) -> bool {
[INFO] [stderr]      |        ^^^^^^^^^^^^^
[INFO] [stderr] 
[INFO] [stderr] warning: associated function is never used: `is_inverted`
[INFO] [stderr]     --> src/lib.rs:2907:8
[INFO] [stderr]      |
[INFO] [stderr] 2907 |     fn is_inverted(&self) -> bool {
[INFO] [stderr]      |        ^^^^^^^^^^^
[INFO] [stderr] 
[INFO] [stderr] warning: associated function is never used: `is_italicized`
[INFO] [stderr]     --> src/lib.rs:2911:8
[INFO] [stderr]      |
[INFO] [stderr] 2911 |     fn is_italicized(&self) -> bool {
[INFO] [stderr]      |        ^^^^^^^^^^^^^
[INFO] [stderr] 
[INFO] [stderr] warning: associated function is never used: `is_striken`
[INFO] [stderr]     --> src/lib.rs:2915:8
[INFO] [stderr]      |
[INFO] [stderr] 2915 |     fn is_striken(&self) -> bool {
[INFO] [stderr]      |        ^^^^^^^^^^
[INFO] [stderr] 
[INFO] [stderr] warning: associated function is never used: `is_blinking`
[INFO] [stderr]     --> src/lib.rs:2919:8
[INFO] [stderr]      |
[INFO] [stderr] 2919 |     fn is_blinking(&self) -> bool {
[INFO] [stderr]      |        ^^^^^^^^^^^
[INFO] [stderr] 
[INFO] [stderr] warning: associated function is never used: `has_child`
[INFO] [stderr]     --> src/lib.rs:2923:8
[INFO] [stderr]      |
[INFO] [stderr] 2923 |     fn has_child(&self, child_id: usize) -> bool {
[INFO] [stderr]      |        ^^^^^^^^^
[INFO] [stderr] 
[INFO] [stderr] warning: unused `Result` that must be used
[INFO] [stderr]     --> src/lib.rs:1075:9
[INFO] [stderr]      |
[INFO] [stderr] 1075 |         self.flag_parent_refresh(rect_id);
[INFO] [stderr]      |         ^^^^^^^^^^^^^^^^^^^^^^^^^^^^^^^^^^
[INFO] [stderr]      |
[INFO] [stderr]      = note: `#[warn(unused_must_use)]` on by default
[INFO] [stderr]      = note: this `Result` may be an `Err` variant, which should be handled
[INFO] [stderr] 
[INFO] [stderr] warning: 12 warnings emitted
[INFO] [stderr] 
[INFO] [stderr] warning: unnecessary parentheses around assigned value
[INFO] [stderr]    --> src/tests.rs:760:17
[INFO] [stderr]     |
[INFO] [stderr] 760 |         let s = (10 - (3 * i));
[INFO] [stderr]     |                 ^^^^^^^^^^^^^^ help: remove these parentheses
[INFO] [stderr]     |
[INFO] [stderr]     = note: `#[warn(unused_parens)]` on by default
[INFO] [stderr] 
[INFO] [stderr] warning: unused variable: `rect`
[INFO] [stderr]     --> src/lib.rs:1172:18
[INFO] [stderr]      |
[INFO] [stderr] 1172 |             Some(rect) => {
[INFO] [stderr]      |                  ^^^^ help: if this is intentional, prefix it with an underscore: `_rect`
[INFO] [stderr]      |
[INFO] [stderr]      = note: `#[warn(unused_variables)]` on by default
[INFO] [stderr] 
[INFO] [stderr] warning: value assigned to `changed` is never read
[INFO] [stderr]     --> src/lib.rs:2652:21
[INFO] [stderr]      |
[INFO] [stderr] 2652 |             let mut changed = true;
[INFO] [stderr]      |                     ^^^^^^^
[INFO] [stderr]      |
[INFO] [stderr]      = note: `#[warn(unused_assignments)]` on by default
[INFO] [stderr]      = help: maybe it is overwritten before being read?
[INFO] [stderr] 
[INFO] [stderr] warning: associated function is never used: `len`
[INFO] [stderr]    --> src/lib.rs:138:12
[INFO] [stderr]     |
[INFO] [stderr] 138 |     pub fn len(&mut self) -> usize {
[INFO] [stderr]     |            ^^^
[INFO] [stderr]     |
[INFO] [stderr]     = note: `#[warn(dead_code)]` on by default
[INFO] [stderr] 
[INFO] [stderr] warning: unused `Result` that must be used
[INFO] [stderr]     --> src/lib.rs:1075:9
[INFO] [stderr]      |
[INFO] [stderr] 1075 |         self.flag_parent_refresh(rect_id);
[INFO] [stderr]      |         ^^^^^^^^^^^^^^^^^^^^^^^^^^^^^^^^^^
[INFO] [stderr]      |
[INFO] [stderr]      = note: `#[warn(unused_must_use)]` on by default
[INFO] [stderr]      = note: this `Result` may be an `Err` variant, which should be handled
[INFO] [stderr] 
[INFO] [stderr] warning: unused `Result` that must be used
[INFO] [stderr]    --> src/tests.rs:706:5
[INFO] [stderr]     |
[INFO] [stderr] 706 |     rectmanager.set_bg_color(rect_id, Color::BLUE);
[INFO] [stderr]     |     ^^^^^^^^^^^^^^^^^^^^^^^^^^^^^^^^^^^^^^^^^^^^^^^
[INFO] [stderr]     |
[INFO] [stderr]     = note: this `Result` may be an `Err` variant, which should be handled
[INFO] [stderr] 
[INFO] [stderr] warning: unused `Result` that must be used
[INFO] [stderr]    --> src/tests.rs:736:9
[INFO] [stderr]     |
[INFO] [stderr] 736 |         rectmanager.new_rect(ROOT);
[INFO] [stderr]     |         ^^^^^^^^^^^^^^^^^^^^^^^^^^^
[INFO] [stderr]     |
[INFO] [stderr]     = note: this `Result` may be an `Err` variant, which should be handled
[INFO] [stderr] 
[INFO] [stderr] warning: unused `Result` that must be used
[INFO] [stderr]    --> src/tests.rs:739:5
[INFO] [stderr]     |
[INFO] [stderr] 739 |     rectmanager.delete_rect(4);
[INFO] [stderr]     |     ^^^^^^^^^^^^^^^^^^^^^^^^^^^
[INFO] [stderr]     |
[INFO] [stderr]     = note: this `Result` may be an `Err` variant, which should be handled
[INFO] [stderr] 
[INFO] [stderr] warning: unused `Result` that must be used
[INFO] [stderr]    --> src/tests.rs:741:5
[INFO] [stderr]     |
[INFO] [stderr] 741 |     rectmanager.delete_rect(1);
[INFO] [stderr]     |     ^^^^^^^^^^^^^^^^^^^^^^^^^^^
[INFO] [stderr]     |
[INFO] [stderr]     = note: this `Result` may be an `Err` variant, which should be handled
[INFO] [stderr] 
[INFO] [stderr] warning: unused `Result` that must be used
[INFO] [stderr]    --> src/tests.rs:744:5
[INFO] [stderr]     |
[INFO] [stderr] 744 |     rectmanager.delete_rect(2);
[INFO] [stderr]     |     ^^^^^^^^^^^^^^^^^^^^^^^^^^^
[INFO] [stderr]     |
[INFO] [stderr]     = note: this `Result` may be an `Err` variant, which should be handled
[INFO] [stderr] 
[INFO] [stderr] warning: unused `Result` that must be used
[INFO] [stderr]    --> src/tests.rs:747:5
[INFO] [stderr]     |
[INFO] [stderr] 747 |     rectmanager.delete_rect(3);
[INFO] [stderr]     |     ^^^^^^^^^^^^^^^^^^^^^^^^^^^
[INFO] [stderr]     |
[INFO] [stderr]     = note: this `Result` may be an `Err` variant, which should be handled
[INFO] [stderr] 
[INFO] [stderr] warning: unused `Result` that must be used
[INFO] [stderr]    --> src/tests.rs:761:9
[INFO] [stderr]     |
[INFO] [stderr] 761 |         rectmanager.resize(working_rect, s, s);
[INFO] [stderr]     |         ^^^^^^^^^^^^^^^^^^^^^^^^^^^^^^^^^^^^^^^
[INFO] [stderr]     |
[INFO] [stderr]     = note: this `Result` may be an `Err` variant, which should be handled
[INFO] [stderr] 
[INFO] [stderr] warning: unused `Result` that must be used
[INFO] [stderr]    --> src/tests.rs:762:9
[INFO] [stderr]     |
[INFO] [stderr] 762 |         rectmanager.set_position(working_rect, 2, 2);
[INFO] [stderr]     |         ^^^^^^^^^^^^^^^^^^^^^^^^^^^^^^^^^^^^^^^^^^^^^
[INFO] [stderr]     |
[INFO] [stderr]     = note: this `Result` may be an `Err` variant, which should be handled
[INFO] [stderr] 
[INFO] [stderr] warning: unused `Result` that must be used
[INFO] [stderr]    --> src/tests.rs:767:5
[INFO] [stderr]     |
[INFO] [stderr] 767 |     rectmanager.render();
[INFO] [stderr]     |     ^^^^^^^^^^^^^^^^^^^^^
[INFO] [stderr]     |
[INFO] [stderr]     = note: this `Result` may be an `Err` variant, which should be handled
[INFO] [stderr] 
[INFO] [stderr] warning: unused `Result` that must be used
[INFO] [stderr]    --> src/tests.rs:770:5
[INFO] [stderr]     |
[INFO] [stderr] 770 |     rectmanager.set_character(*rects.last().unwrap(), 0, 0, 'X');
[INFO] [stderr]     |     ^^^^^^^^^^^^^^^^^^^^^^^^^^^^^^^^^^^^^^^^^^^^^^^^^^^^^^^^^^^^^
[INFO] [stderr]     |
[INFO] [stderr]     = note: this `Result` may be an `Err` variant, which should be handled
[INFO] [stderr] 
[INFO] [stderr] warning: 15 warnings emitted
[INFO] [stderr] 
[INFO] [stderr] warning: unused variable: `x`
[INFO] [stderr]   --> examples/wave.rs:10:9
[INFO] [stderr]    |
[INFO] [stderr] 10 |     for x in 0 .. width {
[INFO] [stderr]    |         ^ help: if this is intentional, prefix it with an underscore: `_x`
[INFO] [stderr]    |
[INFO] [stderr]    = note: `#[warn(unused_variables)]` on by default
[INFO] [stderr] 
[INFO] [stderr] warning: unused `Result` that must be used
[INFO] [stderr]   --> examples/wave.rs:12:9
[INFO] [stderr]    |
[INFO] [stderr] 12 |         rectmanager.set_bg_color(rect_id, wrecked::Color::YELLOW);
[INFO] [stderr]    |         ^^^^^^^^^^^^^^^^^^^^^^^^^^^^^^^^^^^^^^^^^^^^^^^^^^^^^^^^^^
[INFO] [stderr]    |
[INFO] [stderr]    = note: `#[warn(unused_must_use)]` on by default
[INFO] [stderr]    = note: this `Result` may be an `Err` variant, which should be handled
[INFO] [stderr] 
[INFO] [stderr] warning: unused `Result` that must be used
[INFO] [stderr]   --> examples/wave.rs:13:9
[INFO] [stderr]    |
[INFO] [stderr] 13 |         rectmanager.set_character(rect_id, 0, 0, ' ');
[INFO] [stderr]    |         ^^^^^^^^^^^^^^^^^^^^^^^^^^^^^^^^^^^^^^^^^^^^^^
[INFO] [stderr]    |
[INFO] [stderr]    = note: this `Result` may be an `Err` variant, which should be handled
[INFO] [stderr] 
[INFO] [stderr] warning: unused `Result` that must be used
[INFO] [stderr]   --> examples/wave.rs:17:5
[INFO] [stderr]    |
[INFO] [stderr] 17 |     rectmanager.render();
[INFO] [stderr]    |     ^^^^^^^^^^^^^^^^^^^^^
[INFO] [stderr]    |
[INFO] [stderr]    = note: this `Result` may be an `Err` variant, which should be handled
[INFO] [stderr] 
[INFO] [stderr] warning: unused `Result` that must be used
[INFO] [stderr]   --> examples/wave.rs:23:9
[INFO] [stderr]    |
[INFO] [stderr] 23 |         rectmanager.set_position(rect_id, (x % width) as isize, y);
[INFO] [stderr]    |         ^^^^^^^^^^^^^^^^^^^^^^^^^^^^^^^^^^^^^^^^^^^^^^^^^^^^^^^^^^^
[INFO] [stderr]    |
[INFO] [stderr]    = note: this `Result` may be an `Err` variant, which should be handled
[INFO] [stderr] 
[INFO] [stderr] warning: unused `Result` that must be used
[INFO] [stderr]   --> examples/wave.rs:24:9
[INFO] [stderr]    |
[INFO] [stderr] 24 |         rectmanager.draw(rect_id);
[INFO] [stderr]    |         ^^^^^^^^^^^^^^^^^^^^^^^^^^
[INFO] [stderr]    |
[INFO] [stderr]    = note: this `Result` may be an `Err` variant, which should be handled
[INFO] [stderr] 
[INFO] [stderr] warning: unused `Result` that must be used
[INFO] [stderr]   --> examples/wave.rs:30:9
[INFO] [stderr]    |
[INFO] [stderr] 30 |         rectmanager.set_bg_color(*rect, wrecked::Color::BLUE);
[INFO] [stderr]    |         ^^^^^^^^^^^^^^^^^^^^^^^^^^^^^^^^^^^^^^^^^^^^^^^^^^^^^^
[INFO] [stderr]    |
[INFO] [stderr]    = note: this `Result` may be an `Err` variant, which should be handled
[INFO] [stderr] 
[INFO] [stderr] warning: unused `Result` that must be used
[INFO] [stderr]   --> examples/wave.rs:37:9
[INFO] [stderr]    |
[INFO] [stderr] 37 |         rectmanager.set_position(rect_id, (x % width) as isize, y);
[INFO] [stderr]    |         ^^^^^^^^^^^^^^^^^^^^^^^^^^^^^^^^^^^^^^^^^^^^^^^^^^^^^^^^^^^
[INFO] [stderr]    |
[INFO] [stderr]    = note: this `Result` may be an `Err` variant, which should be handled
[INFO] [stderr] 
[INFO] [stderr] warning: unused `Result` that must be used
[INFO] [stderr]   --> examples/wave.rs:38:9
[INFO] [stderr]    |
[INFO] [stderr] 38 |         rectmanager.render();
[INFO] [stderr]    |         ^^^^^^^^^^^^^^^^^^^^^
[INFO] [stderr]    |
[INFO] [stderr]    = note: this `Result` may be an `Err` variant, which should be handled
[INFO] [stderr] 
[INFO] [stderr] warning: unused `Result` that must be used
[INFO] [stderr]   --> examples/wave.rs:43:5
[INFO] [stderr]    |
[INFO] [stderr] 43 |     rectmanager.kill();
[INFO] [stderr]    |     ^^^^^^^^^^^^^^^^^^^
[INFO] [stderr]    |
[INFO] [stderr]    = note: this `Result` may be an `Err` variant, which should be handled
[INFO] [stderr] 
[INFO] [stderr] warning: 10 warnings emitted
[INFO] [stderr] 
[INFO] [stderr]     Finished test [unoptimized + debuginfo] target(s) in 0.03s
[INFO] [stderr]      Running unittests (/opt/rustwide/target/debug/deps/wrecked-36f6d88ab1f78793)
[INFO] [stdout] 
[INFO] [stdout] running 24 tests
[INFO] [stdout] [1;1H [0m[1;1H
[INFO] [stdout] [1;1H [0m[1;1H
[INFO] [stdout] [1;1HQ[0m[1;1H
[INFO] [stdout] test tests::test_clear_characters ... ok
[INFO] [stdout] test tests::test_add_rect ... ok
[INFO] [stdout] test tests::test_default_character ... ok
[INFO] [stdout] [1;1H [0m[1;1H
[INFO] [stdout] [1;1H [0m[1;1H
[INFO] [stdout] [1;1H [0m[1;1H
[INFO] [stdout] [1;1H [0m[1;1H
[INFO] [stdout] [1;1H [0m[1;1H
[INFO] [stdout] [1;1H [0m[1;1H
[INFO] [stdout] [1;1H [0m[1;1H
[INFO] [stdout] test tests::test_delete ... ok
[INFO] [stdout] test tests::test_clear_effects ... ok
[INFO] [stdout] test tests::test_detach ... ok
[INFO] [stdout] test tests::test_replace ... ok
[INFO] [stdout] test tests::test_disable_enable ... ok
[INFO] [stdout] test tests::test_failures ... ok
[INFO] [stdout] [1;1H [0m[1;1H
[INFO] [stdout] [1;1H [0m[1;1H
[INFO] [stdout] [1;1H [0m[1;1H
[INFO] [stdout] [1;1H [0m[1;1H
[INFO] [stdout] [1;1H [0m[1;1H
[INFO] [stdout] [1;1H [0m[1;1H
[INFO] [stdout] test tests::test_set_character ... ok
[INFO] [stdout] test tests::test_shift_contents ... ok
[INFO] [stdout] test tests::test_get_parent ... ok
[INFO] [stdout] test tests::test_get_visible_box ... ok
[INFO] [stdout] test tests::test_set_effects ... ok
[INFO] [stdout] test tests::test_id_recycling ... ok
[INFO] [stdout] test tests::test_clear_children ... ok
[INFO] [stdout] test tests::test_init ... ok
[INFO] [stdout] [1;1H [0m[1;1H
[INFO] [stdout] [1;1H [0m[1;1H
[INFO] [stdout] [1;1H [0m[1;1H
[INFO] [stdout] [1;1H [0m[1;1H
[INFO] [stdout] test tests::test_resize ... ok
[INFO] [stdout] test tests::test_transparency ... ok
[INFO] [stdout] test tests::test_draw_map ... FAILED
[INFO] [stdout] test tests::test_positional_refresh ... FAILED
[INFO] [stdout] test tests::test_update_child_space ... FAILED
[INFO] [stdout] test tests::test_set_string ... FAILED
[INFO] [stdout] [1;1H [0m[1;1H
[INFO] [stdout] test tests::test_move ... ok
[INFO] [stdout] 
[INFO] [stdout] failures:
[INFO] [stdout] 
[INFO] [stdout] ---- tests::test_draw_map stdout ----
[INFO] [stdout] thread 'tests::test_draw_map' panicked at 'assertion failed: `(left == right)`
[INFO] [stdout]   left: `[((1, 1), (' ', EffectsHandler { bold: true, underline: false, invert: false, strike: false, blink: false, background_color: None, foreground_color: None })), ((1, 2), (' ', EffectsHandler { bold: false, underline: false, invert: false, strike: false, blink: false, background_color: None, foreground_color: None })), ((1, 3), (' ', EffectsHandler { bold: false, underline: false, invert: false, strike: false, blink: false, background_color: None, foreground_color: None })), ((1, 4), (' ', EffectsHandler { bold: false, underline: false, invert: false, strike: false, blink: false, background_color: None, foreground_color: None })), ((1, 5), (' ', EffectsHandler { bold: false, underline: false, invert: false, strike: false, blink: false, background_color: None, foreground_color: None })), ((2, 1), (' ', EffectsHandler { bold: false, underline: false, invert: true, strike: false, blink: false, background_color: None, foreground_color: None })), ((2, 2), (' ', EffectsHandler { bold: false, underline: false, invert: false, strike: false, blink: false, background_color: None, foreground_color: None })), ((2, 3), (' ', EffectsHandler { bold: false, underline: false, invert: false, strike: false, blink: false, background_color: None, foreground_color: None })), ((2, 4), (' ', EffectsHandler { bold: false, underline: false, invert: false, strike: false, blink: false, background_color: None, foreground_color: None })), ((2, 5), (' ', EffectsHandler { bold: false, underline: false, invert: false, strike: false, blink: false, background_color: None, foreground_color: None })), ((3, 1), (' ', EffectsHandler { bold: false, underline: true, invert: false, strike: false, blink: false, background_color: None, foreground_color: None })), ((3, 2), (' ', EffectsHandler { bold: false, underline: false, invert: false, strike: false, blink: false, background_color: None, foreground_color: None })), ((3, 3), (' ', EffectsHandler { bold: false, underline: false, invert: false, strike: false, blink: false, background_color: None, foreground_color: None })), ((3, 4), (' ', EffectsHandler { bold: false, underline: false, invert: false, strike: false, blink: false, background_color: None, foreground_color: None })), ((3, 5), (' ', EffectsHandler { bold: false, underline: false, invert: false, strike: false, blink: false, background_color: None, foreground_color: None })), ((4, 1), ('X', EffectsHandler { bold: false, underline: false, invert: false, strike: false, blink: false, background_color: None, foreground_color: None })), ((4, 2), (' ', EffectsHandler { bold: false, underline: false, invert: false, strike: false, blink: false, background_color: None, foreground_color: None })), ((4, 3), (' ', EffectsHandler { bold: false, underline: false, invert: false, strike: false, blink: false, background_color: None, foreground_color: None })), ((4, 4), (' ', EffectsHandler { bold: false, underline: false, invert: false, strike: false, blink: false, background_color: None, foreground_color: None })), ((4, 5), (' ', EffectsHandler { bold: false, underline: false, invert: false, strike: false, blink: false, background_color: None, foreground_color: None })), ((5, 1), (' ', EffectsHandler { bold: false, underline: false, invert: false, strike: false, blink: false, background_color: None, foreground_color: None })), ((5, 2), (' ', EffectsHandler { bold: false, underline: false, invert: false, strike: false, blink: false, background_color: None, foreground_color: None })), ((5, 3), (' ', EffectsHandler { bold: false, underline: false, invert: false, strike: false, blink: false, background_color: None, foreground_color: None })), ((5, 4), (' ', EffectsHandler { bold: false, underline: false, invert: false, strike: false, blink: false, background_color: None, foreground_color: None })), ((5, 5), (' ', EffectsHandler { bold: false, underline: false, invert: false, strike: false, blink: false, background_color: None, foreground_color: None }))]`,
[INFO] [stdout]  right: `[]`', src/tests.rs:437:5
[INFO] [stdout] stack backtrace:
[INFO] [stdout]    0:     0x55cdc3b56340 - std::backtrace_rs::backtrace::libunwind::trace::h34055254b57d8e79
[INFO] [stdout]                                at /rustc/a178d0322ce20e33eac124758e837cbd80a6f633/library/std/src/../../backtrace/src/backtrace/libunwind.rs:90:5
[INFO] [stdout]    1:     0x55cdc3b56340 - std::backtrace_rs::backtrace::trace_unsynchronized::h8f1e3fbd9afff6ec
[INFO] [stdout]                                at /rustc/a178d0322ce20e33eac124758e837cbd80a6f633/library/std/src/../../backtrace/src/backtrace/mod.rs:66:5
[INFO] [stdout]    2:     0x55cdc3b56340 - std::sys_common::backtrace::_print_fmt::h3a99a796b770c360
[INFO] [stdout]                                at /rustc/a178d0322ce20e33eac124758e837cbd80a6f633/library/std/src/sys_common/backtrace.rs:67:5
[INFO] [stdout]    3:     0x55cdc3b56340 - <std::sys_common::backtrace::_print::DisplayBacktrace as core::fmt::Display>::fmt::h32d1f94a80615d18
[INFO] [stdout]                                at /rustc/a178d0322ce20e33eac124758e837cbd80a6f633/library/std/src/sys_common/backtrace.rs:46:22
[INFO] [stdout]    4:     0x55cdc3b78b5c - core::fmt::write::h306731c068f7162c
[INFO] [stdout]                                at /rustc/a178d0322ce20e33eac124758e837cbd80a6f633/library/core/src/fmt/mod.rs:1110:17
[INFO] [stdout]    5:     0x55cdc3b53265 - std::io::Write::write_fmt::h87f19b0a2cd190bc
[INFO] [stdout]                                at /rustc/a178d0322ce20e33eac124758e837cbd80a6f633/library/std/src/io/mod.rs:1588:15
[INFO] [stdout]    6:     0x55cdc3b584ab - std::sys_common::backtrace::_print::h5abaa2601a852287
[INFO] [stdout]                                at /rustc/a178d0322ce20e33eac124758e837cbd80a6f633/library/std/src/sys_common/backtrace.rs:49:5
[INFO] [stdout]    7:     0x55cdc3b584ab - std::sys_common::backtrace::print::h8d81445442bb638f
[INFO] [stdout]                                at /rustc/a178d0322ce20e33eac124758e837cbd80a6f633/library/std/src/sys_common/backtrace.rs:36:9
[INFO] [stdout]    8:     0x55cdc3b584ab - std::panicking::default_hook::{{closure}}::hcfe804496a9fa747
[INFO] [stdout]                                at /rustc/a178d0322ce20e33eac124758e837cbd80a6f633/library/std/src/panicking.rs:208:50
[INFO] [stdout]    9:     0x55cdc3b57fbc - std::panicking::default_hook::hbea8e3ccf2ba8901
[INFO] [stdout]                                at /rustc/a178d0322ce20e33eac124758e837cbd80a6f633/library/std/src/panicking.rs:222:9
[INFO] [stdout]   10:     0x55cdc3b58b74 - std::panicking::rust_panic_with_hook::h7ee9e1a2d0f8975a
[INFO] [stdout]                                at /rustc/a178d0322ce20e33eac124758e837cbd80a6f633/library/std/src/panicking.rs:622:17
[INFO] [stdout]   11:     0x55cdc3b58657 - std::panicking::begin_panic_handler::{{closure}}::h8ab3b4491718b2c7
[INFO] [stdout]                                at /rustc/a178d0322ce20e33eac124758e837cbd80a6f633/library/std/src/panicking.rs:519:13
[INFO] [stdout]   12:     0x55cdc3b5683c - std::sys_common::backtrace::__rust_end_short_backtrace::hd489062ffa586a9f
[INFO] [stdout]                                at /rustc/a178d0322ce20e33eac124758e837cbd80a6f633/library/std/src/sys_common/backtrace.rs:141:18
[INFO] [stdout]   13:     0x55cdc3b585b9 - rust_begin_unwind
[INFO] [stdout]                                at /rustc/a178d0322ce20e33eac124758e837cbd80a6f633/library/std/src/panicking.rs:515:5
[INFO] [stdout]   14:     0x55cdc3a9f6d1 - core::panicking::panic_fmt::hca6330e3e14086b4
[INFO] [stdout]                                at /rustc/a178d0322ce20e33eac124758e837cbd80a6f633/library/core/src/panicking.rs:92:14
[INFO] [stdout]   15:     0x55cdc3b77478 - core::panicking::assert_failed_inner::h33b45280069a80ed
[INFO] [stdout]   16:     0x55cdc3afa13a - core::panicking::assert_failed::hd0f50c3265de537e
[INFO] [stdout]                                at /rustc/a178d0322ce20e33eac124758e837cbd80a6f633/library/core/src/panicking.rs:117:5
[INFO] [stdout]   17:     0x55cdc3af12f5 - wrecked::tests::test_draw_map::hee865cc7bb1afaa2
[INFO] [stdout]                                at /opt/rustwide/workdir/src/tests.rs:437:5
[INFO] [stdout]   18:     0x55cdc3aefe73 - wrecked::tests::test_draw_map::{{closure}}::h5170875da0dc6375
[INFO] [stdout]                                at /opt/rustwide/workdir/src/tests.rs:368:1
[INFO] [stdout]   19:     0x55cdc3ad18de - core::ops::function::FnOnce::call_once::h2b595926047ecb1f
[INFO] [stdout]                                at /rustc/a178d0322ce20e33eac124758e837cbd80a6f633/library/core/src/ops/function.rs:227:5
[INFO] [stdout]   20:     0x55cdc3b2d123 - core::ops::function::FnOnce::call_once::h152e7e439ff59e19
[INFO] [stdout]                                at /rustc/a178d0322ce20e33eac124758e837cbd80a6f633/library/core/src/ops/function.rs:227:5
[INFO] [stdout]   21:     0x55cdc3b2d123 - test::__rust_begin_short_backtrace::h0908f3b1fdbb72ab
[INFO] [stdout]                                at /rustc/a178d0322ce20e33eac124758e837cbd80a6f633/library/test/src/lib.rs:577:5
[INFO] [stdout]   22:     0x55cdc3b2bbe0 - <alloc::boxed::Box<F,A> as core::ops::function::FnOnce<Args>>::call_once::hf6d2a51e5587546c
[INFO] [stdout]                                at /rustc/a178d0322ce20e33eac124758e837cbd80a6f633/library/alloc/src/boxed.rs:1575:9
[INFO] [stdout]   23:     0x55cdc3b2bbe0 - <std::panic::AssertUnwindSafe<F> as core::ops::function::FnOnce<()>>::call_once::h8af660f3a89ef593
[INFO] [stdout]                                at /rustc/a178d0322ce20e33eac124758e837cbd80a6f633/library/std/src/panic.rs:347:9
[INFO] [stdout]   24:     0x55cdc3b2bbe0 - std::panicking::try::do_call::hd36aef60f84b6d36
[INFO] [stdout]                                at /rustc/a178d0322ce20e33eac124758e837cbd80a6f633/library/std/src/panicking.rs:401:40
[INFO] [stdout]   25:     0x55cdc3b2bbe0 - std::panicking::try::h9932b4480e69817c
[INFO] [stdout]                                at /rustc/a178d0322ce20e33eac124758e837cbd80a6f633/library/std/src/panicking.rs:365:19
[INFO] [stdout]   26:     0x55cdc3b2bbe0 - std::panic::catch_unwind::h6aa177099cfff5f8
[INFO] [stdout]                                at /rustc/a178d0322ce20e33eac124758e837cbd80a6f633/library/std/src/panic.rs:434:14
[INFO] [stdout]   27:     0x55cdc3b2bbe0 - test::run_test_in_process::h5884d6f2d99e20c3
[INFO] [stdout]                                at /rustc/a178d0322ce20e33eac124758e837cbd80a6f633/library/test/src/lib.rs:600:18
[INFO] [stdout]   28:     0x55cdc3b2bbe0 - test::run_test::run_test_inner::{{closure}}::h6fdc58c6d5f5b6e3
[INFO] [stdout]                                at /rustc/a178d0322ce20e33eac124758e837cbd80a6f633/library/test/src/lib.rs:492:39
[INFO] [stdout]   29:     0x55cdc3b05292 - test::run_test::run_test_inner::{{closure}}::h408365d67a78ade8
[INFO] [stdout]                                at /rustc/a178d0322ce20e33eac124758e837cbd80a6f633/library/test/src/lib.rs:519:37
[INFO] [stdout]   30:     0x55cdc3b05292 - std::sys_common::backtrace::__rust_begin_short_backtrace::hb560b77c4f701523
[INFO] [stdout]                                at /rustc/a178d0322ce20e33eac124758e837cbd80a6f633/library/std/src/sys_common/backtrace.rs:125:18
[INFO] [stdout]   31:     0x55cdc3b08e48 - std::thread::Builder::spawn_unchecked::{{closure}}::{{closure}}::hf2e7831dad93c597
[INFO] [stdout]                                at /rustc/a178d0322ce20e33eac124758e837cbd80a6f633/library/std/src/thread/mod.rs:481:17
[INFO] [stdout]   32:     0x55cdc3b08e48 - <std::panic::AssertUnwindSafe<F> as core::ops::function::FnOnce<()>>::call_once::hd2e08783d8be4d02
[INFO] [stdout]                                at /rustc/a178d0322ce20e33eac124758e837cbd80a6f633/library/std/src/panic.rs:347:9
[INFO] [stdout]   33:     0x55cdc3b08e48 - std::panicking::try::do_call::h062597b7acfd6b82
[INFO] [stdout]                                at /rustc/a178d0322ce20e33eac124758e837cbd80a6f633/library/std/src/panicking.rs:401:40
[INFO] [stdout]   34:     0x55cdc3b08e48 - std::panicking::try::h0d7b79db04c14552
[INFO] [stdout]                                at /rustc/a178d0322ce20e33eac124758e837cbd80a6f633/library/std/src/panicking.rs:365:19
[INFO] [stdout]   35:     0x55cdc3b08e48 - std::panic::catch_unwind::hb01a0b5e7c8cd43b
[INFO] [stdout]                                at /rustc/a178d0322ce20e33eac124758e837cbd80a6f633/library/std/src/panic.rs:434:14
[INFO] [stdout]   36:     0x55cdc3b08e48 - std::thread::Builder::spawn_unchecked::{{closure}}::h5bde48cc887e0d1e
[INFO] [stdout]                                at /rustc/a178d0322ce20e33eac124758e837cbd80a6f633/library/std/src/thread/mod.rs:480:30
[INFO] [stdout]   37:     0x55cdc3b08e48 - core::ops::function::FnOnce::call_once{{vtable.shim}}::h745ea30807a29e55
[INFO] [stdout]                                at /rustc/a178d0322ce20e33eac124758e837cbd80a6f633/library/core/src/ops/function.rs:227:5
[INFO] [stdout]   38:     0x55cdc3b5d657 - <alloc::boxed::Box<F,A> as core::ops::function::FnOnce<Args>>::call_once::h7ece6cfefaff1005
[INFO] [stdout]                                at /rustc/a178d0322ce20e33eac124758e837cbd80a6f633/library/alloc/src/boxed.rs:1575:9
[INFO] [stdout]   39:     0x55cdc3b5d657 - <alloc::boxed::Box<F,A> as core::ops::function::FnOnce<Args>>::call_once::hb8b48e55c21f193e
[INFO] [stdout]                                at /rustc/a178d0322ce20e33eac124758e837cbd80a6f633/library/alloc/src/boxed.rs:1575:9
[INFO] [stdout]   40:     0x55cdc3b5d657 - std::sys::unix::thread::Thread::new::thread_start::h8c7c4450dba62914
[INFO] [stdout]                                at /rustc/a178d0322ce20e33eac124758e837cbd80a6f633/library/std/src/sys/unix/thread.rs:71:17
[INFO] [stdout]   41:     0x7f5aba8b1609 - start_thread
[INFO] [stdout]   42:     0x7f5abaa08293 - clone
[INFO] [stdout]   43:                0x0 - <unknown>
[INFO] [stdout] 
[INFO] [stdout] ---- tests::test_positional_refresh stdout ----
[INFO] [stdout] thread 'tests::test_positional_refresh' panicked at 'assertion failed: `(left == right)`
[INFO] [stdout]   left: `73`,
[INFO] [stdout]  right: `1`', src/tests.rs:777:17
[INFO] [stdout] stack backtrace:
[INFO] [stdout]    0:     0x55cdc3b56340 - std::backtrace_rs::backtrace::libunwind::trace::h34055254b57d8e79
[INFO] [stdout]                                at /rustc/a178d0322ce20e33eac124758e837cbd80a6f633/library/std/src/../../backtrace/src/backtrace/libunwind.rs:90:5
[INFO] [stdout]    1:     0x55cdc3b56340 - std::backtrace_rs::backtrace::trace_unsynchronized::h8f1e3fbd9afff6ec
[INFO] [stdout]                                at /rustc/a178d0322ce20e33eac124758e837cbd80a6f633/library/std/src/../../backtrace/src/backtrace/mod.rs:66:5
[INFO] [stdout]    2:     0x55cdc3b56340 - std::sys_common::backtrace::_print_fmt::h3a99a796b770c360
[INFO] [stdout]                                at /rustc/a178d0322ce20e33eac124758e837cbd80a6f633/library/std/src/sys_common/backtrace.rs:67:5
[INFO] [stdout]    3:     0x55cdc3b56340 - <std::sys_common::backtrace::_print::DisplayBacktrace as core::fmt::Display>::fmt::h32d1f94a80615d18
[INFO] [stdout]                                at /rustc/a178d0322ce20e33eac124758e837cbd80a6f633/library/std/src/sys_common/backtrace.rs:46:22
[INFO] [stdout]    4:     0x55cdc3b78b5c - core::fmt::write::h306731c068f7162c
[INFO] [stdout]                                at /rustc/a178d0322ce20e33eac124758e837cbd80a6f633/library/core/src/fmt/mod.rs:1110:17
[INFO] [stdout]    5:     0x55cdc3b53265 - std::io::Write::write_fmt::h87f19b0a2cd190bc
[INFO] [stdout]                                at /rustc/a178d0322ce20e33eac124758e837cbd80a6f633/library/std/src/io/mod.rs:1588:15
[INFO] [stdout]    6:     0x55cdc3b584ab - std::sys_common::backtrace::_print::h5abaa2601a852287
[INFO] [stdout]                                at /rustc/a178d0322ce20e33eac124758e837cbd80a6f633/library/std/src/sys_common/backtrace.rs:49:5
[INFO] [stdout]    7:     0x55cdc3b584ab - std::sys_common::backtrace::print::h8d81445442bb638f
[INFO] [stdout]                                at /rustc/a178d0322ce20e33eac124758e837cbd80a6f633/library/std/src/sys_common/backtrace.rs:36:9
[INFO] [stdout]    8:     0x55cdc3b584ab - std::panicking::default_hook::{{closure}}::hcfe804496a9fa747
[INFO] [stdout]                                at /rustc/a178d0322ce20e33eac124758e837cbd80a6f633/library/std/src/panicking.rs:208:50
[INFO] [stdout]    9:     0x55cdc3b57fbc - std::panicking::default_hook::hbea8e3ccf2ba8901
[INFO] [stdout]                                at /rustc/a178d0322ce20e33eac124758e837cbd80a6f633/library/std/src/panicking.rs:222:9
[INFO] [stdout]   10:     0x55cdc3b58b74 - std::panicking::rust_panic_with_hook::h7ee9e1a2d0f8975a
[INFO] [stdout]                                at /rustc/a178d0322ce20e33eac124758e837cbd80a6f633/library/std/src/panicking.rs:622:17
[INFO] [stdout]   11:     0x55cdc3b58657 - std::panicking::begin_panic_handler::{{closure}}::h8ab3b4491718b2c7
[INFO] [stdout]                                at /rustc/a178d0322ce20e33eac124758e837cbd80a6f633/library/std/src/panicking.rs:519:13
[INFO] [stdout]   12:     0x55cdc3b5683c - std::sys_common::backtrace::__rust_end_short_backtrace::hd489062ffa586a9f
[INFO] [stdout]                                at /rustc/a178d0322ce20e33eac124758e837cbd80a6f633/library/std/src/sys_common/backtrace.rs:141:18
[INFO] [stdout]   13:     0x55cdc3b585b9 - rust_begin_unwind
[INFO] [stdout]                                at /rustc/a178d0322ce20e33eac124758e837cbd80a6f633/library/std/src/panicking.rs:515:5
[INFO] [stdout]   14:     0x55cdc3a9f6d1 - core::panicking::panic_fmt::hca6330e3e14086b4
[INFO] [stdout]                                at /rustc/a178d0322ce20e33eac124758e837cbd80a6f633/library/core/src/panicking.rs:92:14
[INFO] [stdout]   15:     0x55cdc3b77478 - core::panicking::assert_failed_inner::h33b45280069a80ed
[INFO] [stdout]   16:     0x55cdc3afa19a - core::panicking::assert_failed::hd4fe2c1521f0b369
[INFO] [stdout]                                at /rustc/a178d0322ce20e33eac124758e837cbd80a6f633/library/core/src/panicking.rs:117:5
[INFO] [stdout]   17:     0x55cdc3af9086 - wrecked::tests::test_positional_refresh::h5b49d9539f099a4d
[INFO] [stdout]                                at /opt/rustwide/workdir/src/tests.rs:777:17
[INFO] [stdout]   18:     0x55cdc3af89da - wrecked::tests::test_positional_refresh::{{closure}}::h07e1660a1ba63c0c
[INFO] [stdout]                                at /opt/rustwide/workdir/src/tests.rs:753:1
[INFO] [stdout]   19:     0x55cdc3ad189e - core::ops::function::FnOnce::call_once::h2b0f86d0539b0c42
[INFO] [stdout]                                at /rustc/a178d0322ce20e33eac124758e837cbd80a6f633/library/core/src/ops/function.rs:227:5
[INFO] [stdout]   20:     0x55cdc3b2d123 - core::ops::function::FnOnce::call_once::h152e7e439ff59e19
[INFO] [stdout]                                at /rustc/a178d0322ce20e33eac124758e837cbd80a6f633/library/core/src/ops/function.rs:227:5
[INFO] [stdout]   21:     0x55cdc3b2d123 - test::__rust_begin_short_backtrace::h0908f3b1fdbb72ab
[INFO] [stdout]                                at /rustc/a178d0322ce20e33eac124758e837cbd80a6f633/library/test/src/lib.rs:577:5
[INFO] [stdout]   22:     0x55cdc3b2bbe0 - <alloc::boxed::Box<F,A> as core::ops::function::FnOnce<Args>>::call_once::hf6d2a51e5587546c
[INFO] [stdout]                                at /rustc/a178d0322ce20e33eac124758e837cbd80a6f633/library/alloc/src/boxed.rs:1575:9
[INFO] [stdout]   23:     0x55cdc3b2bbe0 - <std::panic::AssertUnwindSafe<F> as core::ops::function::FnOnce<()>>::call_once::h8af660f3a89ef593
[INFO] [stdout]                                at /rustc/a178d0322ce20e33eac124758e837cbd80a6f633/library/std/src/panic.rs:347:9
[INFO] [stdout]   24:     0x55cdc3b2bbe0 - std::panicking::try::do_call::hd36aef60f84b6d36
[INFO] [stdout]                                at /rustc/a178d0322ce20e33eac124758e837cbd80a6f633/library/std/src/panicking.rs:401:40
[INFO] [stdout]   25:     0x55cdc3b2bbe0 - std::panicking::try::h9932b4480e69817c
[INFO] [stdout]                                at /rustc/a178d0322ce20e33eac124758e837cbd80a6f633/library/std/src/panicking.rs:365:19
[INFO] [stdout]   26:     0x55cdc3b2bbe0 - std::panic::catch_unwind::h6aa177099cfff5f8
[INFO] [stdout]                                at /rustc/a178d0322ce20e33eac124758e837cbd80a6f633/library/std/src/panic.rs:434:14
[INFO] [stdout]   27:     0x55cdc3b2bbe0 - test::run_test_in_process::h5884d6f2d99e20c3
[INFO] [stdout]                                at /rustc/a178d0322ce20e33eac124758e837cbd80a6f633/library/test/src/lib.rs:600:18
[INFO] [stdout]   28:     0x55cdc3b2bbe0 - test::run_test::run_test_inner::{{closure}}::h6fdc58c6d5f5b6e3
[INFO] [stdout]                                at /rustc/a178d0322ce20e33eac124758e837cbd80a6f633/library/test/src/lib.rs:492:39
[INFO] [stdout]   29:     0x55cdc3b05292 - test::run_test::run_test_inner::{{closure}}::h408365d67a78ade8
[INFO] [stdout]                                at /rustc/a178d0322ce20e33eac124758e837cbd80a6f633/library/test/src/lib.rs:519:37
[INFO] [stdout]   30:     0x55cdc3b05292 - std::sys_common::backtrace::__rust_begin_short_backtrace::hb560b77c4f701523
[INFO] [stdout]                                at /rustc/a178d0322ce20e33eac124758e837cbd80a6f633/library/std/src/sys_common/backtrace.rs:125:18
[INFO] [stdout]   31:     0x55cdc3b08e48 - std::thread::Builder::spawn_unchecked::{{closure}}::{{closure}}::hf2e7831dad93c597
[INFO] [stdout]                                at /rustc/a178d0322ce20e33eac124758e837cbd80a6f633/library/std/src/thread/mod.rs:481:17
[INFO] [stdout]   32:     0x55cdc3b08e48 - <std::panic::AssertUnwindSafe<F> as core::ops::function::FnOnce<()>>::call_once::hd2e08783d8be4d02
[INFO] [stdout]                                at /rustc/a178d0322ce20e33eac124758e837cbd80a6f633/library/std/src/panic.rs:347:9
[INFO] [stdout]   33:     0x55cdc3b08e48 - std::panicking::try::do_call::h062597b7acfd6b82
[INFO] [stdout]                                at /rustc/a178d0322ce20e33eac124758e837cbd80a6f633/library/std/src/panicking.rs:401:40
[INFO] [stdout]   34:     0x55cdc3b08e48 - std::panicking::try::h0d7b79db04c14552
[INFO] [stdout]                                at /rustc/a178d0322ce20e33eac124758e837cbd80a6f633/library/std/src/panicking.rs:365:19
[INFO] [stdout]   35:     0x55cdc3b08e48 - std::panic::catch_unwind::hb01a0b5e7c8cd43b
[INFO] [stdout]                                at /rustc/a178d0322ce20e33eac124758e837cbd80a6f633/library/std/src/panic.rs:434:14
[INFO] [stdout]   36:     0x55cdc3b08e48 - std::thread::Builder::spawn_unchecked::{{closure}}::h5bde48cc887e0d1e
[INFO] [stdout]                                at /rustc/a178d0322ce20e33eac124758e837cbd80a6f633/library/std/src/thread/mod.rs:480:30
[INFO] [stdout]   37:     0x55cdc3b08e48 - core::ops::function::FnOnce::call_once{{vtable.shim}}::h745ea30807a29e55
[INFO] [stdout]                                at /rustc/a178d0322ce20e33eac124758e837cbd80a6f633/library/core/src/ops/function.rs:227:5
[INFO] [stdout]   38:     0x55cdc3b5d657 - <alloc::boxed::Box<F,A> as core::ops::function::FnOnce<Args>>::call_once::h7ece6cfefaff1005
[INFO] [stdout]                                at /rustc/a178d0322ce20e33eac124758e837cbd80a6f633/library/alloc/src/boxed.rs:1575:9
[INFO] [stdout]   39:     0x55cdc3b5d657 - <alloc::boxed::Box<F,A> as core::ops::function::FnOnce<Args>>::call_once::hb8b48e55c21f193e
[INFO] [stdout]                                at /rustc/a178d0322ce20e33eac124758e837cbd80a6f633/library/alloc/src/boxed.rs:1575:9
[INFO] [stdout]   40:     0x55cdc3b5d657 - std::sys::unix::thread::Thread::new::thread_start::h8c7c4450dba62914
[INFO] [stdout]                                at /rustc/a178d0322ce20e33eac124758e837cbd80a6f633/library/std/src/sys/unix/thread.rs:71:17
[INFO] [stdout]   41:     0x7f5aba8b1609 - start_thread
[INFO] [stdout]   42:     0x7f5abaa08293 - clone
[INFO] [stdout]   43:                0x0 - <unknown>
[INFO] [stdout] 
[INFO] [stdout] ---- tests::test_update_child_space stdout ----
[INFO] [stdout] thread 'tests::test_update_child_space' panicked at 'assertion failed: false', src/tests.rs:688:21
[INFO] [stdout] stack backtrace:
[INFO] [stdout]    0:     0x55cdc3b56340 - std::backtrace_rs::backtrace::libunwind::trace::h34055254b57d8e79
[INFO] [stdout]                                at /rustc/a178d0322ce20e33eac124758e837cbd80a6f633/library/std/src/../../backtrace/src/backtrace/libunwind.rs:90:5
[INFO] [stdout]    1:     0x55cdc3b56340 - std::backtrace_rs::backtrace::trace_unsynchronized::h8f1e3fbd9afff6ec
[INFO] [stdout]                                at /rustc/a178d0322ce20e33eac124758e837cbd80a6f633/library/std/src/../../backtrace/src/backtrace/mod.rs:66:5
[INFO] [stdout]    2:     0x55cdc3b56340 - std::sys_common::backtrace::_print_fmt::h3a99a796b770c360
[INFO] [stdout]                                at /rustc/a178d0322ce20e33eac124758e837cbd80a6f633/library/std/src/sys_common/backtrace.rs:67:5
[INFO] [stdout]    3:     0x55cdc3b56340 - <std::sys_common::backtrace::_print::DisplayBacktrace as core::fmt::Display>::fmt::h32d1f94a80615d18
[INFO] [stdout]                                at /rustc/a178d0322ce20e33eac124758e837cbd80a6f633/library/std/src/sys_common/backtrace.rs:46:22
[INFO] [stdout]    4:     0x55cdc3b78b5c - core::fmt::write::h306731c068f7162c
[INFO] [stdout]                                at /rustc/a178d0322ce20e33eac124758e837cbd80a6f633/library/core/src/fmt/mod.rs:1110:17
[INFO] [stdout]    5:     0x55cdc3b53265 - std::io::Write::write_fmt::h87f19b0a2cd190bc
[INFO] [stdout]                                at /rustc/a178d0322ce20e33eac124758e837cbd80a6f633/library/std/src/io/mod.rs:1588:15
[INFO] [stdout]    6:     0x55cdc3b584ab - std::sys_common::backtrace::_print::h5abaa2601a852287
[INFO] [stdout]                                at /rustc/a178d0322ce20e33eac124758e837cbd80a6f633/library/std/src/sys_common/backtrace.rs:49:5
[INFO] [stdout]    7:     0x55cdc3b584ab - std::sys_common::backtrace::print::h8d81445442bb638f
[INFO] [stdout]                                at /rustc/a178d0322ce20e33eac124758e837cbd80a6f633/library/std/src/sys_common/backtrace.rs:36:9
[INFO] [stdout]    8:     0x55cdc3b584ab - std::panicking::default_hook::{{closure}}::hcfe804496a9fa747
[INFO] [stdout]                                at /rustc/a178d0322ce20e33eac124758e837cbd80a6f633/library/std/src/panicking.rs:208:50
[INFO] [stdout]    9:     0x55cdc3b57fbc - std::panicking::default_hook::hbea8e3ccf2ba8901
[INFO] [stdout]                                at /rustc/a178d0322ce20e33eac124758e837cbd80a6f633/library/std/src/panicking.rs:222:9
[INFO] [stdout]   10:     0x55cdc3b58b74 - std::panicking::rust_panic_with_hook::h7ee9e1a2d0f8975a
[INFO] [stdout]                                at /rustc/a178d0322ce20e33eac124758e837cbd80a6f633/library/std/src/panicking.rs:622:17
[INFO] [stdout]   11:     0x55cdc3b58627 - std::panicking::begin_panic_handler::{{closure}}::h8ab3b4491718b2c7
[INFO] [stdout]                                at /rustc/a178d0322ce20e33eac124758e837cbd80a6f633/library/std/src/panicking.rs:517:13
[INFO] [stdout]   12:     0x55cdc3b5683c - std::sys_common::backtrace::__rust_end_short_backtrace::hd489062ffa586a9f
[INFO] [stdout]                                at /rustc/a178d0322ce20e33eac124758e837cbd80a6f633/library/std/src/sys_common/backtrace.rs:141:18
[INFO] [stdout]   13:     0x55cdc3b585b9 - rust_begin_unwind
[INFO] [stdout]                                at /rustc/a178d0322ce20e33eac124758e837cbd80a6f633/library/std/src/panicking.rs:515:5
[INFO] [stdout]   14:     0x55cdc3a9f6d1 - core::panicking::panic_fmt::hca6330e3e14086b4
[INFO] [stdout]                                at /rustc/a178d0322ce20e33eac124758e837cbd80a6f633/library/core/src/panicking.rs:92:14
[INFO] [stdout]   15:     0x55cdc3a9f61d - core::panicking::panic::h1a48d878ff3dcd40
[INFO] [stdout]                                at /rustc/a178d0322ce20e33eac124758e837cbd80a6f633/library/core/src/panicking.rs:50:5
[INFO] [stdout]   16:     0x55cdc3af753d - wrecked::tests::test_update_child_space::h3a30cb49d40f91cd
[INFO] [stdout]                                at /opt/rustwide/workdir/src/tests.rs:688:21
[INFO] [stdout]   17:     0x55cdc3af6963 - wrecked::tests::test_update_child_space::{{closure}}::hd2b850da2f3f9deb
[INFO] [stdout]                                at /opt/rustwide/workdir/src/tests.rs:642:1
[INFO] [stdout]   18:     0x55cdc3ad1c6e - core::ops::function::FnOnce::call_once::hb12b64b568ea8c6a
[INFO] [stdout]                                at /rustc/a178d0322ce20e33eac124758e837cbd80a6f633/library/core/src/ops/function.rs:227:5
[INFO] [stdout]   19:     0x55cdc3b2d123 - core::ops::function::FnOnce::call_once::h152e7e439ff59e19
[INFO] [stdout]                                at /rustc/a178d0322ce20e33eac124758e837cbd80a6f633/library/core/src/ops/function.rs:227:5
[INFO] [stdout]   20:     0x55cdc3b2d123 - test::__rust_begin_short_backtrace::h0908f3b1fdbb72ab
[INFO] [stdout]                                at /rustc/a178d0322ce20e33eac124758e837cbd80a6f633/library/test/src/lib.rs:577:5
[INFO] [stdout]   21:     0x55cdc3b2bbe0 - <alloc::boxed::Box<F,A> as core::ops::function::FnOnce<Args>>::call_once::hf6d2a51e5587546c
[INFO] [stdout]                                at /rustc/a178d0322ce20e33eac124758e837cbd80a6f633/library/alloc/src/boxed.rs:1575:9
[INFO] [stdout]   22:     0x55cdc3b2bbe0 - <std::panic::AssertUnwindSafe<F> as core::ops::function::FnOnce<()>>::call_once::h8af660f3a89ef593
[INFO] [stdout]                                at /rustc/a178d0322ce20e33eac124758e837cbd80a6f633/library/std/src/panic.rs:347:9
[INFO] [stdout]   23:     0x55cdc3b2bbe0 - std::panicking::try::do_call::hd36aef60f84b6d36
[INFO] [stdout]                                at /rustc/a178d0322ce20e33eac124758e837cbd80a6f633/library/std/src/panicking.rs:401:40
[INFO] [stdout]   24:     0x55cdc3b2bbe0 - std::panicking::try::h9932b4480e69817c
[INFO] [stdout]                                at /rustc/a178d0322ce20e33eac124758e837cbd80a6f633/library/std/src/panicking.rs:365:19
[INFO] [stdout]   25:     0x55cdc3b2bbe0 - std::panic::catch_unwind::h6aa177099cfff5f8
[INFO] [stdout]                                at /rustc/a178d0322ce20e33eac124758e837cbd80a6f633/library/std/src/panic.rs:434:14
[INFO] [stdout]   26:     0x55cdc3b2bbe0 - test::run_test_in_process::h5884d6f2d99e20c3
[INFO] [stdout]                                at /rustc/a178d0322ce20e33eac124758e837cbd80a6f633/library/test/src/lib.rs:600:18
[INFO] [stdout]   27:     0x55cdc3b2bbe0 - test::run_test::run_test_inner::{{closure}}::h6fdc58c6d5f5b6e3
[INFO] [stdout]                                at /rustc/a178d0322ce20e33eac124758e837cbd80a6f633/library/test/src/lib.rs:492:39
[INFO] [stdout]   28:     0x55cdc3b05292 - test::run_test::run_test_inner::{{closure}}::h408365d67a78ade8
[INFO] [stdout]                                at /rustc/a178d0322ce20e33eac124758e837cbd80a6f633/library/test/src/lib.rs:519:37
[INFO] [stdout]   29:     0x55cdc3b05292 - std::sys_common::backtrace::__rust_begin_short_backtrace::hb560b77c4f701523
[INFO] [stdout]                                at /rustc/a178d0322ce20e33eac124758e837cbd80a6f633/library/std/src/sys_common/backtrace.rs:125:18
[INFO] [stdout]   30:     0x55cdc3b08e48 - std::thread::Builder::spawn_unchecked::{{closure}}::{{closure}}::hf2e7831dad93c597
[INFO] [stdout]                                at /rustc/a178d0322ce20e33eac124758e837cbd80a6f633/library/std/src/thread/mod.rs:481:17
[INFO] [stdout]   31:     0x55cdc3b08e48 - <std::panic::AssertUnwindSafe<F> as core::ops::function::FnOnce<()>>::call_once::hd2e08783d8be4d02
[INFO] [stdout]                                at /rustc/a178d0322ce20e33eac124758e837cbd80a6f633/library/std/src/panic.rs:347:9
[INFO] [stdout]   32:     0x55cdc3b08e48 - std::panicking::try::do_call::h062597b7acfd6b82
[INFO] [stdout]                                at /rustc/a178d0322ce20e33eac124758e837cbd80a6f633/library/std/src/panicking.rs:401:40
[INFO] [stdout]   33:     0x55cdc3b08e48 - std::panicking::try::h0d7b79db04c14552
[INFO] [stdout]                                at /rustc/a178d0322ce20e33eac124758e837cbd80a6f633/library/std/src/panicking.rs:365:19
[INFO] [stdout]   34:     0x55cdc3b08e48 - std::panic::catch_unwind::hb01a0b5e7c8cd43b
[INFO] [stdout]                                at /rustc/a178d0322ce20e33eac124758e837cbd80a6f633/library/std/src/panic.rs:434:14
[INFO] [stdout]   35:     0x55cdc3b08e48 - std::thread::Builder::spawn_unchecked::{{closure}}::h5bde48cc887e0d1e
[INFO] [stdout]                                at /rustc/a178d0322ce20e33eac124758e837cbd80a6f633/library/std/src/thread/mod.rs:480:30
[INFO] [stdout]   36:     0x55cdc3b08e48 - core::ops::function::FnOnce::call_once{{vtable.shim}}::h745ea30807a29e55
[INFO] [stdout]                                at /rustc/a178d0322ce20e33eac124758e837cbd80a6f633/library/core/src/ops/function.rs:227:5
[INFO] [stdout]   37:     0x55cdc3b5d657 - <alloc::boxed::Box<F,A> as core::ops::function::FnOnce<Args>>::call_once::h7ece6cfefaff1005
[INFO] [stdout]                                at /rustc/a178d0322ce20e33eac124758e837cbd80a6f633/library/alloc/src/boxed.rs:1575:9
[INFO] [stdout]   38:     0x55cdc3b5d657 - <alloc::boxed::Box<F,A> as core::ops::function::FnOnce<Args>>::call_once::hb8b48e55c21f193e
[INFO] [stdout]                                at /rustc/a178d0322ce20e33eac124758e837cbd80a6f633/library/alloc/src/boxed.rs:1575:9
[INFO] [stdout]   39:     0x55cdc3b5d657 - std::sys::unix::thread::Thread::new::thread_start::h8c7c4450dba62914
[INFO] [stdout]                                at /rustc/a178d0322ce20e33eac124758e837cbd80a6f633/library/std/src/sys/unix/thread.rs:71:17
[INFO] [stdout]   40:     0x7f5aba8b1609 - start_thread
[INFO] [stdout]   41:     0x7f5abaa08293 - clone
[INFO] [stdout]   42:                0x0 - <unknown>
[INFO] [stdout] 
[INFO] [stdout] ---- tests::test_set_string stdout ----
[INFO] [stdout] Error: StringTooLong(0, (0, 0), "Test String")
[INFO] [stdout] thread 'tests::test_set_string' panicked at 'assertion failed: `(left == right)`
[INFO] [stdout]   left: `1`,
[INFO] [stdout]  right: `0`: the test returned a termination value with a non-zero status code (1) which indicates a failure', /rustc/a178d0322ce20e33eac124758e837cbd80a6f633/library/test/src/lib.rs:193:5
[INFO] [stdout] stack backtrace:
[INFO] [stdout]    0:     0x55cdc3b56340 - std::backtrace_rs::backtrace::libunwind::trace::h34055254b57d8e79
[INFO] [stdout]                                at /rustc/a178d0322ce20e33eac124758e837cbd80a6f633/library/std/src/../../backtrace/src/backtrace/libunwind.rs:90:5
[INFO] [stdout]    1:     0x55cdc3b56340 - std::backtrace_rs::backtrace::trace_unsynchronized::h8f1e3fbd9afff6ec
[INFO] [stdout]                                at /rustc/a178d0322ce20e33eac124758e837cbd80a6f633/library/std/src/../../backtrace/src/backtrace/mod.rs:66:5
[INFO] [stdout]    2:     0x55cdc3b56340 - std::sys_common::backtrace::_print_fmt::h3a99a796b770c360
[INFO] [stdout]                                at /rustc/a178d0322ce20e33eac124758e837cbd80a6f633/library/std/src/sys_common/backtrace.rs:67:5
[INFO] [stdout]    3:     0x55cdc3b56340 - <std::sys_common::backtrace::_print::DisplayBacktrace as core::fmt::Display>::fmt::h32d1f94a80615d18
[INFO] [stdout]                                at /rustc/a178d0322ce20e33eac124758e837cbd80a6f633/library/std/src/sys_common/backtrace.rs:46:22
[INFO] [stdout]    4:     0x55cdc3b78b5c - core::fmt::write::h306731c068f7162c
[INFO] [stdout]                                at /rustc/a178d0322ce20e33eac124758e837cbd80a6f633/library/core/src/fmt/mod.rs:1110:17
[INFO] [stdout]    5:     0x55cdc3b53265 - std::io::Write::write_fmt::h87f19b0a2cd190bc
[INFO] [stdout]                                at /rustc/a178d0322ce20e33eac124758e837cbd80a6f633/library/std/src/io/mod.rs:1588:15
[INFO] [stdout]    6:     0x55cdc3b584ab - std::sys_common::backtrace::_print::h5abaa2601a852287
[INFO] [stdout]                                at /rustc/a178d0322ce20e33eac124758e837cbd80a6f633/library/std/src/sys_common/backtrace.rs:49:5
[INFO] [stdout]    7:     0x55cdc3b584ab - std::sys_common::backtrace::print::h8d81445442bb638f
[INFO] [stdout]                                at /rustc/a178d0322ce20e33eac124758e837cbd80a6f633/library/std/src/sys_common/backtrace.rs:36:9
[INFO] [stdout]    8:     0x55cdc3b584ab - std::panicking::default_hook::{{closure}}::hcfe804496a9fa747
[INFO] [stdout]                                at /rustc/a178d0322ce20e33eac124758e837cbd80a6f633/library/std/src/panicking.rs:208:50
[INFO] [stdout]    9:     0x55cdc3b57fbc - std::panicking::default_hook::hbea8e3ccf2ba8901
[INFO] [stdout]                                at /rustc/a178d0322ce20e33eac124758e837cbd80a6f633/library/std/src/panicking.rs:222:9
[INFO] [stdout]   10:     0x55cdc3b58b74 - std::panicking::rust_panic_with_hook::h7ee9e1a2d0f8975a
[INFO] [stdout]                                at /rustc/a178d0322ce20e33eac124758e837cbd80a6f633/library/std/src/panicking.rs:622:17
[INFO] [stdout]   11:     0x55cdc3b58657 - std::panicking::begin_panic_handler::{{closure}}::h8ab3b4491718b2c7
[INFO] [stdout]                                at /rustc/a178d0322ce20e33eac124758e837cbd80a6f633/library/std/src/panicking.rs:519:13
[INFO] [stdout]   12:     0x55cdc3b5683c - std::sys_common::backtrace::__rust_end_short_backtrace::hd489062ffa586a9f
[INFO] [stdout]                                at /rustc/a178d0322ce20e33eac124758e837cbd80a6f633/library/std/src/sys_common/backtrace.rs:141:18
[INFO] [stdout]   13:     0x55cdc3b585b9 - rust_begin_unwind
[INFO] [stdout]                                at /rustc/a178d0322ce20e33eac124758e837cbd80a6f633/library/std/src/panicking.rs:515:5
[INFO] [stdout]   14:     0x55cdc3a9f6d1 - core::panicking::panic_fmt::hca6330e3e14086b4
[INFO] [stdout]                                at /rustc/a178d0322ce20e33eac124758e837cbd80a6f633/library/core/src/panicking.rs:92:14
[INFO] [stdout]   15:     0x55cdc3b7755e - core::panicking::assert_failed_inner::h33b45280069a80ed
[INFO] [stdout]   16:     0x55cdc3af9efa - core::panicking::assert_failed::h557020a3b16c410d
[INFO] [stdout]                                at /rustc/a178d0322ce20e33eac124758e837cbd80a6f633/library/core/src/panicking.rs:117:5
[INFO] [stdout]   17:     0x55cdc3ad3b1f - test::assert_test_result::h7f1041c15384678b
[INFO] [stdout]                                at /rustc/a178d0322ce20e33eac124758e837cbd80a6f633/library/test/src/lib.rs:193:5
[INFO] [stdout]   18:     0x55cdc3aef89d - wrecked::tests::test_set_string::{{closure}}::h60c8f3345569753c
[INFO] [stdout]                                at /opt/rustwide/workdir/src/tests.rs:343:1
[INFO] [stdout]   19:     0x55cdc3ad195e - core::ops::function::FnOnce::call_once::h3481f077ce9bdf22
[INFO] [stdout]                                at /rustc/a178d0322ce20e33eac124758e837cbd80a6f633/library/core/src/ops/function.rs:227:5
[INFO] [stdout]   20:     0x55cdc3b2d123 - core::ops::function::FnOnce::call_once::h152e7e439ff59e19
[INFO] [stdout]                                at /rustc/a178d0322ce20e33eac124758e837cbd80a6f633/library/core/src/ops/function.rs:227:5
[INFO] [stdout]   21:     0x55cdc3b2d123 - test::__rust_begin_short_backtrace::h0908f3b1fdbb72ab
[INFO] [stdout]                                at /rustc/a178d0322ce20e33eac124758e837cbd80a6f633/library/test/src/lib.rs:577:5
[INFO] [stdout]   22:     0x55cdc3b2bbe0 - <alloc::boxed::Box<F,A> as core::ops::function::FnOnce<Args>>::call_once::hf6d2a51e5587546c
[INFO] [stdout]                                at /rustc/a178d0322ce20e33eac124758e837cbd80a6f633/library/alloc/src/boxed.rs:1575:9
[INFO] [stdout]   23:     0x55cdc3b2bbe0 - <std::panic::AssertUnwindSafe<F> as core::ops::function::FnOnce<()>>::call_once::h8af660f3a89ef593
[INFO] [stdout]                                at /rustc/a178d0322ce20e33eac124758e837cbd80a6f633/library/std/src/panic.rs:347:9
[INFO] [stdout]   24:     0x55cdc3b2bbe0 - std::panicking::try::do_call::hd36aef60f84b6d36
[INFO] [stdout]                                at /rustc/a178d0322ce20e33eac124758e837cbd80a6f633/library/std/src/panicking.rs:401:40
[INFO] [stdout]   25:     0x55cdc3b2bbe0 - std::panicking::try::h9932b4480e69817c
[INFO] [stdout]                                at /rustc/a178d0322ce20e33eac124758e837cbd80a6f633/library/std/src/panicking.rs:365:19
[INFO] [stdout]   26:     0x55cdc3b2bbe0 - std::panic::catch_unwind::h6aa177099cfff5f8
[INFO] [stdout]                                at /rustc/a178d0322ce20e33eac124758e837cbd80a6f633/library/std/src/panic.rs:434:14
[INFO] [stdout]   27:     0x55cdc3b2bbe0 - test::run_test_in_process::h5884d6f2d99e20c3
[INFO] [stdout]                                at /rustc/a178d0322ce20e33eac124758e837cbd80a6f633/library/test/src/lib.rs:600:18
[INFO] [stdout]   28:     0x55cdc3b2bbe0 - test::run_test::run_test_inner::{{closure}}::h6fdc58c6d5f5b6e3
[INFO] [stdout]                                at /rustc/a178d0322ce20e33eac124758e837cbd80a6f633/library/test/src/lib.rs:492:39
[INFO] [stdout]   29:     0x55cdc3b05292 - test::run_test::run_test_inner::{{closure}}::h408365d67a78ade8
[INFO] [stdout]                                at /rustc/a178d0322ce20e33eac124758e837cbd80a6f633/library/test/src/lib.rs:519:37
[INFO] [stdout]   30:     0x55cdc3b05292 - std::sys_common::backtrace::__rust_begin_short_backtrace::hb560b77c4f701523
[INFO] [stdout]                                at /rustc/a178d0322ce20e33eac124758e837cbd80a6f633/library/std/src/sys_common/backtrace.rs:125:18
[INFO] [stdout]   31:     0x55cdc3b08e48 - std::thread::Builder::spawn_unchecked::{{closure}}::{{closure}}::hf2e7831dad93c597
[INFO] [stdout]                                at /rustc/a178d0322ce20e33eac124758e837cbd80a6f633/library/std/src/thread/mod.rs:481:17
[INFO] [stdout]   32:     0x55cdc3b08e48 - <std::panic::AssertUnwindSafe<F> as core::ops::function::FnOnce<()>>::call_once::hd2e08783d8be4d02
[INFO] [stdout]                                at /rustc/a178d0322ce20e33eac124758e837cbd80a6f633/library/std/src/panic.rs:347:9
[INFO] [stdout]   33:     0x55cdc3b08e48 - std::panicking::try::do_call::h062597b7acfd6b82
[INFO] [stdout]                                at /rustc/a178d0322ce20e33eac124758e837cbd80a6f633/library/std/src/panicking.rs:401:40
[INFO] [stdout]   34:     0x55cdc3b08e48 - std::panicking::try::h0d7b79db04c14552
[INFO] [stdout]                                at /rustc/a178d0322ce20e33eac124758e837cbd80a6f633/library/std/src/panicking.rs:365:19
[INFO] [stdout]   35:     0x55cdc3b08e48 - std::panic::catch_unwind::hb01a0b5e7c8cd43b
[INFO] [stdout]                                at /rustc/a178d0322ce20e33eac124758e837cbd80a6f633/library/std/src/panic.rs:434:14
[INFO] [stdout]   36:     0x55cdc3b08e48 - std::thread::Builder::spawn_unchecked::{{closure}}::h5bde48cc887e0d1e
[INFO] [stdout]                                at /rustc/a178d0322ce20e33eac124758e837cbd80a6f633/library/std/src/thread/mod.rs:480:30
[INFO] [stdout]   37:     0x55cdc3b08e48 - core::ops::function::FnOnce::call_once{{vtable.shim}}::h745ea30807a29e55
[INFO] [stdout]                                at /rustc/a178d0322ce20e33eac124758e837cbd80a6f633/library/core/src/ops/function.rs:227:5
[INFO] [stdout]   38:     0x55cdc3b5d657 - <alloc::boxed::Box<F,A> as core::ops::function::FnOnce<Args>>::call_once::h7ece6cfefaff1005
[INFO] [stdout]                                at /rustc/a178d0322ce20e33eac124758e837cbd80a6f633/library/alloc/src/boxed.rs:1575:9
[INFO] [stdout]   39:     0x55cdc3b5d657 - <alloc::boxed::Box<F,A> as core::ops::function::FnOnce<Args>>::call_once::hb8b48e55c21f193e
[INFO] [stdout]                                at /rustc/a178d0322ce20e33eac124758e837cbd80a6f633/library/alloc/src/boxed.rs:1575:9
[INFO] [stdout]   40:     0x55cdc3b5d657 - std::sys::unix::thread::Thread::new::thread_start::h8c7c4450dba62914
[INFO] [stdout]                                at /rustc/a178d0322ce20e33eac124758e837cbd80a6f633/library/std/src/sys/unix/thread.rs:71:17
[INFO] [stdout]   41:     0x7f5aba8b1609 - start_thread
[INFO] [stdout]   42:     0x7f5abaa08293 - clone
[INFO] [stdout]   43:                0x0 - <unknown>
[INFO] [stdout] 
[INFO] [stdout] 
[INFO] [stdout] failures:
[INFO] [stdout]     tests::test_draw_map
[INFO] [stdout]     tests::test_positional_refresh
[INFO] [stdout]     tests::test_set_string
[INFO] [stdout]     tests::test_update_child_space
[INFO] [stdout] 
[INFO] [stdout] test result: FAILED. 20 passed; 4 failed; 0 ignored; 0 measured; 0 filtered out; finished in 0.07s
[INFO] [stdout] 
[INFO] [stderr] error: test failed, to rerun pass '--lib'
[INFO] running `Command { std: "docker" "inspect" "8afb98ed7ac8d325d25444b50299f24ffd8342f48f2bcfe9f24910dc6657d01f", kill_on_drop: false }`
[INFO] running `Command { std: "docker" "rm" "-f" "8afb98ed7ac8d325d25444b50299f24ffd8342f48f2bcfe9f24910dc6657d01f", kill_on_drop: false }`
[INFO] [stdout] 8afb98ed7ac8d325d25444b50299f24ffd8342f48f2bcfe9f24910dc6657d01f
