[INFO] fetching crate worker-kv 0.2.0...
[INFO] testing worker-kv-0.2.0 against beta-2021-08-01 for beta-1.55-1
[INFO] extracting crate worker-kv 0.2.0 into /workspace/builds/worker-3/source
[INFO] validating manifest of crates.io crate worker-kv 0.2.0 on toolchain beta-2021-08-01
[INFO] running `Command { std: "/workspace/cargo-home/bin/cargo" "+beta-2021-08-01" "metadata" "--manifest-path" "Cargo.toml" "--no-deps", kill_on_drop: false }`
[INFO] started tweaking crates.io crate worker-kv 0.2.0
[INFO] finished tweaking crates.io crate worker-kv 0.2.0
[INFO] tweaked toml for crates.io crate worker-kv 0.2.0 written to /workspace/builds/worker-3/source/Cargo.toml
[INFO] running `Command { std: "/workspace/cargo-home/bin/cargo" "+beta-2021-08-01" "generate-lockfile" "--manifest-path" "Cargo.toml" "-Zno-index-update", kill_on_drop: false }`
[INFO] running `Command { std: "/workspace/cargo-home/bin/cargo" "+beta-2021-08-01" "fetch" "--manifest-path" "Cargo.toml", kill_on_drop: false }`
[INFO] running `Command { std: "docker" "create" "-v" "/var/lib/crater-agent-workspace/builds/worker-3/target:/opt/rustwide/target:rw,Z" "-v" "/var/lib/crater-agent-workspace/builds/worker-3/source:/opt/rustwide/workdir:ro,Z" "-v" "/var/lib/crater-agent-workspace/cargo-home:/opt/rustwide/cargo-home:ro,Z" "-v" "/var/lib/crater-agent-workspace/rustup-home:/opt/rustwide/rustup-home:ro,Z" "-e" "SOURCE_DIR=/opt/rustwide/workdir" "-e" "CARGO_TARGET_DIR=/opt/rustwide/target" "-e" "CARGO_HOME=/opt/rustwide/cargo-home" "-e" "RUSTUP_HOME=/opt/rustwide/rustup-home" "-w" "/opt/rustwide/workdir" "-m" "1610612736" "--user" "0:0" "--network" "none" "ghcr.io/rust-lang/crates-build-env/linux@sha256:34b6a614d2c27851fe6cbf88fbd1137609cefab8b10d0615aaeb6fd47975d74e" "/opt/rustwide/cargo-home/bin/cargo" "+beta-2021-08-01" "metadata" "--no-deps" "--format-version=1", kill_on_drop: false }`
[INFO] [stdout] b858e30844b486517c96e9ff3b14edcca204ea3b3d4869d1d986ac4278672072
[INFO] [stderr] WARNING: Your kernel does not support swap limit capabilities or the cgroup is not mounted. Memory limited without swap.
[INFO] running `Command { std: "docker" "start" "-a" "b858e30844b486517c96e9ff3b14edcca204ea3b3d4869d1d986ac4278672072", kill_on_drop: false }`
[INFO] running `Command { std: "docker" "inspect" "b858e30844b486517c96e9ff3b14edcca204ea3b3d4869d1d986ac4278672072", kill_on_drop: false }`
[INFO] running `Command { std: "docker" "rm" "-f" "b858e30844b486517c96e9ff3b14edcca204ea3b3d4869d1d986ac4278672072", kill_on_drop: false }`
[INFO] [stdout] b858e30844b486517c96e9ff3b14edcca204ea3b3d4869d1d986ac4278672072
[INFO] running `Command { std: "docker" "create" "-v" "/var/lib/crater-agent-workspace/builds/worker-3/target:/opt/rustwide/target:rw,Z" "-v" "/var/lib/crater-agent-workspace/builds/worker-3/source:/opt/rustwide/workdir:ro,Z" "-v" "/var/lib/crater-agent-workspace/cargo-home:/opt/rustwide/cargo-home:ro,Z" "-v" "/var/lib/crater-agent-workspace/rustup-home:/opt/rustwide/rustup-home:ro,Z" "-e" "SOURCE_DIR=/opt/rustwide/workdir" "-e" "CARGO_TARGET_DIR=/opt/rustwide/target" "-e" "CARGO_INCREMENTAL=0" "-e" "RUST_BACKTRACE=full" "-e" "RUSTFLAGS=--cap-lints=warn" "-e" "CARGO_HOME=/opt/rustwide/cargo-home" "-e" "RUSTUP_HOME=/opt/rustwide/rustup-home" "-w" "/opt/rustwide/workdir" "-m" "1610612736" "--user" "0:0" "--network" "none" "ghcr.io/rust-lang/crates-build-env/linux@sha256:34b6a614d2c27851fe6cbf88fbd1137609cefab8b10d0615aaeb6fd47975d74e" "/opt/rustwide/cargo-home/bin/cargo" "+beta-2021-08-01" "build" "--frozen" "--message-format=json", kill_on_drop: false }`
[INFO] [stderr] WARNING: Your kernel does not support swap limit capabilities or the cgroup is not mounted. Memory limited without swap.
[INFO] [stdout] 39022a02ca5975ba8d7e2f38f89cdd2c66da10d4936f4846a7927fa7e6cd4640
[INFO] running `Command { std: "docker" "start" "-a" "39022a02ca5975ba8d7e2f38f89cdd2c66da10d4936f4846a7927fa7e6cd4640", kill_on_drop: false }`
[INFO] [stderr]    Compiling wasm-bindgen v0.2.75
[INFO] [stderr]    Compiling serde v1.0.127
[INFO] [stderr]    Compiling serde_json v1.0.66
[INFO] [stderr]    Compiling js-sys v0.3.52
[INFO] [stderr]    Compiling wasm-bindgen-futures v0.4.25
[INFO] [stderr]    Compiling worker-kv v0.2.0 (/opt/rustwide/workdir)
[INFO] [stderr]     Finished dev [unoptimized + debuginfo] target(s) in 11.09s
[INFO] running `Command { std: "docker" "inspect" "39022a02ca5975ba8d7e2f38f89cdd2c66da10d4936f4846a7927fa7e6cd4640", kill_on_drop: false }`
[INFO] running `Command { std: "docker" "rm" "-f" "39022a02ca5975ba8d7e2f38f89cdd2c66da10d4936f4846a7927fa7e6cd4640", kill_on_drop: false }`
[INFO] [stdout] 39022a02ca5975ba8d7e2f38f89cdd2c66da10d4936f4846a7927fa7e6cd4640
[INFO] running `Command { std: "docker" "create" "-v" "/var/lib/crater-agent-workspace/builds/worker-3/target:/opt/rustwide/target:rw,Z" "-v" "/var/lib/crater-agent-workspace/builds/worker-3/source:/opt/rustwide/workdir:ro,Z" "-v" "/var/lib/crater-agent-workspace/cargo-home:/opt/rustwide/cargo-home:ro,Z" "-v" "/var/lib/crater-agent-workspace/rustup-home:/opt/rustwide/rustup-home:ro,Z" "-e" "SOURCE_DIR=/opt/rustwide/workdir" "-e" "CARGO_TARGET_DIR=/opt/rustwide/target" "-e" "CARGO_INCREMENTAL=0" "-e" "RUST_BACKTRACE=full" "-e" "RUSTFLAGS=--cap-lints=warn" "-e" "CARGO_HOME=/opt/rustwide/cargo-home" "-e" "RUSTUP_HOME=/opt/rustwide/rustup-home" "-w" "/opt/rustwide/workdir" "-m" "1610612736" "--user" "0:0" "--network" "none" "ghcr.io/rust-lang/crates-build-env/linux@sha256:34b6a614d2c27851fe6cbf88fbd1137609cefab8b10d0615aaeb6fd47975d74e" "/opt/rustwide/cargo-home/bin/cargo" "+beta-2021-08-01" "test" "--frozen" "--no-run" "--message-format=json", kill_on_drop: false }`
[INFO] [stdout] 52316d1be331aed9cbddeb45fcb8304e1c792eec9c6755c422cca47dcfe45fa3
[INFO] [stderr] WARNING: Your kernel does not support swap limit capabilities or the cgroup is not mounted. Memory limited without swap.
[INFO] running `Command { std: "docker" "start" "-a" "52316d1be331aed9cbddeb45fcb8304e1c792eec9c6755c422cca47dcfe45fa3", kill_on_drop: false }`
[INFO] [stderr]    Compiling worker-kv v0.2.0 (/opt/rustwide/workdir)
[INFO] [stderr]     Finished test [unoptimized + debuginfo] target(s) in 0.59s
[INFO] running `Command { std: "docker" "inspect" "52316d1be331aed9cbddeb45fcb8304e1c792eec9c6755c422cca47dcfe45fa3", kill_on_drop: false }`
[INFO] running `Command { std: "docker" "rm" "-f" "52316d1be331aed9cbddeb45fcb8304e1c792eec9c6755c422cca47dcfe45fa3", kill_on_drop: false }`
[INFO] [stdout] 52316d1be331aed9cbddeb45fcb8304e1c792eec9c6755c422cca47dcfe45fa3
[INFO] running `Command { std: "docker" "create" "-v" "/var/lib/crater-agent-workspace/builds/worker-3/target:/opt/rustwide/target:rw,Z" "-v" "/var/lib/crater-agent-workspace/builds/worker-3/source:/opt/rustwide/workdir:ro,Z" "-v" "/var/lib/crater-agent-workspace/cargo-home:/opt/rustwide/cargo-home:ro,Z" "-v" "/var/lib/crater-agent-workspace/rustup-home:/opt/rustwide/rustup-home:ro,Z" "-e" "SOURCE_DIR=/opt/rustwide/workdir" "-e" "CARGO_TARGET_DIR=/opt/rustwide/target" "-e" "CARGO_INCREMENTAL=0" "-e" "RUST_BACKTRACE=full" "-e" "RUSTFLAGS=--cap-lints=warn" "-e" "CARGO_HOME=/opt/rustwide/cargo-home" "-e" "RUSTUP_HOME=/opt/rustwide/rustup-home" "-w" "/opt/rustwide/workdir" "-m" "1610612736" "--user" "0:0" "--network" "none" "ghcr.io/rust-lang/crates-build-env/linux@sha256:34b6a614d2c27851fe6cbf88fbd1137609cefab8b10d0615aaeb6fd47975d74e" "/opt/rustwide/cargo-home/bin/cargo" "+beta-2021-08-01" "test" "--frozen", kill_on_drop: false }`
[INFO] [stdout] e1911632582efe74f0eb2b0f26acfcd233ad921f578314b445ec8f404e528b58
[INFO] [stderr] WARNING: Your kernel does not support swap limit capabilities or the cgroup is not mounted. Memory limited without swap.
[INFO] running `Command { std: "docker" "start" "-a" "e1911632582efe74f0eb2b0f26acfcd233ad921f578314b445ec8f404e528b58", kill_on_drop: false }`
[INFO] [stderr]     Finished test [unoptimized + debuginfo] target(s) in 0.03s
[INFO] [stderr]      Running unittests (/opt/rustwide/target/debug/deps/worker_kv-5f44c9bebcc3c26c)
[INFO] [stdout] 
[INFO] [stdout] running 0 tests
[INFO] [stdout] 
[INFO] [stdout] test result: ok. 0 passed; 0 failed; 0 ignored; 0 measured; 0 filtered out; finished in 0.00s
[INFO] [stdout] 
[INFO] [stderr]    Doc-tests worker-kv
[INFO] [stdout] 
[INFO] [stdout] running 1 test
[INFO] [stdout] test src/lib.rs - (line 5) - compile ... FAILED
[INFO] [stdout] 
[INFO] [stdout] failures:
[INFO] [stdout] 
[INFO] [stdout] ---- src/lib.rs - (line 5) stdout ----
[INFO] [stdout] error[E0433]: failed to resolve: use of undeclared type `KvStore`
[INFO] [stdout]  --> src/lib.rs:6:10
[INFO] [stdout]   |
[INFO] [stdout] 3 | let kv = KvStore::create("Example")?;
[INFO] [stdout]   |          ^^^^^^^ not found in this scope
[INFO] [stdout]   |
[INFO] [stdout] help: consider importing this struct
[INFO] [stdout]   |
[INFO] [stdout] 2 | use worker_kv::KvStore;
[INFO] [stdout]   |
[INFO] [stdout] 
[INFO] [stdout] error[E0728]: `await` is only allowed inside `async` functions and blocks
[INFO] [stdout]  --> src/lib.rs:9:1
[INFO] [stdout]   |
[INFO] [stdout] 2 |   fn main() { #[allow(non_snake_case)] fn _doctest_main_src_lib_rs_5_0() {
[INFO] [stdout]   |                                           ---------------------------- this is not `async`
[INFO] [stdout] ...
[INFO] [stdout] 6 | / kv.put("example_key", "example_value")
[INFO] [stdout] 7 | |     .metadata(vec![1, 2, 3, 4]) // Use some arbitrary serialiazable metadata
[INFO] [stdout] 8 | |     .execute()
[INFO] [stdout] 9 | |     .await?;
[INFO] [stdout]   | |__________^ only allowed inside `async` functions and blocks
[INFO] [stdout] 
[INFO] [stdout] error[E0728]: `await` is only allowed inside `async` functions and blocks
[INFO] [stdout]   --> src/lib.rs:16:25
[INFO] [stdout]    |
[INFO] [stdout] 2  | fn main() { #[allow(non_snake_case)] fn _doctest_main_src_lib_rs_5_0() {
[INFO] [stdout]    |                                         ---------------------------- this is not `async`
[INFO] [stdout] ...
[INFO] [stdout] 13 | let (value, metadata) = kv.get_with_metadata::<Vec<usize>>("example_key").await?;
[INFO] [stdout]    |                         ^^^^^^^^^^^^^^^^^^^^^^^^^^^^^^^^^^^^^^^^^^^^^^^^^^^^^^^ only allowed inside `async` functions and blocks
[INFO] [stdout] 
[INFO] [stdout] error[E0277]: the `?` operator can only be used in a function that returns `Result` or `Option` (or another type that implements `FromResidual`)
[INFO] [stdout]    --> src/lib.rs:6:36
[INFO] [stdout]     |
[INFO] [stdout] 2   |   fn main() { #[allow(non_snake_case)] fn _doctest_main_src_lib_rs_5_0() {
[INFO] [stdout]     |  ______________________________________-
[INFO] [stdout] 3   | | let kv = KvStore::create("Example")?;
[INFO] [stdout]     | |                                    ^ cannot use the `?` operator in a function that returns `()`
[INFO] [stdout] 4   | |
[INFO] [stdout] 5   | | // Insert a new entry into the kv.
[INFO] [stdout] ...   |
[INFO] [stdout] 13  | | let (value, metadata) = kv.get_with_metadata::<Vec<usize>>("example_key").await?;
[INFO] [stdout] 14  | | } _doctest_main_src_lib_rs_5_0() }
[INFO] [stdout]     | |_- this function should return `Result` or `Option` to accept `?`
[INFO] [stdout]     |
[INFO] [stdout]     = help: the trait `FromResidual<_>` is not implemented for `()`
[INFO] [stdout] note: required by `from_residual`
[INFO] [stdout] 
[INFO] [stdout] error[E0277]: the `?` operator can only be used in a function that returns `Result` or `Option` (or another type that implements `FromResidual`)
[INFO] [stdout]    --> src/lib.rs:12:11
[INFO] [stdout]     |
[INFO] [stdout] 2   |   fn main() { #[allow(non_snake_case)] fn _doctest_main_src_lib_rs_5_0() {
[INFO] [stdout]     |  ______________________________________-
[INFO] [stdout] 3   | | let kv = KvStore::create("Example")?;
[INFO] [stdout] 4   | |
[INFO] [stdout] 5   | | // Insert a new entry into the kv.
[INFO] [stdout] ...   |
[INFO] [stdout] 9   | |     .await?;
[INFO] [stdout]     | |           ^ cannot use the `?` operator in a function that returns `()`
[INFO] [stdout] ...   |
[INFO] [stdout] 13  | | let (value, metadata) = kv.get_with_metadata::<Vec<usize>>("example_key").await?;
[INFO] [stdout] 14  | | } _doctest_main_src_lib_rs_5_0() }
[INFO] [stdout]     | |_- this function should return `Result` or `Option` to accept `?`
[INFO] [stdout]     |
[INFO] [stdout]     = help: the trait `FromResidual<_>` is not implemented for `()`
[INFO] [stdout] note: required by `from_residual`
[INFO] [stdout] 
[INFO] [stdout] error[E0277]: the `?` operator can only be used in a function that returns `Result` or `Option` (or another type that implements `FromResidual`)
[INFO] [stdout]    --> src/lib.rs:16:80
[INFO] [stdout]     |
[INFO] [stdout] 2   |   fn main() { #[allow(non_snake_case)] fn _doctest_main_src_lib_rs_5_0() {
[INFO] [stdout]     |  ______________________________________-
[INFO] [stdout] 3   | | let kv = KvStore::create("Example")?;
[INFO] [stdout] 4   | |
[INFO] [stdout] 5   | | // Insert a new entry into the kv.
[INFO] [stdout] ...   |
[INFO] [stdout] 13  | | let (value, metadata) = kv.get_with_metadata::<Vec<usize>>("example_key").await?;
[INFO] [stdout]     | |                                                                                ^ cannot use the `?` operator in a function that returns `()`
[INFO] [stdout] 14  | | } _doctest_main_src_lib_rs_5_0() }
[INFO] [stdout]     | |_- this function should return `Result` or `Option` to accept `?`
[INFO] [stdout]     |
[INFO] [stdout]     = help: the trait `FromResidual<_>` is not implemented for `()`
[INFO] [stdout] note: required by `from_residual`
[INFO] [stdout] 
[INFO] [stdout] error: aborting due to 6 previous errors
[INFO] [stdout] 
[INFO] [stdout] Some errors have detailed explanations: E0277, E0433, E0728.
[INFO] [stdout] For more information about an error, try `rustc --explain E0277`.
[INFO] [stdout] Couldn't compile the test.
[INFO] [stdout] 
[INFO] [stdout] failures:
[INFO] [stdout]     src/lib.rs - (line 5)
[INFO] [stdout] 
[INFO] [stdout] test result: FAILED. 0 passed; 1 failed; 0 ignored; 0 measured; 0 filtered out; finished in 0.22s
[INFO] [stdout] 
[INFO] [stderr] error: test failed, to rerun pass '--doc'
[INFO] running `Command { std: "docker" "inspect" "e1911632582efe74f0eb2b0f26acfcd233ad921f578314b445ec8f404e528b58", kill_on_drop: false }`
[INFO] running `Command { std: "docker" "rm" "-f" "e1911632582efe74f0eb2b0f26acfcd233ad921f578314b445ec8f404e528b58", kill_on_drop: false }`
[INFO] [stdout] e1911632582efe74f0eb2b0f26acfcd233ad921f578314b445ec8f404e528b58
