[INFO] fetching crate wookie 0.2.0...
[INFO] testing wookie-0.2.0 against beta-2021-08-01 for beta-1.55-1
[INFO] extracting crate wookie 0.2.0 into /workspace/builds/worker-3/source
[INFO] validating manifest of crates.io crate wookie 0.2.0 on toolchain beta-2021-08-01
[INFO] running `Command { std: "/workspace/cargo-home/bin/cargo" "+beta-2021-08-01" "metadata" "--manifest-path" "Cargo.toml" "--no-deps", kill_on_drop: false }`
[INFO] started tweaking crates.io crate wookie 0.2.0
[INFO] finished tweaking crates.io crate wookie 0.2.0
[INFO] tweaked toml for crates.io crate wookie 0.2.0 written to /workspace/builds/worker-3/source/Cargo.toml
[INFO] running `Command { std: "/workspace/cargo-home/bin/cargo" "+beta-2021-08-01" "generate-lockfile" "--manifest-path" "Cargo.toml" "-Zno-index-update", kill_on_drop: false }`
[INFO] running `Command { std: "/workspace/cargo-home/bin/cargo" "+beta-2021-08-01" "fetch" "--manifest-path" "Cargo.toml", kill_on_drop: false }`
[INFO] [stderr]  Downloading crates ...
[INFO] [stderr]   Downloaded futures-micro v0.5.0
[INFO] running `Command { std: "docker" "create" "-v" "/var/lib/crater-agent-workspace/builds/worker-3/target:/opt/rustwide/target:rw,Z" "-v" "/var/lib/crater-agent-workspace/builds/worker-3/source:/opt/rustwide/workdir:ro,Z" "-v" "/var/lib/crater-agent-workspace/cargo-home:/opt/rustwide/cargo-home:ro,Z" "-v" "/var/lib/crater-agent-workspace/rustup-home:/opt/rustwide/rustup-home:ro,Z" "-e" "SOURCE_DIR=/opt/rustwide/workdir" "-e" "CARGO_TARGET_DIR=/opt/rustwide/target" "-e" "CARGO_HOME=/opt/rustwide/cargo-home" "-e" "RUSTUP_HOME=/opt/rustwide/rustup-home" "-w" "/opt/rustwide/workdir" "-m" "1610612736" "--user" "0:0" "--network" "none" "ghcr.io/rust-lang/crates-build-env/linux@sha256:34b6a614d2c27851fe6cbf88fbd1137609cefab8b10d0615aaeb6fd47975d74e" "/opt/rustwide/cargo-home/bin/cargo" "+beta-2021-08-01" "metadata" "--no-deps" "--format-version=1", kill_on_drop: false }`
[INFO] [stdout] a20d18d59656e4639156e26ea550cc5423c613c052b1a9674f56e3b9031a363e
[INFO] [stderr] WARNING: Your kernel does not support swap limit capabilities or the cgroup is not mounted. Memory limited without swap.
[INFO] running `Command { std: "docker" "start" "-a" "a20d18d59656e4639156e26ea550cc5423c613c052b1a9674f56e3b9031a363e", kill_on_drop: false }`
[INFO] running `Command { std: "docker" "inspect" "a20d18d59656e4639156e26ea550cc5423c613c052b1a9674f56e3b9031a363e", kill_on_drop: false }`
[INFO] running `Command { std: "docker" "rm" "-f" "a20d18d59656e4639156e26ea550cc5423c613c052b1a9674f56e3b9031a363e", kill_on_drop: false }`
[INFO] [stdout] a20d18d59656e4639156e26ea550cc5423c613c052b1a9674f56e3b9031a363e
[INFO] running `Command { std: "docker" "create" "-v" "/var/lib/crater-agent-workspace/builds/worker-3/target:/opt/rustwide/target:rw,Z" "-v" "/var/lib/crater-agent-workspace/builds/worker-3/source:/opt/rustwide/workdir:ro,Z" "-v" "/var/lib/crater-agent-workspace/cargo-home:/opt/rustwide/cargo-home:ro,Z" "-v" "/var/lib/crater-agent-workspace/rustup-home:/opt/rustwide/rustup-home:ro,Z" "-e" "SOURCE_DIR=/opt/rustwide/workdir" "-e" "CARGO_TARGET_DIR=/opt/rustwide/target" "-e" "CARGO_INCREMENTAL=0" "-e" "RUST_BACKTRACE=full" "-e" "RUSTFLAGS=--cap-lints=warn" "-e" "CARGO_HOME=/opt/rustwide/cargo-home" "-e" "RUSTUP_HOME=/opt/rustwide/rustup-home" "-w" "/opt/rustwide/workdir" "-m" "1610612736" "--user" "0:0" "--network" "none" "ghcr.io/rust-lang/crates-build-env/linux@sha256:34b6a614d2c27851fe6cbf88fbd1137609cefab8b10d0615aaeb6fd47975d74e" "/opt/rustwide/cargo-home/bin/cargo" "+beta-2021-08-01" "build" "--frozen" "--message-format=json", kill_on_drop: false }`
[INFO] [stderr] WARNING: Your kernel does not support swap limit capabilities or the cgroup is not mounted. Memory limited without swap.
[INFO] [stdout] b5f03f1675c5244740c744fe380a6052bf64e87d88ee717b1a12bc5073056020
[INFO] running `Command { std: "docker" "start" "-a" "b5f03f1675c5244740c744fe380a6052bf64e87d88ee717b1a12bc5073056020", kill_on_drop: false }`
[INFO] [stderr]    Compiling wookie v0.2.0 (/opt/rustwide/workdir)
[INFO] [stderr]     Finished dev [unoptimized + debuginfo] target(s) in 0.35s
[INFO] running `Command { std: "docker" "inspect" "b5f03f1675c5244740c744fe380a6052bf64e87d88ee717b1a12bc5073056020", kill_on_drop: false }`
[INFO] running `Command { std: "docker" "rm" "-f" "b5f03f1675c5244740c744fe380a6052bf64e87d88ee717b1a12bc5073056020", kill_on_drop: false }`
[INFO] [stdout] b5f03f1675c5244740c744fe380a6052bf64e87d88ee717b1a12bc5073056020
[INFO] running `Command { std: "docker" "create" "-v" "/var/lib/crater-agent-workspace/builds/worker-3/target:/opt/rustwide/target:rw,Z" "-v" "/var/lib/crater-agent-workspace/builds/worker-3/source:/opt/rustwide/workdir:ro,Z" "-v" "/var/lib/crater-agent-workspace/cargo-home:/opt/rustwide/cargo-home:ro,Z" "-v" "/var/lib/crater-agent-workspace/rustup-home:/opt/rustwide/rustup-home:ro,Z" "-e" "SOURCE_DIR=/opt/rustwide/workdir" "-e" "CARGO_TARGET_DIR=/opt/rustwide/target" "-e" "CARGO_INCREMENTAL=0" "-e" "RUST_BACKTRACE=full" "-e" "RUSTFLAGS=--cap-lints=warn" "-e" "CARGO_HOME=/opt/rustwide/cargo-home" "-e" "RUSTUP_HOME=/opt/rustwide/rustup-home" "-w" "/opt/rustwide/workdir" "-m" "1610612736" "--user" "0:0" "--network" "none" "ghcr.io/rust-lang/crates-build-env/linux@sha256:34b6a614d2c27851fe6cbf88fbd1137609cefab8b10d0615aaeb6fd47975d74e" "/opt/rustwide/cargo-home/bin/cargo" "+beta-2021-08-01" "test" "--frozen" "--no-run" "--message-format=json", kill_on_drop: false }`
[INFO] [stdout] 2a29bce7fe716d924106d2c6d5353b7cd398cd4cb32fac0e19dd8d3714e042ff
[INFO] [stderr] WARNING: Your kernel does not support swap limit capabilities or the cgroup is not mounted. Memory limited without swap.
[INFO] running `Command { std: "docker" "start" "-a" "2a29bce7fe716d924106d2c6d5353b7cd398cd4cb32fac0e19dd8d3714e042ff", kill_on_drop: false }`
[INFO] [stderr]    Compiling futures-micro v0.5.0
[INFO] [stderr]    Compiling wookie v0.2.0 (/opt/rustwide/workdir)
[INFO] [stderr]     Finished test [unoptimized + debuginfo] target(s) in 1.10s
[INFO] running `Command { std: "docker" "inspect" "2a29bce7fe716d924106d2c6d5353b7cd398cd4cb32fac0e19dd8d3714e042ff", kill_on_drop: false }`
[INFO] running `Command { std: "docker" "rm" "-f" "2a29bce7fe716d924106d2c6d5353b7cd398cd4cb32fac0e19dd8d3714e042ff", kill_on_drop: false }`
[INFO] [stdout] 2a29bce7fe716d924106d2c6d5353b7cd398cd4cb32fac0e19dd8d3714e042ff
[INFO] running `Command { std: "docker" "create" "-v" "/var/lib/crater-agent-workspace/builds/worker-3/target:/opt/rustwide/target:rw,Z" "-v" "/var/lib/crater-agent-workspace/builds/worker-3/source:/opt/rustwide/workdir:ro,Z" "-v" "/var/lib/crater-agent-workspace/cargo-home:/opt/rustwide/cargo-home:ro,Z" "-v" "/var/lib/crater-agent-workspace/rustup-home:/opt/rustwide/rustup-home:ro,Z" "-e" "SOURCE_DIR=/opt/rustwide/workdir" "-e" "CARGO_TARGET_DIR=/opt/rustwide/target" "-e" "CARGO_INCREMENTAL=0" "-e" "RUST_BACKTRACE=full" "-e" "RUSTFLAGS=--cap-lints=warn" "-e" "CARGO_HOME=/opt/rustwide/cargo-home" "-e" "RUSTUP_HOME=/opt/rustwide/rustup-home" "-w" "/opt/rustwide/workdir" "-m" "1610612736" "--user" "0:0" "--network" "none" "ghcr.io/rust-lang/crates-build-env/linux@sha256:34b6a614d2c27851fe6cbf88fbd1137609cefab8b10d0615aaeb6fd47975d74e" "/opt/rustwide/cargo-home/bin/cargo" "+beta-2021-08-01" "test" "--frozen", kill_on_drop: false }`
[INFO] [stdout] e97b9b9e883ac04b9dfcfe1a4427ea479a8c901db5b6577f23ef8c86c973275c
[INFO] [stderr] WARNING: Your kernel does not support swap limit capabilities or the cgroup is not mounted. Memory limited without swap.
[INFO] running `Command { std: "docker" "start" "-a" "e97b9b9e883ac04b9dfcfe1a4427ea479a8c901db5b6577f23ef8c86c973275c", kill_on_drop: false }`
[INFO] [stderr]     Finished test [unoptimized + debuginfo] target(s) in 0.07s
[INFO] [stderr]      Running unittests (/opt/rustwide/target/debug/deps/wookie-9f4dc00b4012f6d5)
[INFO] [stdout] 
[INFO] [stderr]    Doc-tests wookie
[INFO] [stdout] running 0 tests
[INFO] [stdout] 
[INFO] [stdout] test result: ok. 0 passed; 0 failed; 0 ignored; 0 measured; 0 filtered out; finished in 0.00s
[INFO] [stdout] 
[INFO] [stdout] 
[INFO] [stdout] running 4 tests
[INFO] [stdout] test src/lib.rs - (line 27) ... FAILED
[INFO] [stdout] test src/lib.rs - wookie (line 144) ... FAILED
[INFO] [stdout] test src/lib.rs - woke (line 236) ... ok
[INFO] [stderr] error: test failed, to rerun pass '--doc'
[INFO] [stdout] test src/lib.rs - (line 12) ... ok
[INFO] [stdout] 
[INFO] [stdout] failures:
[INFO] [stdout] 
[INFO] [stdout] ---- src/lib.rs - (line 27) stdout ----
[INFO] [stdout] error[E0599]: no method named `repoint` found for struct `Pin<&mut Wookie>` in the current scope
[INFO] [stdout]  --> src/lib.rs:31:1
[INFO] [stdout]   |
[INFO] [stdout] 7 | wookie!(my_executor);
[INFO] [stdout]   | ^^^^^^^^^^^^^^^^^^^^^ method not found in `Pin<&mut Wookie>`
[INFO] [stdout]   |
[INFO] [stdout]   = note: this error originates in the macro `wookie` (in Nightly builds, run with -Z macro-backtrace for more info)
[INFO] [stdout] 
[INFO] [stdout] error: aborting due to previous error
[INFO] [stdout] 
[INFO] [stdout] For more information about this error, try `rustc --explain E0599`.
[INFO] [stdout] Couldn't compile the test.
[INFO] [stdout] ---- src/lib.rs - wookie (line 144) stdout ----
[INFO] [stdout] error[E0599]: no method named `repoint` found for struct `Pin<&mut Wookie>` in the current scope
[INFO] [stdout]  --> src/lib.rs:148:1
[INFO] [stdout]   |
[INFO] [stdout] 7 | wookie!(my_executor);
[INFO] [stdout]   | ^^^^^^^^^^^^^^^^^^^^^ method not found in `Pin<&mut Wookie>`
[INFO] [stdout]   |
[INFO] [stdout]   = note: this error originates in the macro `wookie` (in Nightly builds, run with -Z macro-backtrace for more info)
[INFO] [stdout] 
[INFO] [stdout] error: aborting due to previous error
[INFO] [stdout] 
[INFO] [stdout] For more information about this error, try `rustc --explain E0599`.
[INFO] [stdout] Couldn't compile the test.
[INFO] [stdout] 
[INFO] [stdout] failures:
[INFO] [stdout]     src/lib.rs - (line 27)
[INFO] [stdout]     src/lib.rs - wookie (line 144)
[INFO] [stdout] 
[INFO] [stdout] test result: FAILED. 2 passed; 2 failed; 0 ignored; 0 measured; 0 filtered out; finished in 0.70s
[INFO] [stdout] 
[INFO] running `Command { std: "docker" "inspect" "e97b9b9e883ac04b9dfcfe1a4427ea479a8c901db5b6577f23ef8c86c973275c", kill_on_drop: false }`
[INFO] running `Command { std: "docker" "rm" "-f" "e97b9b9e883ac04b9dfcfe1a4427ea479a8c901db5b6577f23ef8c86c973275c", kill_on_drop: false }`
[INFO] [stdout] e97b9b9e883ac04b9dfcfe1a4427ea479a8c901db5b6577f23ef8c86c973275c
