[INFO] fetching crate wkb-raster 0.2.0...
[INFO] testing wkb-raster-0.2.0 against beta-2021-08-01 for beta-1.55-1
[INFO] extracting crate wkb-raster 0.2.0 into /workspace/builds/worker-6/source
[INFO] validating manifest of crates.io crate wkb-raster 0.2.0 on toolchain beta-2021-08-01
[INFO] running `Command { std: "/workspace/cargo-home/bin/cargo" "+beta-2021-08-01" "metadata" "--manifest-path" "Cargo.toml" "--no-deps", kill_on_drop: false }`
[INFO] started tweaking crates.io crate wkb-raster 0.2.0
[INFO] finished tweaking crates.io crate wkb-raster 0.2.0
[INFO] tweaked toml for crates.io crate wkb-raster 0.2.0 written to /workspace/builds/worker-6/source/Cargo.toml
[INFO] crate crates.io crate wkb-raster 0.2.0 already has a lockfile, it will not be regenerated
[INFO] running `Command { std: "/workspace/cargo-home/bin/cargo" "+beta-2021-08-01" "fetch" "--manifest-path" "Cargo.toml", kill_on_drop: false }`
[INFO] [stderr]     Blocking waiting for file lock on package cache
[INFO] running `Command { std: "docker" "create" "-v" "/var/lib/crater-agent-workspace/builds/worker-6/target:/opt/rustwide/target:rw,Z" "-v" "/var/lib/crater-agent-workspace/builds/worker-6/source:/opt/rustwide/workdir:ro,Z" "-v" "/var/lib/crater-agent-workspace/cargo-home:/opt/rustwide/cargo-home:ro,Z" "-v" "/var/lib/crater-agent-workspace/rustup-home:/opt/rustwide/rustup-home:ro,Z" "-e" "SOURCE_DIR=/opt/rustwide/workdir" "-e" "CARGO_TARGET_DIR=/opt/rustwide/target" "-e" "CARGO_HOME=/opt/rustwide/cargo-home" "-e" "RUSTUP_HOME=/opt/rustwide/rustup-home" "-w" "/opt/rustwide/workdir" "-m" "1610612736" "--user" "0:0" "--network" "none" "ghcr.io/rust-lang/crates-build-env/linux@sha256:34b6a614d2c27851fe6cbf88fbd1137609cefab8b10d0615aaeb6fd47975d74e" "/opt/rustwide/cargo-home/bin/cargo" "+beta-2021-08-01" "metadata" "--no-deps" "--format-version=1", kill_on_drop: false }`
[INFO] [stdout] f6d42e5111acc32b868399c1aa1c735710635fbff17072cc28035046b27f6734
[INFO] [stderr] WARNING: Your kernel does not support swap limit capabilities or the cgroup is not mounted. Memory limited without swap.
[INFO] running `Command { std: "docker" "start" "-a" "f6d42e5111acc32b868399c1aa1c735710635fbff17072cc28035046b27f6734", kill_on_drop: false }`
[INFO] running `Command { std: "docker" "inspect" "f6d42e5111acc32b868399c1aa1c735710635fbff17072cc28035046b27f6734", kill_on_drop: false }`
[INFO] running `Command { std: "docker" "rm" "-f" "f6d42e5111acc32b868399c1aa1c735710635fbff17072cc28035046b27f6734", kill_on_drop: false }`
[INFO] [stdout] f6d42e5111acc32b868399c1aa1c735710635fbff17072cc28035046b27f6734
[INFO] running `Command { std: "docker" "create" "-v" "/var/lib/crater-agent-workspace/builds/worker-6/target:/opt/rustwide/target:rw,Z" "-v" "/var/lib/crater-agent-workspace/builds/worker-6/source:/opt/rustwide/workdir:ro,Z" "-v" "/var/lib/crater-agent-workspace/cargo-home:/opt/rustwide/cargo-home:ro,Z" "-v" "/var/lib/crater-agent-workspace/rustup-home:/opt/rustwide/rustup-home:ro,Z" "-e" "SOURCE_DIR=/opt/rustwide/workdir" "-e" "CARGO_TARGET_DIR=/opt/rustwide/target" "-e" "CARGO_INCREMENTAL=0" "-e" "RUST_BACKTRACE=full" "-e" "RUSTFLAGS=--cap-lints=warn" "-e" "CARGO_HOME=/opt/rustwide/cargo-home" "-e" "RUSTUP_HOME=/opt/rustwide/rustup-home" "-w" "/opt/rustwide/workdir" "-m" "1610612736" "--user" "0:0" "--network" "none" "ghcr.io/rust-lang/crates-build-env/linux@sha256:34b6a614d2c27851fe6cbf88fbd1137609cefab8b10d0615aaeb6fd47975d74e" "/opt/rustwide/cargo-home/bin/cargo" "+beta-2021-08-01" "build" "--frozen" "--message-format=json", kill_on_drop: false }`
[INFO] [stdout] 018e408d7494b34b8d36f4913df06ec27399b26013b29146ae8b154bcb973e26
[INFO] [stderr] WARNING: Your kernel does not support swap limit capabilities or the cgroup is not mounted. Memory limited without swap.
[INFO] running `Command { std: "docker" "start" "-a" "018e408d7494b34b8d36f4913df06ec27399b26013b29146ae8b154bcb973e26", kill_on_drop: false }`
[INFO] [stderr]    Compiling wkb-raster v0.2.0 (/opt/rustwide/workdir)
[INFO] [stderr]     Finished dev [unoptimized + debuginfo] target(s) in 2.38s
[INFO] running `Command { std: "docker" "inspect" "018e408d7494b34b8d36f4913df06ec27399b26013b29146ae8b154bcb973e26", kill_on_drop: false }`
[INFO] running `Command { std: "docker" "rm" "-f" "018e408d7494b34b8d36f4913df06ec27399b26013b29146ae8b154bcb973e26", kill_on_drop: false }`
[INFO] [stdout] 018e408d7494b34b8d36f4913df06ec27399b26013b29146ae8b154bcb973e26
[INFO] running `Command { std: "docker" "create" "-v" "/var/lib/crater-agent-workspace/builds/worker-6/target:/opt/rustwide/target:rw,Z" "-v" "/var/lib/crater-agent-workspace/builds/worker-6/source:/opt/rustwide/workdir:ro,Z" "-v" "/var/lib/crater-agent-workspace/cargo-home:/opt/rustwide/cargo-home:ro,Z" "-v" "/var/lib/crater-agent-workspace/rustup-home:/opt/rustwide/rustup-home:ro,Z" "-e" "SOURCE_DIR=/opt/rustwide/workdir" "-e" "CARGO_TARGET_DIR=/opt/rustwide/target" "-e" "CARGO_INCREMENTAL=0" "-e" "RUST_BACKTRACE=full" "-e" "RUSTFLAGS=--cap-lints=warn" "-e" "CARGO_HOME=/opt/rustwide/cargo-home" "-e" "RUSTUP_HOME=/opt/rustwide/rustup-home" "-w" "/opt/rustwide/workdir" "-m" "1610612736" "--user" "0:0" "--network" "none" "ghcr.io/rust-lang/crates-build-env/linux@sha256:34b6a614d2c27851fe6cbf88fbd1137609cefab8b10d0615aaeb6fd47975d74e" "/opt/rustwide/cargo-home/bin/cargo" "+beta-2021-08-01" "test" "--frozen" "--no-run" "--message-format=json", kill_on_drop: false }`
[INFO] [stderr] WARNING: Your kernel does not support swap limit capabilities or the cgroup is not mounted. Memory limited without swap.
[INFO] [stdout] 4fd8936c6adfe6aa90e93b6ab17b1abf5b4083930027ff1cbe8ee20b43c13b0e
[INFO] running `Command { std: "docker" "start" "-a" "4fd8936c6adfe6aa90e93b6ab17b1abf5b4083930027ff1cbe8ee20b43c13b0e", kill_on_drop: false }`
[INFO] [stderr]    Compiling wkb-raster v0.2.0 (/opt/rustwide/workdir)
[INFO] [stderr]     Finished test [unoptimized + debuginfo] target(s) in 1.75s
[INFO] running `Command { std: "docker" "inspect" "4fd8936c6adfe6aa90e93b6ab17b1abf5b4083930027ff1cbe8ee20b43c13b0e", kill_on_drop: false }`
[INFO] running `Command { std: "docker" "rm" "-f" "4fd8936c6adfe6aa90e93b6ab17b1abf5b4083930027ff1cbe8ee20b43c13b0e", kill_on_drop: false }`
[INFO] [stdout] 4fd8936c6adfe6aa90e93b6ab17b1abf5b4083930027ff1cbe8ee20b43c13b0e
[INFO] running `Command { std: "docker" "create" "-v" "/var/lib/crater-agent-workspace/builds/worker-6/target:/opt/rustwide/target:rw,Z" "-v" "/var/lib/crater-agent-workspace/builds/worker-6/source:/opt/rustwide/workdir:ro,Z" "-v" "/var/lib/crater-agent-workspace/cargo-home:/opt/rustwide/cargo-home:ro,Z" "-v" "/var/lib/crater-agent-workspace/rustup-home:/opt/rustwide/rustup-home:ro,Z" "-e" "SOURCE_DIR=/opt/rustwide/workdir" "-e" "CARGO_TARGET_DIR=/opt/rustwide/target" "-e" "CARGO_INCREMENTAL=0" "-e" "RUST_BACKTRACE=full" "-e" "RUSTFLAGS=--cap-lints=warn" "-e" "CARGO_HOME=/opt/rustwide/cargo-home" "-e" "RUSTUP_HOME=/opt/rustwide/rustup-home" "-w" "/opt/rustwide/workdir" "-m" "1610612736" "--user" "0:0" "--network" "none" "ghcr.io/rust-lang/crates-build-env/linux@sha256:34b6a614d2c27851fe6cbf88fbd1137609cefab8b10d0615aaeb6fd47975d74e" "/opt/rustwide/cargo-home/bin/cargo" "+beta-2021-08-01" "test" "--frozen", kill_on_drop: false }`
[INFO] [stderr] WARNING: Your kernel does not support swap limit capabilities or the cgroup is not mounted. Memory limited without swap.
[INFO] [stdout] 339fd11df7477d9cf354eb0f1fa3b9f546b8690b137aaccd529a81e7b9e6b904
[INFO] running `Command { std: "docker" "start" "-a" "339fd11df7477d9cf354eb0f1fa3b9f546b8690b137aaccd529a81e7b9e6b904", kill_on_drop: false }`
[INFO] [stderr]     Finished test [unoptimized + debuginfo] target(s) in 0.02s
[INFO] [stderr]      Running unittests (/opt/rustwide/target/debug/deps/wkb_raster-a09f11d292b07823)
[INFO] [stdout] 
[INFO] [stdout] running 0 tests
[INFO] [stdout] 
[INFO] [stdout] test result: ok. 0 passed; 0 failed; 0 ignored; 0 measured; 0 filtered out; finished in 0.00s
[INFO] [stdout] 
[INFO] [stderr]    Doc-tests wkb-raster
[INFO] [stdout] 
[INFO] [stdout] running 2 tests
[INFO] [stdout] test src/lib.rs - (line 53) ... FAILED
[INFO] [stderr] error: test failed, to rerun pass '--doc'
[INFO] [stdout] test src/lib.rs - (line 13) ... FAILED
[INFO] [stdout] 
[INFO] [stdout] failures:
[INFO] [stdout] 
[INFO] [stdout] ---- src/lib.rs - (line 53) stdout ----
[INFO] [stdout] error[E0425]: cannot find value `nodata` in this scope
[INFO] [stdout]   --> src/lib.rs:81:17
[INFO] [stdout]    |
[INFO] [stdout] 31 |                 nodata
[INFO] [stdout]    |                 ^^^^^^ not found in this scope
[INFO] [stdout] 
[INFO] [stdout] error: aborting due to previous error
[INFO] [stdout] 
[INFO] [stdout] For more information about this error, try `rustc --explain E0425`.
[INFO] [stdout] Couldn't compile the test.
[INFO] [stdout] ---- src/lib.rs - (line 13) stdout ----
[INFO] [stdout] error: expected one of `,`, `.`, `?`, `}`, or an operator, found `data`
[INFO] [stdout]   --> src/lib.rs:36:9
[INFO] [stdout]    |
[INFO] [stdout] 24 |     bands: vec![RasterBand {
[INFO] [stdout]    |                 ---------- while parsing this struct
[INFO] [stdout] 25 |         is_nodata_value: false           // true only if entire band is NODATA
[INFO] [stdout]    |                               -
[INFO] [stdout]    |                               |
[INFO] [stdout]    |                               expected one of `,`, `.`, `?`, `}`, or an operator
[INFO] [stdout]    |                               help: try adding a comma: `,`
[INFO] [stdout] 26 |         data: RasterDataSource::InMemory(
[INFO] [stdout]    |         ^^^^ unexpected token
[INFO] [stdout] 
[INFO] [stdout] error[E0063]: missing field `data` in initializer of `RasterBand`
[INFO] [stdout]   --> src/lib.rs:34:17
[INFO] [stdout]    |
[INFO] [stdout] 24 |     bands: vec![RasterBand {
[INFO] [stdout]    |                 ^^^^^^^^^^ missing `data`
[INFO] [stdout] 
[INFO] [stdout] error: aborting due to 2 previous errors
[INFO] [stdout] 
[INFO] [stdout] For more information about this error, try `rustc --explain E0063`.
[INFO] [stdout] Couldn't compile the test.
[INFO] [stdout] 
[INFO] [stdout] failures:
[INFO] [stdout]     src/lib.rs - (line 13)
[INFO] [stdout]     src/lib.rs - (line 53)
[INFO] [stdout] 
[INFO] [stdout] test result: FAILED. 0 passed; 2 failed; 0 ignored; 0 measured; 0 filtered out; finished in 0.21s
[INFO] [stdout] 
[INFO] running `Command { std: "docker" "inspect" "339fd11df7477d9cf354eb0f1fa3b9f546b8690b137aaccd529a81e7b9e6b904", kill_on_drop: false }`
[INFO] running `Command { std: "docker" "rm" "-f" "339fd11df7477d9cf354eb0f1fa3b9f546b8690b137aaccd529a81e7b9e6b904", kill_on_drop: false }`
[INFO] [stdout] 339fd11df7477d9cf354eb0f1fa3b9f546b8690b137aaccd529a81e7b9e6b904
