[INFO] fetching crate with_locals 0.3.0-rc1...
[INFO] testing with_locals-0.3.0-rc1 against 1.54.0 for beta-1.55-1
[INFO] extracting crate with_locals 0.3.0-rc1 into /workspace/builds/worker-2/source
[INFO] validating manifest of crates.io crate with_locals 0.3.0-rc1 on toolchain 1.54.0
[INFO] running `Command { std: "/workspace/cargo-home/bin/cargo" "+1.54.0" "metadata" "--manifest-path" "Cargo.toml" "--no-deps", kill_on_drop: false }`
[INFO] removed /workspace/builds/worker-2/source/rust-toolchain
[INFO] started tweaking crates.io crate with_locals 0.3.0-rc1
[INFO] finished tweaking crates.io crate with_locals 0.3.0-rc1
[INFO] tweaked toml for crates.io crate with_locals 0.3.0-rc1 written to /workspace/builds/worker-2/source/Cargo.toml
[INFO] crate crates.io crate with_locals 0.3.0-rc1 already has a lockfile, it will not be regenerated
[INFO] running `Command { std: "/workspace/cargo-home/bin/cargo" "+1.54.0" "fetch" "--manifest-path" "Cargo.toml", kill_on_drop: false }`
[INFO] running `Command { std: "docker" "create" "-v" "/var/lib/crater-agent-workspace/builds/worker-2/target:/opt/rustwide/target:rw,Z" "-v" "/var/lib/crater-agent-workspace/builds/worker-2/source:/opt/rustwide/workdir:ro,Z" "-v" "/var/lib/crater-agent-workspace/cargo-home:/opt/rustwide/cargo-home:ro,Z" "-v" "/var/lib/crater-agent-workspace/rustup-home:/opt/rustwide/rustup-home:ro,Z" "-e" "SOURCE_DIR=/opt/rustwide/workdir" "-e" "CARGO_TARGET_DIR=/opt/rustwide/target" "-e" "CARGO_HOME=/opt/rustwide/cargo-home" "-e" "RUSTUP_HOME=/opt/rustwide/rustup-home" "-w" "/opt/rustwide/workdir" "-m" "1610612736" "--user" "0:0" "--network" "none" "ghcr.io/rust-lang/crates-build-env/linux@sha256:34b6a614d2c27851fe6cbf88fbd1137609cefab8b10d0615aaeb6fd47975d74e" "/opt/rustwide/cargo-home/bin/cargo" "+1.54.0" "metadata" "--no-deps" "--format-version=1", kill_on_drop: false }`
[INFO] [stdout] 5f6a7edf0345bef32863c6da11dd05d7e4b9e47e0d3ea594e49c1fae7ccdcb11
[INFO] [stderr] WARNING: Your kernel does not support swap limit capabilities or the cgroup is not mounted. Memory limited without swap.
[INFO] running `Command { std: "docker" "start" "-a" "5f6a7edf0345bef32863c6da11dd05d7e4b9e47e0d3ea594e49c1fae7ccdcb11", kill_on_drop: false }`
[INFO] running `Command { std: "docker" "inspect" "5f6a7edf0345bef32863c6da11dd05d7e4b9e47e0d3ea594e49c1fae7ccdcb11", kill_on_drop: false }`
[INFO] running `Command { std: "docker" "rm" "-f" "5f6a7edf0345bef32863c6da11dd05d7e4b9e47e0d3ea594e49c1fae7ccdcb11", kill_on_drop: false }`
[INFO] [stdout] 5f6a7edf0345bef32863c6da11dd05d7e4b9e47e0d3ea594e49c1fae7ccdcb11
[INFO] running `Command { std: "docker" "create" "-v" "/var/lib/crater-agent-workspace/builds/worker-2/target:/opt/rustwide/target:rw,Z" "-v" "/var/lib/crater-agent-workspace/builds/worker-2/source:/opt/rustwide/workdir:ro,Z" "-v" "/var/lib/crater-agent-workspace/cargo-home:/opt/rustwide/cargo-home:ro,Z" "-v" "/var/lib/crater-agent-workspace/rustup-home:/opt/rustwide/rustup-home:ro,Z" "-e" "SOURCE_DIR=/opt/rustwide/workdir" "-e" "CARGO_TARGET_DIR=/opt/rustwide/target" "-e" "CARGO_INCREMENTAL=0" "-e" "RUST_BACKTRACE=full" "-e" "RUSTFLAGS=--cap-lints=warn" "-e" "CARGO_HOME=/opt/rustwide/cargo-home" "-e" "RUSTUP_HOME=/opt/rustwide/rustup-home" "-w" "/opt/rustwide/workdir" "-m" "1610612736" "--user" "0:0" "--network" "none" "ghcr.io/rust-lang/crates-build-env/linux@sha256:34b6a614d2c27851fe6cbf88fbd1137609cefab8b10d0615aaeb6fd47975d74e" "/opt/rustwide/cargo-home/bin/cargo" "+1.54.0" "build" "--frozen" "--message-format=json", kill_on_drop: false }`
[INFO] [stdout] 2693733318d71005e992a6c9aa9225df4c119d38d915cccafd5a816bcca71bc3
[INFO] [stderr] WARNING: Your kernel does not support swap limit capabilities or the cgroup is not mounted. Memory limited without swap.
[INFO] running `Command { std: "docker" "start" "-a" "2693733318d71005e992a6c9aa9225df4c119d38d915cccafd5a816bcca71bc3", kill_on_drop: false }`
[INFO] [stderr]    Compiling syn v1.0.39
[INFO] [stderr]    Compiling quote v1.0.0
[INFO] [stderr]    Compiling func_wrap v0.1.2
[INFO] [stderr]    Compiling with_locals-proc_macros v0.3.0-rc1
[INFO] [stderr]    Compiling with_locals v0.3.0-rc1 (/opt/rustwide/workdir)
[INFO] [stderr]     Finished dev [unoptimized + debuginfo] target(s) in 13.84s
[INFO] running `Command { std: "docker" "inspect" "2693733318d71005e992a6c9aa9225df4c119d38d915cccafd5a816bcca71bc3", kill_on_drop: false }`
[INFO] running `Command { std: "docker" "rm" "-f" "2693733318d71005e992a6c9aa9225df4c119d38d915cccafd5a816bcca71bc3", kill_on_drop: false }`
[INFO] [stdout] 2693733318d71005e992a6c9aa9225df4c119d38d915cccafd5a816bcca71bc3
[INFO] running `Command { std: "docker" "create" "-v" "/var/lib/crater-agent-workspace/builds/worker-2/target:/opt/rustwide/target:rw,Z" "-v" "/var/lib/crater-agent-workspace/builds/worker-2/source:/opt/rustwide/workdir:ro,Z" "-v" "/var/lib/crater-agent-workspace/cargo-home:/opt/rustwide/cargo-home:ro,Z" "-v" "/var/lib/crater-agent-workspace/rustup-home:/opt/rustwide/rustup-home:ro,Z" "-e" "SOURCE_DIR=/opt/rustwide/workdir" "-e" "CARGO_TARGET_DIR=/opt/rustwide/target" "-e" "CARGO_INCREMENTAL=0" "-e" "RUST_BACKTRACE=full" "-e" "RUSTFLAGS=--cap-lints=warn" "-e" "CARGO_HOME=/opt/rustwide/cargo-home" "-e" "RUSTUP_HOME=/opt/rustwide/rustup-home" "-w" "/opt/rustwide/workdir" "-m" "1610612736" "--user" "0:0" "--network" "none" "ghcr.io/rust-lang/crates-build-env/linux@sha256:34b6a614d2c27851fe6cbf88fbd1137609cefab8b10d0615aaeb6fd47975d74e" "/opt/rustwide/cargo-home/bin/cargo" "+1.54.0" "test" "--frozen" "--no-run" "--message-format=json", kill_on_drop: false }`
[INFO] [stderr] WARNING: Your kernel does not support swap limit capabilities or the cgroup is not mounted. Memory limited without swap.
[INFO] [stdout] 922b2cd81804bafe6098dff3c47ffb2d81d5929a8835d862ddbc7b22dab61c02
[INFO] running `Command { std: "docker" "start" "-a" "922b2cd81804bafe6098dff3c47ffb2d81d5929a8835d862ddbc7b22dab61c02", kill_on_drop: false }`
[INFO] [stderr]    Compiling serde_derive v1.0.113
[INFO] [stderr]    Compiling serde v1.0.113
[INFO] [stderr]    Compiling rustversion v1.0.3
[INFO] [stderr]    Compiling toml v0.5.6
[INFO] [stderr]    Compiling serde_json v1.0.57
[INFO] [stderr]    Compiling trybuild v1.0.33
[INFO] [stderr]    Compiling with_locals v0.3.0-rc1 (/opt/rustwide/workdir)
[INFO] [stderr]     Finished test [unoptimized + debuginfo] target(s) in 24.38s
[INFO] running `Command { std: "docker" "inspect" "922b2cd81804bafe6098dff3c47ffb2d81d5929a8835d862ddbc7b22dab61c02", kill_on_drop: false }`
[INFO] running `Command { std: "docker" "rm" "-f" "922b2cd81804bafe6098dff3c47ffb2d81d5929a8835d862ddbc7b22dab61c02", kill_on_drop: false }`
[INFO] [stdout] 922b2cd81804bafe6098dff3c47ffb2d81d5929a8835d862ddbc7b22dab61c02
[INFO] running `Command { std: "docker" "create" "-v" "/var/lib/crater-agent-workspace/builds/worker-2/target:/opt/rustwide/target:rw,Z" "-v" "/var/lib/crater-agent-workspace/builds/worker-2/source:/opt/rustwide/workdir:ro,Z" "-v" "/var/lib/crater-agent-workspace/cargo-home:/opt/rustwide/cargo-home:ro,Z" "-v" "/var/lib/crater-agent-workspace/rustup-home:/opt/rustwide/rustup-home:ro,Z" "-e" "SOURCE_DIR=/opt/rustwide/workdir" "-e" "CARGO_TARGET_DIR=/opt/rustwide/target" "-e" "CARGO_INCREMENTAL=0" "-e" "RUST_BACKTRACE=full" "-e" "RUSTFLAGS=--cap-lints=warn" "-e" "CARGO_HOME=/opt/rustwide/cargo-home" "-e" "RUSTUP_HOME=/opt/rustwide/rustup-home" "-w" "/opt/rustwide/workdir" "-m" "1610612736" "--user" "0:0" "--network" "none" "ghcr.io/rust-lang/crates-build-env/linux@sha256:34b6a614d2c27851fe6cbf88fbd1137609cefab8b10d0615aaeb6fd47975d74e" "/opt/rustwide/cargo-home/bin/cargo" "+1.54.0" "test" "--frozen", kill_on_drop: false }`
[INFO] [stderr] WARNING: Your kernel does not support swap limit capabilities or the cgroup is not mounted. Memory limited without swap.
[INFO] [stdout] eced6e2618e05dc1bd182fa392bafa98f1351aa4baac7c22682f12bc8a8265e7
[INFO] running `Command { std: "docker" "start" "-a" "eced6e2618e05dc1bd182fa392bafa98f1351aa4baac7c22682f12bc8a8265e7", kill_on_drop: false }`
[INFO] [stderr]     Finished test [unoptimized + debuginfo] target(s) in 0.06s
[INFO] [stderr]      Running unittests (/opt/rustwide/target/debug/deps/with_locals-a1ad4ac3a7b1c249)
[INFO] [stderr]      Running tests/main.rs (/opt/rustwide/target/debug/deps/main-3b2d68f654520999)
[INFO] [stdout] 
[INFO] [stdout] running 0 tests
[INFO] [stdout] 
[INFO] [stdout] test result: ok. 0 passed; 0 failed; 0 ignored; 0 measured; 0 filtered out; finished in 0.00s
[INFO] [stdout] 
[INFO] [stdout] 
[INFO] [stdout] running 6 tests
[INFO] [stdout] test hex ... ok
[INFO] [stdout] test loops ... ok
[INFO] [stdout] test object_safe ... ok
[INFO] [stdout] test recursive ... ok
[INFO] [stdout] test to_str::basic ... ok
[INFO] [stdout] test to_str::romans ... ok
[INFO] [stdout] 
[INFO] [stdout] test result: ok. 6 passed; 0 failed; 0 ignored; 0 measured; 0 filtered out; finished in 0.01s
[INFO] [stdout] 
[INFO] [stderr]      Running tests/ui.rs (/opt/rustwide/target/debug/deps/ui-7bbe5624efc969ab)
[INFO] [stdout] 
[INFO] [stdout] running 1 test
[INFO] [stderr]    Compiling syn v1.0.74
[INFO] [stderr]    Compiling rustversion v1.0.5
[INFO] [stderr]    Compiling func_wrap v0.1.3
[INFO] [stderr]    Compiling with_locals-proc_macros v0.3.0-rc1
[INFO] [stderr]    Compiling with_locals v0.3.0-rc1 (/opt/rustwide/workdir)
[INFO] [stderr]    Compiling with_locals-tests v0.0.0 (/opt/rustwide/target/tests/with_locals)
[INFO] [stderr]     Finished dev [unoptimized + debuginfo] target(s) in 12.28s
[INFO] [stderr] 
[INFO] [stderr] 
[INFO] [stderr] test tests/ui/pass/attrs.rs ... ok
[INFO] [stderr] test tests/ui/pass/basic.rs ... ok
[INFO] [stderr] test tests/ui/pass/recursive.rs ... ok
[INFO] [stderr] 
[INFO] [stderr] 
[INFO] [stderr]     Checking with_locals v0.3.0-rc1 (/opt/rustwide/workdir)
[INFO] [stderr]     Checking with_locals-tests v0.0.0 (/opt/rustwide/target/tests/with_locals)
[INFO] [stderr]     Finished dev [unoptimized + debuginfo] target(s) in 0.40s
[INFO] [stderr] 
[INFO] [stderr] 
[INFO] [stderr] test tests/ui/fail/bad_items.rs ... mismatch
[INFO] [stderr] 
[INFO] [stderr] EXPECTED:
[INFO] [stderr] ┈┈┈┈┈┈┈┈┈┈┈┈┈┈┈┈┈┈┈┈┈┈┈┈┈┈┈┈┈┈┈┈┈┈┈┈┈┈┈┈┈┈┈┈┈┈┈┈┈┈┈┈┈┈┈┈┈┈┈┈
[INFO] [stderr] error: `#[with]` can only be applied to an `fn`, a `trait`, or an `impl`.
[INFO] [stderr]   --> $DIR/bad_items.rs:30:5
[INFO] [stderr]    |
[INFO] [stderr] 30 |     #[with]
[INFO] [stderr]    |     ^^^^^^^
[INFO] [stderr] 
[INFO] [stderr] error: `#[with]` can only be applied to an `fn`, a `trait`, or an `impl`.
[INFO] [stderr]   --> $DIR/bad_items.rs:25:5
[INFO] [stderr]    |
[INFO] [stderr] 25 |     #[with]
[INFO] [stderr]    |     ^^^^^^^
[INFO] [stderr] 
[INFO] [stderr] error: `#[with]` can only be applied to an `fn`, a `trait`, or an `impl`.
[INFO] [stderr]   --> $DIR/bad_items.rs:20:5
[INFO] [stderr]    |
[INFO] [stderr] 20 |     #[with]
[INFO] [stderr]    |     ^^^^^^^
[INFO] [stderr] 
[INFO] [stderr] error: `#[with]` can only be applied to an `fn`, a `trait`, or an `impl`.
[INFO] [stderr]   --> $DIR/bad_items.rs:15:5
[INFO] [stderr]    |
[INFO] [stderr] 15 |     #[with]
[INFO] [stderr]    |     ^^^^^^^
[INFO] [stderr] 
[INFO] [stderr] error: `#[with]` can only be applied to an `fn`, a `trait`, or an `impl`.
[INFO] [stderr]   --> $DIR/bad_items.rs:10:5
[INFO] [stderr]    |
[INFO] [stderr] 10 |     #[with]
[INFO] [stderr]    |     ^^^^^^^
[INFO] [stderr] 
[INFO] [stderr] error: `#[with]` can only be applied to an `fn`, a `trait`, or an `impl`.
[INFO] [stderr]  --> $DIR/bad_items.rs:6:1
[INFO] [stderr]   |
[INFO] [stderr] 6 | #[with]
[INFO] [stderr]   | ^^^^^^^
[INFO] [stderr] 
[INFO] [stderr] error: `#[with]` can only be applied to an `fn`, a `trait`, or an `impl`.
[INFO] [stderr]  --> $DIR/bad_items.rs:3:1
[INFO] [stderr]   |
[INFO] [stderr] 3 | #[with]
[INFO] [stderr]   | ^^^^^^^
[INFO] [stderr] ┈┈┈┈┈┈┈┈┈┈┈┈┈┈┈┈┈┈┈┈┈┈┈┈┈┈┈┈┈┈┈┈┈┈┈┈┈┈┈┈┈┈┈┈┈┈┈┈┈┈┈┈┈┈┈┈┈┈┈┈
[INFO] [stderr] 
[INFO] [stderr] ACTUAL OUTPUT:
[INFO] [stderr] ┈┈┈┈┈┈┈┈┈┈┈┈┈┈┈┈┈┈┈┈┈┈┈┈┈┈┈┈┈┈┈┈┈┈┈┈┈┈┈┈┈┈┈┈┈┈┈┈┈┈┈┈┈┈┈┈┈┈┈┈
[INFO] [stderr] error: `#[with]` can only be applied to an `fn`, a `trait`, or an `impl`.
[INFO] [stderr]   --> $DIR/bad_items.rs:30:5
[INFO] [stderr]    |
[INFO] [stderr] 30 |     #[with]
[INFO] [stderr]    |     ^^^^^^^
[INFO] [stderr]    |
[INFO] [stderr]    = note: this error originates in the attribute macro `with` (in Nightly builds, run with -Z macro-backtrace for more info)
[INFO] [stderr] 
[INFO] [stderr] error: `#[with]` can only be applied to an `fn`, a `trait`, or an `impl`.
[INFO] [stderr]   --> $DIR/bad_items.rs:25:5
[INFO] [stderr]    |
[INFO] [stderr] 25 |     #[with]
[INFO] [stderr]    |     ^^^^^^^
[INFO] [stderr]    |
[INFO] [stderr]    = note: this error originates in the attribute macro `with` (in Nightly builds, run with -Z macro-backtrace for more info)
[INFO] [stderr] 
[INFO] [stderr] error: `#[with]` can only be applied to an `fn`, a `trait`, or an `impl`.
[INFO] [stderr]   --> $DIR/bad_items.rs:20:5
[INFO] [stderr]    |
[INFO] [stderr] 20 |     #[with]
[INFO] [stderr]    |     ^^^^^^^
[INFO] [stderr]    |
[INFO] [stderr]    = note: this error originates in the attribute macro `with` (in Nightly builds, run with -Z macro-backtrace for more info)
[INFO] [stderr] 
[INFO] [stderr] error: `#[with]` can only be applied to an `fn`, a `trait`, or an `impl`.
[INFO] [stderr]   --> $DIR/bad_items.rs:15:5
[INFO] [stderr]    |
[INFO] [stderr] 15 |     #[with]
[INFO] [stderr]    |     ^^^^^^^
[INFO] [stderr]    |
[INFO] [stderr]    = note: this error originates in the attribute macro `with` (in Nightly builds, run with -Z macro-backtrace for more info)
[INFO] [stderr] 
[INFO] [stderr] error: `#[with]` can only be applied to an `fn`, a `trait`, or an `impl`.
[INFO] [stderr]   --> $DIR/bad_items.rs:10:5
[INFO] [stderr]    |
[INFO] [stderr] 10 |     #[with]
[INFO] [stderr]    |     ^^^^^^^
[INFO] [stderr]    |
[INFO] [stderr]    = note: this error originates in the attribute macro `with` (in Nightly builds, run with -Z macro-backtrace for more info)
[INFO] [stderr] 
[INFO] [stderr] error: `#[with]` can only be applied to an `fn`, a `trait`, or an `impl`.
[INFO] [stderr]  --> $DIR/bad_items.rs:6:1
[INFO] [stderr]   |
[INFO] [stderr] 6 | #[with]
[INFO] [stderr]   | ^^^^^^^
[INFO] [stderr]   |
[INFO] [stderr]   = note: this error originates in the attribute macro `with` (in Nightly builds, run with -Z macro-backtrace for more info)
[INFO] [stderr] 
[INFO] [stderr] error: `#[with]` can only be applied to an `fn`, a `trait`, or an `impl`.
[INFO] [stderr]  --> $DIR/bad_items.rs:3:1
[INFO] [stderr]   |
[INFO] [stderr] 3 | #[with]
[INFO] [stderr]   | ^^^^^^^
[INFO] [stderr]   |
[INFO] [stderr]   = note: this error originates in the attribute macro `with` (in Nightly builds, run with -Z macro-backtrace for more info)
[INFO] [stderr] ┈┈┈┈┈┈┈┈┈┈┈┈┈┈┈┈┈┈┈┈┈┈┈┈┈┈┈┈┈┈┈┈┈┈┈┈┈┈┈┈┈┈┈┈┈┈┈┈┈┈┈┈┈┈┈┈┈┈┈┈
[INFO] [stderr] note: If the actual output is the correct output you can bless it by rerunning
[INFO] [stderr]       your test with the environment variable TRYBUILD=overwrite
[INFO] [stderr] 
[INFO] [stderr] test tests/ui/fail/break_value.rs ... mismatch
[INFO] [stderr] 
[INFO] [stderr] EXPECTED:
[INFO] [stderr] ┈┈┈┈┈┈┈┈┈┈┈┈┈┈┈┈┈┈┈┈┈┈┈┈┈┈┈┈┈┈┈┈┈┈┈┈┈┈┈┈┈┈┈┈┈┈┈┈┈┈┈┈┈┈┈┈┈┈┈┈
[INFO] [stderr] error[E0571]: `break` with value from a `for` loop
[INFO] [stderr]   --> $DIR/break_value.rs:11:13
[INFO] [stderr]    |
[INFO] [stderr] 11 |             break ();
[INFO] [stderr]    |             ^^^^^^^^ can only break with a value inside `loop` or breakable block
[INFO] [stderr]    |
[INFO] [stderr] help: instead, use `break` on its own without a value inside this `for` loop
[INFO] [stderr]    |
[INFO] [stderr] 11 |             break;
[INFO] [stderr]    |             ^^^^^
[INFO] [stderr] ┈┈┈┈┈┈┈┈┈┈┈┈┈┈┈┈┈┈┈┈┈┈┈┈┈┈┈┈┈┈┈┈┈┈┈┈┈┈┈┈┈┈┈┈┈┈┈┈┈┈┈┈┈┈┈┈┈┈┈┈
[INFO] [stderr] 
[INFO] [stderr] ACTUAL OUTPUT:
[INFO] [stderr] ┈┈┈┈┈┈┈┈┈┈┈┈┈┈┈┈┈┈┈┈┈┈┈┈┈┈┈┈┈┈┈┈┈┈┈┈┈┈┈┈┈┈┈┈┈┈┈┈┈┈┈┈┈┈┈┈┈┈┈┈
[INFO] [stderr] error[E0571]: `break` with value from a `for` loop
[INFO] [stderr]   --> $DIR/break_value.rs:11:13
[INFO] [stderr]    |
[INFO] [stderr] 8  |     for n in 0 .. {
[INFO] [stderr]    |     ------------- you can't `break` with a value in a `for` loop
[INFO] [stderr] ...
[INFO] [stderr] 11 |             break ();
[INFO] [stderr]    |             ^^^^^^^^ can only break with a value inside `loop` or breakable block
[INFO] [stderr]    |
[INFO] [stderr] help: use `break` on its own without a value inside this `for` loop
[INFO] [stderr]    |
[INFO] [stderr] 11 |             break;
[INFO] [stderr]    |             ^^^^^
[INFO] [stderr] ┈┈┈┈┈┈┈┈┈┈┈┈┈┈┈┈┈┈┈┈┈┈┈┈┈┈┈┈┈┈┈┈┈┈┈┈┈┈┈┈┈┈┈┈┈┈┈┈┈┈┈┈┈┈┈┈┈┈┈┈
[INFO] [stderr] note: If the actual output is the correct output you can bless it by rerunning
[INFO] [stderr]       your test with the environment variable TRYBUILD=overwrite
[INFO] [stderr] 
[INFO] [stderr] test tests/ui/fail/inner_with_failures.rs ... ok
[INFO] [stderr] test tests/ui/fail/recursive_no_enscoping.rs ... mismatch
[INFO] [stderr] 
[INFO] [stderr] EXPECTED:
[INFO] [stderr] ┈┈┈┈┈┈┈┈┈┈┈┈┈┈┈┈┈┈┈┈┈┈┈┈┈┈┈┈┈┈┈┈┈┈┈┈┈┈┈┈┈┈┈┈┈┈┈┈┈┈┈┈┈┈┈┈┈┈┈┈
[INFO] [stderr] error: Missing `#[with]` on the enscoping `impl` or `trait` block
[INFO] [stderr]   --> $DIR/recursive_no_enscoping.rs:29:5
[INFO] [stderr]    |
[INFO] [stderr] 29 |     #[with(recursive = true)]
[INFO] [stderr]    |     ^^^^^^^^^^^^^^^^^^^^^^^^^
[INFO] [stderr] 
[INFO] [stderr] error: Missing `#[with]` on the enscoping `impl` or `trait` block
[INFO] [stderr]   --> $DIR/recursive_no_enscoping.rs:22:5
[INFO] [stderr]    |
[INFO] [stderr] 22 |     #[with(recursive = true)]
[INFO] [stderr]    |     ^^^^^^^^^^^^^^^^^^^^^^^^^
[INFO] [stderr] 
[INFO] [stderr] error: Missing `#[with]` on the enscoping `impl` or `trait` block
[INFO] [stderr]   --> $DIR/recursive_no_enscoping.rs:13:5
[INFO] [stderr]    |
[INFO] [stderr] 13 |     #[with(recursive = true)]
[INFO] [stderr]    |     ^^^^^^^^^^^^^^^^^^^^^^^^^
[INFO] [stderr] 
[INFO] [stderr] error: Missing `#[with]` on the enscoping `impl` or `trait` block
[INFO] [stderr]  --> $DIR/recursive_no_enscoping.rs:6:5
[INFO] [stderr]   |
[INFO] [stderr] 6 |     #[with(recursive = true)]
[INFO] [stderr]   |     ^^^^^^^^^^^^^^^^^^^^^^^^^
[INFO] [stderr] ┈┈┈┈┈┈┈┈┈┈┈┈┈┈┈┈┈┈┈┈┈┈┈┈┈┈┈┈┈┈┈┈┈┈┈┈┈┈┈┈┈┈┈┈┈┈┈┈┈┈┈┈┈┈┈┈┈┈┈┈
[INFO] [stderr] 
[INFO] [stderr] ACTUAL OUTPUT:
[INFO] [stderr] ┈┈┈┈┈┈┈┈┈┈┈┈┈┈┈┈┈┈┈┈┈┈┈┈┈┈┈┈┈┈┈┈┈┈┈┈┈┈┈┈┈┈┈┈┈┈┈┈┈┈┈┈┈┈┈┈┈┈┈┈
[INFO] [stderr] error: Missing `#[with]` on the enscoping `impl` or `trait` block
[INFO] [stderr]   --> $DIR/recursive_no_enscoping.rs:29:5
[INFO] [stderr]    |
[INFO] [stderr] 29 |     #[with(recursive = true)]
[INFO] [stderr]    |     ^^^^^^^^^^^^^^^^^^^^^^^^^
[INFO] [stderr]    |
[INFO] [stderr]    = note: this error originates in the attribute macro `with` (in Nightly builds, run with -Z macro-backtrace for more info)
[INFO] [stderr] 
[INFO] [stderr] error: Missing `#[with]` on the enscoping `impl` or `trait` block
[INFO] [stderr]   --> $DIR/recursive_no_enscoping.rs:22:5
[INFO] [stderr]    |
[INFO] [stderr] 22 |     #[with(recursive = true)]
[INFO] [stderr]    |     ^^^^^^^^^^^^^^^^^^^^^^^^^
[INFO] [stderr]    |
[INFO] [stderr]    = note: this error originates in the attribute macro `with` (in Nightly builds, run with -Z macro-backtrace for more info)
[INFO] [stderr] 
[INFO] [stderr] error: Missing `#[with]` on the enscoping `impl` or `trait` block
[INFO] [stderr]   --> $DIR/recursive_no_enscoping.rs:13:5
[INFO] [stderr]    |
[INFO] [stderr] 13 |     #[with(recursive = true)]
[INFO] [stderr]    |     ^^^^^^^^^^^^^^^^^^^^^^^^^
[INFO] [stderr]    |
[INFO] [stderr]    = note: this error originates in the attribute macro `with` (in Nightly builds, run with -Z macro-backtrace for more info)
[INFO] [stderr] 
[INFO] [stderr] error: Missing `#[with]` on the enscoping `impl` or `trait` block
[INFO] [stderr]  --> $DIR/recursive_no_enscoping.rs:6:5
[INFO] [stderr]   |
[INFO] [stderr] 6 |     #[with(recursive = true)]
[INFO] [stderr]   |     ^^^^^^^^^^^^^^^^^^^^^^^^^
[INFO] [stderr]   |
[INFO] [stderr]   = note: this error originates in the attribute macro `with` (in Nightly builds, run with -Z macro-backtrace for more info)
[INFO] [stderr] ┈┈┈┈┈┈┈┈┈┈┈┈┈┈┈┈┈┈┈┈┈┈┈┈┈┈┈┈┈┈┈┈┈┈┈┈┈┈┈┈┈┈┈┈┈┈┈┈┈┈┈┈┈┈┈┈┈┈┈┈
[INFO] [stderr] note: If the actual output is the correct output you can bless it by rerunning
[INFO] [stderr]       your test with the environment variable TRYBUILD=overwrite
[INFO] [stderr] 
[INFO] [stderr] 
[INFO] [stderr] 
[INFO] [stdout] test trybuild ... FAILED
[INFO] [stdout] 
[INFO] [stdout] failures:
[INFO] [stdout] 
[INFO] [stdout] ---- trybuild stdout ----
[INFO] [stdout] thread 'trybuild' panicked at '3 of 4 tests failed', /opt/rustwide/cargo-home/registry/src/github.com-1ecc6299db9ec823/trybuild-1.0.33/src/run.rs:60:13
[INFO] [stdout] stack backtrace:
[INFO] [stdout]    0:     0x560a33fedaa0 - std::backtrace_rs::backtrace::libunwind::trace::h34055254b57d8e79
[INFO] [stdout]                                at /rustc/a178d0322ce20e33eac124758e837cbd80a6f633/library/std/src/../../backtrace/src/backtrace/libunwind.rs:90:5
[INFO] [stdout]    1:     0x560a33fedaa0 - std::backtrace_rs::backtrace::trace_unsynchronized::h8f1e3fbd9afff6ec
[INFO] [stdout]                                at /rustc/a178d0322ce20e33eac124758e837cbd80a6f633/library/std/src/../../backtrace/src/backtrace/mod.rs:66:5
[INFO] [stdout]    2:     0x560a33fedaa0 - std::sys_common::backtrace::_print_fmt::h3a99a796b770c360
[INFO] [stdout]                                at /rustc/a178d0322ce20e33eac124758e837cbd80a6f633/library/std/src/sys_common/backtrace.rs:67:5
[INFO] [stdout]    3:     0x560a33fedaa0 - <std::sys_common::backtrace::_print::DisplayBacktrace as core::fmt::Display>::fmt::h32d1f94a80615d18
[INFO] [stdout]                                at /rustc/a178d0322ce20e33eac124758e837cbd80a6f633/library/std/src/sys_common/backtrace.rs:46:22
[INFO] [stdout]    4:     0x560a3401227c - core::fmt::write::h306731c068f7162c
[INFO] [stdout]                                at /rustc/a178d0322ce20e33eac124758e837cbd80a6f633/library/core/src/fmt/mod.rs:1110:17
[INFO] [stdout]    5:     0x560a33fe9ff5 - std::io::Write::write_fmt::h87f19b0a2cd190bc
[INFO] [stdout]                                at /rustc/a178d0322ce20e33eac124758e837cbd80a6f633/library/std/src/io/mod.rs:1588:15
[INFO] [stdout]    6:     0x560a33fefdbb - std::sys_common::backtrace::_print::h5abaa2601a852287
[INFO] [stdout]                                at /rustc/a178d0322ce20e33eac124758e837cbd80a6f633/library/std/src/sys_common/backtrace.rs:49:5
[INFO] [stdout]    7:     0x560a33fefdbb - std::sys_common::backtrace::print::h8d81445442bb638f
[INFO] [stdout]                                at /rustc/a178d0322ce20e33eac124758e837cbd80a6f633/library/std/src/sys_common/backtrace.rs:36:9
[INFO] [stdout]    8:     0x560a33fefdbb - std::panicking::default_hook::{{closure}}::hcfe804496a9fa747
[INFO] [stdout]                                at /rustc/a178d0322ce20e33eac124758e837cbd80a6f633/library/std/src/panicking.rs:208:50
[INFO] [stdout]    9:     0x560a33fef8cc - std::panicking::default_hook::hbea8e3ccf2ba8901
[INFO] [stdout]                                at /rustc/a178d0322ce20e33eac124758e837cbd80a6f633/library/std/src/panicking.rs:222:9
[INFO] [stdout]   10:     0x560a33ff0484 - std::panicking::rust_panic_with_hook::h7ee9e1a2d0f8975a
[INFO] [stdout]                                at /rustc/a178d0322ce20e33eac124758e837cbd80a6f633/library/std/src/panicking.rs:622:17
[INFO] [stdout]   11:     0x560a33feff67 - std::panicking::begin_panic_handler::{{closure}}::h8ab3b4491718b2c7
[INFO] [stdout]                                at /rustc/a178d0322ce20e33eac124758e837cbd80a6f633/library/std/src/panicking.rs:519:13
[INFO] [stdout]   12:     0x560a33fedf9c - std::sys_common::backtrace::__rust_end_short_backtrace::hd489062ffa586a9f
[INFO] [stdout]                                at /rustc/a178d0322ce20e33eac124758e837cbd80a6f633/library/std/src/sys_common/backtrace.rs:141:18
[INFO] [stdout]   13:     0x560a33fefec9 - rust_begin_unwind
[INFO] [stdout]                                at /rustc/a178d0322ce20e33eac124758e837cbd80a6f633/library/std/src/panicking.rs:515:5
[INFO] [stdout]   14:     0x560a33dc0f3b - std::panicking::begin_panic_fmt::h5479575e112541f8
[INFO] [stdout]                                at /rustc/a178d0322ce20e33eac124758e837cbd80a6f633/library/std/src/panicking.rs:457:5
[INFO] [stdout]   15:     0x560a33e305b5 - trybuild::run::<impl trybuild::Runner>::run::h8d5c53869147da34
[INFO] [stdout]                                at /opt/rustwide/cargo-home/registry/src/github.com-1ecc6299db9ec823/trybuild-1.0.33/src/run.rs:60:13
[INFO] [stdout]   16:     0x560a33e36152 - <trybuild::TestCases as core::ops::drop::Drop>::drop::hcc43af8622a6556b
[INFO] [stdout]                                at /opt/rustwide/cargo-home/registry/src/github.com-1ecc6299db9ec823/trybuild-1.0.33/src/lib.rs:282:13
[INFO] [stdout]   17:     0x560a33dc2cd7 - core::ptr::drop_in_place<trybuild::TestCases>::h65f72494433fb7e5
[INFO] [stdout]                                at /rustc/a178d0322ce20e33eac124758e837cbd80a6f633/library/core/src/ptr/mod.rs:192:1
[INFO] [stdout]   18:     0x560a33dc3fc0 - ui::trybuild::he5836e8e6b9ca62f
[INFO] [stdout]                                at /opt/rustwide/workdir/tests/ui.rs:53:9
[INFO] [stdout]   19:     0x560a33dc3aba - ui::trybuild::{{closure}}::h1172f44151773cf3
[INFO] [stdout]                                at /opt/rustwide/workdir/tests/ui.rs:2:1
[INFO] [stdout]   20:     0x560a33dc2c7e - core::ops::function::FnOnce::call_once::h7d75aa52a4dd1d0b
[INFO] [stdout]                                at /rustc/a178d0322ce20e33eac124758e837cbd80a6f633/library/core/src/ops/function.rs:227:5
[INFO] [stdout]   21:     0x560a33fc3413 - core::ops::function::FnOnce::call_once::h152e7e439ff59e19
[INFO] [stdout]                                at /rustc/a178d0322ce20e33eac124758e837cbd80a6f633/library/core/src/ops/function.rs:227:5
[INFO] [stdout]   22:     0x560a33fc3413 - test::__rust_begin_short_backtrace::h0908f3b1fdbb72ab
[INFO] [stdout]                                at /rustc/a178d0322ce20e33eac124758e837cbd80a6f633/library/test/src/lib.rs:577:5
[INFO] [stdout]   23:     0x560a33fc1ed0 - <alloc::boxed::Box<F,A> as core::ops::function::FnOnce<Args>>::call_once::hf6d2a51e5587546c
[INFO] [stdout]                                at /rustc/a178d0322ce20e33eac124758e837cbd80a6f633/library/alloc/src/boxed.rs:1575:9
[INFO] [stdout]   24:     0x560a33fc1ed0 - <std::panic::AssertUnwindSafe<F> as core::ops::function::FnOnce<()>>::call_once::h8af660f3a89ef593
[INFO] [stdout]                                at /rustc/a178d0322ce20e33eac124758e837cbd80a6f633/library/std/src/panic.rs:347:9
[INFO] [stdout]   25:     0x560a33fc1ed0 - std::panicking::try::do_call::hd36aef60f84b6d36
[INFO] [stdout]                                at /rustc/a178d0322ce20e33eac124758e837cbd80a6f633/library/std/src/panicking.rs:401:40
[INFO] [stdout]   26:     0x560a33fc1ed0 - std::panicking::try::h9932b4480e69817c
[INFO] [stdout]                                at /rustc/a178d0322ce20e33eac124758e837cbd80a6f633/library/std/src/panicking.rs:365:19
[INFO] [stdout]   27:     0x560a33fc1ed0 - std::panic::catch_unwind::h6aa177099cfff5f8
[INFO] [stdout]                                at /rustc/a178d0322ce20e33eac124758e837cbd80a6f633/library/std/src/panic.rs:434:14
[INFO] [stdout]   28:     0x560a33fc1ed0 - test::run_test_in_process::h5884d6f2d99e20c3
[INFO] [stdout]                                at /rustc/a178d0322ce20e33eac124758e837cbd80a6f633/library/test/src/lib.rs:600:18
[INFO] [stdout]   29:     0x560a33fc1ed0 - test::run_test::run_test_inner::{{closure}}::h6fdc58c6d5f5b6e3
[INFO] [stdout]                                at /rustc/a178d0322ce20e33eac124758e837cbd80a6f633/library/test/src/lib.rs:492:39
[INFO] [stdout]   30:     0x560a33f9b582 - test::run_test::run_test_inner::{{closure}}::h408365d67a78ade8
[INFO] [stdout]                                at /rustc/a178d0322ce20e33eac124758e837cbd80a6f633/library/test/src/lib.rs:519:37
[INFO] [stdout]   31:     0x560a33f9b582 - std::sys_common::backtrace::__rust_begin_short_backtrace::hb560b77c4f701523
[INFO] [stdout]                                at /rustc/a178d0322ce20e33eac124758e837cbd80a6f633/library/std/src/sys_common/backtrace.rs:125:18
[INFO] [stdout]   32:     0x560a33f9f138 - std::thread::Builder::spawn_unchecked::{{closure}}::{{closure}}::hf2e7831dad93c597
[INFO] [stdout]                                at /rustc/a178d0322ce20e33eac124758e837cbd80a6f633/library/std/src/thread/mod.rs:481:17
[INFO] [stdout]   33:     0x560a33f9f138 - <std::panic::AssertUnwindSafe<F> as core::ops::function::FnOnce<()>>::call_once::hd2e08783d8be4d02
[INFO] [stdout]                                at /rustc/a178d0322ce20e33eac124758e837cbd80a6f633/library/std/src/panic.rs:347:9
[INFO] [stdout]   34:     0x560a33f9f138 - std::panicking::try::do_call::h062597b7acfd6b82
[INFO] [stdout]                                at /rustc/a178d0322ce20e33eac124758e837cbd80a6f633/library/std/src/panicking.rs:401:40
[INFO] [stdout]   35:     0x560a33f9f138 - std::panicking::try::h0d7b79db04c14552
[INFO] [stdout]                                at /rustc/a178d0322ce20e33eac124758e837cbd80a6f633/library/std/src/panicking.rs:365:19
[INFO] [stdout]   36:     0x560a33f9f138 - std::panic::catch_unwind::hb01a0b5e7c8cd43b
[INFO] [stdout]                                at /rustc/a178d0322ce20e33eac124758e837cbd80a6f633/library/std/src/panic.rs:434:14
[INFO] [stdout]   37:     0x560a33f9f138 - std::thread::Builder::spawn_unchecked::{{closure}}::h5bde48cc887e0d1e
[INFO] [stdout]                                at /rustc/a178d0322ce20e33eac124758e837cbd80a6f633/library/std/src/thread/mod.rs:480:30
[INFO] [stdout]   38:     0x560a33f9f138 - core::ops::function::FnOnce::call_once{{vtable.shim}}::h745ea30807a29e55
[INFO] [stdout]                                at /rustc/a178d0322ce20e33eac124758e837cbd80a6f633/library/core/src/ops/function.rs:227:5
[INFO] [stdout]   39:     0x560a33ff58d7 - <alloc::boxed::Box<F,A> as core::ops::function::FnOnce<Args>>::call_once::h7ece6cfefaff1005
[INFO] [stdout]                                at /rustc/a178d0322ce20e33eac124758e837cbd80a6f633/library/alloc/src/boxed.rs:1575:9
[INFO] [stdout]   40:     0x560a33ff58d7 - <alloc::boxed::Box<F,A> as core::ops::function::FnOnce<Args>>::call_once::hb8b48e55c21f193e
[INFO] [stdout]                                at /rustc/a178d0322ce20e33eac124758e837cbd80a6f633/library/alloc/src/boxed.rs:1575:9
[INFO] [stdout]   41:     0x560a33ff58d7 - std::sys::unix::thread::Thread::new::thread_start::h8c7c4450dba62914
[INFO] [stdout]                                at /rustc/a178d0322ce20e33eac124758e837cbd80a6f633/library/std/src/sys/unix/thread.rs:71:17
[INFO] [stdout]   42:     0x7f4d432a9609 - start_thread
[INFO] [stdout]   43:     0x7f4d4307b293 - clone
[INFO] [stdout]   44:                0x0 - <unknown>
[INFO] [stdout] 
[INFO] [stdout] 
[INFO] [stdout] failures:
[INFO] [stdout]     trybuild
[INFO] [stdout] 
[INFO] [stdout] test result: FAILED. 0 passed; 1 failed; 0 ignored; 0 measured; 0 filtered out; finished in 16.27s
[INFO] [stdout] 
[INFO] [stderr] error: test failed, to rerun pass '--test ui'
[INFO] running `Command { std: "docker" "inspect" "eced6e2618e05dc1bd182fa392bafa98f1351aa4baac7c22682f12bc8a8265e7", kill_on_drop: false }`
[INFO] running `Command { std: "docker" "rm" "-f" "eced6e2618e05dc1bd182fa392bafa98f1351aa4baac7c22682f12bc8a8265e7", kill_on_drop: false }`
[INFO] [stdout] eced6e2618e05dc1bd182fa392bafa98f1351aa4baac7c22682f12bc8a8265e7
